May 24 20:58:39.582957 dv-neutron-843186-1-hyperv neutron-server[84660]: INFO neutron.wsgi [req-ab76b520-49bb-4142-9f9f-b2f0fdaff80b req-4df9611f-a12e-4f2c-9640-0ebf325fd504 tempest-ServersTestJSON-1413555008 tempest-ServersTestJSON-1413555008-project] 10.222.0.24 "GET /v2.0/ports?device_id=c6d44948-3a6e-449a-ba4f-fa5c2e8e47bb HTTP/1.1" status: 200 len: 931 time: 1.9568889
May 24 20:58:39.599194 dv-neutron-843186-1-hyperv neutron-server[84662]: DEBUG neutron.api.rpc.handlers.resources_rpc [None req-c8ec827c-9331-4fca-9703-afd35fee4654 None None] Pushing event updated for resources: {'Port': ['ID=dd596e85-868c-4234-941f-8785d43ccbfa,revision_number=3']} {{(pid=84662) push /opt/stack/neutron/neutron/api/rpc/handlers/resources_rpc.py:237}}
May 24 20:58:39.710536 dv-neutron-843186-1-hyperv neutron-server[84661]: INFO neutron.api.v2.resource [None req-63c4bfe0-361c-492f-af53-4740bf85f3b1 tempest-FloatingIPNegativeTestJSON-1245810051 tempest-FloatingIPNegativeTestJSON-1245810051-project] create failed (client error): The resource could not be found.
May 24 20:58:39.719677 dv-neutron-843186-1-hyperv neutron-server[84661]: INFO neutron.wsgi [None req-63c4bfe0-361c-492f-af53-4740bf85f3b1 tempest-FloatingIPNegativeTestJSON-1245810051 tempest-FloatingIPNegativeTestJSON-1245810051-project] 10.222.0.24 "POST /v2.0/floatingips HTTP/1.1" status: 404 len: 507 time: 9.0947478
May 24 20:58:39.741545 dv-neutron-843186-1-hyperv neutron-server[84661]: DEBUG neutron.wsgi [-] (84661) accepted ('10.222.0.24', 46210) {{(pid=84661) server /usr/local/lib/python3.8/dist-packages/eventlet/wsgi.py:992}}
May 24 20:58:39.754011 dv-neutron-843186-1-hyperv neutron-server[84660]: DEBUG neutron.api.rpc.handlers.resources_rpc [None req-891a4936-5486-49a0-986c-5f8ff6900e45 tempest-ServerActionsTestJSON-2147378036 tempest-ServerActionsTestJSON-2147378036-project] Pushing event updated for resources: {'Port': ['ID=57217162-56d2-4dc3-b9aa-e69bdbb35d55,revision_number=1']} {{(pid=84660) push /opt/stack/neutron/neutron/api/rpc/handlers/resources_rpc.py:237}}
May 24 20:58:39.766626 dv-neutron-843186-1-hyperv neutron-server[84661]: DEBUG neutron.api.rpc.handlers.resources_rpc [None req-53803c61-1765-4bc2-8625-a1eec28383ca tempest-AllowedAddressPairTestJSON-700703080 tempest-AllowedAddressPairTestJSON-700703080-project] Pushing event deleted for resources: {'Port': ['ID=0c381cd8-3ea4-4c07-8e2e-3b0fc77f2544,revision_number=None']} {{(pid=84661) push /opt/stack/neutron/neutron/api/rpc/handlers/resources_rpc.py:237}}
May 24 20:58:39.880336 dv-neutron-843186-1-hyperv neutron-server[84661]: DEBUG neutron.scheduler.base_scheduler [None req-b9be827e-7196-4576-94d2-74834e48cd2e tempest-PortsAdminExtendedAttrsIpV6TestJSON-947761848 tempest-PortsAdminExtendedAttrsIpV6TestJSON-947761848-project-admin] Resources bound (agent type, host, resource id): (DHCP agent, dv-neutron-843186-1-hyperv, db296930-9707-4d5b-aae8-d977b7743a96) {{(pid=84661) schedule /opt/stack/neutron/neutron/scheduler/base_scheduler.py:57}}
May 24 20:58:39.893405 dv-neutron-843186-1-hyperv neutron-server[84662]: DEBUG neutron.api.rpc.handlers.dhcp_rpc [None req-59e175b9-af2f-406c-bf49-cec87c203037 None None] Network db296930-9707-4d5b-aae8-d977b7743a96 requested from dv-neutron-843186-1-hyperv {{(pid=84662) get_network_info /opt/stack/neutron/neutron/api/rpc/handlers/dhcp_rpc.py:198}}
May 24 20:58:39.922350 dv-neutron-843186-1-hyperv neutron-server[84661]: INFO neutron.wsgi [req-9065497f-6e8d-40f3-90a8-704ddc905c45 req-08067bb3-684b-4d82-a59d-585f0e53fcb3 tempest-ServersTestManualDisk-1893326148 tempest-ServersTestManualDisk-1893326148-project] 10.222.0.24 "GET /v2.0/security-groups?id=6ae8e36e-2efd-40b0-b833-b7366cf1d52b&fields=id&fields=name HTTP/1.1" status: 200 len: 312 time: 0.4382811
May 24 20:58:39.978938 dv-neutron-843186-1-hyperv neutron-server[84660]: INFO neutron.wsgi [req-ab76b520-49bb-4142-9f9f-b2f0fdaff80b req-91f0c031-65d1-4f0b-a386-0e48a3012ef3 tempest-ServersTestJSON-1413555008 tempest-ServersTestJSON-1413555008-project] 10.222.0.24 "GET /v2.0/security-groups?id=2de47a8e-100d-4cbd-a97a-f7beddbdc6af&fields=id&fields=name HTTP/1.1" status: 200 len: 313 time: 0.2219789
May 24 20:58:39.984922 dv-neutron-843186-1-hyperv neutron-server[84660]: DEBUG neutron.plugins.ml2.managers [req-b8bf4cda-9492-4edb-838b-bae71febccba req-fe8624f2-c1a1-42b7-aa4d-faab7ea596f5 service neutron] Attempting to bind port 2445950e-beb7-4288-929c-727ff2c27749 on host hv-neutron-8431 for vnic_type normal with profile {{(pid=84660) bind_port /opt/stack/neutron/neutron/plugins/ml2/managers.py:790}}
May 24 20:58:39.984922 dv-neutron-843186-1-hyperv neutron-server[84660]: DEBUG neutron.plugins.ml2.managers [req-b8bf4cda-9492-4edb-838b-bae71febccba req-fe8624f2-c1a1-42b7-aa4d-faab7ea596f5 service neutron] Attempting to bind port 2445950e-beb7-4288-929c-727ff2c27749 by drivers openvswitch,hyperv on host hv-neutron-8431 at level 0 using segments [{'id': 'd61ee76e-117e-4a48-b833-d2cf9bea72b8', 'network_type': 'vlan', 'physical_network': 'physnet1', 'segmentation_id': 122, 'network_id': '4b96734e-2ba9-4c28-8e06-05ab4cc80ab6'}] {{(pid=84660) _bind_port_level /opt/stack/neutron/neutron/plugins/ml2/managers.py:815}}
May 24 20:58:39.984922 dv-neutron-843186-1-hyperv neutron-server[84660]: DEBUG neutron.plugins.ml2.drivers.mech_agent [req-b8bf4cda-9492-4edb-838b-bae71febccba req-fe8624f2-c1a1-42b7-aa4d-faab7ea596f5 service neutron] Attempting to bind port 2445950e-beb7-4288-929c-727ff2c27749 on network 4b96734e-2ba9-4c28-8e06-05ab4cc80ab6 {{(pid=84660) bind_port /opt/stack/neutron/neutron/plugins/ml2/drivers/mech_agent.py:85}}
May 24 20:58:39.997485 dv-neutron-843186-1-hyperv neutron-server[84661]: DEBUG neutron.db.l3_dvrscheduler_db [None req-b9be827e-7196-4576-94d2-74834e48cd2e tempest-PortsAdminExtendedAttrsIpV6TestJSON-947761848 tempest-PortsAdminExtendedAttrsIpV6TestJSON-947761848-project-admin] Received port after_create {{(pid=84661) _notify_l3_agent_new_port /opt/stack/neutron/neutron/db/l3_dvrscheduler_db.py:535}}
May 24 20:58:40.029285 dv-neutron-843186-1-hyperv neutron-server[84660]: DEBUG neutron.pecan_wsgi.hooks.policy_enforcement [req-fda88ec9-04fe-472e-a9ba-35b2b2dbee23 req-891a4936-5486-49a0-986c-5f8ff6900e45 tempest-ServerActionsTestJSON-2147378036 tempest-ServerActionsTestJSON-2147378036-project] Attributes excluded by policy engine: ['binding:profile', 'binding:host_id', 'binding:vif_type', 'binding:vif_details', 'network'] {{(pid=84660) _exclude_attributes_by_policy /opt/stack/neutron/neutron/pecan_wsgi/hooks/policy_enforcement.py:255}}
May 24 20:58:40.029903 dv-neutron-843186-1-hyperv neutron-server[84660]: DEBUG neutron_lib.callbacks.manager [req-fda88ec9-04fe-472e-a9ba-35b2b2dbee23 req-891a4936-5486-49a0-986c-5f8ff6900e45 tempest-ServerActionsTestJSON-2147378036 tempest-ServerActionsTestJSON-2147378036-project] Notify callbacks ['neutron.notifiers.nova.Notifier._send_nova_notification-27341'] for port, before_response {{(pid=84660) _notify_loop /usr/local/lib/python3.8/dist-packages/neutron_lib/callbacks/manager.py:192}}
May 24 20:58:40.086889 dv-neutron-843186-1-hyperv neutron-server[84661]: DEBUG neutron.plugins.ml2.plugin [None req-2ebc5749-696d-4fa9-8d0e-ba08836e2349 tempest-FloatingIPNegativeTestJSON-1245810051 tempest-FloatingIPNegativeTestJSON-1245810051-project] Deleting port e256ff65-8a13-4a00-a54b-d09319bc9d9c {{(pid=84661) _pre_delete_port /opt/stack/neutron/neutron/plugins/ml2/plugin.py:1886}}
May 24 20:58:40.087282 dv-neutron-843186-1-hyperv neutron-server[84661]: DEBUG neutron_lib.callbacks.manager [None req-2ebc5749-696d-4fa9-8d0e-ba08836e2349 tempest-FloatingIPNegativeTestJSON-1245810051 tempest-FloatingIPNegativeTestJSON-1245810051-project] Notify callbacks ['neutron.db.l3_db.L3_NAT_dbonly_mixin._prevent_l3_port_delete_callback-8739826629075'] for port, before_delete {{(pid=84661) _notify_loop /usr/local/lib/python3.8/dist-packages/neutron_lib/callbacks/manager.py:192}}
May 24 20:58:40.112060 dv-neutron-843186-1-hyperv neutron-server[84660]: DEBUG neutron.plugins.ml2.drivers.mech_agent [req-b8bf4cda-9492-4edb-838b-bae71febccba req-fe8624f2-c1a1-42b7-aa4d-faab7ea596f5 service neutron] Port 2445950e-beb7-4288-929c-727ff2c27749 on network 4b96734e-2ba9-4c28-8e06-05ab4cc80ab6 not bound, no agent of type Open vSwitch agent registered on host hv-neutron-8431 {{(pid=84660) bind_port /opt/stack/neutron/neutron/plugins/ml2/drivers/mech_agent.py:97}}
May 24 20:58:40.113379 dv-neutron-843186-1-hyperv neutron-server[84660]: DEBUG neutron.plugins.ml2.drivers.mech_agent [req-b8bf4cda-9492-4edb-838b-bae71febccba req-fe8624f2-c1a1-42b7-aa4d-faab7ea596f5 service neutron] Attempting to bind port 2445950e-beb7-4288-929c-727ff2c27749 on network 4b96734e-2ba9-4c28-8e06-05ab4cc80ab6 {{(pid=84660) bind_port /opt/stack/neutron/neutron/plugins/ml2/drivers/mech_agent.py:85}}
May 24 20:58:40.131884 dv-neutron-843186-1-hyperv neutron-server[84660]: DEBUG neutron.plugins.ml2.drivers.mech_agent [req-b8bf4cda-9492-4edb-838b-bae71febccba req-fe8624f2-c1a1-42b7-aa4d-faab7ea596f5 service neutron] Checking agent: {'id': '51346412-e11f-4ba9-b2da-eaa92301f1b1', 'agent_type': 'HyperV agent', 'binary': 'neutron-hyperv-agent', 'topic': 'N/A', 'host': 'hv-neutron-8431', 'admin_state_up': True, 'created_at': datetime.datetime(2022, 5, 24, 20, 56, 7), 'started_at': datetime.datetime(2022, 5, 24, 20, 56, 7), 'heartbeat_timestamp': datetime.datetime(2022, 5, 24, 20, 58, 37), 'description': None, 'resources_synced': None, 'availability_zone': None, 'alive': True, 'configurations': {'vswitch_mappings': {'physnet1$': 'br-data'}}, 'resource_versions': {}} {{(pid=84660) bind_port /opt/stack/neutron/neutron/plugins/ml2/drivers/mech_agent.py:104}}
May 24 20:58:40.134363 dv-neutron-843186-1-hyperv neutron-server[84660]: DEBUG neutron.plugins.ml2.drivers.mech_agent [req-b8bf4cda-9492-4edb-838b-bae71febccba req-fe8624f2-c1a1-42b7-aa4d-faab7ea596f5 service neutron] Checking segment: {'id': 'd61ee76e-117e-4a48-b833-d2cf9bea72b8', 'network_type': 'vlan', 'physical_network': 'physnet1', 'segmentation_id': 122, 'network_id': '4b96734e-2ba9-4c28-8e06-05ab4cc80ab6'} for mappings: {'physnet1$': 'br-data'} with network types: ['local', 'flat', 'vlan'] {{(pid=84660) check_segment_for_agent /opt/stack/neutron/neutron/plugins/ml2/drivers/mech_agent.py:342}}
May 24 20:58:40.134363 dv-neutron-843186-1-hyperv neutron-server[84660]: DEBUG neutron.plugins.ml2.drivers.mech_agent [req-b8bf4cda-9492-4edb-838b-bae71febccba req-fe8624f2-c1a1-42b7-aa4d-faab7ea596f5 service neutron] Bound using segment: {'id': 'd61ee76e-117e-4a48-b833-d2cf9bea72b8', 'network_type': 'vlan', 'physical_network': 'physnet1', 'segmentation_id': 122, 'network_id': '4b96734e-2ba9-4c28-8e06-05ab4cc80ab6'} {{(pid=84660) bind_port /opt/stack/neutron/neutron/plugins/ml2/drivers/mech_agent.py:114}}
May 24 20:58:40.134817 dv-neutron-843186-1-hyperv neutron-server[84660]: DEBUG neutron.plugins.ml2.managers [req-b8bf4cda-9492-4edb-838b-bae71febccba req-fe8624f2-c1a1-42b7-aa4d-faab7ea596f5 service neutron] Bound port: 2445950e-beb7-4288-929c-727ff2c27749, host: hv-neutron-8431, vif_type: hyperv, vif_details: {"connectivity": "legacy", "port_filter": false}, binding_levels: [{'bound_driver': 'hyperv', 'bound_segment': {'id': 'd61ee76e-117e-4a48-b833-d2cf9bea72b8', 'network_type': 'vlan', 'physical_network': 'physnet1', 'segmentation_id': 122, 'network_id': '4b96734e-2ba9-4c28-8e06-05ab4cc80ab6'}}] {{(pid=84660) _bind_port_level /opt/stack/neutron/neutron/plugins/ml2/managers.py:928}}
May 24 20:58:40.135179 dv-neutron-843186-1-hyperv neutron-server[84660]: DEBUG neutron_lib.callbacks.manager [req-b8bf4cda-9492-4edb-838b-bae71febccba req-fe8624f2-c1a1-42b7-aa4d-faab7ea596f5 service neutron] Notify callbacks ['neutron.plugins.ml2.plugin.SecurityGroupDbMixin._ensure_default_security_group_handler-1100243'] for port, before_update {{(pid=84660) _notify_loop /usr/local/lib/python3.8/dist-packages/neutron_lib/callbacks/manager.py:192}}
May 24 20:58:40.213136 dv-neutron-843186-1-hyperv neutron-server[84661]: DEBUG neutron.plugins.ml2.managers [None req-b9be827e-7196-4576-94d2-74834e48cd2e tempest-PortsAdminExtendedAttrsIpV6TestJSON-947761848 tempest-PortsAdminExtendedAttrsIpV6TestJSON-947761848-project-admin] Attempting to bind port f8a089c3-710a-4c9e-b840-6062cdd0147a on host hv-neutron-8431 for vnic_type normal with profile {{(pid=84661) bind_port /opt/stack/neutron/neutron/plugins/ml2/managers.py:790}}
May 24 20:58:40.213791 dv-neutron-843186-1-hyperv neutron-server[84661]: DEBUG neutron.plugins.ml2.managers [None req-b9be827e-7196-4576-94d2-74834e48cd2e tempest-PortsAdminExtendedAttrsIpV6TestJSON-947761848 tempest-PortsAdminExtendedAttrsIpV6TestJSON-947761848-project-admin] Attempting to bind port f8a089c3-710a-4c9e-b840-6062cdd0147a by drivers openvswitch,hyperv on host hv-neutron-8431 at level 0 using segments [{'id': '83c058ac-656a-4a24-a75e-2cf215896b1a', 'network_type': 'vlan', 'physical_network': 'physnet1', 'segmentation_id': 107, 'network_id': 'db296930-9707-4d5b-aae8-d977b7743a96'}] {{(pid=84661) _bind_port_level /opt/stack/neutron/neutron/plugins/ml2/managers.py:815}}
May 24 20:58:40.213887 dv-neutron-843186-1-hyperv neutron-server[84661]: DEBUG neutron.plugins.ml2.drivers.mech_agent [None req-b9be827e-7196-4576-94d2-74834e48cd2e tempest-PortsAdminExtendedAttrsIpV6TestJSON-947761848 tempest-PortsAdminExtendedAttrsIpV6TestJSON-947761848-project-admin] Attempting to bind port f8a089c3-710a-4c9e-b840-6062cdd0147a on network db296930-9707-4d5b-aae8-d977b7743a96 {{(pid=84661) bind_port /opt/stack/neutron/neutron/plugins/ml2/drivers/mech_agent.py:85}}
May 24 20:58:40.259535 dv-neutron-843186-1-hyperv neutron-server[84662]: DEBUG neutron.db.provisioning_blocks [None req-2ba6963c-a509-4fb7-aec2-3fbd0159f6ed None None] Provisioning for port 57217162-56d2-4dc3-b9aa-e69bdbb35d55 completed by entity DHCP. {{(pid=84662) provisioning_complete /opt/stack/neutron/neutron/db/provisioning_blocks.py:133}}
May 24 20:58:40.271444 dv-neutron-843186-1-hyperv neutron-server[84662]: DEBUG neutron.db.provisioning_blocks [None req-2ba6963c-a509-4fb7-aec2-3fbd0159f6ed None None] Provisioning complete for port 57217162-56d2-4dc3-b9aa-e69bdbb35d55 triggered by entity DHCP. {{(pid=84662) provisioning_complete /opt/stack/neutron/neutron/db/provisioning_blocks.py:139}}
May 24 20:58:40.271945 dv-neutron-843186-1-hyperv neutron-server[84662]: DEBUG neutron_lib.callbacks.manager [None req-2ba6963c-a509-4fb7-aec2-3fbd0159f6ed None None] Notify callbacks ['neutron.plugins.ml2.plugin.Ml2Plugin._port_provisioned-1482984'] for port, provisioning_complete {{(pid=84662) _notify_loop /usr/local/lib/python3.8/dist-packages/neutron_lib/callbacks/manager.py:192}}
May 24 20:58:40.280219 dv-neutron-843186-1-hyperv neutron-server[84661]: DEBUG neutron.plugins.ml2.drivers.mech_agent [None req-b9be827e-7196-4576-94d2-74834e48cd2e tempest-PortsAdminExtendedAttrsIpV6TestJSON-947761848 tempest-PortsAdminExtendedAttrsIpV6TestJSON-947761848-project-admin] Port f8a089c3-710a-4c9e-b840-6062cdd0147a on network db296930-9707-4d5b-aae8-d977b7743a96 not bound, no agent of type Open vSwitch agent registered on host hv-neutron-8431 {{(pid=84661) bind_port /opt/stack/neutron/neutron/plugins/ml2/drivers/mech_agent.py:97}}
May 24 20:58:40.293697 dv-neutron-843186-1-hyperv neutron-server[84661]: ERROR neutron.plugins.ml2.managers [None req-b9be827e-7196-4576-94d2-74834e48cd2e tempest-PortsAdminExtendedAttrsIpV6TestJSON-947761848 tempest-PortsAdminExtendedAttrsIpV6TestJSON-947761848-project-admin] Failed to bind port f8a089c3-710a-4c9e-b840-6062cdd0147a on host hv-neutron-8431 for vnic_type normal using segments [{'id': '83c058ac-656a-4a24-a75e-2cf215896b1a', 'network_type': 'vlan', 'physical_network': 'physnet1', 'segmentation_id': 107, 'network_id': 'db296930-9707-4d5b-aae8-d977b7743a96'}]
May 24 20:58:40.293697 dv-neutron-843186-1-hyperv neutron-server[84661]: DEBUG neutron.plugins.ml2.db [req-7fbd8058-6874-4c33-a9ab-a3fcdcab212f req-6740a148-9a9a-4c10-8096-2fbccd74d070 service neutron] For port 6ef2bdd8-77ef-400a-880c-8a83ee6f0d33, host hv-neutron-8431, cleared binding levels {{(pid=84661) clear_binding_levels /opt/stack/neutron/neutron/plugins/ml2/db.py:87}}
May 24 20:58:40.293697 dv-neutron-843186-1-hyperv neutron-server[84661]: INFO neutron.plugins.ml2.plugin [None req-b9be827e-7196-4576-94d2-74834e48cd2e tempest-PortsAdminExtendedAttrsIpV6TestJSON-947761848 tempest-PortsAdminExtendedAttrsIpV6TestJSON-947761848-project-admin] Attempt 2 to bind port f8a089c3-710a-4c9e-b840-6062cdd0147a
May 24 20:58:40.330692 dv-neutron-843186-1-hyperv neutron-server[84660]: INFO neutron.wsgi [req-fda88ec9-04fe-472e-a9ba-35b2b2dbee23 req-891a4936-5486-49a0-986c-5f8ff6900e45 tempest-ServerActionsTestJSON-2147378036 tempest-ServerActionsTestJSON-2147378036-project] 10.222.0.43 "POST /v2.0/ports HTTP/1.1" status: 201 len: 933 time: 4.0589068
May 24 20:58:40.346584 dv-neutron-843186-1-hyperv neutron-server[84662]: DEBUG neutron.plugins.ml2.plugin [None req-2ba6963c-a509-4fb7-aec2-3fbd0159f6ed None None] Port 57217162-56d2-4dc3-b9aa-e69bdbb35d55 cannot update to ACTIVE because it is not bound. {{(pid=84662) _port_provisioned /opt/stack/neutron/neutron/plugins/ml2/plugin.py:311}}
May 24 20:58:40.349522 dv-neutron-843186-1-hyperv neutron-server[84661]: DEBUG neutron_lib.callbacks.manager [None req-53803c61-1765-4bc2-8625-a1eec28383ca tempest-AllowedAddressPairTestJSON-700703080 tempest-AllowedAddressPairTestJSON-700703080-project] Notify callbacks ['neutron.notifiers.nova.Notifier._send_nova_notification-27341'] for port, before_response {{(pid=84661) _notify_loop /usr/local/lib/python3.8/dist-packages/neutron_lib/callbacks/manager.py:192}}
May 24 20:58:40.398407 dv-neutron-843186-1-hyperv neutron-server[84661]: DEBUG neutron.plugins.ml2.db [req-7fbd8058-6874-4c33-a9ab-a3fcdcab212f req-6740a148-9a9a-4c10-8096-2fbccd74d070 service neutron] For port 6ef2bdd8-77ef-400a-880c-8a83ee6f0d33, host hv-neutron-8431, set binding levels [PortBindingLevel(driver='hyperv',host='hv-neutron-8431',level=0,port_id=6ef2bdd8-77ef-400a-880c-8a83ee6f0d33,segment=NetworkSegment(3ca05129-9d43-4a26-8939-d506cb3249e4),segment_id=3ca05129-9d43-4a26-8939-d506cb3249e4)] {{(pid=84661) set_binding_levels /opt/stack/neutron/neutron/plugins/ml2/db.py:59}}
May 24 20:58:40.433710 dv-neutron-843186-1-hyperv neutron-server[84661]: DEBUG neutron.plugins.ml2.managers [None req-b9be827e-7196-4576-94d2-74834e48cd2e tempest-PortsAdminExtendedAttrsIpV6TestJSON-947761848 tempest-PortsAdminExtendedAttrsIpV6TestJSON-947761848-project-admin] Attempting to bind port f8a089c3-710a-4c9e-b840-6062cdd0147a on host hv-neutron-8431 for vnic_type normal with profile {{(pid=84661) bind_port /opt/stack/neutron/neutron/plugins/ml2/managers.py:790}}
May 24 20:58:40.433710 dv-neutron-843186-1-hyperv neutron-server[84661]: DEBUG neutron.plugins.ml2.managers [None req-b9be827e-7196-4576-94d2-74834e48cd2e tempest-PortsAdminExtendedAttrsIpV6TestJSON-947761848 tempest-PortsAdminExtendedAttrsIpV6TestJSON-947761848-project-admin] Attempting to bind port f8a089c3-710a-4c9e-b840-6062cdd0147a by drivers openvswitch,hyperv on host hv-neutron-8431 at level 0 using segments [{'id': '83c058ac-656a-4a24-a75e-2cf215896b1a', 'network_type': 'vlan', 'physical_network': 'physnet1', 'segmentation_id': 107, 'network_id': 'db296930-9707-4d5b-aae8-d977b7743a96'}] {{(pid=84661) _bind_port_level /opt/stack/neutron/neutron/plugins/ml2/managers.py:815}}
May 24 20:58:40.433710 dv-neutron-843186-1-hyperv neutron-server[84661]: DEBUG neutron.plugins.ml2.drivers.mech_agent [None req-b9be827e-7196-4576-94d2-74834e48cd2e tempest-PortsAdminExtendedAttrsIpV6TestJSON-947761848 tempest-PortsAdminExtendedAttrsIpV6TestJSON-947761848-project-admin] Attempting to bind port f8a089c3-710a-4c9e-b840-6062cdd0147a on network db296930-9707-4d5b-aae8-d977b7743a96 {{(pid=84661) bind_port /opt/stack/neutron/neutron/plugins/ml2/drivers/mech_agent.py:85}}
May 24 20:58:40.438342 dv-neutron-843186-1-hyperv neutron-server[84660]: DEBUG neutron.api.v2.base [req-fda88ec9-04fe-472e-a9ba-35b2b2dbee23 req-a779a1b8-4d55-479d-bd8e-f114eb5eabd8 service neutron] Request body: {'port': {'device_id': 'e543720b-03e1-448f-a964-a9188215fa73', 'device_owner': 'compute:nova', 'binding:host_id': 'hv-neutron-8431'}} {{(pid=84660) prepare_request_body /opt/stack/neutron/neutron/api/v2/base.py:719}}
May 24 20:58:40.474745 dv-neutron-843186-1-hyperv neutron-server[84661]: DEBUG neutron_lib.callbacks.manager [req-7fbd8058-6874-4c33-a9ab-a3fcdcab212f req-6740a148-9a9a-4c10-8096-2fbccd74d070 service neutron] Notify callbacks ['neutron.plugins.ml2.plugin.SecurityGroupServerNotifierRpcMixin.notify_sg_on_port_change-1099951', 'neutron.plugins.ml2.ovo_rpc._ObjectChangeHandler.handle_event-431781', 'neutron.api.rpc.agentnotifiers.dhcp_rpc_agent_api.DhcpAgentNotifyAPI._native_event_send_dhcp_notification-7223195', 'neutron.db.l3_db.L3RpcNotifierMixin._notify_gateway_port_ip_changed-8739826718118', 'neutron.db.l3_dvrscheduler_db._notify_l3_agent_port_update-8739826261661', 'neutron.db.l3_hascheduler_db._notify_l3_agent_ha_port_update-8739826261706', 'neutron.services.segments.plugin.NovaSegmentNotifier._notify_port_updated-6872206'] for port, after_update {{(pid=84661) _notify_loop /usr/local/lib/python3.8/dist-packages/neutron_lib/callbacks/manager.py:192}}
May 24 20:58:40.484578 dv-neutron-843186-1-hyperv neutron-server[84662]: DEBUG neutron.plugins.ml2.rpc [None req-c8ec827c-9331-4fca-9703-afd35fee4654 None None] Device ede5928e-66a3-477c-ac3f-08b3f400fc65 up at agent ovs-agent-dv-neutron-843186-1-hyperv {{(pid=84662) update_device_up /opt/stack/neutron/neutron/plugins/ml2/rpc.py:278}}
May 24 20:58:40.550956 dv-neutron-843186-1-hyperv neutron-server[84660]: DEBUG neutron.plugins.ml2.db [req-b8bf4cda-9492-4edb-838b-bae71febccba req-fe8624f2-c1a1-42b7-aa4d-faab7ea596f5 service neutron] For port 2445950e-beb7-4288-929c-727ff2c27749, host hv-neutron-8431, cleared binding levels {{(pid=84660) clear_binding_levels /opt/stack/neutron/neutron/plugins/ml2/db.py:87}}
May 24 20:58:40.554602 dv-neutron-843186-1-hyperv neutron-server[84661]: DEBUG neutron.plugins.ml2.drivers.mech_agent [None req-b9be827e-7196-4576-94d2-74834e48cd2e tempest-PortsAdminExtendedAttrsIpV6TestJSON-947761848 tempest-PortsAdminExtendedAttrsIpV6TestJSON-947761848-project-admin] Port f8a089c3-710a-4c9e-b840-6062cdd0147a on network db296930-9707-4d5b-aae8-d977b7743a96 not bound, no agent of type Open vSwitch agent registered on host hv-neutron-8431 {{(pid=84661) bind_port /opt/stack/neutron/neutron/plugins/ml2/drivers/mech_agent.py:97}}
May 24 20:58:40.555663 dv-neutron-843186-1-hyperv neutron-server[84661]: ERROR neutron.plugins.ml2.managers [None req-b9be827e-7196-4576-94d2-74834e48cd2e tempest-PortsAdminExtendedAttrsIpV6TestJSON-947761848 tempest-PortsAdminExtendedAttrsIpV6TestJSON-947761848-project-admin] Failed to bind port f8a089c3-710a-4c9e-b840-6062cdd0147a on host hv-neutron-8431 for vnic_type normal using segments [{'id': '83c058ac-656a-4a24-a75e-2cf215896b1a', 'network_type': 'vlan', 'physical_network': 'physnet1', 'segmentation_id': 107, 'network_id': 'db296930-9707-4d5b-aae8-d977b7743a96'}]
May 24 20:58:40.567134 dv-neutron-843186-1-hyperv neutron-server[84661]: INFO neutron.plugins.ml2.plugin [None req-b9be827e-7196-4576-94d2-74834e48cd2e tempest-PortsAdminExtendedAttrsIpV6TestJSON-947761848 tempest-PortsAdminExtendedAttrsIpV6TestJSON-947761848-project-admin] Attempt 3 to bind port f8a089c3-710a-4c9e-b840-6062cdd0147a
May 24 20:58:40.570564 dv-neutron-843186-1-hyperv neutron-server[84660]: DEBUG neutron_lib.callbacks.manager [None req-14d86c2b-0a1d-4d2b-ba07-dab7df39b7db tempest-FloatingIPAdminTestJSON-935513453 tempest-FloatingIPAdminTestJSON-935513453-project] Notify callbacks [] for router_gateway, after_create {{(pid=84660) _notify_loop /usr/local/lib/python3.8/dist-packages/neutron_lib/callbacks/manager.py:192}}
May 24 20:58:40.571234 dv-neutron-843186-1-hyperv neutron-server[84660]: DEBUG neutron_lib.callbacks.manager [None req-14d86c2b-0a1d-4d2b-ba07-dab7df39b7db tempest-FloatingIPAdminTestJSON-935513453 tempest-FloatingIPAdminTestJSON-935513453-project] Notify callbacks ['neutron.services.l3_router.l3_router_plugin.L3_HA_NAT_db_mixin._after_router_create-7964921', 'neutron.services.l3_router.l3_router_plugin.DVRResourceOperationHandler._create_snat_interfaces_after_change-7977312'] for router, after_create {{(pid=84660) _notify_loop /usr/local/lib/python3.8/dist-packages/neutron_lib/callbacks/manager.py:192}}
May 24 20:58:40.581475 dv-neutron-843186-1-hyperv neutron-server[84662]: DEBUG neutron.db.provisioning_blocks [None req-c8ec827c-9331-4fca-9703-afd35fee4654 None None] Provisioning complete for port ede5928e-66a3-477c-ac3f-08b3f400fc65 triggered by entity L2. {{(pid=84662) provisioning_complete /opt/stack/neutron/neutron/db/provisioning_blocks.py:139}}
May 24 20:58:40.583092 dv-neutron-843186-1-hyperv neutron-server[84662]: DEBUG neutron_lib.callbacks.manager [None req-c8ec827c-9331-4fca-9703-afd35fee4654 None None] Notify callbacks ['neutron.plugins.ml2.plugin.Ml2Plugin._port_provisioned-1482984'] for port, provisioning_complete {{(pid=84662) _notify_loop /usr/local/lib/python3.8/dist-packages/neutron_lib/callbacks/manager.py:192}}
May 24 20:58:40.596821 dv-neutron-843186-1-hyperv neutron-server[84661]: INFO neutron.wsgi [None req-53803c61-1765-4bc2-8625-a1eec28383ca tempest-AllowedAddressPairTestJSON-700703080 tempest-AllowedAddressPairTestJSON-700703080-project] 10.222.0.24 "DELETE /v2.0/ports/0c381cd8-3ea4-4c07-8e2e-3b0fc77f2544 HTTP/1.1" status: 204 len: 168 time: 5.4891334
May 24 20:58:40.606097 dv-neutron-843186-1-hyperv neutron-server[84661]: DEBUG neutron.wsgi [-] (84661) accepted ('10.222.0.24', 46214) {{(pid=84661) server /usr/local/lib/python3.8/dist-packages/eventlet/wsgi.py:992}}
May 24 20:58:40.672484 dv-neutron-843186-1-hyperv neutron-server[84661]: DEBUG neutron.plugins.ml2.managers [None req-b9be827e-7196-4576-94d2-74834e48cd2e tempest-PortsAdminExtendedAttrsIpV6TestJSON-947761848 tempest-PortsAdminExtendedAttrsIpV6TestJSON-947761848-project-admin] Attempting to bind port f8a089c3-710a-4c9e-b840-6062cdd0147a on host hv-neutron-8431 for vnic_type normal with profile {{(pid=84661) bind_port /opt/stack/neutron/neutron/plugins/ml2/managers.py:790}}
May 24 20:58:40.672812 dv-neutron-843186-1-hyperv neutron-server[84661]: DEBUG neutron.plugins.ml2.managers [None req-b9be827e-7196-4576-94d2-74834e48cd2e tempest-PortsAdminExtendedAttrsIpV6TestJSON-947761848 tempest-PortsAdminExtendedAttrsIpV6TestJSON-947761848-project-admin] Attempting to bind port f8a089c3-710a-4c9e-b840-6062cdd0147a by drivers openvswitch,hyperv on host hv-neutron-8431 at level 0 using segments [{'id': '83c058ac-656a-4a24-a75e-2cf215896b1a', 'network_type': 'vlan', 'physical_network': 'physnet1', 'segmentation_id': 107, 'network_id': 'db296930-9707-4d5b-aae8-d977b7743a96'}] {{(pid=84661) _bind_port_level /opt/stack/neutron/neutron/plugins/ml2/managers.py:815}}
May 24 20:58:40.673125 dv-neutron-843186-1-hyperv neutron-server[84661]: DEBUG neutron.plugins.ml2.drivers.mech_agent [None req-b9be827e-7196-4576-94d2-74834e48cd2e tempest-PortsAdminExtendedAttrsIpV6TestJSON-947761848 tempest-PortsAdminExtendedAttrsIpV6TestJSON-947761848-project-admin] Attempting to bind port f8a089c3-710a-4c9e-b840-6062cdd0147a on network db296930-9707-4d5b-aae8-d977b7743a96 {{(pid=84661) bind_port /opt/stack/neutron/neutron/plugins/ml2/drivers/mech_agent.py:85}}
May 24 20:58:40.715388 dv-neutron-843186-1-hyperv neutron-server[84661]: DEBUG neutron_lib.callbacks.manager [req-7fbd8058-6874-4c33-a9ab-a3fcdcab212f req-6740a148-9a9a-4c10-8096-2fbccd74d070 service neutron] Notify callbacks ['neutron.notifiers.nova.Notifier._send_nova_notification-27341'] for port, before_response {{(pid=84661) _notify_loop /usr/local/lib/python3.8/dist-packages/neutron_lib/callbacks/manager.py:192}}
May 24 20:58:40.717401 dv-neutron-843186-1-hyperv neutron-server[84661]: INFO neutron.wsgi [req-7fbd8058-6874-4c33-a9ab-a3fcdcab212f req-6740a148-9a9a-4c10-8096-2fbccd74d070 service neutron] 10.222.0.43 "PUT /v2.0/ports/6ef2bdd8-77ef-400a-880c-8a83ee6f0d33 HTTP/1.1" status: 200 len: 1093 time: 6.5223517
May 24 20:58:40.735242 dv-neutron-843186-1-hyperv neutron-server[84661]: DEBUG neutron.notifiers.nova [-] Sending events: [{'name': 'network-changed', 'server_uuid': 'd57d78ac-e32b-4b52-98e1-183a5a82a555', 'tag': '6ef2bdd8-77ef-400a-880c-8a83ee6f0d33'}] {{(pid=84661) send_events /opt/stack/neutron/neutron/notifiers/nova.py:262}}
May 24 20:58:40.753037 dv-neutron-843186-1-hyperv neutron-server[84661]: DEBUG neutron.api.rpc.handlers.resources_rpc [None req-6740a148-9a9a-4c10-8096-2fbccd74d070 service neutron] Pushing event updated for resources: {'Port': ['ID=6ef2bdd8-77ef-400a-880c-8a83ee6f0d33,revision_number=3']} {{(pid=84661) push /opt/stack/neutron/neutron/api/rpc/handlers/resources_rpc.py:237}}
May 24 20:58:40.765042 dv-neutron-843186-1-hyperv neutron-server[84661]: DEBUG neutron.plugins.ml2.drivers.mech_agent [None req-b9be827e-7196-4576-94d2-74834e48cd2e tempest-PortsAdminExtendedAttrsIpV6TestJSON-947761848 tempest-PortsAdminExtendedAttrsIpV6TestJSON-947761848-project-admin] Port f8a089c3-710a-4c9e-b840-6062cdd0147a on network db296930-9707-4d5b-aae8-d977b7743a96 not bound, no agent of type Open vSwitch agent registered on host hv-neutron-8431 {{(pid=84661) bind_port /opt/stack/neutron/neutron/plugins/ml2/drivers/mech_agent.py:97}}
May 24 20:58:40.765612 dv-neutron-843186-1-hyperv neutron-server[84661]: ERROR neutron.plugins.ml2.managers [None req-b9be827e-7196-4576-94d2-74834e48cd2e tempest-PortsAdminExtendedAttrsIpV6TestJSON-947761848 tempest-PortsAdminExtendedAttrsIpV6TestJSON-947761848-project-admin] Failed to bind port f8a089c3-710a-4c9e-b840-6062cdd0147a on host hv-neutron-8431 for vnic_type normal using segments [{'id': '83c058ac-656a-4a24-a75e-2cf215896b1a', 'network_type': 'vlan', 'physical_network': 'physnet1', 'segmentation_id': 107, 'network_id': 'db296930-9707-4d5b-aae8-d977b7743a96'}]
May 24 20:58:40.773698 dv-neutron-843186-1-hyperv neutron-server[84661]: INFO neutron.plugins.ml2.plugin [None req-b9be827e-7196-4576-94d2-74834e48cd2e tempest-PortsAdminExtendedAttrsIpV6TestJSON-947761848 tempest-PortsAdminExtendedAttrsIpV6TestJSON-947761848-project-admin] Attempt 4 to bind port f8a089c3-710a-4c9e-b840-6062cdd0147a
May 24 20:58:40.794910 dv-neutron-843186-1-hyperv neutron-server[84662]: DEBUG neutron.plugins.ml2.rpc [None req-c8ec827c-9331-4fca-9703-afd35fee4654 None None] Device dd596e85-868c-4234-941f-8785d43ccbfa up at agent ovs-agent-dv-neutron-843186-1-hyperv {{(pid=84662) update_device_up /opt/stack/neutron/neutron/plugins/ml2/rpc.py:278}}
May 24 20:58:40.828493 dv-neutron-843186-1-hyperv neutron-server[84661]: DEBUG neutron_lib.callbacks.manager [None req-2ebc5749-696d-4fa9-8d0e-ba08836e2349 tempest-FloatingIPNegativeTestJSON-1245810051 tempest-FloatingIPNegativeTestJSON-1245810051-project] Notify callbacks ['neutron.services.l3_router.l3_router_plugin.L3_NAT_dbonly_mixin._precommit_delete_port_callback-8328979'] for port, precommit_delete {{(pid=84661) _notify_loop /usr/local/lib/python3.8/dist-packages/neutron_lib/callbacks/manager.py:192}}
May 24 20:58:40.833446 dv-neutron-843186-1-hyperv neutron-server[84660]: DEBUG neutron_lib.callbacks.manager [req-fda88ec9-04fe-472e-a9ba-35b2b2dbee23 req-a779a1b8-4d55-479d-bd8e-f114eb5eabd8 service neutron] Notify callbacks ['neutron.plugins.ml2.plugin.SecurityGroupDbMixin._ensure_default_security_group_handler-1100243'] for port, before_update {{(pid=84660) _notify_loop /usr/local/lib/python3.8/dist-packages/neutron_lib/callbacks/manager.py:192}}
May 24 20:58:40.852810 dv-neutron-843186-1-hyperv neutron-server[84660]: DEBUG neutron.plugins.ml2.db [req-b8bf4cda-9492-4edb-838b-bae71febccba req-fe8624f2-c1a1-42b7-aa4d-faab7ea596f5 service neutron] For port 2445950e-beb7-4288-929c-727ff2c27749, host hv-neutron-8431, set binding levels [PortBindingLevel(driver='hyperv',host='hv-neutron-8431',level=0,port_id=2445950e-beb7-4288-929c-727ff2c27749,segment=NetworkSegment(d61ee76e-117e-4a48-b833-d2cf9bea72b8),segment_id=d61ee76e-117e-4a48-b833-d2cf9bea72b8)] {{(pid=84660) set_binding_levels /opt/stack/neutron/neutron/plugins/ml2/db.py:59}}
May 24 20:58:40.860742 dv-neutron-843186-1-hyperv neutron-server[84661]: DEBUG neutron.pecan_wsgi.hooks.policy_enforcement [req-56e23f8c-f216-49ad-8d3a-efae191a262d req-041476d6-1d30-4a86-8a76-3ff1b125dc98 tempest-ServerActionsTestJSON-2147378036 tempest-ServerActionsTestJSON-2147378036-project] Attributes excluded by policy engine: ['binding:profile', 'binding:host_id', 'binding:vif_type', 'binding:vif_details'] {{(pid=84661) _exclude_attributes_by_policy /opt/stack/neutron/neutron/pecan_wsgi/hooks/policy_enforcement.py:255}}
May 24 20:58:40.862931 dv-neutron-843186-1-hyperv neutron-server[84661]: INFO neutron.wsgi [req-56e23f8c-f216-49ad-8d3a-efae191a262d req-041476d6-1d30-4a86-8a76-3ff1b125dc98 tempest-ServerActionsTestJSON-2147378036 tempest-ServerActionsTestJSON-2147378036-project] 10.222.0.24 "GET /v2.0/ports?device_id=e543720b-03e1-448f-a964-a9188215fa73 HTTP/1.1" status: 200 len: 931 time: 0.5497196
May 24 20:58:40.939137 dv-neutron-843186-1-hyperv neutron-server[84662]: DEBUG neutron.db.provisioning_blocks [None req-c8ec827c-9331-4fca-9703-afd35fee4654 None None] Provisioning complete for port dd596e85-868c-4234-941f-8785d43ccbfa triggered by entity L2. {{(pid=84662) provisioning_complete /opt/stack/neutron/neutron/db/provisioning_blocks.py:139}}
May 24 20:58:40.939511 dv-neutron-843186-1-hyperv neutron-server[84662]: DEBUG neutron_lib.callbacks.manager [None req-c8ec827c-9331-4fca-9703-afd35fee4654 None None] Notify callbacks ['neutron.plugins.ml2.plugin.Ml2Plugin._port_provisioned-1482984'] for port, provisioning_complete {{(pid=84662) _notify_loop /usr/local/lib/python3.8/dist-packages/neutron_lib/callbacks/manager.py:192}}
May 24 20:58:40.998281 dv-neutron-843186-1-hyperv neutron-server[84661]: DEBUG neutron.plugins.ml2.managers [None req-b9be827e-7196-4576-94d2-74834e48cd2e tempest-PortsAdminExtendedAttrsIpV6TestJSON-947761848 tempest-PortsAdminExtendedAttrsIpV6TestJSON-947761848-project-admin] Attempting to bind port f8a089c3-710a-4c9e-b840-6062cdd0147a on host hv-neutron-8431 for vnic_type normal with profile {{(pid=84661) bind_port /opt/stack/neutron/neutron/plugins/ml2/managers.py:790}}
May 24 20:58:40.999162 dv-neutron-843186-1-hyperv neutron-server[84661]: DEBUG neutron.plugins.ml2.managers [None req-b9be827e-7196-4576-94d2-74834e48cd2e tempest-PortsAdminExtendedAttrsIpV6TestJSON-947761848 tempest-PortsAdminExtendedAttrsIpV6TestJSON-947761848-project-admin] Attempting to bind port f8a089c3-710a-4c9e-b840-6062cdd0147a by drivers openvswitch,hyperv on host hv-neutron-8431 at level 0 using segments [{'id': '83c058ac-656a-4a24-a75e-2cf215896b1a', 'network_type': 'vlan', 'physical_network': 'physnet1', 'segmentation_id': 107, 'network_id': 'db296930-9707-4d5b-aae8-d977b7743a96'}] {{(pid=84661) _bind_port_level /opt/stack/neutron/neutron/plugins/ml2/managers.py:815}}
May 24 20:58:41.000736 dv-neutron-843186-1-hyperv neutron-server[84661]: DEBUG neutron.plugins.ml2.drivers.mech_agent [None req-b9be827e-7196-4576-94d2-74834e48cd2e tempest-PortsAdminExtendedAttrsIpV6TestJSON-947761848 tempest-PortsAdminExtendedAttrsIpV6TestJSON-947761848-project-admin] Attempting to bind port f8a089c3-710a-4c9e-b840-6062cdd0147a on network db296930-9707-4d5b-aae8-d977b7743a96 {{(pid=84661) bind_port /opt/stack/neutron/neutron/plugins/ml2/drivers/mech_agent.py:85}}
May 24 20:58:41.444818 dv-neutron-843186-1-hyperv neutron-server[84661]: DEBUG neutron.plugins.ml2.plugin [None req-2ebc5749-696d-4fa9-8d0e-ba08836e2349 tempest-FloatingIPNegativeTestJSON-1245810051 tempest-FloatingIPNegativeTestJSON-1245810051-project] Calling delete_port for e256ff65-8a13-4a00-a54b-d09319bc9d9c owned by {{(pid=84661) delete_port /opt/stack/neutron/neutron/plugins/ml2/plugin.py:1958}}
May 24 20:58:41.491191 dv-neutron-843186-1-hyperv neutron-server[84661]: DEBUG neutron.plugins.ml2.drivers.mech_agent [None req-b9be827e-7196-4576-94d2-74834e48cd2e tempest-PortsAdminExtendedAttrsIpV6TestJSON-947761848 tempest-PortsAdminExtendedAttrsIpV6TestJSON-947761848-project-admin] Port f8a089c3-710a-4c9e-b840-6062cdd0147a on network db296930-9707-4d5b-aae8-d977b7743a96 not bound, no agent of type Open vSwitch agent registered on host hv-neutron-8431 {{(pid=84661) bind_port /opt/stack/neutron/neutron/plugins/ml2/drivers/mech_agent.py:97}}
May 24 20:58:41.491859 dv-neutron-843186-1-hyperv neutron-server[84661]: ERROR neutron.plugins.ml2.managers [None req-b9be827e-7196-4576-94d2-74834e48cd2e tempest-PortsAdminExtendedAttrsIpV6TestJSON-947761848 tempest-PortsAdminExtendedAttrsIpV6TestJSON-947761848-project-admin] Failed to bind port f8a089c3-710a-4c9e-b840-6062cdd0147a on host hv-neutron-8431 for vnic_type normal using segments [{'id': '83c058ac-656a-4a24-a75e-2cf215896b1a', 'network_type': 'vlan', 'physical_network': 'physnet1', 'segmentation_id': 107, 'network_id': 'db296930-9707-4d5b-aae8-d977b7743a96'}]
May 24 20:58:41.498631 dv-neutron-843186-1-hyperv neutron-server[84661]: INFO neutron.plugins.ml2.plugin [None req-b9be827e-7196-4576-94d2-74834e48cd2e tempest-PortsAdminExtendedAttrsIpV6TestJSON-947761848 tempest-PortsAdminExtendedAttrsIpV6TestJSON-947761848-project-admin] Attempt 5 to bind port f8a089c3-710a-4c9e-b840-6062cdd0147a
May 24 20:58:41.552604 dv-neutron-843186-1-hyperv neutron-server[84661]: DEBUG neutron.plugins.ml2.managers [None req-b9be827e-7196-4576-94d2-74834e48cd2e tempest-PortsAdminExtendedAttrsIpV6TestJSON-947761848 tempest-PortsAdminExtendedAttrsIpV6TestJSON-947761848-project-admin] Attempting to bind port f8a089c3-710a-4c9e-b840-6062cdd0147a on host hv-neutron-8431 for vnic_type normal with profile {{(pid=84661) bind_port /opt/stack/neutron/neutron/plugins/ml2/managers.py:790}}
May 24 20:58:41.553170 dv-neutron-843186-1-hyperv neutron-server[84661]: DEBUG neutron.plugins.ml2.managers [None req-b9be827e-7196-4576-94d2-74834e48cd2e tempest-PortsAdminExtendedAttrsIpV6TestJSON-947761848 tempest-PortsAdminExtendedAttrsIpV6TestJSON-947761848-project-admin] Attempting to bind port f8a089c3-710a-4c9e-b840-6062cdd0147a by drivers openvswitch,hyperv on host hv-neutron-8431 at level 0 using segments [{'id': '83c058ac-656a-4a24-a75e-2cf215896b1a', 'network_type': 'vlan', 'physical_network': 'physnet1', 'segmentation_id': 107, 'network_id': 'db296930-9707-4d5b-aae8-d977b7743a96'}] {{(pid=84661) _bind_port_level /opt/stack/neutron/neutron/plugins/ml2/managers.py:815}}
May 24 20:58:41.553653 dv-neutron-843186-1-hyperv neutron-server[84661]: DEBUG neutron.plugins.ml2.drivers.mech_agent [None req-b9be827e-7196-4576-94d2-74834e48cd2e tempest-PortsAdminExtendedAttrsIpV6TestJSON-947761848 tempest-PortsAdminExtendedAttrsIpV6TestJSON-947761848-project-admin] Attempting to bind port f8a089c3-710a-4c9e-b840-6062cdd0147a on network db296930-9707-4d5b-aae8-d977b7743a96 {{(pid=84661) bind_port /opt/stack/neutron/neutron/plugins/ml2/drivers/mech_agent.py:85}}
May 24 20:58:41.586953 dv-neutron-843186-1-hyperv neutron-server[84661]: INFO neutron.wsgi [req-56e23f8c-f216-49ad-8d3a-efae191a262d req-a89b6d75-3bbb-4d03-a681-140477cd1f74 tempest-ServerActionsTestJSON-2147378036 tempest-ServerActionsTestJSON-2147378036-project] 10.222.0.24 "GET /v2.0/security-groups?id=21f11187-a96f-4d78-951e-4fb71e625d51&fields=id&fields=name HTTP/1.1" status: 200 len: 313 time: 0.5772538
May 24 20:58:41.618688 dv-neutron-843186-1-hyperv neutron-server[84660]: DEBUG neutron_lib.callbacks.manager [req-b8bf4cda-9492-4edb-838b-bae71febccba req-fe8624f2-c1a1-42b7-aa4d-faab7ea596f5 service neutron] Notify callbacks ['neutron.plugins.ml2.plugin.SecurityGroupServerNotifierRpcMixin.notify_sg_on_port_change-1099951', 'neutron.plugins.ml2.ovo_rpc._ObjectChangeHandler.handle_event-431781', 'neutron.api.rpc.agentnotifiers.dhcp_rpc_agent_api.DhcpAgentNotifyAPI._native_event_send_dhcp_notification-7223195', 'neutron.db.l3_db.L3RpcNotifierMixin._notify_gateway_port_ip_changed-8739826718118', 'neutron.db.l3_dvrscheduler_db._notify_l3_agent_port_update-8739826261661', 'neutron.db.l3_hascheduler_db._notify_l3_agent_ha_port_update-8739826261706', 'neutron.services.segments.plugin.NovaSegmentNotifier._notify_port_updated-7076400'] for port, after_update {{(pid=84660) _notify_loop /usr/local/lib/python3.8/dist-packages/neutron_lib/callbacks/manager.py:192}}
May 24 20:58:41.638514 dv-neutron-843186-1-hyperv neutron-server[84661]: DEBUG neutron.plugins.ml2.drivers.mech_agent [None req-b9be827e-7196-4576-94d2-74834e48cd2e tempest-PortsAdminExtendedAttrsIpV6TestJSON-947761848 tempest-PortsAdminExtendedAttrsIpV6TestJSON-947761848-project-admin] Port f8a089c3-710a-4c9e-b840-6062cdd0147a on network db296930-9707-4d5b-aae8-d977b7743a96 not bound, no agent of type Open vSwitch agent registered on host hv-neutron-8431 {{(pid=84661) bind_port /opt/stack/neutron/neutron/plugins/ml2/drivers/mech_agent.py:97}}
May 24 20:58:41.638514 dv-neutron-843186-1-hyperv neutron-server[84661]: ERROR neutron.plugins.ml2.managers [None req-b9be827e-7196-4576-94d2-74834e48cd2e tempest-PortsAdminExtendedAttrsIpV6TestJSON-947761848 tempest-PortsAdminExtendedAttrsIpV6TestJSON-947761848-project-admin] Failed to bind port f8a089c3-710a-4c9e-b840-6062cdd0147a on host hv-neutron-8431 for vnic_type normal using segments [{'id': '83c058ac-656a-4a24-a75e-2cf215896b1a', 'network_type': 'vlan', 'physical_network': 'physnet1', 'segmentation_id': 107, 'network_id': 'db296930-9707-4d5b-aae8-d977b7743a96'}]
May 24 20:58:41.638514 dv-neutron-843186-1-hyperv neutron-server[84661]: INFO neutron.plugins.ml2.plugin [None req-b9be827e-7196-4576-94d2-74834e48cd2e tempest-PortsAdminExtendedAttrsIpV6TestJSON-947761848 tempest-PortsAdminExtendedAttrsIpV6TestJSON-947761848-project-admin] Attempt 6 to bind port f8a089c3-710a-4c9e-b840-6062cdd0147a
May 24 20:58:41.653690 dv-neutron-843186-1-hyperv neutron-server[84661]: DEBUG neutron.db.db_base_plugin_v2 [None req-4ce1b100-381b-44e7-bdad-d1fbad1efcc8 tempest-AllowedAddressPairTestJSON-700703080 tempest-AllowedAddressPairTestJSON-700703080-project] Deleting subnet 5712fa90-4733-403d-880a-e442c6b5d380 {{(pid=84661) delete_subnet /opt/stack/neutron/neutron/db/db_base_plugin_v2.py:1047}}
May 24 20:58:41.659809 dv-neutron-843186-1-hyperv neutron-server[84661]: DEBUG neutron_lib.callbacks.manager [None req-4ce1b100-381b-44e7-bdad-d1fbad1efcc8 tempest-AllowedAddressPairTestJSON-700703080 tempest-AllowedAddressPairTestJSON-700703080-project] Notify callbacks [] for subnet, before_delete {{(pid=84661) _notify_loop /usr/local/lib/python3.8/dist-packages/neutron_lib/callbacks/manager.py:192}}
May 24 20:58:41.704052 dv-neutron-843186-1-hyperv neutron-server[84661]: DEBUG neutron.plugins.ml2.managers [None req-b9be827e-7196-4576-94d2-74834e48cd2e tempest-PortsAdminExtendedAttrsIpV6TestJSON-947761848 tempest-PortsAdminExtendedAttrsIpV6TestJSON-947761848-project-admin] Attempting to bind port f8a089c3-710a-4c9e-b840-6062cdd0147a on host hv-neutron-8431 for vnic_type normal with profile {{(pid=84661) bind_port /opt/stack/neutron/neutron/plugins/ml2/managers.py:790}}
May 24 20:58:41.704449 dv-neutron-843186-1-hyperv neutron-server[84661]: DEBUG neutron.plugins.ml2.managers [None req-b9be827e-7196-4576-94d2-74834e48cd2e tempest-PortsAdminExtendedAttrsIpV6TestJSON-947761848 tempest-PortsAdminExtendedAttrsIpV6TestJSON-947761848-project-admin] Attempting to bind port f8a089c3-710a-4c9e-b840-6062cdd0147a by drivers openvswitch,hyperv on host hv-neutron-8431 at level 0 using segments [{'id': '83c058ac-656a-4a24-a75e-2cf215896b1a', 'network_type': 'vlan', 'physical_network': 'physnet1', 'segmentation_id': 107, 'network_id': 'db296930-9707-4d5b-aae8-d977b7743a96'}] {{(pid=84661) _bind_port_level /opt/stack/neutron/neutron/plugins/ml2/managers.py:815}}
May 24 20:58:41.704738 dv-neutron-843186-1-hyperv neutron-server[84661]: DEBUG neutron.plugins.ml2.drivers.mech_agent [None req-b9be827e-7196-4576-94d2-74834e48cd2e tempest-PortsAdminExtendedAttrsIpV6TestJSON-947761848 tempest-PortsAdminExtendedAttrsIpV6TestJSON-947761848-project-admin] Attempting to bind port f8a089c3-710a-4c9e-b840-6062cdd0147a on network db296930-9707-4d5b-aae8-d977b7743a96 {{(pid=84661) bind_port /opt/stack/neutron/neutron/plugins/ml2/drivers/mech_agent.py:85}}
May 24 20:58:41.803914 dv-neutron-843186-1-hyperv neutron-server[84661]: INFO neutron.wsgi [req-7fbd8058-6874-4c33-a9ab-a3fcdcab212f req-030b2318-d440-4936-a8fd-769ec44d7aa6 service neutron] 10.222.0.43 "GET /v2.0/ports?tenant_id=d801bc7fcbd24e90afa9645e153d6656&device_id=d57d78ac-e32b-4b52-98e1-183a5a82a555 HTTP/1.1" status: 200 len: 1096 time: 0.7557957
May 24 20:58:41.816731 dv-neutron-843186-1-hyperv neutron-server[84661]: DEBUG neutron.plugins.ml2.drivers.mech_agent [None req-b9be827e-7196-4576-94d2-74834e48cd2e tempest-PortsAdminExtendedAttrsIpV6TestJSON-947761848 tempest-PortsAdminExtendedAttrsIpV6TestJSON-947761848-project-admin] Port f8a089c3-710a-4c9e-b840-6062cdd0147a on network db296930-9707-4d5b-aae8-d977b7743a96 not bound, no agent of type Open vSwitch agent registered on host hv-neutron-8431 {{(pid=84661) bind_port /opt/stack/neutron/neutron/plugins/ml2/drivers/mech_agent.py:97}}
May 24 20:58:41.816947 dv-neutron-843186-1-hyperv neutron-server[84661]: ERROR neutron.plugins.ml2.managers [None req-b9be827e-7196-4576-94d2-74834e48cd2e tempest-PortsAdminExtendedAttrsIpV6TestJSON-947761848 tempest-PortsAdminExtendedAttrsIpV6TestJSON-947761848-project-admin] Failed to bind port f8a089c3-710a-4c9e-b840-6062cdd0147a on host hv-neutron-8431 for vnic_type normal using segments [{'id': '83c058ac-656a-4a24-a75e-2cf215896b1a', 'network_type': 'vlan', 'physical_network': 'physnet1', 'segmentation_id': 107, 'network_id': 'db296930-9707-4d5b-aae8-d977b7743a96'}]
May 24 20:58:41.821908 dv-neutron-843186-1-hyperv neutron-server[84661]: INFO neutron.plugins.ml2.plugin [None req-b9be827e-7196-4576-94d2-74834e48cd2e tempest-PortsAdminExtendedAttrsIpV6TestJSON-947761848 tempest-PortsAdminExtendedAttrsIpV6TestJSON-947761848-project-admin] Attempt 7 to bind port f8a089c3-710a-4c9e-b840-6062cdd0147a
May 24 20:58:41.838102 dv-neutron-843186-1-hyperv neutron-server[84661]: DEBUG neutron_lib.callbacks.manager [None req-4ce1b100-381b-44e7-bdad-d1fbad1efcc8 tempest-AllowedAddressPairTestJSON-700703080 tempest-AllowedAddressPairTestJSON-700703080-project] Notify callbacks ['neutron.services.segments.plugin.Plugin._validate_auto_address_subnet_delete-7515738'] for subnet, precommit_delete_associations {{(pid=84661) _notify_loop /usr/local/lib/python3.8/dist-packages/neutron_lib/callbacks/manager.py:192}}
May 24 20:58:41.890501 dv-neutron-843186-1-hyperv neutron-server[84660]: DEBUG neutron_lib.callbacks.manager [req-b8bf4cda-9492-4edb-838b-bae71febccba req-fe8624f2-c1a1-42b7-aa4d-faab7ea596f5 service neutron] Notify callbacks ['neutron.notifiers.nova.Notifier._send_nova_notification-27341'] for port, before_response {{(pid=84660) _notify_loop /usr/local/lib/python3.8/dist-packages/neutron_lib/callbacks/manager.py:192}}
May 24 20:58:41.907816 dv-neutron-843186-1-hyperv neutron-server[84660]: INFO neutron.wsgi [req-b8bf4cda-9492-4edb-838b-bae71febccba req-fe8624f2-c1a1-42b7-aa4d-faab7ea596f5 service neutron] 10.222.0.43 "PUT /v2.0/ports/2445950e-beb7-4288-929c-727ff2c27749 HTTP/1.1" status: 200 len: 1093 time: 6.5800095
May 24 20:58:41.908363 dv-neutron-843186-1-hyperv neutron-server[84660]: DEBUG neutron.notifiers.nova [-] Sending events: [{'name': 'network-changed', 'server_uuid': 'c6d44948-3a6e-449a-ba4f-fa5c2e8e47bb', 'tag': '2445950e-beb7-4288-929c-727ff2c27749'}] {{(pid=84660) send_events /opt/stack/neutron/neutron/notifiers/nova.py:262}}
May 24 20:58:41.909580 dv-neutron-843186-1-hyperv neutron-server[84661]: DEBUG neutron.plugins.ml2.managers [None req-b9be827e-7196-4576-94d2-74834e48cd2e tempest-PortsAdminExtendedAttrsIpV6TestJSON-947761848 tempest-PortsAdminExtendedAttrsIpV6TestJSON-947761848-project-admin] Attempting to bind port f8a089c3-710a-4c9e-b840-6062cdd0147a on host hv-neutron-8431 for vnic_type normal with profile {{(pid=84661) bind_port /opt/stack/neutron/neutron/plugins/ml2/managers.py:790}}
May 24 20:58:41.910014 dv-neutron-843186-1-hyperv neutron-server[84661]: DEBUG neutron.plugins.ml2.managers [None req-b9be827e-7196-4576-94d2-74834e48cd2e tempest-PortsAdminExtendedAttrsIpV6TestJSON-947761848 tempest-PortsAdminExtendedAttrsIpV6TestJSON-947761848-project-admin] Attempting to bind port f8a089c3-710a-4c9e-b840-6062cdd0147a by drivers openvswitch,hyperv on host hv-neutron-8431 at level 0 using segments [{'id': '83c058ac-656a-4a24-a75e-2cf215896b1a', 'network_type': 'vlan', 'physical_network': 'physnet1', 'segmentation_id': 107, 'network_id': 'db296930-9707-4d5b-aae8-d977b7743a96'}] {{(pid=84661) _bind_port_level /opt/stack/neutron/neutron/plugins/ml2/managers.py:815}}
May 24 20:58:41.910457 dv-neutron-843186-1-hyperv neutron-server[84661]: DEBUG neutron.plugins.ml2.drivers.mech_agent [None req-b9be827e-7196-4576-94d2-74834e48cd2e tempest-PortsAdminExtendedAttrsIpV6TestJSON-947761848 tempest-PortsAdminExtendedAttrsIpV6TestJSON-947761848-project-admin] Attempting to bind port f8a089c3-710a-4c9e-b840-6062cdd0147a on network db296930-9707-4d5b-aae8-d977b7743a96 {{(pid=84661) bind_port /opt/stack/neutron/neutron/plugins/ml2/drivers/mech_agent.py:85}}
May 24 20:58:41.986794 dv-neutron-843186-1-hyperv neutron-server[84660]: DEBUG neutron.api.rpc.handlers.resources_rpc [None req-fe8624f2-c1a1-42b7-aa4d-faab7ea596f5 service neutron] Pushing event updated for resources: {'Port': ['ID=2445950e-beb7-4288-929c-727ff2c27749,revision_number=3']} {{(pid=84660) push /opt/stack/neutron/neutron/api/rpc/handlers/resources_rpc.py:237}}
