May 18 11:09:40.860345 dv-neutron-842299-2-hyperv devstack@n-api.service[118682]: DEBUG nova.api.openstack.wsgi_app [-] oslo_messaging_rabbit.amqp_auto_delete = False {{(pid=118682) log_opt_values /usr/local/lib/python3.8/dist-packages/oslo_config/cfg.py:2609}}
May 18 11:09:40.860672 dv-neutron-842299-2-hyperv devstack@n-api.service[118682]: DEBUG nova.api.openstack.wsgi_app [-] oslo_messaging_rabbit.amqp_durable_queues = False {{(pid=118682) log_opt_values /usr/local/lib/python3.8/dist-packages/oslo_config/cfg.py:2609}}
May 18 11:09:40.860994 dv-neutron-842299-2-hyperv devstack@n-api.service[118682]: DEBUG nova.api.openstack.wsgi_app [-] oslo_messaging_rabbit.conn_pool_min_size = 2 {{(pid=118682) log_opt_values /usr/local/lib/python3.8/dist-packages/oslo_config/cfg.py:2609}}
May 18 11:09:40.861660 dv-neutron-842299-2-hyperv devstack@n-api.service[118682]: DEBUG nova.api.openstack.wsgi_app [-] oslo_messaging_rabbit.conn_pool_ttl = 1200 {{(pid=118682) log_opt_values /usr/local/lib/python3.8/dist-packages/oslo_config/cfg.py:2609}}
May 18 11:09:40.861660 dv-neutron-842299-2-hyperv devstack@n-api.service[118682]: DEBUG nova.api.openstack.wsgi_app [-] oslo_messaging_rabbit.direct_mandatory_flag = True {{(pid=118682) log_opt_values /usr/local/lib/python3.8/dist-packages/oslo_config/cfg.py:2609}}
May 18 11:09:40.863091 dv-neutron-842299-2-hyperv devstack@n-api.service[118682]: DEBUG nova.api.openstack.wsgi_app [-] oslo_messaging_rabbit.enable_cancel_on_failover = False {{(pid=118682) log_opt_values /usr/local/lib/python3.8/dist-packages/oslo_config/cfg.py:2609}}
May 18 11:09:40.863091 dv-neutron-842299-2-hyperv devstack@n-api.service[118682]: DEBUG nova.api.openstack.wsgi_app [-] oslo_messaging_rabbit.heartbeat_in_pthread = True {{(pid=118682) log_opt_values /usr/local/lib/python3.8/dist-packages/oslo_config/cfg.py:2609}}
May 18 11:09:40.863091 dv-neutron-842299-2-hyperv devstack@n-api.service[118682]: DEBUG nova.api.openstack.wsgi_app [-] oslo_messaging_rabbit.heartbeat_rate = 3 {{(pid=118682) log_opt_values /usr/local/lib/python3.8/dist-packages/oslo_config/cfg.py:2609}}
May 18 11:09:40.863091 dv-neutron-842299-2-hyperv devstack@n-api.service[118682]: DEBUG nova.api.openstack.wsgi_app [-] oslo_messaging_rabbit.heartbeat_timeout_threshold = 600 {{(pid=118682) log_opt_values /usr/local/lib/python3.8/dist-packages/oslo_config/cfg.py:2609}}
May 18 11:09:40.863418 dv-neutron-842299-2-hyperv devstack@n-api.service[118682]: DEBUG nova.api.openstack.wsgi_app [-] oslo_messaging_rabbit.kombu_compression = None {{(pid=118682) log_opt_values /usr/local/lib/python3.8/dist-packages/oslo_config/cfg.py:2609}}
May 18 11:09:40.863579 dv-neutron-842299-2-hyperv devstack@n-api.service[118682]: DEBUG nova.api.openstack.wsgi_app [-] oslo_messaging_rabbit.kombu_failover_strategy = round-robin {{(pid=118682) log_opt_values /usr/local/lib/python3.8/dist-packages/oslo_config/cfg.py:2609}}
May 18 11:09:40.863907 dv-neutron-842299-2-hyperv devstack@n-api.service[118682]: DEBUG nova.api.openstack.wsgi_app [-] oslo_messaging_rabbit.kombu_missing_consumer_retry_timeout = 60 {{(pid=118682) log_opt_values /usr/local/lib/python3.8/dist-packages/oslo_config/cfg.py:2609}}
May 18 11:09:40.864237 dv-neutron-842299-2-hyperv devstack@n-api.service[118682]: DEBUG nova.api.openstack.wsgi_app [-] oslo_messaging_rabbit.kombu_reconnect_delay = 1.0 {{(pid=118682) log_opt_values /usr/local/lib/python3.8/dist-packages/oslo_config/cfg.py:2609}}
May 18 11:09:40.864556 dv-neutron-842299-2-hyperv devstack@n-api.service[118682]: DEBUG nova.api.openstack.wsgi_app [-] oslo_messaging_rabbit.rabbit_ha_queues = False {{(pid=118682) log_opt_values /usr/local/lib/python3.8/dist-packages/oslo_config/cfg.py:2609}}
May 18 11:09:40.864899 dv-neutron-842299-2-hyperv devstack@n-api.service[118682]: DEBUG nova.api.openstack.wsgi_app [-] oslo_messaging_rabbit.rabbit_interval_max = 30 {{(pid=118682) log_opt_values /usr/local/lib/python3.8/dist-packages/oslo_config/cfg.py:2609}}
May 18 11:09:40.865236 dv-neutron-842299-2-hyperv devstack@n-api.service[118682]: DEBUG nova.api.openstack.wsgi_app [-] oslo_messaging_rabbit.rabbit_login_method = AMQPLAIN {{(pid=118682) log_opt_values /usr/local/lib/python3.8/dist-packages/oslo_config/cfg.py:2609}}
May 18 11:09:40.865577 dv-neutron-842299-2-hyperv devstack@n-api.service[118682]: DEBUG nova.api.openstack.wsgi_app [-] oslo_messaging_rabbit.rabbit_qos_prefetch_count = 0 {{(pid=118682) log_opt_values /usr/local/lib/python3.8/dist-packages/oslo_config/cfg.py:2609}}
May 18 11:09:40.866064 dv-neutron-842299-2-hyperv devstack@n-api.service[118682]: DEBUG nova.api.openstack.wsgi_app [-] oslo_messaging_rabbit.rabbit_quorum_queue = False {{(pid=118682) log_opt_values /usr/local/lib/python3.8/dist-packages/oslo_config/cfg.py:2609}}
May 18 11:09:40.866471 dv-neutron-842299-2-hyperv devstack@n-api.service[118682]: DEBUG nova.api.openstack.wsgi_app [-] oslo_messaging_rabbit.rabbit_retry_backoff = 2 {{(pid=118682) log_opt_values /usr/local/lib/python3.8/dist-packages/oslo_config/cfg.py:2609}}
May 18 11:09:40.866825 dv-neutron-842299-2-hyperv devstack@n-api.service[118682]: DEBUG nova.api.openstack.wsgi_app [-] oslo_messaging_rabbit.rabbit_retry_interval = 1 {{(pid=118682) log_opt_values /usr/local/lib/python3.8/dist-packages/oslo_config/cfg.py:2609}}
May 18 11:09:40.867196 dv-neutron-842299-2-hyperv devstack@n-api.service[118682]: DEBUG nova.api.openstack.wsgi_app [-] oslo_messaging_rabbit.rabbit_transient_queues_ttl = 1800 {{(pid=118682) log_opt_values /usr/local/lib/python3.8/dist-packages/oslo_config/cfg.py:2609}}
May 18 11:09:40.867420 dv-neutron-842299-2-hyperv devstack@n-api.service[118682]: DEBUG nova.api.openstack.wsgi_app [-] oslo_messaging_rabbit.rpc_conn_pool_size = 30 {{(pid=118682) log_opt_values /usr/local/lib/python3.8/dist-packages/oslo_config/cfg.py:2609}}
May 18 11:09:40.867795 dv-neutron-842299-2-hyperv devstack@n-api.service[118682]: DEBUG nova.api.openstack.wsgi_app [-] oslo_messaging_rabbit.ssl = False {{(pid=118682) log_opt_values /usr/local/lib/python3.8/dist-packages/oslo_config/cfg.py:2609}}
May 18 11:09:40.868028 dv-neutron-842299-2-hyperv devstack@n-api.service[118682]: DEBUG nova.api.openstack.wsgi_app [-] oslo_messaging_rabbit.ssl_ca_file = {{(pid=118682) log_opt_values /usr/local/lib/python3.8/dist-packages/oslo_config/cfg.py:2609}}
May 18 11:09:40.868359 dv-neutron-842299-2-hyperv devstack@n-api.service[118682]: DEBUG nova.api.openstack.wsgi_app [-] oslo_messaging_rabbit.ssl_cert_file = {{(pid=118682) log_opt_values /usr/local/lib/python3.8/dist-packages/oslo_config/cfg.py:2609}}
May 18 11:09:40.868694 dv-neutron-842299-2-hyperv devstack@n-api.service[118682]: DEBUG nova.api.openstack.wsgi_app [-] oslo_messaging_rabbit.ssl_enforce_fips_mode = False {{(pid=118682) log_opt_values /usr/local/lib/python3.8/dist-packages/oslo_config/cfg.py:2609}}
May 18 11:09:40.868917 dv-neutron-842299-2-hyperv devstack@n-api.service[118681]: DEBUG oslo_db.sqlalchemy.engines [None req-5169db23-600a-4aa1-891b-6697bdbaba52 None None] MySQL server mode set to STRICT_TRANS_TABLES,STRICT_ALL_TABLES,NO_ZERO_IN_DATE,NO_ZERO_DATE,ERROR_FOR_DIVISION_BY_ZERO,TRADITIONAL,NO_ENGINE_SUBSTITUTION {{(pid=118681) _check_effective_sql_mode /usr/local/lib/python3.8/dist-packages/oslo_db/sqlalchemy/engines.py:314}}
May 18 11:09:40.869090 dv-neutron-842299-2-hyperv devstack@n-api.service[118682]: DEBUG nova.api.openstack.wsgi_app [-] oslo_messaging_rabbit.ssl_key_file = {{(pid=118682) log_opt_values /usr/local/lib/python3.8/dist-packages/oslo_config/cfg.py:2609}}
May 18 11:09:40.869350 dv-neutron-842299-2-hyperv devstack@n-api.service[118682]: DEBUG nova.api.openstack.wsgi_app [-] oslo_messaging_rabbit.ssl_version = {{(pid=118682) log_opt_values /usr/local/lib/python3.8/dist-packages/oslo_config/cfg.py:2609}}
May 18 11:09:40.869800 dv-neutron-842299-2-hyperv devstack@n-api.service[118682]: DEBUG nova.api.openstack.wsgi_app [-] oslo_messaging_notifications.driver = ['messagingv2'] {{(pid=118682) log_opt_values /usr/local/lib/python3.8/dist-packages/oslo_config/cfg.py:2609}}
May 18 11:09:40.870034 dv-neutron-842299-2-hyperv devstack@n-api.service[118682]: DEBUG nova.api.openstack.wsgi_app [-] oslo_messaging_notifications.retry = -1 {{(pid=118682) log_opt_values /usr/local/lib/python3.8/dist-packages/oslo_config/cfg.py:2609}}
May 18 11:09:40.870387 dv-neutron-842299-2-hyperv devstack@n-api.service[118682]: DEBUG nova.api.openstack.wsgi_app [-] oslo_messaging_notifications.topics = ['notifications'] {{(pid=118682) log_opt_values /usr/local/lib/python3.8/dist-packages/oslo_config/cfg.py:2609}}
May 18 11:09:40.870723 dv-neutron-842299-2-hyperv devstack@n-api.service[118682]: DEBUG nova.api.openstack.wsgi_app [-] oslo_messaging_notifications.transport_url = **** {{(pid=118682) log_opt_values /usr/local/lib/python3.8/dist-packages/oslo_config/cfg.py:2609}}
May 18 11:09:40.872712 dv-neutron-842299-2-hyperv devstack@n-api.service[118682]: DEBUG nova.api.openstack.wsgi_app [-] oslo_reports.file_event_handler = None {{(pid=118682) log_opt_values /usr/local/lib/python3.8/dist-packages/oslo_config/cfg.py:2609}}
May 18 11:09:40.872712 dv-neutron-842299-2-hyperv devstack@n-api.service[118682]: DEBUG nova.api.openstack.wsgi_app [-] oslo_reports.file_event_handler_interval = 1 {{(pid=118682) log_opt_values /usr/local/lib/python3.8/dist-packages/oslo_config/cfg.py:2609}}
May 18 11:09:40.872712 dv-neutron-842299-2-hyperv devstack@n-api.service[118682]: DEBUG nova.api.openstack.wsgi_app [-] oslo_reports.log_dir = None {{(pid=118682) log_opt_values /usr/local/lib/python3.8/dist-packages/oslo_config/cfg.py:2609}}
May 18 11:09:40.872712 dv-neutron-842299-2-hyperv devstack@n-api.service[118682]: DEBUG nova.api.openstack.wsgi_app [-] ******************************************************************************** {{(pid=118682) log_opt_values /usr/local/lib/python3.8/dist-packages/oslo_config/cfg.py:2613}}
May 18 11:09:40.877171 dv-neutron-842299-2-hyperv devstack@n-api.service[118681]: DEBUG dbcounter [-] [118681] Writer thread running {{(pid=118681) stat_writer /usr/local/lib/python3.8/dist-packages/dbcounter.py:99}}
May 18 11:09:40.932751 dv-neutron-842299-2-hyperv devstack@n-api.service[118682]: INFO dbcounter [None req-3c2f00c6-d29f-4933-9834-c639bf246ff2 None None] Registered counter for database nova_api
May 18 11:09:40.937999 dv-neutron-842299-2-hyperv devstack@n-api.service[118681]: DEBUG nova.context [None req-5169db23-600a-4aa1-891b-6697bdbaba52 None None] Found 2 cells: 00000000-0000-0000-0000-000000000000(cell0),7081b43b-5239-4f8c-8d57-edf0740e15d7(cell1) {{(pid=118681) load_cells /opt/stack/nova/nova/context.py:464}}
May 18 11:09:40.942527 dv-neutron-842299-2-hyperv devstack@n-api.service[118681]: DEBUG oslo_concurrency.lockutils [None req-5169db23-600a-4aa1-891b-6697bdbaba52 None None] Lock "00000000-0000-0000-0000-000000000000" acquired by "nova.context.set_target_cell..get_or_set_cached_cell_and_set_connections" :: waited 0.000s {{(pid=118681) inner /usr/local/lib/python3.8/dist-packages/oslo_concurrency/lockutils.py:386}}
May 18 11:09:40.945471 dv-neutron-842299-2-hyperv devstack@n-api.service[118681]: DEBUG oslo_concurrency.lockutils [None req-5169db23-600a-4aa1-891b-6697bdbaba52 None None] Lock "00000000-0000-0000-0000-000000000000" "released" by "nova.context.set_target_cell..get_or_set_cached_cell_and_set_connections" :: held 0.002s {{(pid=118681) inner /usr/local/lib/python3.8/dist-packages/oslo_concurrency/lockutils.py:400}}
May 18 11:09:40.946369 dv-neutron-842299-2-hyperv devstack@n-api.service[118681]: DEBUG oslo_concurrency.lockutils [None req-5169db23-600a-4aa1-891b-6697bdbaba52 None None] Lock "7081b43b-5239-4f8c-8d57-edf0740e15d7" acquired by "nova.context.set_target_cell..get_or_set_cached_cell_and_set_connections" :: waited 0.000s {{(pid=118681) inner /usr/local/lib/python3.8/dist-packages/oslo_concurrency/lockutils.py:386}}
May 18 11:09:40.948391 dv-neutron-842299-2-hyperv devstack@n-api.service[118681]: DEBUG oslo_concurrency.lockutils [None req-5169db23-600a-4aa1-891b-6697bdbaba52 None None] Lock "7081b43b-5239-4f8c-8d57-edf0740e15d7" "released" by "nova.context.set_target_cell..get_or_set_cached_cell_and_set_connections" :: held 0.002s {{(pid=118681) inner /usr/local/lib/python3.8/dist-packages/oslo_concurrency/lockutils.py:400}}
May 18 11:09:40.953096 dv-neutron-842299-2-hyperv devstack@n-api.service[118681]: INFO dbcounter [None req-5169db23-600a-4aa1-891b-6697bdbaba52 None None] Registered counter for database nova_cell0
May 18 11:09:40.954259 dv-neutron-842299-2-hyperv devstack@n-api.service[118682]: DEBUG oslo_db.sqlalchemy.engines [None req-3c2f00c6-d29f-4933-9834-c639bf246ff2 None None] MySQL server mode set to STRICT_TRANS_TABLES,STRICT_ALL_TABLES,NO_ZERO_IN_DATE,NO_ZERO_DATE,ERROR_FOR_DIVISION_BY_ZERO,TRADITIONAL,NO_ENGINE_SUBSTITUTION {{(pid=118682) _check_effective_sql_mode /usr/local/lib/python3.8/dist-packages/oslo_db/sqlalchemy/engines.py:314}}
May 18 11:09:40.954937 dv-neutron-842299-2-hyperv devstack@n-api.service[118681]: INFO dbcounter [None req-5169db23-600a-4aa1-891b-6697bdbaba52 None None] Registered counter for database nova_cell1
May 18 11:09:40.962587 dv-neutron-842299-2-hyperv devstack@n-api.service[118681]: DEBUG oslo_db.sqlalchemy.engines [None req-5169db23-600a-4aa1-891b-6697bdbaba52 None None] MySQL server mode set to STRICT_TRANS_TABLES,STRICT_ALL_TABLES,NO_ZERO_IN_DATE,NO_ZERO_DATE,ERROR_FOR_DIVISION_BY_ZERO,TRADITIONAL,NO_ENGINE_SUBSTITUTION {{(pid=118681) _check_effective_sql_mode /usr/local/lib/python3.8/dist-packages/oslo_db/sqlalchemy/engines.py:314}}
May 18 11:09:40.964700 dv-neutron-842299-2-hyperv devstack@n-api.service[118681]: DEBUG oslo_db.sqlalchemy.engines [None req-5169db23-600a-4aa1-891b-6697bdbaba52 None None] MySQL server mode set to STRICT_TRANS_TABLES,STRICT_ALL_TABLES,NO_ZERO_IN_DATE,NO_ZERO_DATE,ERROR_FOR_DIVISION_BY_ZERO,TRADITIONAL,NO_ENGINE_SUBSTITUTION {{(pid=118681) _check_effective_sql_mode /usr/local/lib/python3.8/dist-packages/oslo_db/sqlalchemy/engines.py:314}}
May 18 11:09:40.967613 dv-neutron-842299-2-hyperv devstack@n-api.service[118682]: DEBUG dbcounter [-] [118682] Writer thread running {{(pid=118682) stat_writer /usr/local/lib/python3.8/dist-packages/dbcounter.py:99}}
May 18 11:09:40.972542 dv-neutron-842299-2-hyperv devstack@n-api.service[118681]: DEBUG dbcounter [-] [118681] Writer thread running {{(pid=118681) stat_writer /usr/local/lib/python3.8/dist-packages/dbcounter.py:99}}
May 18 11:09:40.972939 dv-neutron-842299-2-hyperv devstack@n-api.service[118681]: DEBUG dbcounter [-] [118681] Writer thread running {{(pid=118681) stat_writer /usr/local/lib/python3.8/dist-packages/dbcounter.py:99}}
May 18 11:09:41.026774 dv-neutron-842299-2-hyperv devstack@n-api.service[118682]: DEBUG nova.context [None req-3c2f00c6-d29f-4933-9834-c639bf246ff2 None None] Found 2 cells: 00000000-0000-0000-0000-000000000000(cell0),7081b43b-5239-4f8c-8d57-edf0740e15d7(cell1) {{(pid=118682) load_cells /opt/stack/nova/nova/context.py:464}}
May 18 11:09:41.031398 dv-neutron-842299-2-hyperv devstack@n-api.service[118682]: DEBUG oslo_concurrency.lockutils [None req-3c2f00c6-d29f-4933-9834-c639bf246ff2 None None] Lock "00000000-0000-0000-0000-000000000000" acquired by "nova.context.set_target_cell..get_or_set_cached_cell_and_set_connections" :: waited 0.000s {{(pid=118682) inner /usr/local/lib/python3.8/dist-packages/oslo_concurrency/lockutils.py:386}}
May 18 11:09:41.033055 dv-neutron-842299-2-hyperv devstack@n-api.service[118682]: DEBUG oslo_concurrency.lockutils [None req-3c2f00c6-d29f-4933-9834-c639bf246ff2 None None] Lock "00000000-0000-0000-0000-000000000000" "released" by "nova.context.set_target_cell..get_or_set_cached_cell_and_set_connections" :: held 0.002s {{(pid=118682) inner /usr/local/lib/python3.8/dist-packages/oslo_concurrency/lockutils.py:400}}
May 18 11:09:41.033879 dv-neutron-842299-2-hyperv devstack@n-api.service[118682]: DEBUG oslo_concurrency.lockutils [None req-3c2f00c6-d29f-4933-9834-c639bf246ff2 None None] Lock "7081b43b-5239-4f8c-8d57-edf0740e15d7" acquired by "nova.context.set_target_cell..get_or_set_cached_cell_and_set_connections" :: waited 0.000s {{(pid=118682) inner /usr/local/lib/python3.8/dist-packages/oslo_concurrency/lockutils.py:386}}
May 18 11:09:41.036668 dv-neutron-842299-2-hyperv devstack@n-api.service[118682]: DEBUG oslo_concurrency.lockutils [None req-3c2f00c6-d29f-4933-9834-c639bf246ff2 None None] Lock "7081b43b-5239-4f8c-8d57-edf0740e15d7" "released" by "nova.context.set_target_cell..get_or_set_cached_cell_and_set_connections" :: held 0.002s {{(pid=118682) inner /usr/local/lib/python3.8/dist-packages/oslo_concurrency/lockutils.py:400}}
May 18 11:09:41.038298 dv-neutron-842299-2-hyperv devstack@n-api.service[118682]: INFO dbcounter [None req-3c2f00c6-d29f-4933-9834-c639bf246ff2 None None] Registered counter for database nova_cell0
May 18 11:09:41.042947 dv-neutron-842299-2-hyperv devstack@n-api.service[118682]: INFO dbcounter [None req-3c2f00c6-d29f-4933-9834-c639bf246ff2 None None] Registered counter for database nova_cell1
May 18 11:09:41.051065 dv-neutron-842299-2-hyperv devstack@n-api.service[118682]: DEBUG oslo_db.sqlalchemy.engines [None req-3c2f00c6-d29f-4933-9834-c639bf246ff2 None None] MySQL server mode set to STRICT_TRANS_TABLES,STRICT_ALL_TABLES,NO_ZERO_IN_DATE,NO_ZERO_DATE,ERROR_FOR_DIVISION_BY_ZERO,TRADITIONAL,NO_ENGINE_SUBSTITUTION {{(pid=118682) _check_effective_sql_mode /usr/local/lib/python3.8/dist-packages/oslo_db/sqlalchemy/engines.py:314}}
May 18 11:09:41.053183 dv-neutron-842299-2-hyperv devstack@n-api.service[118682]: DEBUG oslo_db.sqlalchemy.engines [None req-3c2f00c6-d29f-4933-9834-c639bf246ff2 None None] MySQL server mode set to STRICT_TRANS_TABLES,STRICT_ALL_TABLES,NO_ZERO_IN_DATE,NO_ZERO_DATE,ERROR_FOR_DIVISION_BY_ZERO,TRADITIONAL,NO_ENGINE_SUBSTITUTION {{(pid=118682) _check_effective_sql_mode /usr/local/lib/python3.8/dist-packages/oslo_db/sqlalchemy/engines.py:314}}
May 18 11:09:41.061701 dv-neutron-842299-2-hyperv devstack@n-api.service[118682]: DEBUG dbcounter [-] [118682] Writer thread running {{(pid=118682) stat_writer /usr/local/lib/python3.8/dist-packages/dbcounter.py:99}}
May 18 11:09:41.062990 dv-neutron-842299-2-hyperv devstack@n-api.service[118682]: DEBUG dbcounter [-] [118682] Writer thread running {{(pid=118682) stat_writer /usr/local/lib/python3.8/dist-packages/dbcounter.py:99}}
May 18 11:09:41.134134 dv-neutron-842299-2-hyperv devstack@n-api.service[118681]: INFO dbcounter [None req-5169db23-600a-4aa1-891b-6697bdbaba52 None None] Registered counter for database nova_cell0
May 18 11:09:41.141314 dv-neutron-842299-2-hyperv devstack@n-api.service[118681]: DEBUG oslo_db.sqlalchemy.engines [None req-5169db23-600a-4aa1-891b-6697bdbaba52 None None] MySQL server mode set to STRICT_TRANS_TABLES,STRICT_ALL_TABLES,NO_ZERO_IN_DATE,NO_ZERO_DATE,ERROR_FOR_DIVISION_BY_ZERO,TRADITIONAL,NO_ENGINE_SUBSTITUTION {{(pid=118681) _check_effective_sql_mode /usr/local/lib/python3.8/dist-packages/oslo_db/sqlalchemy/engines.py:314}}
May 18 11:09:41.146118 dv-neutron-842299-2-hyperv devstack@n-api.service[118681]: DEBUG dbcounter [-] [118681] Writer thread running {{(pid=118681) stat_writer /usr/local/lib/python3.8/dist-packages/dbcounter.py:99}}
May 18 11:09:41.219677 dv-neutron-842299-2-hyperv devstack@n-api.service[118682]: INFO dbcounter [None req-3c2f00c6-d29f-4933-9834-c639bf246ff2 None None] Registered counter for database nova_cell0
May 18 11:09:41.226594 dv-neutron-842299-2-hyperv devstack@n-api.service[118682]: DEBUG oslo_db.sqlalchemy.engines [None req-3c2f00c6-d29f-4933-9834-c639bf246ff2 None None] MySQL server mode set to STRICT_TRANS_TABLES,STRICT_ALL_TABLES,NO_ZERO_IN_DATE,NO_ZERO_DATE,ERROR_FOR_DIVISION_BY_ZERO,TRADITIONAL,NO_ENGINE_SUBSTITUTION {{(pid=118682) _check_effective_sql_mode /usr/local/lib/python3.8/dist-packages/oslo_db/sqlalchemy/engines.py:314}}
May 18 11:09:41.231156 dv-neutron-842299-2-hyperv devstack@n-api.service[118682]: DEBUG dbcounter [-] [118682] Writer thread running {{(pid=118682) stat_writer /usr/local/lib/python3.8/dist-packages/dbcounter.py:99}}
May 18 11:09:41.477652 dv-neutron-842299-2-hyperv devstack@n-api.service[118681]: WARNING keystonemiddleware.auth_token [None req-5169db23-600a-4aa1-891b-6697bdbaba52 None None] AuthToken middleware is set with keystone_authtoken.service_token_roles_required set to False. This is backwards compatible but deprecated behaviour. Please set this to True.
May 18 11:09:41.485282 dv-neutron-842299-2-hyperv devstack@n-api.service[118681]: WARNING keystonemiddleware.auth_token [None req-5169db23-600a-4aa1-891b-6697bdbaba52 None None] Configuring www_authenticate_uri to point to the public identity endpoint is required; clients may not be able to authenticate against an admin endpoint
May 18 11:09:41.553010 dv-neutron-842299-2-hyperv devstack@n-api.service[118682]: WARNING keystonemiddleware.auth_token [None req-3c2f00c6-d29f-4933-9834-c639bf246ff2 None None] AuthToken middleware is set with keystone_authtoken.service_token_roles_required set to False. This is backwards compatible but deprecated behaviour. Please set this to True.
May 18 11:09:41.561340 dv-neutron-842299-2-hyperv devstack@n-api.service[118682]: WARNING keystonemiddleware.auth_token [None req-3c2f00c6-d29f-4933-9834-c639bf246ff2 None None] Configuring www_authenticate_uri to point to the public identity endpoint is required; clients may not be able to authenticate against an admin endpoint
May 18 11:09:41.871324 dv-neutron-842299-2-hyperv devstack@n-api.service[118681]: WARNING keystonemiddleware.auth_token [None req-5169db23-600a-4aa1-891b-6697bdbaba52 None None] AuthToken middleware is set with keystone_authtoken.service_token_roles_required set to False. This is backwards compatible but deprecated behaviour. Please set this to True.
May 18 11:09:41.877882 dv-neutron-842299-2-hyperv devstack@n-api.service[118681]: WARNING keystonemiddleware.auth_token [None req-5169db23-600a-4aa1-891b-6697bdbaba52 None None] Configuring www_authenticate_uri to point to the public identity endpoint is required; clients may not be able to authenticate against an admin endpoint
May 18 11:09:41.883906 dv-neutron-842299-2-hyperv devstack@n-api.service[118681]: WSGI app 0 (mountpoint='') ready in 6 seconds on interpreter 0x559b24b179c0 pid: 118681 (default app)
May 18 11:09:41.950294 dv-neutron-842299-2-hyperv devstack@n-api.service[118682]: WARNING keystonemiddleware.auth_token [None req-3c2f00c6-d29f-4933-9834-c639bf246ff2 None None] AuthToken middleware is set with keystone_authtoken.service_token_roles_required set to False. This is backwards compatible but deprecated behaviour. Please set this to True.
May 18 11:09:41.958759 dv-neutron-842299-2-hyperv devstack@n-api.service[118682]: WARNING keystonemiddleware.auth_token [None req-3c2f00c6-d29f-4933-9834-c639bf246ff2 None None] Configuring www_authenticate_uri to point to the public identity endpoint is required; clients may not be able to authenticate against an admin endpoint
May 18 11:09:41.968885 dv-neutron-842299-2-hyperv devstack@n-api.service[118682]: WSGI app 0 (mountpoint='') ready in 6 seconds on interpreter 0x559b24b179c0 pid: 118682 (default app)
May 18 11:10:34.403204 dv-neutron-842299-2-hyperv devstack@n-api.service[118681]: DEBUG dbcounter [-] [118681] Writing DB stats nova_api:SELECT=3 {{(pid=118681) stat_writer /usr/local/lib/python3.8/dist-packages/dbcounter.py:114}}
May 18 11:10:34.404031 dv-neutron-842299-2-hyperv devstack@n-api.service[118681]: DEBUG dbcounter [-] [118681] Writing DB stats nova_cell1:SELECT=3 {{(pid=118681) stat_writer /usr/local/lib/python3.8/dist-packages/dbcounter.py:114}}
May 18 11:10:34.405629 dv-neutron-842299-2-hyperv devstack@n-api.service[118681]: DEBUG dbcounter [-] [118681] Writing DB stats nova_cell0:SELECT=3 {{(pid=118681) stat_writer /usr/local/lib/python3.8/dist-packages/dbcounter.py:114}}
May 18 11:10:34.409033 dv-neutron-842299-2-hyperv devstack@n-api.service[118681]: DEBUG dbcounter [-] [118681] Writing DB stats nova_cell0:SELECT=3 {{(pid=118681) stat_writer /usr/local/lib/python3.8/dist-packages/dbcounter.py:114}}
May 18 11:10:35.129424 dv-neutron-842299-2-hyperv devstack@n-api.service[118681]: DEBUG nova.api.openstack.wsgi [None req-9c3032dd-c0b5-4564-a8d1-c0afeabf8fd7 tempest-PortsAdminExtendedAttrsIpV6TestJSON-1415545117 tempest-PortsAdminExtendedAttrsIpV6TestJSON-1415545117-project-admin] Calling method '.version_select at 0x7f1a30440550>' {{(pid=118681) _process_stack /opt/stack/nova/nova/api/openstack/wsgi.py:513}}
May 18 11:10:35.131232 dv-neutron-842299-2-hyperv devstack@n-api.service[118681]: /usr/local/lib/python3.8/dist-packages/oslo_policy/policy.py:1129: UserWarning: Policy "os_compute_api:os-hypervisors:list": "rule:context_is_admin" failed scope check. The token used to make the request was project scoped but the policy requires ['system'] scope. This behavior may change in the future where using the intended scope is required
May 18 11:10:35.131232 dv-neutron-842299-2-hyperv devstack@n-api.service[118681]: warnings.warn(msg)
May 18 11:10:35.137507 dv-neutron-842299-2-hyperv devstack@n-api.service[118681]: DEBUG nova.compute.api [None req-9c3032dd-c0b5-4564-a8d1-c0afeabf8fd7 tempest-PortsAdminExtendedAttrsIpV6TestJSON-1415545117 tempest-PortsAdminExtendedAttrsIpV6TestJSON-1415545117-project-admin] Found 2 cells: 00000000-0000-0000-0000-000000000000(cell0),7081b43b-5239-4f8c-8d57-edf0740e15d7(cell1) {{(pid=118681) load_cells /opt/stack/nova/nova/compute/api.py:306}}
May 18 11:10:35.138337 dv-neutron-842299-2-hyperv devstack@n-api.service[118681]: DEBUG oslo_concurrency.lockutils [None req-9c3032dd-c0b5-4564-a8d1-c0afeabf8fd7 tempest-PortsAdminExtendedAttrsIpV6TestJSON-1415545117 tempest-PortsAdminExtendedAttrsIpV6TestJSON-1415545117-project-admin] Lock "7081b43b-5239-4f8c-8d57-edf0740e15d7" acquired by "nova.context.set_target_cell..get_or_set_cached_cell_and_set_connections" :: waited 0.000s {{(pid=118681) inner /usr/local/lib/python3.8/dist-packages/oslo_concurrency/lockutils.py:386}}
May 18 11:10:35.138776 dv-neutron-842299-2-hyperv devstack@n-api.service[118681]: DEBUG oslo_concurrency.lockutils [None req-9c3032dd-c0b5-4564-a8d1-c0afeabf8fd7 tempest-PortsAdminExtendedAttrsIpV6TestJSON-1415545117 tempest-PortsAdminExtendedAttrsIpV6TestJSON-1415545117-project-admin] Lock "7081b43b-5239-4f8c-8d57-edf0740e15d7" "released" by "nova.context.set_target_cell..get_or_set_cached_cell_and_set_connections" :: held 0.000s {{(pid=118681) inner /usr/local/lib/python3.8/dist-packages/oslo_concurrency/lockutils.py:400}}
May 18 11:10:35.167657 dv-neutron-842299-2-hyperv devstack@n-api.service[118681]: DEBUG oslo_concurrency.lockutils [None req-9c3032dd-c0b5-4564-a8d1-c0afeabf8fd7 tempest-PortsAdminExtendedAttrsIpV6TestJSON-1415545117 tempest-PortsAdminExtendedAttrsIpV6TestJSON-1415545117-project-admin] Lock "7081b43b-5239-4f8c-8d57-edf0740e15d7" acquired by "nova.context.set_target_cell..get_or_set_cached_cell_and_set_connections" :: waited 0.000s {{(pid=118681) inner /usr/local/lib/python3.8/dist-packages/oslo_concurrency/lockutils.py:386}}
May 18 11:10:35.168109 dv-neutron-842299-2-hyperv devstack@n-api.service[118681]: DEBUG oslo_concurrency.lockutils [None req-9c3032dd-c0b5-4564-a8d1-c0afeabf8fd7 tempest-PortsAdminExtendedAttrsIpV6TestJSON-1415545117 tempest-PortsAdminExtendedAttrsIpV6TestJSON-1415545117-project-admin] Lock "7081b43b-5239-4f8c-8d57-edf0740e15d7" "released" by "nova.context.set_target_cell..get_or_set_cached_cell_and_set_connections" :: held 0.001s {{(pid=118681) inner /usr/local/lib/python3.8/dist-packages/oslo_concurrency/lockutils.py:400}}
May 18 11:10:35.178893 dv-neutron-842299-2-hyperv devstack@n-api.service[118681]: INFO nova.api.openstack.requestlog [None req-9c3032dd-c0b5-4564-a8d1-c0afeabf8fd7 tempest-PortsAdminExtendedAttrsIpV6TestJSON-1415545117 tempest-PortsAdminExtendedAttrsIpV6TestJSON-1415545117-project-admin] 10.222.0.65 "GET /compute/v2.1/os-hypervisors" status: 200 len: 106 microversion: 2.1 time: 0.791488
May 18 11:10:35.179820 dv-neutron-842299-2-hyperv devstack@n-api.service[118681]: [pid: 118681|app: 0|req: 1/1] 10.222.0.65 () {58 vars in 1145 bytes} [Wed May 18 11:10:34 2022] GET /compute/v2.1/os-hypervisors => generated 106 bytes in 794 msecs (HTTP/1.1 200) 9 headers in 357 bytes (1 switches on core 0)
May 18 11:10:37.154881 dv-neutron-842299-2-hyperv devstack@n-api.service[118682]: DEBUG dbcounter [-] [118682] Writing DB stats nova_api:SELECT=3 {{(pid=118682) stat_writer /usr/local/lib/python3.8/dist-packages/dbcounter.py:114}}
May 18 11:10:37.156252 dv-neutron-842299-2-hyperv devstack@n-api.service[118682]: DEBUG dbcounter [-] [118682] Writing DB stats nova_cell0:SELECT=3 {{(pid=118682) stat_writer /usr/local/lib/python3.8/dist-packages/dbcounter.py:114}}
May 18 11:10:37.159835 dv-neutron-842299-2-hyperv devstack@n-api.service[118682]: DEBUG dbcounter [-] [118682] Writing DB stats nova_cell1:SELECT=3 {{(pid=118682) stat_writer /usr/local/lib/python3.8/dist-packages/dbcounter.py:114}}
May 18 11:10:37.163539 dv-neutron-842299-2-hyperv devstack@n-api.service[118682]: DEBUG dbcounter [-] [118682] Writing DB stats nova_cell0:SELECT=3 {{(pid=118682) stat_writer /usr/local/lib/python3.8/dist-packages/dbcounter.py:114}}
May 18 11:10:37.734279 dv-neutron-842299-2-hyperv devstack@n-api.service[118682]: DEBUG nova.api.openstack.wsgi [None req-85cd288b-5aac-41d4-bb90-c76078c0c922 tempest-ServerActionsTestJSON-1546008044 tempest-ServerActionsTestJSON-1546008044-project] Action: 'create', calling method: .version_select at 0x7f1a304424c0>, body: {"keypair": {"name": "tempest-keypair-1013024934", "public_key": "ecdsa-sha2-nistp384 AAAAE2VjZHNhLXNoYTItbmlzdHAzODQAAAAIbmlzdHAzODQAAABhBB/i4JWO58EHPAP4bho1w7PCs/EbwXNhZFNwK/3iDdJvPDIwSVH7lgX57p5GSoFlWSaqoWQDGHBueudvJcBTPf8kfrXKRZIrQedyO6yA6seNsQMT+sbbAoCDhC+ZVdnV1w=="}} {{(pid=118682) _process_stack /opt/stack/nova/nova/api/openstack/wsgi.py:511}}
May 18 11:10:37.790642 dv-neutron-842299-2-hyperv devstack@n-api.service[118682]: DEBUG nova.quota [None req-85cd288b-5aac-41d4-bb90-c76078c0c922 tempest-ServerActionsTestJSON-1546008044 tempest-ServerActionsTestJSON-1546008044-project] Getting quotas for project 9f0671008ad2415e97319a767b90d531. Resources: {'key_pairs'} {{(pid=118682) _get_quotas /opt/stack/nova/nova/quota.py:393}}
May 18 11:10:37.798705 dv-neutron-842299-2-hyperv devstack@n-api.service[118682]: DEBUG nova.quota [None req-85cd288b-5aac-41d4-bb90-c76078c0c922 tempest-ServerActionsTestJSON-1546008044 tempest-ServerActionsTestJSON-1546008044-project] Getting quotas for user b7cf288fd26c40259683af10cf5ef5c4 and project 9f0671008ad2415e97319a767b90d531. Resources: {'key_pairs'} {{(pid=118682) _get_quotas /opt/stack/nova/nova/quota.py:383}}
May 18 11:10:37.880251 dv-neutron-842299-2-hyperv devstack@n-api.service[118682]: INFO nova.api.openstack.requestlog [None req-85cd288b-5aac-41d4-bb90-c76078c0c922 tempest-ServerActionsTestJSON-1546008044 tempest-ServerActionsTestJSON-1546008044-project] 10.222.0.65 "POST /compute/v2.1/os-keypairs" status: 200 len: 386 microversion: 2.1 time: 0.736310
May 18 11:10:37.882052 dv-neutron-842299-2-hyperv devstack@n-api.service[118682]: [pid: 118682|app: 0|req: 1/2] 10.222.0.65 () {60 vars in 1158 bytes} [Wed May 18 11:10:37 2022] POST /compute/v2.1/os-keypairs => generated 386 bytes in 740 msecs (HTTP/1.1 200) 9 headers in 357 bytes (1 switches on core 0)
May 18 11:10:44.183930 dv-neutron-842299-2-hyperv devstack@n-api.service[118681]: DEBUG nova.api.openstack.wsgi [None req-74a454e1-350f-4231-80b5-9ef30c947c70 tempest-ServerActionsTestJSON-1546008044 tempest-ServerActionsTestJSON-1546008044-project] Action: 'create', calling method: >, body: {"server": {"name": "tempest-ServerActionsTestJSON-server-63095270", "imageRef": "9bc4980b-4f10-4ea3-8784-2a68f95cbe64", "flavorRef": "452", "adminPass": "***", "networks": [{"uuid": "beee30aa-e91c-4ff0-809e-572e13843a3e"}], "security_groups": [{"name": "tempest-securitygroup--1443300290"}], "key_name": "tempest-keypair-1013024934", "user_data": "}} {{(pid=118681) _process_stack /opt/stack/nova/nova/api/openstack/wsgi.py:511}}
May 18 11:10:45.060811 dv-neutron-842299-2-hyperv devstack@n-api.service[118681]: DEBUG nova.network.neutron [None req-74a454e1-350f-4231-80b5-9ef30c947c70 tempest-ServerActionsTestJSON-1546008044 tempest-ServerActionsTestJSON-1546008044-project] validate_networks() for [('beee30aa-e91c-4ff0-809e-572e13843a3e', None, None, None, None, None)] {{(pid=118681) validate_networks /opt/stack/nova/nova/network/neutron.py:2608}}
May 18 11:10:45.174869 dv-neutron-842299-2-hyperv devstack@n-api.service[118681]: DEBUG dbcounter [-] [118681] Writing DB stats nova_cell1:SELECT=4 {{(pid=118681) stat_writer /usr/local/lib/python3.8/dist-packages/dbcounter.py:114}}
May 18 11:10:46.931489 dv-neutron-842299-2-hyperv devstack@n-api.service[118682]: DEBUG nova.api.openstack.wsgi [None req-d366c598-b44d-4366-8d13-2042db9a2181 tempest-ServersTestJSON-246964492 tempest-ServersTestJSON-246964492-project] Action: 'create', calling method: .version_select at 0x7f1a303065e0>, body: {"keypair": {"name": "tempest-keypair-964058634", "public_key": "ecdsa-sha2-nistp384 AAAAE2VjZHNhLXNoYTItbmlzdHAzODQAAAAIbmlzdHAzODQAAABhBP5EMom3NogQbz+UWGwCrgKwHz37XLpN49IID4ZUxgrnEwh3L9dhuHfb6YIN29gE4vzggOf+pvI/aDTM20jI0BwGnaL2ZxT2h4P36z7fo3fVkMG2FmsWLJd+UkV2jYTOmA=="}} {{(pid=118682) _process_stack /opt/stack/nova/nova/api/openstack/wsgi.py:511}}
May 18 11:10:46.961689 dv-neutron-842299-2-hyperv devstack@n-api.service[118682]: DEBUG nova.quota [None req-d366c598-b44d-4366-8d13-2042db9a2181 tempest-ServersTestJSON-246964492 tempest-ServersTestJSON-246964492-project] Getting quotas for project e31b66d6e6c449f09a3213923209a3b7. Resources: {'key_pairs'} {{(pid=118682) _get_quotas /opt/stack/nova/nova/quota.py:393}}
May 18 11:10:46.969887 dv-neutron-842299-2-hyperv devstack@n-api.service[118682]: DEBUG nova.quota [None req-d366c598-b44d-4366-8d13-2042db9a2181 tempest-ServersTestJSON-246964492 tempest-ServersTestJSON-246964492-project] Getting quotas for user d010d436974843ec8e68db2c4e4107ed and project e31b66d6e6c449f09a3213923209a3b7. Resources: {'key_pairs'} {{(pid=118682) _get_quotas /opt/stack/nova/nova/quota.py:383}}
May 18 11:10:47.028440 dv-neutron-842299-2-hyperv devstack@n-api.service[118682]: INFO nova.api.openstack.requestlog [None req-d366c598-b44d-4366-8d13-2042db9a2181 tempest-ServersTestJSON-246964492 tempest-ServersTestJSON-246964492-project] 10.222.0.65 "POST /compute/v2.1/os-keypairs" status: 200 len: 385 microversion: 2.1 time: 0.644547
May 18 11:10:47.036544 dv-neutron-842299-2-hyperv devstack@n-api.service[118682]: [pid: 118682|app: 0|req: 2/3] 10.222.0.65 () {60 vars in 1158 bytes} [Wed May 18 11:10:46 2022] POST /compute/v2.1/os-keypairs => generated 385 bytes in 656 msecs (HTTP/1.1 200) 9 headers in 357 bytes (1 switches on core 0)
May 18 11:10:47.375942 dv-neutron-842299-2-hyperv devstack@n-api.service[118681]: DEBUG nova.virt.hardware [None req-74a454e1-350f-4231-80b5-9ef30c947c70 tempest-ServerActionsTestJSON-1546008044 tempest-ServerActionsTestJSON-1546008044-project] Flavor limits 0:0:0 {{(pid=118681) get_cpu_topology_constraints /opt/stack/nova/nova/virt/hardware.py:343}}
May 18 11:10:47.376486 dv-neutron-842299-2-hyperv devstack@n-api.service[118681]: DEBUG nova.virt.hardware [None req-74a454e1-350f-4231-80b5-9ef30c947c70 tempest-ServerActionsTestJSON-1546008044 tempest-ServerActionsTestJSON-1546008044-project] Image limits 0:0:0 {{(pid=118681) get_cpu_topology_constraints /opt/stack/nova/nova/virt/hardware.py:347}}
May 18 11:10:47.376849 dv-neutron-842299-2-hyperv devstack@n-api.service[118681]: DEBUG nova.virt.hardware [None req-74a454e1-350f-4231-80b5-9ef30c947c70 tempest-ServerActionsTestJSON-1546008044 tempest-ServerActionsTestJSON-1546008044-project] Flavor pref 0:0:0 {{(pid=118681) get_cpu_topology_constraints /opt/stack/nova/nova/virt/hardware.py:383}}
May 18 11:10:47.377258 dv-neutron-842299-2-hyperv devstack@n-api.service[118681]: DEBUG nova.virt.hardware [None req-74a454e1-350f-4231-80b5-9ef30c947c70 tempest-ServerActionsTestJSON-1546008044 tempest-ServerActionsTestJSON-1546008044-project] Image pref 0:0:0 {{(pid=118681) get_cpu_topology_constraints /opt/stack/nova/nova/virt/hardware.py:387}}
May 18 11:10:47.377667 dv-neutron-842299-2-hyperv devstack@n-api.service[118681]: DEBUG nova.virt.hardware [None req-74a454e1-350f-4231-80b5-9ef30c947c70 tempest-ServerActionsTestJSON-1546008044 tempest-ServerActionsTestJSON-1546008044-project] Chose sockets=0, cores=0, threads=0; limits were sockets=65536, cores=65536, threads=65536 {{(pid=118681) get_cpu_topology_constraints /opt/stack/nova/nova/virt/hardware.py:425}}
May 18 11:10:47.426817 dv-neutron-842299-2-hyperv devstack@n-api.service[118681]: DEBUG oslo_concurrency.lockutils [None req-74a454e1-350f-4231-80b5-9ef30c947c70 tempest-ServerActionsTestJSON-1546008044 tempest-ServerActionsTestJSON-1546008044-project] Lock "00000000-0000-0000-0000-000000000000" acquired by "nova.context.set_target_cell..get_or_set_cached_cell_and_set_connections" :: waited 0.000s {{(pid=118681) inner /usr/local/lib/python3.8/dist-packages/oslo_concurrency/lockutils.py:386}}
May 18 11:10:47.432575 dv-neutron-842299-2-hyperv devstack@n-api.service[118681]: DEBUG oslo_concurrency.lockutils [None req-74a454e1-350f-4231-80b5-9ef30c947c70 tempest-ServerActionsTestJSON-1546008044 tempest-ServerActionsTestJSON-1546008044-project] Lock "00000000-0000-0000-0000-000000000000" "released" by "nova.context.set_target_cell..get_or_set_cached_cell_and_set_connections" :: held 0.001s {{(pid=118681) inner /usr/local/lib/python3.8/dist-packages/oslo_concurrency/lockutils.py:400}}
May 18 11:10:47.433596 dv-neutron-842299-2-hyperv devstack@n-api.service[118681]: DEBUG oslo_concurrency.lockutils [None req-74a454e1-350f-4231-80b5-9ef30c947c70 tempest-ServerActionsTestJSON-1546008044 tempest-ServerActionsTestJSON-1546008044-project] Lock "7081b43b-5239-4f8c-8d57-edf0740e15d7" acquired by "nova.context.set_target_cell..get_or_set_cached_cell_and_set_connections" :: waited 0.000s {{(pid=118681) inner /usr/local/lib/python3.8/dist-packages/oslo_concurrency/lockutils.py:386}}
May 18 11:10:47.434041 dv-neutron-842299-2-hyperv devstack@n-api.service[118681]: DEBUG oslo_concurrency.lockutils [None req-74a454e1-350f-4231-80b5-9ef30c947c70 tempest-ServerActionsTestJSON-1546008044 tempest-ServerActionsTestJSON-1546008044-project] Lock "7081b43b-5239-4f8c-8d57-edf0740e15d7" "released" by "nova.context.set_target_cell..get_or_set_cached_cell_and_set_connections" :: held 0.001s {{(pid=118681) inner /usr/local/lib/python3.8/dist-packages/oslo_concurrency/lockutils.py:400}}
May 18 11:10:47.563411 dv-neutron-842299-2-hyperv devstack@n-api.service[118681]: DEBUG nova.quota [None req-74a454e1-350f-4231-80b5-9ef30c947c70 tempest-ServerActionsTestJSON-1546008044 tempest-ServerActionsTestJSON-1546008044-project] Getting quotas for project 9f0671008ad2415e97319a767b90d531. Resources: {'instances', 'cores', 'ram'} {{(pid=118681) _get_quotas /opt/stack/nova/nova/quota.py:393}}
May 18 11:10:47.592223 dv-neutron-842299-2-hyperv devstack@n-api.service[118681]: DEBUG nova.quota [None req-74a454e1-350f-4231-80b5-9ef30c947c70 tempest-ServerActionsTestJSON-1546008044 tempest-ServerActionsTestJSON-1546008044-project] Getting quotas for user b7cf288fd26c40259683af10cf5ef5c4 and project 9f0671008ad2415e97319a767b90d531. Resources: {'instances', 'cores', 'ram'} {{(pid=118681) _get_quotas /opt/stack/nova/nova/quota.py:383}}
May 18 11:10:47.628286 dv-neutron-842299-2-hyperv devstack@n-api.service[118681]: DEBUG nova.compute.api [None req-74a454e1-350f-4231-80b5-9ef30c947c70 tempest-ServerActionsTestJSON-1546008044 tempest-ServerActionsTestJSON-1546008044-project] Going to run 1 instances... {{(pid=118681) _provision_instances /opt/stack/nova/nova/compute/api.py:1389}}
May 18 11:10:47.636594 dv-neutron-842299-2-hyperv devstack@n-api.service[118681]: DEBUG nova.compute.api [None req-74a454e1-350f-4231-80b5-9ef30c947c70 tempest-ServerActionsTestJSON-1546008044 tempest-ServerActionsTestJSON-1546008044-project] [instance: 5d4c4a99-486c-40ea-90b7-b515d0845edb] block_device_mapping [BlockDeviceMapping(attachment_id=,boot_index=0,connection_info=None,created_at=,delete_on_termination=True,deleted=,deleted_at=,destination_type='local',device_name=None,device_type='disk',disk_bus=None,guest_format=None,id=,image_id='9bc4980b-4f10-4ea3-8784-2a68f95cbe64',instance=,instance_uuid=,no_device=False,snapshot_id=None,source_type='image',tag=None,updated_at=,uuid=,volume_id=None,volume_size=None,volume_type=None)] {{(pid=118681) _bdm_validate_set_size_and_instance /opt/stack/nova/nova/compute/api.py:1807}}
May 18 11:10:47.862585 dv-neutron-842299-2-hyperv devstack@n-api.service[118681]: INFO nova.api.openstack.requestlog [None req-74a454e1-350f-4231-80b5-9ef30c947c70 tempest-ServerActionsTestJSON-1546008044 tempest-ServerActionsTestJSON-1546008044-project] 10.222.0.65 "POST /compute/v2.1/servers" status: 202 len: 409 microversion: 2.1 time: 3.684835
May 18 11:10:47.876928 dv-neutron-842299-2-hyperv devstack@n-api.service[118682]: DEBUG nova.api.openstack.wsgi [None req-eb3a40ce-dc6d-45e5-9ec0-87b827cb24d0 tempest-ServerActionsTestJSON-1546008044 tempest-ServerActionsTestJSON-1546008044-project] Calling method '>' {{(pid=118682) _process_stack /opt/stack/nova/nova/api/openstack/wsgi.py:513}}
May 18 11:10:47.878029 dv-neutron-842299-2-hyperv devstack@n-api.service[118682]: DEBUG nova.compute.api [None req-eb3a40ce-dc6d-45e5-9ec0-87b827cb24d0 tempest-ServerActionsTestJSON-1546008044 tempest-ServerActionsTestJSON-1546008044-project] [instance: 5d4c4a99-486c-40ea-90b7-b515d0845edb] Fetching instance by UUID {{(pid=118682) get /opt/stack/nova/nova/compute/api.py:2920}}
May 18 11:10:47.887421 dv-neutron-842299-2-hyperv devstack@n-api.service[118681]: [pid: 118681|app: 0|req: 2/4] 10.222.0.65 () {60 vars in 1146 bytes} [Wed May 18 11:10:44 2022] POST /compute/v2.1/servers => generated 409 bytes in 3709 msecs (HTTP/1.1 202) 10 headers in 451 bytes (1 switches on core 0)
May 18 11:10:49.524983 dv-neutron-842299-2-hyperv devstack@n-api.service[118682]: DEBUG nova.policy [None req-eb3a40ce-dc6d-45e5-9ec0-87b827cb24d0 tempest-ServerActionsTestJSON-1546008044 tempest-ServerActionsTestJSON-1546008044-project] Policy check for os_compute_api:os-extended-server-attributes failed with credentials {'is_admin': False, 'user_id': 'b7cf288fd26c40259683af10cf5ef5c4', 'user_domain_id': 'default', 'system_scope': None, 'domain_id': None, 'project_id': '9f0671008ad2415e97319a767b90d531', 'project_domain_id': 'default', 'roles': ['member', 'reader'], 'is_admin_project': True, 'service_user_id': None, 'service_user_domain_id': None, 'service_project_id': None, 'service_project_domain_id': None, 'service_roles': []} {{(pid=118682) authorize /opt/stack/nova/nova/policy.py:199}}
May 18 11:10:49.567526 dv-neutron-842299-2-hyperv devstack@n-api.service[118682]: INFO nova.api.openstack.requestlog [None req-eb3a40ce-dc6d-45e5-9ec0-87b827cb24d0 tempest-ServerActionsTestJSON-1546008044 tempest-ServerActionsTestJSON-1546008044-project] 10.222.0.65 "GET /compute/v2.1/servers/5d4c4a99-486c-40ea-90b7-b515d0845edb" status: 200 len: 1237 microversion: 2.1 time: 1.696881
May 18 11:10:49.584797 dv-neutron-842299-2-hyperv devstack@n-api.service[118682]: [pid: 118682|app: 0|req: 3/5] 10.222.0.65 () {58 vars in 1235 bytes} [Wed May 18 11:10:47 2022] GET /compute/v2.1/servers/5d4c4a99-486c-40ea-90b7-b515d0845edb => generated 1237 bytes in 1715 msecs (HTTP/1.1 200) 9 headers in 358 bytes (1 switches on core 0)
May 18 11:10:50.592243 dv-neutron-842299-2-hyperv devstack@n-api.service[118681]: DEBUG nova.api.openstack.wsgi [None req-7331a930-7116-4628-b55b-f285d6da1cf2 tempest-ServerActionsTestJSON-1546008044 tempest-ServerActionsTestJSON-1546008044-project] Calling method '>' {{(pid=118681) _process_stack /opt/stack/nova/nova/api/openstack/wsgi.py:513}}
May 18 11:10:50.593164 dv-neutron-842299-2-hyperv devstack@n-api.service[118681]: DEBUG nova.compute.api [None req-7331a930-7116-4628-b55b-f285d6da1cf2 tempest-ServerActionsTestJSON-1546008044 tempest-ServerActionsTestJSON-1546008044-project] [instance: 5d4c4a99-486c-40ea-90b7-b515d0845edb] Fetching instance by UUID {{(pid=118681) get /opt/stack/nova/nova/compute/api.py:2920}}
May 18 11:10:50.739850 dv-neutron-842299-2-hyperv devstack@n-api.service[118681]: DEBUG nova.policy [None req-7331a930-7116-4628-b55b-f285d6da1cf2 tempest-ServerActionsTestJSON-1546008044 tempest-ServerActionsTestJSON-1546008044-project] Policy check for os_compute_api:os-extended-server-attributes failed with credentials {'is_admin': False, 'user_id': 'b7cf288fd26c40259683af10cf5ef5c4', 'user_domain_id': 'default', 'system_scope': None, 'domain_id': None, 'project_id': '9f0671008ad2415e97319a767b90d531', 'project_domain_id': 'default', 'roles': ['member', 'reader'], 'is_admin_project': True, 'service_user_id': None, 'service_user_domain_id': None, 'service_project_id': None, 'service_project_domain_id': None, 'service_roles': []} {{(pid=118681) authorize /opt/stack/nova/nova/policy.py:199}}
May 18 11:10:50.776531 dv-neutron-842299-2-hyperv devstack@n-api.service[118681]: INFO nova.api.openstack.requestlog [None req-7331a930-7116-4628-b55b-f285d6da1cf2 tempest-ServerActionsTestJSON-1546008044 tempest-ServerActionsTestJSON-1546008044-project] 10.222.0.65 "GET /compute/v2.1/servers/5d4c4a99-486c-40ea-90b7-b515d0845edb" status: 200 len: 1237 microversion: 2.1 time: 0.188746
May 18 11:10:50.778931 dv-neutron-842299-2-hyperv devstack@n-api.service[118681]: [pid: 118681|app: 0|req: 3/6] 10.222.0.65 () {58 vars in 1235 bytes} [Wed May 18 11:10:50 2022] GET /compute/v2.1/servers/5d4c4a99-486c-40ea-90b7-b515d0845edb => generated 1237 bytes in 193 msecs (HTTP/1.1 200) 9 headers in 358 bytes (1 switches on core 0)
May 18 11:10:51.794340 dv-neutron-842299-2-hyperv devstack@n-api.service[118682]: DEBUG nova.api.openstack.wsgi [None req-db25a2d1-65e8-4b39-b9e9-d99d6cb387b7 tempest-ServerActionsTestJSON-1546008044 tempest-ServerActionsTestJSON-1546008044-project] Calling method '>' {{(pid=118682) _process_stack /opt/stack/nova/nova/api/openstack/wsgi.py:513}}
May 18 11:10:51.795072 dv-neutron-842299-2-hyperv devstack@n-api.service[118682]: DEBUG nova.compute.api [None req-db25a2d1-65e8-4b39-b9e9-d99d6cb387b7 tempest-ServerActionsTestJSON-1546008044 tempest-ServerActionsTestJSON-1546008044-project] [instance: 5d4c4a99-486c-40ea-90b7-b515d0845edb] Fetching instance by UUID {{(pid=118682) get /opt/stack/nova/nova/compute/api.py:2920}}
May 18 11:10:51.807439 dv-neutron-842299-2-hyperv devstack@n-api.service[118682]: DEBUG oslo_concurrency.lockutils [None req-db25a2d1-65e8-4b39-b9e9-d99d6cb387b7 tempest-ServerActionsTestJSON-1546008044 tempest-ServerActionsTestJSON-1546008044-project] Lock "7081b43b-5239-4f8c-8d57-edf0740e15d7" acquired by "nova.context.set_target_cell..get_or_set_cached_cell_and_set_connections" :: waited 0.000s {{(pid=118682) inner /usr/local/lib/python3.8/dist-packages/oslo_concurrency/lockutils.py:386}}
May 18 11:10:51.807907 dv-neutron-842299-2-hyperv devstack@n-api.service[118682]: DEBUG oslo_concurrency.lockutils [None req-db25a2d1-65e8-4b39-b9e9-d99d6cb387b7 tempest-ServerActionsTestJSON-1546008044 tempest-ServerActionsTestJSON-1546008044-project] Lock "7081b43b-5239-4f8c-8d57-edf0740e15d7" "released" by "nova.context.set_target_cell..get_or_set_cached_cell_and_set_connections" :: held 0.001s {{(pid=118682) inner /usr/local/lib/python3.8/dist-packages/oslo_concurrency/lockutils.py:400}}
May 18 11:10:51.808685 dv-neutron-842299-2-hyperv devstack@n-api.service[118682]: DEBUG oslo_concurrency.lockutils [None req-db25a2d1-65e8-4b39-b9e9-d99d6cb387b7 tempest-ServerActionsTestJSON-1546008044 tempest-ServerActionsTestJSON-1546008044-project] Lock "7081b43b-5239-4f8c-8d57-edf0740e15d7" acquired by "nova.context.set_target_cell..get_or_set_cached_cell_and_set_connections" :: waited 0.000s {{(pid=118682) inner /usr/local/lib/python3.8/dist-packages/oslo_concurrency/lockutils.py:386}}
May 18 11:10:51.809122 dv-neutron-842299-2-hyperv devstack@n-api.service[118682]: DEBUG oslo_concurrency.lockutils [None req-db25a2d1-65e8-4b39-b9e9-d99d6cb387b7 tempest-ServerActionsTestJSON-1546008044 tempest-ServerActionsTestJSON-1546008044-project] Lock "7081b43b-5239-4f8c-8d57-edf0740e15d7" "released" by "nova.context.set_target_cell..get_or_set_cached_cell_and_set_connections" :: held 0.000s {{(pid=118682) inner /usr/local/lib/python3.8/dist-packages/oslo_concurrency/lockutils.py:400}}
May 18 11:10:52.354505 dv-neutron-842299-2-hyperv devstack@n-api.service[118682]: DEBUG nova.policy [None req-db25a2d1-65e8-4b39-b9e9-d99d6cb387b7 tempest-ServerActionsTestJSON-1546008044 tempest-ServerActionsTestJSON-1546008044-project] Policy check for os_compute_api:os-extended-server-attributes failed with credentials {'is_admin': False, 'user_id': 'b7cf288fd26c40259683af10cf5ef5c4', 'user_domain_id': 'default', 'system_scope': None, 'domain_id': None, 'project_id': '9f0671008ad2415e97319a767b90d531', 'project_domain_id': 'default', 'roles': ['member', 'reader'], 'is_admin_project': True, 'service_user_id': None, 'service_user_domain_id': None, 'service_project_id': None, 'service_project_domain_id': None, 'service_roles': []} {{(pid=118682) authorize /opt/stack/nova/nova/policy.py:199}}
May 18 11:10:52.388279 dv-neutron-842299-2-hyperv devstack@n-api.service[118682]: INFO nova.api.openstack.requestlog [None req-db25a2d1-65e8-4b39-b9e9-d99d6cb387b7 tempest-ServerActionsTestJSON-1546008044 tempest-ServerActionsTestJSON-1546008044-project] 10.222.0.65 "GET /compute/v2.1/servers/5d4c4a99-486c-40ea-90b7-b515d0845edb" status: 200 len: 1297 microversion: 2.1 time: 0.597880
