May 17 16:17:17.442528 dv-neutron-842141-1-hyperv neutron-server[104326]: DEBUG neutron.pecan_wsgi.hooks.policy_enforcement [None req-057bd77a-fbfc-4019-8502-04d56b29c4bf tempest-ExtraDHCPOptionsIpV6TestJSON-829639710 tempest-ExtraDHCPOptionsIpV6TestJSON-829639710-project] Attributes excluded by policy engine: ['standard_attr_id', 'binding:profile', 'binding:host_id', 'binding:vif_type', 'binding:vif_details', 'network'] {{(pid=104326) _exclude_attributes_by_policy /opt/stack/neutron/neutron/pecan_wsgi/hooks/policy_enforcement.py:259}}
May 17 16:17:17.443323 dv-neutron-842141-1-hyperv neutron-server[104326]: DEBUG neutron_lib.callbacks.manager [None req-057bd77a-fbfc-4019-8502-04d56b29c4bf tempest-ExtraDHCPOptionsIpV6TestJSON-829639710 tempest-ExtraDHCPOptionsIpV6TestJSON-829639710-project] Publish callbacks ['neutron.notifiers.nova.Notifier._send_nova_notification-23487'] for port (None), before_response {{(pid=104326) _notify_loop /usr/local/lib/python3.8/dist-packages/neutron_lib/callbacks/manager.py:176}}
May 17 16:17:17.473848 dv-neutron-842141-1-hyperv neutron-server[104326]: INFO neutron.wsgi [None req-057bd77a-fbfc-4019-8502-04d56b29c4bf tempest-ExtraDHCPOptionsIpV6TestJSON-829639710 tempest-ExtraDHCPOptionsIpV6TestJSON-829639710-project] 10.222.0.91 "POST /v2.0/ports HTTP/1.1" status: 201 len: 942 time: 2.9706848
May 17 16:17:17.476035 dv-neutron-842141-1-hyperv neutron-server[104326]: DEBUG neutron.scheduler.dhcp_agent_scheduler [None req-0ff02c3d-4f97-43d1-8028-a827dcfe5421 tempest-FloatingIPAdminTestJSON-1510905784 tempest-FloatingIPAdminTestJSON-1510905784-project] Network 5634212d-221c-4b70-9d74-7bbd768e939b is already hosted by enough agents. {{(pid=104326) _get_dhcp_agents_hosting_network /opt/stack/neutron/neutron/scheduler/dhcp_agent_scheduler.py:275}}
May 17 16:17:17.478973 dv-neutron-842141-1-hyperv neutron-server[104326]: DEBUG neutron.wsgi [-] (104326) accepted ('10.222.0.91', 37820) {{(pid=104326) server /usr/local/lib/python3.8/dist-packages/eventlet/wsgi.py:1004}}
May 17 16:17:17.497005 dv-neutron-842141-1-hyperv neutron-server[104326]: DEBUG neutron.api.v2.base [None req-2a88b25e-c4fd-4a83-85c6-4ce0cbf2a32a tempest-ExtraDHCPOptionsIpV6TestJSON-829639710 tempest-ExtraDHCPOptionsIpV6TestJSON-829639710-project] Request body: {'port': {'network_id': 'd15e6db6-b7e7-43e4-b2bb-e236cc917be5', 'name': 'tempest-ExtraDHCPOptionsIpV6TestJSON-401308258', 'extra_dhcp_opts': [{'opt_value': 'pxelinux.0', 'opt_name': 'bootfile-name'}, {'opt_value': '2015::dead', 'opt_name': 'tftp-server'}, {'opt_value': '2015::badd', 'opt_name': 'server-ip-address'}]}} {{(pid=104326) prepare_request_body /opt/stack/neutron/neutron/api/v2/base.py:730}}
May 17 16:17:17.497578 dv-neutron-842141-1-hyperv neutron-server[104326]: DEBUG neutron_lib.api.validators [None req-2a88b25e-c4fd-4a83-85c6-4ce0cbf2a32a tempest-ExtraDHCPOptionsIpV6TestJSON-829639710 tempest-ExtraDHCPOptionsIpV6TestJSON-829639710-project] bootfile-name is not in valid_values {{(pid=104326) validate_values /usr/local/lib/python3.8/dist-packages/neutron_lib/api/validators/__init__.py:165}}
May 17 16:17:17.498012 dv-neutron-842141-1-hyperv neutron-server[104326]: DEBUG neutron_lib.api.validators [None req-2a88b25e-c4fd-4a83-85c6-4ce0cbf2a32a tempest-ExtraDHCPOptionsIpV6TestJSON-829639710 tempest-ExtraDHCPOptionsIpV6TestJSON-829639710-project] tftp-server is not in valid_values {{(pid=104326) validate_values /usr/local/lib/python3.8/dist-packages/neutron_lib/api/validators/__init__.py:165}}
May 17 16:17:17.498351 dv-neutron-842141-1-hyperv neutron-server[104326]: DEBUG neutron_lib.api.validators [None req-2a88b25e-c4fd-4a83-85c6-4ce0cbf2a32a tempest-ExtraDHCPOptionsIpV6TestJSON-829639710 tempest-ExtraDHCPOptionsIpV6TestJSON-829639710-project] server-ip-address is not in valid_values {{(pid=104326) validate_values /usr/local/lib/python3.8/dist-packages/neutron_lib/api/validators/__init__.py:165}}
May 17 16:17:17.644107 dv-neutron-842141-1-hyperv neutron-server[104326]: DEBUG neutron.scheduler.base_scheduler [None req-0ff02c3d-4f97-43d1-8028-a827dcfe5421 tempest-FloatingIPAdminTestJSON-1510905784 tempest-FloatingIPAdminTestJSON-1510905784-project] Resources bound (agent type, host, resource id): {{(pid=104326) schedule /opt/stack/neutron/neutron/scheduler/base_scheduler.py:57}}
May 17 16:17:17.646703 dv-neutron-842141-1-hyperv neutron-server[104326]: DEBUG neutron.db.l3_dvrscheduler_db [None req-0ff02c3d-4f97-43d1-8028-a827dcfe5421 tempest-FloatingIPAdminTestJSON-1510905784 tempest-FloatingIPAdminTestJSON-1510905784-project] Received port after_create {{(pid=104326) _notify_l3_agent_new_port /opt/stack/neutron/neutron/db/l3_dvrscheduler_db.py:536}}
May 17 16:17:17.694205 dv-neutron-842141-1-hyperv neutron-server[104326]: DEBUG neutron.wsgi [-] (104326) accepted ('10.222.0.91', 37826) {{(pid=104326) server /usr/local/lib/python3.8/dist-packages/eventlet/wsgi.py:1004}}
May 17 16:17:17.750507 dv-neutron-842141-1-hyperv neutron-server[104326]: DEBUG neutron.api.rpc.handlers.resources_rpc [None req-0ff02c3d-4f97-43d1-8028-a827dcfe5421 tempest-FloatingIPAdminTestJSON-1510905784 tempest-FloatingIPAdminTestJSON-1510905784-project] Pushing event updated for resources: {'Port': ['ID=2ee2f372-f85a-4b94-a0ab-ca6b5722ad3a,revision_number=1']} {{(pid=104326) push /opt/stack/neutron/neutron/api/rpc/handlers/resources_rpc.py:237}}
May 17 16:17:17.768438 dv-neutron-842141-1-hyperv neutron-server[104326]: DEBUG neutron.pecan_wsgi.hooks.quota_enforcement [None req-2a88b25e-c4fd-4a83-85c6-4ce0cbf2a32a tempest-ExtraDHCPOptionsIpV6TestJSON-829639710 tempest-ExtraDHCPOptionsIpV6TestJSON-829639710-project] Made reservation on behalf of ab7af28f764249e4912658b3a7b6bfa6 for: {'port': 1} {{(pid=104326) before /opt/stack/neutron/neutron/pecan_wsgi/hooks/quota_enforcement.py:53}}
May 17 16:17:17.773117 dv-neutron-842141-1-hyperv neutron-server[104326]: DEBUG neutron_lib.callbacks.manager [None req-2a88b25e-c4fd-4a83-85c6-4ce0cbf2a32a tempest-ExtraDHCPOptionsIpV6TestJSON-829639710 tempest-ExtraDHCPOptionsIpV6TestJSON-829639710-project] Publish callbacks ['neutron.plugins.ml2.plugin.SecurityGroupDbMixin._ensure_default_security_group_handler-591179'] for port (None), before_create {{(pid=104326) _notify_loop /usr/local/lib/python3.8/dist-packages/neutron_lib/callbacks/manager.py:176}}
May 17 16:17:17.783318 dv-neutron-842141-1-hyperv neutron-server[104327]: DEBUG neutron_lib.callbacks.manager [None req-61c5138a-6c42-4720-8dae-4b5d5b842908 tempest-RoutersAdminTest-2039167173 tempest-RoutersAdminTest-2039167173-project-admin] Publish callbacks [] for port (e642ad27-5bc2-4f43-a00d-1216f5d75d73), precommit_create {{(pid=104327) _notify_loop /usr/local/lib/python3.8/dist-packages/neutron_lib/callbacks/manager.py:176}}
May 17 16:17:17.798562 dv-neutron-842141-1-hyperv neutron-server[104327]: DEBUG neutron_lib.callbacks.manager [None req-3d5b26ff-b948-4e89-8676-cad3038363b5 tempest-BulkNetworkOpsIpV6Test-281573144 tempest-BulkNetworkOpsIpV6Test-281573144-project] Publish callbacks ['neutron.services.segments.db._add_segment_host_mapping_for_segment-8763329624324', 'neutron.plugins.ml2.plugin.Ml2Plugin._handle_segment_change-687132'] for segment (0f1cca84-df28-452f-8dc8-9469dc4609d0), precommit_create {{(pid=104327) _notify_loop /usr/local/lib/python3.8/dist-packages/neutron_lib/callbacks/manager.py:176}}
May 17 16:17:17.799126 dv-neutron-842141-1-hyperv neutron-server[104327]: INFO neutron.db.segments_db [None req-3d5b26ff-b948-4e89-8676-cad3038363b5 tempest-BulkNetworkOpsIpV6Test-281573144 tempest-BulkNetworkOpsIpV6Test-281573144-project] Added segment 0f1cca84-df28-452f-8dc8-9469dc4609d0 of type vlan for network a8982ea1-e25d-42ab-ba7f-9ccaa6ab4486
May 17 16:17:17.862327 dv-neutron-842141-1-hyperv neutron-server[104326]: DEBUG neutron.pecan_wsgi.hooks.policy_enforcement [None req-0ff02c3d-4f97-43d1-8028-a827dcfe5421 tempest-FloatingIPAdminTestJSON-1510905784 tempest-FloatingIPAdminTestJSON-1510905784-project] Attributes excluded by policy engine: ['standard_attr_id', 'binding:profile', 'binding:host_id', 'binding:vif_type', 'binding:vif_details', 'network'] {{(pid=104326) _exclude_attributes_by_policy /opt/stack/neutron/neutron/pecan_wsgi/hooks/policy_enforcement.py:259}}
May 17 16:17:17.863002 dv-neutron-842141-1-hyperv neutron-server[104326]: DEBUG neutron_lib.callbacks.manager [None req-0ff02c3d-4f97-43d1-8028-a827dcfe5421 tempest-FloatingIPAdminTestJSON-1510905784 tempest-FloatingIPAdminTestJSON-1510905784-project] Publish callbacks ['neutron.notifiers.nova.Notifier._send_nova_notification-23487'] for port (None), before_response {{(pid=104326) _notify_loop /usr/local/lib/python3.8/dist-packages/neutron_lib/callbacks/manager.py:176}}
May 17 16:17:17.916140 dv-neutron-842141-1-hyperv neutron-server[104328]: DEBUG neutron.api.rpc.handlers.dhcp_rpc [None req-c37619c2-db54-4c4d-97a2-d75e030aac33 None None] Network d15e6db6-b7e7-43e4-b2bb-e236cc917be5 requested from dv-neutron-842141-1-hyperv {{(pid=104328) get_network_info /opt/stack/neutron/neutron/api/rpc/handlers/dhcp_rpc.py:191}}
May 17 16:17:17.977269 dv-neutron-842141-1-hyperv neutron-server[104326]: DEBUG neutron.notifiers.nova [None req-2a88b25e-c4fd-4a83-85c6-4ce0cbf2a32a tempest-ExtraDHCPOptionsIpV6TestJSON-829639710 tempest-ExtraDHCPOptionsIpV6TestJSON-829639710-project] device_id is not set on port d36fa157-1acd-4121-9579-bb6c249b7e08 yet. {{(pid=104326) _can_notify /opt/stack/neutron/neutron/notifiers/nova.py:199}}
May 17 16:17:17.985649 dv-neutron-842141-1-hyperv neutron-server[104327]: DEBUG neutron_lib.callbacks.manager [None req-3d5b26ff-b948-4e89-8676-cad3038363b5 tempest-BulkNetworkOpsIpV6Test-281573144 tempest-BulkNetworkOpsIpV6Test-281573144-project] Publish callbacks ['neutron.services.auto_allocate.db._ensure_external_network_default_value_callback-8763329164189'] for network (a8982ea1-e25d-42ab-ba7f-9ccaa6ab4486), precommit_create {{(pid=104327) _notify_loop /usr/local/lib/python3.8/dist-packages/neutron_lib/callbacks/manager.py:176}}
May 17 16:17:18.025474 dv-neutron-842141-1-hyperv neutron-server[104326]: INFO neutron.wsgi [None req-0ff02c3d-4f97-43d1-8028-a827dcfe5421 tempest-FloatingIPAdminTestJSON-1510905784 tempest-FloatingIPAdminTestJSON-1510905784-project] 10.222.0.91 "POST /v2.0/ports HTTP/1.1" status: 201 len: 934 time: 3.4728987
May 17 16:17:18.028192 dv-neutron-842141-1-hyperv neutron-server[104326]: INFO neutron.wsgi [req-fa963d9a-aa65-4695-b7da-7373a3f09d18 req-bc007bbc-187e-4f52-85fa-b9a824832e5a tempest-ServersTestJSON-468862768 tempest-ServersTestJSON-468862768-project] 10.222.0.91 "GET /v2.0/ports?device_id=2f0e2c24-9456-415f-9baf-19af67e585f4 HTTP/1.1" status: 200 len: 210 time: 0.1800356
May 17 16:17:18.040353 dv-neutron-842141-1-hyperv neutron-server[104328]: DEBUG neutron.db.provisioning_blocks [None req-8ed2e71b-db12-4750-a03e-e99b965e794f None None] Provisioning complete for port 6d16ee42-1bdf-4074-a509-185c52fc8fb7 triggered by entity DHCP. {{(pid=104328) provisioning_complete /opt/stack/neutron/neutron/db/provisioning_blocks.py:145}}
May 17 16:17:18.040742 dv-neutron-842141-1-hyperv neutron-server[104328]: DEBUG neutron_lib.callbacks.manager [None req-8ed2e71b-db12-4750-a03e-e99b965e794f None None] Publish callbacks ['neutron.plugins.ml2.plugin.Ml2Plugin._port_provisioned-755489'] for port (6d16ee42-1bdf-4074-a509-185c52fc8fb7), provisioning_complete {{(pid=104328) _notify_loop /usr/local/lib/python3.8/dist-packages/neutron_lib/callbacks/manager.py:176}}
May 17 16:17:18.048992 dv-neutron-842141-1-hyperv neutron-server[104326]: DEBUG neutron.wsgi [-] (104326) accepted ('10.222.0.91', 37848) {{(pid=104326) server /usr/local/lib/python3.8/dist-packages/eventlet/wsgi.py:1004}}
May 17 16:17:18.061508 dv-neutron-842141-1-hyperv neutron-server[104327]: DEBUG neutron.plugins.ml2.drivers.helpers [None req-3d5b26ff-b948-4e89-8676-cad3038363b5 tempest-BulkNetworkOpsIpV6Test-281573144 tempest-BulkNetworkOpsIpV6Test-281573144-project] vlan segment allocate from pool success with {'vlan_id': 343, 'physical_network': 'physnet1'} {{(pid=104327) allocate_partially_specified_segment /opt/stack/neutron/neutron/plugins/ml2/drivers/helpers.py:153}}
May 17 16:17:18.070426 dv-neutron-842141-1-hyperv neutron-server[104327]: DEBUG neutron_lib.callbacks.manager [None req-61c5138a-6c42-4720-8dae-4b5d5b842908 tempest-RoutersAdminTest-2039167173 tempest-RoutersAdminTest-2039167173-project-admin] Publish callbacks ['neutron.plugins.ml2.plugin.SecurityGroupServerNotifierRpcMixin._notify_sg_on_port_change-591358', 'neutron.plugins.ml2.ovo_rpc._ObjectChangeHandler.handle_event-222846', 'neutron.api.rpc.agentnotifiers.dhcp_rpc_agent_api.DhcpAgentNotifyAPI._native_event_send_dhcp_notification-3729247', 'neutron.db.l3_dvrscheduler_db._notify_l3_agent_new_port-8763329144926', 'neutron.services.segments.plugin.NovaSegmentNotifier._notify_port_created_or_deleted-26273965'] for port (e642ad27-5bc2-4f43-a00d-1216f5d75d73), after_create {{(pid=104327) _notify_loop /usr/local/lib/python3.8/dist-packages/neutron_lib/callbacks/manager.py:176}}
May 17 16:17:18.126035 dv-neutron-842141-1-hyperv neutron-server[104326]: DEBUG neutron.api.rpc.handlers.resources_rpc [None req-057bd77a-fbfc-4019-8502-04d56b29c4bf tempest-ExtraDHCPOptionsIpV6TestJSON-829639710 tempest-ExtraDHCPOptionsIpV6TestJSON-829639710-project] Pushing event updated for resources: {'Port': ['ID=adca4ad5-3883-41e0-8876-28d34a857417,revision_number=1']} {{(pid=104326) push /opt/stack/neutron/neutron/api/rpc/handlers/resources_rpc.py:237}}
May 17 16:17:18.126840 dv-neutron-842141-1-hyperv neutron-server[104327]: DEBUG neutron_lib.callbacks.manager [None req-3d5b26ff-b948-4e89-8676-cad3038363b5 tempest-BulkNetworkOpsIpV6Test-281573144 tempest-BulkNetworkOpsIpV6Test-281573144-project] Publish callbacks ['neutron.services.segments.db._add_segment_host_mapping_for_segment-8763329624324', 'neutron.plugins.ml2.plugin.Ml2Plugin._handle_segment_change-687132'] for segment (122abbcd-5626-42c4-8c52-3e7112082767), precommit_create {{(pid=104327) _notify_loop /usr/local/lib/python3.8/dist-packages/neutron_lib/callbacks/manager.py:176}}
May 17 16:17:18.127279 dv-neutron-842141-1-hyperv neutron-server[104327]: INFO neutron.db.segments_db [None req-3d5b26ff-b948-4e89-8676-cad3038363b5 tempest-BulkNetworkOpsIpV6Test-281573144 tempest-BulkNetworkOpsIpV6Test-281573144-project] Added segment 122abbcd-5626-42c4-8c52-3e7112082767 of type vlan for network 122fa1b2-1003-47c3-9655-52f7ae9b206c
May 17 16:17:18.143296 dv-neutron-842141-1-hyperv neutron-server[104326]: INFO neutron.wsgi [None req-32cddf69-f5ed-4e78-88d2-4a1258a4abe1 admin admin] 10.222.0.91 "GET /v2.0/security-groups?tenant_id=456a0f008a014014b8fb282f79982ab2&name=default HTTP/1.1" status: 200 len: 2992 time: 0.7917347
May 17 16:17:18.145773 dv-neutron-842141-1-hyperv neutron-server[104327]: DEBUG neutron.wsgi [-] (104327) accepted ('10.222.0.91', 37852) {{(pid=104327) server /usr/local/lib/python3.8/dist-packages/eventlet/wsgi.py:1004}}
May 17 16:17:18.201094 dv-neutron-842141-1-hyperv neutron-server[104326]: INFO neutron.wsgi [req-d32ca5a9-5e73-49d7-8378-2a2a935b91a5 req-24d3681d-8b28-4c08-ba7c-be53a355e779 tempest-ServersTestManualDisk-11781981 tempest-ServersTestManualDisk-11781981-project] 10.222.0.91 "GET /v2.0/security-groups?name=tempest-securitygroup--1194510099&fields=id&tenant_id=137d9e5b5b4b41ebba2031745b6dbcc6 HTTP/1.1" status: 200 len: 267 time: 0.4788327
May 17 16:17:18.271001 dv-neutron-842141-1-hyperv neutron-server[104327]: DEBUG neutron.scheduler.dhcp_agent_scheduler [None req-61c5138a-6c42-4720-8dae-4b5d5b842908 tempest-RoutersAdminTest-2039167173 tempest-RoutersAdminTest-2039167173-project-admin] Network 52d96710-743f-49a1-a07d-b5dbee8f3da4 is already hosted by enough agents. {{(pid=104327) _get_dhcp_agents_hosting_network /opt/stack/neutron/neutron/scheduler/dhcp_agent_scheduler.py:275}}
May 17 16:17:18.293578 dv-neutron-842141-1-hyperv neutron-server[104328]: DEBUG neutron.plugins.ml2.plugin [None req-8ed2e71b-db12-4750-a03e-e99b965e794f None None] Current status of the port 6d16ee42-1bdf-4074-a509-185c52fc8fb7 is: DOWN; New status is: ACTIVE {{(pid=104328) _update_individual_port_db_status /opt/stack/neutron/neutron/plugins/ml2/plugin.py:2296}}
May 17 16:17:18.293977 dv-neutron-842141-1-hyperv neutron-server[104328]: DEBUG neutron_lib.callbacks.manager [None req-8ed2e71b-db12-4750-a03e-e99b965e794f None None] Publish callbacks ['neutron.plugins.ml2.plugin.SecurityGroupDbMixin._ensure_default_security_group_handler-591179'] for port (6d16ee42-1bdf-4074-a509-185c52fc8fb7), before_update {{(pid=104328) _notify_loop /usr/local/lib/python3.8/dist-packages/neutron_lib/callbacks/manager.py:176}}
May 17 16:17:18.310610 dv-neutron-842141-1-hyperv neutron-server[104328]: DEBUG neutron.plugins.ml2.rpc [None req-6be89d71-8cb7-4a47-b90a-01fcf3db8771 None None] Device 6d16ee42-1bdf-4074-a509-185c52fc8fb7 up at agent ovs-agent-dv-neutron-842141-1-hyperv {{(pid=104328) update_device_up /opt/stack/neutron/neutron/plugins/ml2/rpc.py:296}}
May 17 16:17:18.343938 dv-neutron-842141-1-hyperv neutron-server[104327]: DEBUG neutron.scheduler.base_scheduler [None req-61c5138a-6c42-4720-8dae-4b5d5b842908 tempest-RoutersAdminTest-2039167173 tempest-RoutersAdminTest-2039167173-project-admin] Resources bound (agent type, host, resource id): {{(pid=104327) schedule /opt/stack/neutron/neutron/scheduler/base_scheduler.py:57}}
May 17 16:17:18.345891 dv-neutron-842141-1-hyperv neutron-server[104327]: DEBUG neutron.api.rpc.handlers.resources_rpc [None req-61c5138a-6c42-4720-8dae-4b5d5b842908 tempest-RoutersAdminTest-2039167173 tempest-RoutersAdminTest-2039167173-project-admin] Pushing event updated for resources: {'Port': ['ID=e642ad27-5bc2-4f43-a00d-1216f5d75d73,revision_number=1']} {{(pid=104327) push /opt/stack/neutron/neutron/api/rpc/handlers/resources_rpc.py:237}}
May 17 16:17:18.364120 dv-neutron-842141-1-hyperv neutron-server[104327]: DEBUG neutron.db.l3_dvrscheduler_db [None req-61c5138a-6c42-4720-8dae-4b5d5b842908 tempest-RoutersAdminTest-2039167173 tempest-RoutersAdminTest-2039167173-project-admin] Received port after_create {{(pid=104327) _notify_l3_agent_new_port /opt/stack/neutron/neutron/db/l3_dvrscheduler_db.py:536}}
May 17 16:17:18.421175 dv-neutron-842141-1-hyperv neutron-server[104328]: DEBUG neutron.plugins.ml2.db [None req-8ed2e71b-db12-4750-a03e-e99b965e794f None None] For port 6d16ee42-1bdf-4074-a509-185c52fc8fb7, host dv-neutron-842141-1-hyperv, got binding levels [PortBindingLevel(driver='openvswitch',host='dv-neutron-842141-1-hyperv',level=0,port_id=6d16ee42-1bdf-4074-a509-185c52fc8fb7,segment=NetworkSegment(804a4a31-e0e9-46dc-9a0a-6228fc583c1f),segment_id=804a4a31-e0e9-46dc-9a0a-6228fc583c1f)] {{(pid=104328) get_binding_level_objs /opt/stack/neutron/neutron/plugins/ml2/db.py:74}}
May 17 16:17:18.435528 dv-neutron-842141-1-hyperv neutron-server[104328]: DEBUG neutron_lib.callbacks.manager [None req-8ed2e71b-db12-4750-a03e-e99b965e794f None None] Publish callbacks ['neutron.plugins.ml2.plugin.SecurityGroupServerNotifierRpcMixin._notify_sg_on_port_change-591358', 'neutron.plugins.ml2.ovo_rpc._ObjectChangeHandler.handle_event-222846', 'neutron.api.rpc.agentnotifiers.dhcp_rpc_agent_api.DhcpAgentNotifyAPI._native_event_send_dhcp_notification-3729247', 'neutron.db.l3_db.L3RpcNotifierMixin._notify_gateway_port_ip_changed-8763329537922', 'neutron.db.l3_dvrscheduler_db._notify_l3_agent_port_update-8763329144944', 'neutron.db.l3_hascheduler_db._notify_l3_agent_ha_port_update-8763329144962'] for port (6d16ee42-1bdf-4074-a509-185c52fc8fb7), after_update {{(pid=104328) _notify_loop /usr/local/lib/python3.8/dist-packages/neutron_lib/callbacks/manager.py:176}}
May 17 16:17:18.490556 dv-neutron-842141-1-hyperv neutron-server[104328]: DEBUG neutron.db.provisioning_blocks [None req-6be89d71-8cb7-4a47-b90a-01fcf3db8771 None None] Provisioning complete for port 6d16ee42-1bdf-4074-a509-185c52fc8fb7 triggered by entity L2. {{(pid=104328) provisioning_complete /opt/stack/neutron/neutron/db/provisioning_blocks.py:145}}
May 17 16:17:18.490949 dv-neutron-842141-1-hyperv neutron-server[104328]: DEBUG neutron_lib.callbacks.manager [None req-6be89d71-8cb7-4a47-b90a-01fcf3db8771 None None] Publish callbacks ['neutron.plugins.ml2.plugin.Ml2Plugin._port_provisioned-755489'] for port (6d16ee42-1bdf-4074-a509-185c52fc8fb7), provisioning_complete {{(pid=104328) _notify_loop /usr/local/lib/python3.8/dist-packages/neutron_lib/callbacks/manager.py:176}}
May 17 16:17:18.498726 dv-neutron-842141-1-hyperv neutron-server[104327]: DEBUG neutron_lib.callbacks.manager [None req-3d5b26ff-b948-4e89-8676-cad3038363b5 tempest-BulkNetworkOpsIpV6Test-281573144 tempest-BulkNetworkOpsIpV6Test-281573144-project] Publish callbacks ['neutron.services.auto_allocate.db._ensure_external_network_default_value_callback-8763329164189'] for network (122fa1b2-1003-47c3-9655-52f7ae9b206c), precommit_create {{(pid=104327) _notify_loop /usr/local/lib/python3.8/dist-packages/neutron_lib/callbacks/manager.py:176}}
May 17 16:17:18.516105 dv-neutron-842141-1-hyperv neutron-server[104327]: DEBUG neutron_lib.callbacks.manager [None req-186103db-5601-4506-9158-cc2cd3543d1c admin admin] Publish callbacks [] for security_group (fab1df7a-8345-4116-ac7d-bc7e37e63c61), before_delete {{(pid=104327) _notify_loop /usr/local/lib/python3.8/dist-packages/neutron_lib/callbacks/manager.py:176}}
May 17 16:17:18.586918 dv-neutron-842141-1-hyperv neutron-server[104326]: DEBUG neutron.pecan_wsgi.hooks.policy_enforcement [req-d32ca5a9-5e73-49d7-8378-2a2a935b91a5 req-d7082ddf-453d-408d-9c2c-320000b10f9a tempest-ServersTestManualDisk-11781981 tempest-ServersTestManualDisk-11781981-project] Attributes excluded by policy engine: ['standard_attr_id', 'vlan_transparent', 'provider:network_type', 'provider:physical_network', 'provider:segmentation_id'] {{(pid=104326) _exclude_attributes_by_policy /opt/stack/neutron/neutron/pecan_wsgi/hooks/policy_enforcement.py:259}}
May 17 16:17:18.597493 dv-neutron-842141-1-hyperv neutron-server[104328]: DEBUG neutron.api.rpc.handlers.resources_rpc [None req-8ed2e71b-db12-4750-a03e-e99b965e794f None None] Pushing event updated for resources: {'Port': ['ID=6d16ee42-1bdf-4074-a509-185c52fc8fb7,revision_number=3']} {{(pid=104328) push /opt/stack/neutron/neutron/api/rpc/handlers/resources_rpc.py:237}}
May 17 16:17:18.600290 dv-neutron-842141-1-hyperv neutron-server[104326]: INFO neutron.wsgi [req-d32ca5a9-5e73-49d7-8378-2a2a935b91a5 req-d7082ddf-453d-408d-9c2c-320000b10f9a tempest-ServersTestManualDisk-11781981 tempest-ServersTestManualDisk-11781981-project] 10.222.0.91 "GET /v2.0/networks?id=2115690c-b42b-43d9-8d95-b81ffd757de3 HTTP/1.1" status: 200 len: 811 time: 0.3981016
May 17 16:17:18.609055 dv-neutron-842141-1-hyperv neutron-server[104328]: DEBUG neutron.db.provisioning_blocks [None req-9cc4228c-6e12-46a5-b165-bf29cef5fce9 None None] Provisioning complete for port 2ee2f372-f85a-4b94-a0ab-ca6b5722ad3a triggered by entity DHCP. {{(pid=104328) provisioning_complete /opt/stack/neutron/neutron/db/provisioning_blocks.py:145}}
May 17 16:17:18.609430 dv-neutron-842141-1-hyperv neutron-server[104328]: DEBUG neutron_lib.callbacks.manager [None req-9cc4228c-6e12-46a5-b165-bf29cef5fce9 None None] Publish callbacks ['neutron.plugins.ml2.plugin.Ml2Plugin._port_provisioned-755489'] for port (2ee2f372-f85a-4b94-a0ab-ca6b5722ad3a), provisioning_complete {{(pid=104328) _notify_loop /usr/local/lib/python3.8/dist-packages/neutron_lib/callbacks/manager.py:176}}
May 17 16:17:18.616169 dv-neutron-842141-1-hyperv neutron-server[104326]: DEBUG neutron.api.v2.base [None req-666324d1-069d-4ec6-93a9-335c60d111f0 tempest-FloatingIPAdminTestJSON-61197227 tempest-FloatingIPAdminTestJSON-61197227-project-admin] Request body: {'floatingip': {'floating_network_id': '0fcb6a3c-e7c2-4004-8afe-27db506df860', 'project_id': 'fe3136881ee64a64b3ae7494c6a50e9f', 'port_id': '2ee2f372-f85a-4b94-a0ab-ca6b5722ad3a'}} {{(pid=104326) prepare_request_body /opt/stack/neutron/neutron/api/v2/base.py:730}}
May 17 16:17:18.622391 dv-neutron-842141-1-hyperv neutron-server[104327]: DEBUG neutron_lib.callbacks.manager [None req-186103db-5601-4506-9158-cc2cd3543d1c admin admin] Publish callbacks [] for security_group (fab1df7a-8345-4116-ac7d-bc7e37e63c61), precommit_delete {{(pid=104327) _notify_loop /usr/local/lib/python3.8/dist-packages/neutron_lib/callbacks/manager.py:176}}
May 17 16:17:18.640619 dv-neutron-842141-1-hyperv neutron-server[104327]: DEBUG neutron.pecan_wsgi.hooks.policy_enforcement [None req-61c5138a-6c42-4720-8dae-4b5d5b842908 tempest-RoutersAdminTest-2039167173 tempest-RoutersAdminTest-2039167173-project-admin] Attributes excluded by policy engine: ['standard_attr_id', 'network'] {{(pid=104327) _exclude_attributes_by_policy /opt/stack/neutron/neutron/pecan_wsgi/hooks/policy_enforcement.py:259}}
May 17 16:17:18.641470 dv-neutron-842141-1-hyperv neutron-server[104327]: DEBUG neutron_lib.callbacks.manager [None req-61c5138a-6c42-4720-8dae-4b5d5b842908 tempest-RoutersAdminTest-2039167173 tempest-RoutersAdminTest-2039167173-project-admin] Publish callbacks ['neutron.notifiers.nova.Notifier._send_nova_notification-23487'] for port (None), before_response {{(pid=104327) _notify_loop /usr/local/lib/python3.8/dist-packages/neutron_lib/callbacks/manager.py:176}}
May 17 16:17:18.669483 dv-neutron-842141-1-hyperv neutron-server[104327]: DEBUG neutron_lib.callbacks.manager [None req-1b8fc748-6132-49ab-be4d-e33d2aad7a6c tempest-ServerActionsTestJSON-912731048 tempest-ServerActionsTestJSON-912731048-project] Publish callbacks [] for port (eda16ed1-c199-458b-82fb-12ae523945c8), precommit_update {{(pid=104327) _notify_loop /usr/local/lib/python3.8/dist-packages/neutron_lib/callbacks/manager.py:176}}
May 17 16:17:18.692664 dv-neutron-842141-1-hyperv neutron-server[104326]: DEBUG neutron.db.db_base_plugin_common [None req-2a88b25e-c4fd-4a83-85c6-4ce0cbf2a32a tempest-ExtraDHCPOptionsIpV6TestJSON-829639710 tempest-ExtraDHCPOptionsIpV6TestJSON-829639710-project] Allocated IP 2001:db8::3e9 (d15e6db6-b7e7-43e4-b2bb-e236cc917be5/4b9867ec-35e0-4cf2-bbe3-28bacaf45a2a/d36fa157-1acd-4121-9579-bb6c249b7e08) {{(pid=104326) _store_ip_allocation /opt/stack/neutron/neutron/db/db_base_plugin_common.py:131}}
May 17 16:17:18.702455 dv-neutron-842141-1-hyperv neutron-server[104327]: DEBUG neutron_lib.callbacks.manager [None req-3d5b26ff-b948-4e89-8676-cad3038363b5 tempest-BulkNetworkOpsIpV6Test-281573144 tempest-BulkNetworkOpsIpV6Test-281573144-project] Publish callbacks ['neutron.plugins.ml2.ovo_rpc._ObjectChangeHandler.handle_event-3745180', 'neutron.api.rpc.agentnotifiers.dhcp_rpc_agent_api.DhcpAgentNotifyAPI._native_event_send_dhcp_notification-3729247'] for network (a8982ea1-e25d-42ab-ba7f-9ccaa6ab4486), after_create {{(pid=104327) _notify_loop /usr/local/lib/python3.8/dist-packages/neutron_lib/callbacks/manager.py:176}}
May 17 16:17:18.703634 dv-neutron-842141-1-hyperv neutron-server[104327]: DEBUG neutron_lib.callbacks.manager [None req-3d5b26ff-b948-4e89-8676-cad3038363b5 tempest-BulkNetworkOpsIpV6Test-281573144 tempest-BulkNetworkOpsIpV6Test-281573144-project] Publish callbacks ['neutron.plugins.ml2.ovo_rpc._ObjectChangeHandler.handle_event-3745180', 'neutron.api.rpc.agentnotifiers.dhcp_rpc_agent_api.DhcpAgentNotifyAPI._native_event_send_dhcp_notification-3729247'] for network (122fa1b2-1003-47c3-9655-52f7ae9b206c), after_create {{(pid=104327) _notify_loop /usr/local/lib/python3.8/dist-packages/neutron_lib/callbacks/manager.py:176}}
May 17 16:17:18.710486 dv-neutron-842141-1-hyperv neutron-server[104327]: DEBUG neutron.pecan_wsgi.hooks.policy_enforcement [None req-3d5b26ff-b948-4e89-8676-cad3038363b5 tempest-BulkNetworkOpsIpV6Test-281573144 tempest-BulkNetworkOpsIpV6Test-281573144-project] Attributes excluded by policy engine: ['standard_attr_id', 'provider:network_type', 'provider:physical_network', 'provider:segmentation_id', 'vlan_transparent'] {{(pid=104327) _exclude_attributes_by_policy /opt/stack/neutron/neutron/pecan_wsgi/hooks/policy_enforcement.py:259}}
May 17 16:17:18.716002 dv-neutron-842141-1-hyperv neutron-server[104327]: DEBUG neutron.pecan_wsgi.hooks.policy_enforcement [None req-3d5b26ff-b948-4e89-8676-cad3038363b5 tempest-BulkNetworkOpsIpV6Test-281573144 tempest-BulkNetworkOpsIpV6Test-281573144-project] Attributes excluded by policy engine: ['standard_attr_id', 'provider:network_type', 'provider:physical_network', 'provider:segmentation_id', 'vlan_transparent'] {{(pid=104327) _exclude_attributes_by_policy /opt/stack/neutron/neutron/pecan_wsgi/hooks/policy_enforcement.py:259}}
May 17 16:17:18.716985 dv-neutron-842141-1-hyperv neutron-server[104327]: DEBUG neutron_lib.callbacks.manager [None req-3d5b26ff-b948-4e89-8676-cad3038363b5 tempest-BulkNetworkOpsIpV6Test-281573144 tempest-BulkNetworkOpsIpV6Test-281573144-project] Publish callbacks ['neutron.api.rpc.agentnotifiers.dhcp_rpc_agent_api.DhcpAgentNotifyAPI._send_dhcp_notification-3729249'] for network (None), before_response {{(pid=104327) _notify_loop /usr/local/lib/python3.8/dist-packages/neutron_lib/callbacks/manager.py:176}}
May 17 16:17:18.743336 dv-neutron-842141-1-hyperv neutron-server[104327]: DEBUG neutron_lib.callbacks.manager [None req-1b8fc748-6132-49ab-be4d-e33d2aad7a6c tempest-ServerActionsTestJSON-912731048 tempest-ServerActionsTestJSON-912731048-project] Publish callbacks ['neutron.plugins.ml2.plugin.SecurityGroupServerNotifierRpcMixin._notify_sg_on_port_change-591358', 'neutron.plugins.ml2.ovo_rpc._ObjectChangeHandler.handle_event-222846', 'neutron.api.rpc.agentnotifiers.dhcp_rpc_agent_api.DhcpAgentNotifyAPI._native_event_send_dhcp_notification-3729247', 'neutron.db.l3_db.L3RpcNotifierMixin._notify_gateway_port_ip_changed-8763329537922', 'neutron.db.l3_dvrscheduler_db._notify_l3_agent_port_update-8763329144944', 'neutron.db.l3_hascheduler_db._notify_l3_agent_ha_port_update-8763329144962', 'neutron.services.segments.plugin.NovaSegmentNotifier._notify_port_updated-26273956'] for port (eda16ed1-c199-458b-82fb-12ae523945c8), after_update {{(pid=104327) _notify_loop /usr/local/lib/python3.8/dist-packages/neutron_lib/callbacks/manager.py:176}}
May 17 16:17:18.753877 dv-neutron-842141-1-hyperv neutron-server[104327]: INFO neutron.wsgi [None req-61c5138a-6c42-4720-8dae-4b5d5b842908 tempest-RoutersAdminTest-2039167173 tempest-RoutersAdminTest-2039167173-project-admin] 10.222.0.91 "POST /v2.0/ports HTTP/1.1" status: 201 len: 1022 time: 2.3887393
May 17 16:17:18.774648 dv-neutron-842141-1-hyperv neutron-server[104327]: INFO neutron.wsgi [None req-3d5b26ff-b948-4e89-8676-cad3038363b5 tempest-BulkNetworkOpsIpV6Test-281573144 tempest-BulkNetworkOpsIpV6Test-281573144-project] 10.222.0.91 "POST /v2.0/networks HTTP/1.1" status: 201 len: 1280 time: 2.6398861
May 17 16:17:18.783309 dv-neutron-842141-1-hyperv neutron-server[104327]: DEBUG neutron.wsgi [-] (104327) accepted ('10.222.0.91', 37864) {{(pid=104327) server /usr/local/lib/python3.8/dist-packages/eventlet/wsgi.py:1004}}
May 17 16:17:18.783309 dv-neutron-842141-1-hyperv neutron-server[104327]: DEBUG neutron.wsgi [-] (104327) accepted ('10.222.0.91', 37866) {{(pid=104327) server /usr/local/lib/python3.8/dist-packages/eventlet/wsgi.py:1004}}
May 17 16:17:18.796848 dv-neutron-842141-1-hyperv neutron-server[104326]: DEBUG neutron_lib.callbacks.manager [None req-666324d1-069d-4ec6-93a9-335c60d111f0 tempest-FloatingIPAdminTestJSON-61197227 tempest-FloatingIPAdminTestJSON-61197227-project-admin] Publish callbacks [] for floatingip (None), before_create {{(pid=104326) _notify_loop /usr/local/lib/python3.8/dist-packages/neutron_lib/callbacks/manager.py:176}}
May 17 16:17:18.803170 dv-neutron-842141-1-hyperv neutron-server[104326]: INFO neutron.wsgi [req-d32ca5a9-5e73-49d7-8378-2a2a935b91a5 req-d2aa51c0-d56e-406d-aab9-3949f1aad883 tempest-ServersTestManualDisk-11781981 tempest-ServersTestManualDisk-11781981-project] 10.222.0.91 "GET /v2.0/quotas/137d9e5b5b4b41ebba2031745b6dbcc6 HTTP/1.1" status: 200 len: 375 time: 0.2017484
May 17 16:17:18.891822 dv-neutron-842141-1-hyperv neutron-server[104328]: DEBUG neutron.plugins.ml2.plugin [None req-6be89d71-8cb7-4a47-b90a-01fcf3db8771 None None] Current status of the port 6d16ee42-1bdf-4074-a509-185c52fc8fb7 is: ACTIVE; New status is: ACTIVE {{(pid=104328) _update_individual_port_db_status /opt/stack/neutron/neutron/plugins/ml2/plugin.py:2296}}
May 17 16:17:18.894766 dv-neutron-842141-1-hyperv neutron-server[104328]: DEBUG neutron.plugins.ml2.plugin [None req-9cc4228c-6e12-46a5-b165-bf29cef5fce9 None None] Port 2ee2f372-f85a-4b94-a0ab-ca6b5722ad3a cannot update to ACTIVE because it is not bound. {{(pid=104328) _port_provisioned /opt/stack/neutron/neutron/plugins/ml2/plugin.py:352}}
May 17 16:17:18.992768 dv-neutron-842141-1-hyperv neutron-server[104326]: INFO neutron.wsgi [req-d32ca5a9-5e73-49d7-8378-2a2a935b91a5 req-a41b99eb-35a9-43ce-8f9b-d2ecd0e9d58f tempest-ServersTestManualDisk-11781981 tempest-ServersTestManualDisk-11781981-project] 10.222.0.91 "GET /v2.0/ports?tenant_id=137d9e5b5b4b41ebba2031745b6dbcc6&fields=id HTTP/1.1" status: 200 len: 302 time: 0.1643896
May 17 16:17:19.015204 dv-neutron-842141-1-hyperv neutron-server[104328]: DEBUG neutron.db.provisioning_blocks [None req-9cf23ba7-3b77-4c6b-a71c-f3f085599426 None None] Provisioning complete for port 6d16ee42-1bdf-4074-a509-185c52fc8fb7 triggered by entity DHCP. {{(pid=104328) provisioning_complete /opt/stack/neutron/neutron/db/provisioning_blocks.py:145}}
May 17 16:17:19.016462 dv-neutron-842141-1-hyperv neutron-server[104328]: DEBUG neutron_lib.callbacks.manager [None req-9cf23ba7-3b77-4c6b-a71c-f3f085599426 None None] Publish callbacks ['neutron.plugins.ml2.plugin.Ml2Plugin._port_provisioned-755489'] for port (6d16ee42-1bdf-4074-a509-185c52fc8fb7), provisioning_complete {{(pid=104328) _notify_loop /usr/local/lib/python3.8/dist-packages/neutron_lib/callbacks/manager.py:176}}
May 17 16:17:19.080517 dv-neutron-842141-1-hyperv neutron-server[104327]: DEBUG neutron_lib.callbacks.manager [None req-186103db-5601-4506-9158-cc2cd3543d1c admin admin] Publish callbacks ['neutron.plugins.ml2.ovo_rpc._ObjectChangeHandler.handle_event-3748978'] for security_group (fab1df7a-8345-4116-ac7d-bc7e37e63c61), after_delete {{(pid=104327) _notify_loop /usr/local/lib/python3.8/dist-packages/neutron_lib/callbacks/manager.py:176}}
May 17 16:17:19.083346 dv-neutron-842141-1-hyperv neutron-server[104327]: DEBUG neutron_lib.callbacks.manager [None req-186103db-5601-4506-9158-cc2cd3543d1c admin admin] Publish callbacks [] for security_group (None), before_response {{(pid=104327) _notify_loop /usr/local/lib/python3.8/dist-packages/neutron_lib/callbacks/manager.py:176}}
May 17 16:17:19.087572 dv-neutron-842141-1-hyperv neutron-server[104327]: INFO neutron.wsgi [None req-186103db-5601-4506-9158-cc2cd3543d1c admin admin] 10.222.0.91 "DELETE /v2.0/security-groups/fab1df7a-8345-4116-ac7d-bc7e37e63c61 HTTP/1.1" status: 204 len: 168 time: 0.9148896
May 17 16:17:19.105165 dv-neutron-842141-1-hyperv neutron-server[104327]: DEBUG neutron.api.rpc.handlers.resources_rpc [None req-1b8fc748-6132-49ab-be4d-e33d2aad7a6c tempest-ServerActionsTestJSON-912731048 tempest-ServerActionsTestJSON-912731048-project] Pushing event updated for resources: {'Port': ['ID=eda16ed1-c199-458b-82fb-12ae523945c8,revision_number=2']} {{(pid=104327) push /opt/stack/neutron/neutron/api/rpc/handlers/resources_rpc.py:237}}
May 17 16:17:19.117380 dv-neutron-842141-1-hyperv neutron-server[104326]: DEBUG neutron_lib.callbacks.manager [None req-666324d1-069d-4ec6-93a9-335c60d111f0 tempest-FloatingIPAdminTestJSON-61197227 tempest-FloatingIPAdminTestJSON-61197227-project-admin] Publish callbacks ['neutron.plugins.ml2.plugin.SecurityGroupDbMixin._ensure_default_security_group_handler-591179'] for port (None), before_create {{(pid=104326) _notify_loop /usr/local/lib/python3.8/dist-packages/neutron_lib/callbacks/manager.py:176}}
May 17 16:17:19.167409 dv-neutron-842141-1-hyperv neutron-server[104327]: DEBUG neutron.api.rpc.handlers.resources_rpc [None req-3d5b26ff-b948-4e89-8676-cad3038363b5 tempest-BulkNetworkOpsIpV6Test-281573144 tempest-BulkNetworkOpsIpV6Test-281573144-project] Pushing event updated for resources: {'Network': ['ID=a8982ea1-e25d-42ab-ba7f-9ccaa6ab4486,revision_number=1']} {{(pid=104327) push /opt/stack/neutron/neutron/api/rpc/handlers/resources_rpc.py:237}}
May 17 16:17:19.203550 dv-neutron-842141-1-hyperv neutron-server[104328]: DEBUG neutron.plugins.ml2.plugin [None req-9cf23ba7-3b77-4c6b-a71c-f3f085599426 None None] Current status of the port 6d16ee42-1bdf-4074-a509-185c52fc8fb7 is: ACTIVE; New status is: ACTIVE {{(pid=104328) _update_individual_port_db_status /opt/stack/neutron/neutron/plugins/ml2/plugin.py:2296}}
May 17 16:17:19.219457 dv-neutron-842141-1-hyperv neutron-server[104327]: DEBUG neutron.api.rpc.handlers.resources_rpc [None req-186103db-5601-4506-9158-cc2cd3543d1c admin admin] Pushing event deleted for resources: {'SecurityGroup': ['ID=fab1df7a-8345-4116-ac7d-bc7e37e63c61,revision_number=None']} {{(pid=104327) push /opt/stack/neutron/neutron/api/rpc/handlers/resources_rpc.py:237}}
May 17 16:17:19.223383 dv-neutron-842141-1-hyperv neutron-server[104328]: DEBUG neutron.plugins.ml2.rpc [None req-6be89d71-8cb7-4a47-b90a-01fcf3db8771 None None] Network a8982ea1-e25d-42ab-ba7f-9ccaa6ab4486 details requested by agent ovs-agent-dv-neutron-842141-1-hyperv with host dv-neutron-842141-1-hyperv {{(pid=104328) get_network_details /opt/stack/neutron/neutron/plugins/ml2/rpc.py:248}}
May 17 16:17:19.268292 dv-neutron-842141-1-hyperv neutron-server[104327]: DEBUG neutron_lib.callbacks.manager [None req-1b8fc748-6132-49ab-be4d-e33d2aad7a6c tempest-ServerActionsTestJSON-912731048 tempest-ServerActionsTestJSON-912731048-project] Publish callbacks ['neutron.services.l3_router.l3_router_plugin.DVRResourceOperationHandler._create_dvr_floating_gw_port-3914280'] for floatingip (f1341bce-b2e0-4a30-8469-2e6c3769224e), after_create {{(pid=104327) _notify_loop /usr/local/lib/python3.8/dist-packages/neutron_lib/callbacks/manager.py:176}}
May 17 16:17:19.282388 dv-neutron-842141-1-hyperv neutron-server[104327]: DEBUG neutron.plugins.ml2.plugin [None req-bbef639f-6556-49e7-a16b-9588ea7d59eb tempest-RoutersAdminTest-2039167173 tempest-RoutersAdminTest-2039167173-project-admin] Deleting port e642ad27-5bc2-4f43-a00d-1216f5d75d73 {{(pid=104327) _pre_delete_port /opt/stack/neutron/neutron/plugins/ml2/plugin.py:2041}}
May 17 16:17:19.283030 dv-neutron-842141-1-hyperv neutron-server[104327]: DEBUG neutron_lib.callbacks.manager [None req-bbef639f-6556-49e7-a16b-9588ea7d59eb tempest-RoutersAdminTest-2039167173 tempest-RoutersAdminTest-2039167173-project-admin] Publish callbacks ['neutron.db.l3_db.L3_NAT_dbonly_mixin._prevent_l3_port_delete_callback-8763329528796'] for port (e642ad27-5bc2-4f43-a00d-1216f5d75d73), before_delete {{(pid=104327) _notify_loop /usr/local/lib/python3.8/dist-packages/neutron_lib/callbacks/manager.py:176}}
May 17 16:17:19.308645 dv-neutron-842141-1-hyperv neutron-server[104326]: DEBUG neutron.db.db_base_plugin_common [None req-666324d1-069d-4ec6-93a9-335c60d111f0 tempest-FloatingIPAdminTestJSON-61197227 tempest-FloatingIPAdminTestJSON-61197227-project-admin] Allocated IP 172.26.3.62 (0fcb6a3c-e7c2-4004-8afe-27db506df860/8fe01b54-fdc7-473d-95bf-e893b1226dde/e9f568f1-ccd2-41fb-a371-9125cc5c7e6b) {{(pid=104326) _store_ip_allocation /opt/stack/neutron/neutron/db/db_base_plugin_common.py:131}}
May 17 16:17:19.346237 dv-neutron-842141-1-hyperv neutron-server[104328]: DEBUG neutron.db.provisioning_blocks [None req-9cf23ba7-3b77-4c6b-a71c-f3f085599426 None None] Provisioning complete for port adca4ad5-3883-41e0-8876-28d34a857417 triggered by entity DHCP. {{(pid=104328) provisioning_complete /opt/stack/neutron/neutron/db/provisioning_blocks.py:145}}
May 17 16:17:19.346622 dv-neutron-842141-1-hyperv neutron-server[104328]: DEBUG neutron_lib.callbacks.manager [None req-9cf23ba7-3b77-4c6b-a71c-f3f085599426 None None] Publish callbacks ['neutron.plugins.ml2.plugin.Ml2Plugin._port_provisioned-755489'] for port (adca4ad5-3883-41e0-8876-28d34a857417), provisioning_complete {{(pid=104328) _notify_loop /usr/local/lib/python3.8/dist-packages/neutron_lib/callbacks/manager.py:176}}
May 17 16:17:19.378364 dv-neutron-842141-1-hyperv neutron-server[104327]: DEBUG neutron_lib.callbacks.manager [None req-1b8fc748-6132-49ab-be4d-e33d2aad7a6c tempest-ServerActionsTestJSON-912731048 tempest-ServerActionsTestJSON-912731048-project] Publish callbacks ['neutron.notifiers.nova.Notifier._send_nova_notification-23487'] for floatingip (None), before_response {{(pid=104327) _notify_loop /usr/local/lib/python3.8/dist-packages/neutron_lib/callbacks/manager.py:176}}
May 17 16:17:19.390020 dv-neutron-842141-1-hyperv neutron-server[104327]: INFO neutron.wsgi [None req-1b8fc748-6132-49ab-be4d-e33d2aad7a6c tempest-ServerActionsTestJSON-912731048 tempest-ServerActionsTestJSON-912731048-project] 10.222.0.91 "POST /v2.0/floatingips HTTP/1.1" status: 201 len: 693 time: 4.7646222
May 17 16:17:19.392410 dv-neutron-842141-1-hyperv neutron-server[104328]: DEBUG neutron.plugins.ml2.plugin [None req-9cf23ba7-3b77-4c6b-a71c-f3f085599426 None None] Port adca4ad5-3883-41e0-8876-28d34a857417 cannot update to ACTIVE because it is not bound. {{(pid=104328) _port_provisioned /opt/stack/neutron/neutron/plugins/ml2/plugin.py:352}}
May 17 16:17:19.411174 dv-neutron-842141-1-hyperv neutron-server[104327]: DEBUG neutron.api.rpc.handlers.resources_rpc [None req-3d5b26ff-b948-4e89-8676-cad3038363b5 tempest-BulkNetworkOpsIpV6Test-281573144 tempest-BulkNetworkOpsIpV6Test-281573144-project] Pushing event updated for resources: {'Network': ['ID=122fa1b2-1003-47c3-9655-52f7ae9b206c,revision_number=1']} {{(pid=104327) push /opt/stack/neutron/neutron/api/rpc/handlers/resources_rpc.py:237}}
May 17 16:17:19.428219 dv-neutron-842141-1-hyperv neutron-server[104327]: DEBUG neutron.pecan_wsgi.hooks.policy_enforcement [None req-117939a4-81a8-44d0-bcfa-958e2c7881b6 tempest-BulkNetworkOpsIpV6Test-281573144 tempest-BulkNetworkOpsIpV6Test-281573144-project] Attributes excluded by policy engine: ['standard_attr_id', 'vlan_transparent', 'provider:network_type', 'provider:physical_network', 'provider:segmentation_id'] {{(pid=104327) _exclude_attributes_by_policy /opt/stack/neutron/neutron/pecan_wsgi/hooks/policy_enforcement.py:259}}
May 17 16:17:19.434036 dv-neutron-842141-1-hyperv neutron-server[104328]: DEBUG neutron.plugins.ml2.rpc [None req-6be89d71-8cb7-4a47-b90a-01fcf3db8771 None None] Network 122fa1b2-1003-47c3-9655-52f7ae9b206c details requested by agent ovs-agent-dv-neutron-842141-1-hyperv with host dv-neutron-842141-1-hyperv {{(pid=104328) get_network_details /opt/stack/neutron/neutron/plugins/ml2/rpc.py:248}}
May 17 16:17:19.440058 dv-neutron-842141-1-hyperv neutron-server[104326]: DEBUG neutron_lib.callbacks.manager [None req-666324d1-069d-4ec6-93a9-335c60d111f0 tempest-FloatingIPAdminTestJSON-61197227 tempest-FloatingIPAdminTestJSON-61197227-project-admin] Publish callbacks [] for port (e9f568f1-ccd2-41fb-a371-9125cc5c7e6b), precommit_create {{(pid=104326) _notify_loop /usr/local/lib/python3.8/dist-packages/neutron_lib/callbacks/manager.py:176}}
May 17 16:17:19.443057 dv-neutron-842141-1-hyperv neutron-server[104327]: DEBUG neutron.pecan_wsgi.hooks.policy_enforcement [None req-117939a4-81a8-44d0-bcfa-958e2c7881b6 tempest-BulkNetworkOpsIpV6Test-281573144 tempest-BulkNetworkOpsIpV6Test-281573144-project] Attributes excluded by policy engine: ['standard_attr_id', 'vlan_transparent', 'provider:network_type', 'provider:physical_network', 'provider:segmentation_id'] {{(pid=104327) _exclude_attributes_by_policy /opt/stack/neutron/neutron/pecan_wsgi/hooks/policy_enforcement.py:259}}
May 17 16:17:19.459587 dv-neutron-842141-1-hyperv neutron-server[104327]: DEBUG neutron.pecan_wsgi.hooks.policy_enforcement [None req-117939a4-81a8-44d0-bcfa-958e2c7881b6 tempest-BulkNetworkOpsIpV6Test-281573144 tempest-BulkNetworkOpsIpV6Test-281573144-project] Attributes excluded by policy engine: ['standard_attr_id', 'vlan_transparent', 'provider:network_type', 'provider:physical_network', 'provider:segmentation_id'] {{(pid=104327) _exclude_attributes_by_policy /opt/stack/neutron/neutron/pecan_wsgi/hooks/policy_enforcement.py:259}}
May 17 16:17:19.470127 dv-neutron-842141-1-hyperv neutron-server[104327]: DEBUG neutron.pecan_wsgi.hooks.policy_enforcement [None req-117939a4-81a8-44d0-bcfa-958e2c7881b6 tempest-BulkNetworkOpsIpV6Test-281573144 tempest-BulkNetworkOpsIpV6Test-281573144-project] Attributes excluded by policy engine: ['standard_attr_id', 'vlan_transparent', 'provider:network_type', 'provider:physical_network', 'provider:segmentation_id'] {{(pid=104327) _exclude_attributes_by_policy /opt/stack/neutron/neutron/pecan_wsgi/hooks/policy_enforcement.py:259}}
May 17 16:17:19.478606 dv-neutron-842141-1-hyperv neutron-server[104327]: DEBUG neutron.pecan_wsgi.hooks.policy_enforcement [None req-117939a4-81a8-44d0-bcfa-958e2c7881b6 tempest-BulkNetworkOpsIpV6Test-281573144 tempest-BulkNetworkOpsIpV6Test-281573144-project] Attributes excluded by policy engine: ['standard_attr_id', 'vlan_transparent', 'provider:network_type', 'provider:physical_network', 'provider:segmentation_id'] {{(pid=104327) _exclude_attributes_by_policy /opt/stack/neutron/neutron/pecan_wsgi/hooks/policy_enforcement.py:259}}
May 17 16:17:19.483580 dv-neutron-842141-1-hyperv neutron-server[104327]: INFO neutron.wsgi [None req-117939a4-81a8-44d0-bcfa-958e2c7881b6 tempest-BulkNetworkOpsIpV6Test-281573144 tempest-BulkNetworkOpsIpV6Test-281573144-project] 10.222.0.91 "GET /v2.0/networks HTTP/1.1" status: 200 len: 3008 time: 0.6723015
May 17 16:17:19.527252 dv-neutron-842141-1-hyperv neutron-server[104327]: DEBUG neutron_lib.callbacks.manager [None req-bbef639f-6556-49e7-a16b-9588ea7d59eb tempest-RoutersAdminTest-2039167173 tempest-RoutersAdminTest-2039167173-project-admin] Publish callbacks ['neutron.services.l3_router.l3_router_plugin.L3_NAT_dbonly_mixin._precommit_delete_port_callback-3900173'] for port (e642ad27-5bc2-4f43-a00d-1216f5d75d73), precommit_delete {{(pid=104327) _notify_loop /usr/local/lib/python3.8/dist-packages/neutron_lib/callbacks/manager.py:176}}
May 17 16:17:19.543014 dv-neutron-842141-1-hyperv neutron-server[104326]: DEBUG neutron.wsgi [req-d32ca5a9-5e73-49d7-8378-2a2a935b91a5 req-d8d7cca7-666f-41c1-8b22-b7dc25fe3029 service neutron] http://10.222.0.91:9696/v2.0/extensions returned with HTTP 200 {{(pid=104326) __call__ /opt/stack/neutron/neutron/wsgi.py:730}}
May 17 16:17:19.545290 dv-neutron-842141-1-hyperv neutron-server[104326]: INFO neutron.wsgi [req-d32ca5a9-5e73-49d7-8378-2a2a935b91a5 req-d8d7cca7-666f-41c1-8b22-b7dc25fe3029 service neutron] 10.222.0.91 "GET /v2.0/extensions HTTP/1.1" status: 200 len: 14320 time: 0.4636335
May 17 16:17:19.546259 dv-neutron-842141-1-hyperv neutron-server[104327]: DEBUG neutron.plugins.ml2.plugin [None req-bbef639f-6556-49e7-a16b-9588ea7d59eb tempest-RoutersAdminTest-2039167173 tempest-RoutersAdminTest-2039167173-project-admin] Calling delete_port for e642ad27-5bc2-4f43-a00d-1216f5d75d73 owned by {{(pid=104327) delete_port /opt/stack/neutron/neutron/plugins/ml2/plugin.py:2120}}
May 17 16:17:19.565961 dv-neutron-842141-1-hyperv neutron-server[104326]: INFO neutron.wsgi [req-aa8ca31d-c57e-4ce9-a8c9-3e895e8b29ec req-ede8b9e4-80b6-434a-b381-8ebf4329f834 tempest-ServersTestJSON-468862768 tempest-ServersTestJSON-468862768-project] 10.222.0.91 "GET /v2.0/ports?device_id=2f0e2c24-9456-415f-9baf-19af67e585f4 HTTP/1.1" status: 200 len: 210 time: 0.0789905
May 17 16:17:19.565961 dv-neutron-842141-1-hyperv neutron-server[104326]: DEBUG neutron.wsgi [-] (104326) accepted ('10.222.0.91', 37894) {{(pid=104326) server /usr/local/lib/python3.8/dist-packages/eventlet/wsgi.py:1004}}
May 17 16:17:19.608443 dv-neutron-842141-1-hyperv neutron-server[104326]: DEBUG neutron_lib.callbacks.manager [None req-666324d1-069d-4ec6-93a9-335c60d111f0 tempest-FloatingIPAdminTestJSON-61197227 tempest-FloatingIPAdminTestJSON-61197227-project-admin] Publish callbacks ['neutron.plugins.ml2.plugin.SecurityGroupServerNotifierRpcMixin._notify_sg_on_port_change-591358', 'neutron.plugins.ml2.ovo_rpc._ObjectChangeHandler.handle_event-222846', 'neutron.api.rpc.agentnotifiers.dhcp_rpc_agent_api.DhcpAgentNotifyAPI._native_event_send_dhcp_notification-3729247', 'neutron.db.l3_dvrscheduler_db._notify_l3_agent_new_port-8763329144926', 'neutron.services.segments.plugin.NovaSegmentNotifier._notify_port_created_or_deleted-26312567'] for port (e9f568f1-ccd2-41fb-a371-9125cc5c7e6b), after_create {{(pid=104326) _notify_loop /usr/local/lib/python3.8/dist-packages/neutron_lib/callbacks/manager.py:176}}
May 17 16:17:19.716017 dv-neutron-842141-1-hyperv neutron-server[104327]: DEBUG neutron.wsgi [-] (104327) accepted ('10.222.0.91', 37908) {{(pid=104327) server /usr/local/lib/python3.8/dist-packages/eventlet/wsgi.py:1004}}
May 17 16:17:19.723549 dv-neutron-842141-1-hyperv neutron-server[104327]: DEBUG neutron_lib.callbacks.manager [None req-bbef639f-6556-49e7-a16b-9588ea7d59eb tempest-RoutersAdminTest-2039167173 tempest-RoutersAdminTest-2039167173-project-admin] Publish callbacks ['neutron.plugins.ml2.plugin.SecurityGroupServerNotifierRpcMixin._notify_sg_on_port_change-591358', 'neutron.plugins.ml2.ovo_rpc._ObjectChangeHandler.handle_event-222846', 'neutron.api.rpc.agentnotifiers.dhcp_rpc_agent_api.DhcpAgentNotifyAPI._native_event_send_dhcp_notification-3729247', 'neutron.db.l3_db.L3RpcNotifierMixin._notify_routers_callback-8763329537904', 'neutron.db.l3_dvrscheduler_db._notify_port_delete-8763329144935', 'neutron.services.segments.plugin.NovaSegmentNotifier._notify_port_created_or_deleted-26273965'] for port (e642ad27-5bc2-4f43-a00d-1216f5d75d73), after_delete {{(pid=104327) _notify_loop /usr/local/lib/python3.8/dist-packages/neutron_lib/callbacks/manager.py:176}}
