May 19 16:54:51.327911 dv-neutron-842133-1-hyperv neutron-server[111360]: INFO neutron.wsgi [None req-8661fc41-08fc-4e68-8627-99a8ecaa1bca tempest-RoutersTestDVR-1982778401 tempest-RoutersTestDVR-1982778401-project-admin] 10.222.0.64 "DELETE /v2.0/routers/4ead5a63-c3d7-4961-8715-aeee90a995e4 HTTP/1.1" status: 204 len: 168 time: 0.8375466
May 19 16:54:51.329939 dv-neutron-842133-1-hyperv neutron-server[111360]: DEBUG neutron.api.rpc.handlers.resources_rpc [None req-3cea08b8-241d-46b6-8a94-4a055eaacddc tempest-RoutersAdminTest-915271060 tempest-RoutersAdminTest-915271060-project-admin] Pushing event updated for resources: {'Port': ['ID=b554377c-0f16-4ef6-a7ba-b9cfc73a9832,revision_number=1']} {{(pid=111360) push /opt/stack/neutron/neutron/api/rpc/handlers/resources_rpc.py:237}}
May 19 16:54:51.395238 dv-neutron-842133-1-hyperv neutron-server[111360]: DEBUG neutron.scheduler.dhcp_agent_scheduler [None req-3cea08b8-241d-46b6-8a94-4a055eaacddc tempest-RoutersAdminTest-915271060 tempest-RoutersAdminTest-915271060-project-admin] Network 87c76fb6-e750-4ba1-ae0b-a1127ce6faf1 is already hosted by enough agents. {{(pid=111360) _get_dhcp_agents_hosting_network /opt/stack/neutron/neutron/scheduler/dhcp_agent_scheduler.py:275}}
May 19 16:54:51.446179 dv-neutron-842133-1-hyperv neutron-server[111362]: DEBUG neutron.plugins.ml2.plugin [None req-fa26edf9-9c4f-46b5-91f5-1c4952e791cc None None] Current status of the port 82bae678-cbcf-4b6b-85e2-205682a8aa0d is: ACTIVE; New status is: ACTIVE {{(pid=111362) _update_individual_port_db_status /opt/stack/neutron/neutron/plugins/ml2/plugin.py:2296}}
May 19 16:54:51.452512 dv-neutron-842133-1-hyperv neutron-server[111362]: DEBUG neutron_lib.callbacks.manager [None req-727d711e-c177-4ccf-b92e-f861ef8eabbe None None] Publish callbacks ['neutron.services.segments.db._update_segment_host_mapping_for_agent-8731226258436', 'neutron.plugins.ml2.plugin.Ml2Plugin._retry_binding_revived_agents-622768'] for agent (8a8fc121-a640-4cd1-ae38-76c71ae9de7c), after_update {{(pid=111362) _notify_loop /usr/local/lib/python3.8/dist-packages/neutron_lib/callbacks/manager.py:176}}
May 19 16:54:51.454384 dv-neutron-842133-1-hyperv neutron-server[111360]: DEBUG neutron.wsgi [-] (111360) accepted ('10.222.0.64', 38302) {{(pid=111360) server /usr/local/lib/python3.8/dist-packages/eventlet/wsgi.py:1004}}
May 19 16:54:51.455618 dv-neutron-842133-1-hyperv neutron-server[111360]: DEBUG neutron.scheduler.base_scheduler [None req-3cea08b8-241d-46b6-8a94-4a055eaacddc tempest-RoutersAdminTest-915271060 tempest-RoutersAdminTest-915271060-project-admin] Resources bound (agent type, host, resource id): {{(pid=111360) schedule /opt/stack/neutron/neutron/scheduler/base_scheduler.py:57}}
May 19 16:54:51.458636 dv-neutron-842133-1-hyperv neutron-server[111360]: DEBUG neutron.db.l3_dvrscheduler_db [None req-3cea08b8-241d-46b6-8a94-4a055eaacddc tempest-RoutersAdminTest-915271060 tempest-RoutersAdminTest-915271060-project-admin] Received port after_create {{(pid=111360) _notify_l3_agent_new_port /opt/stack/neutron/neutron/db/l3_dvrscheduler_db.py:536}}
May 19 16:54:51.470950 dv-neutron-842133-1-hyperv neutron-server[111360]: WARNING keystonemiddleware.auth_token [-] A valid token was submitted as a service token, but it was not a valid service token. This is incorrect but backwards compatible behaviour. This will be removed in future releases.
May 19 16:54:51.643204 dv-neutron-842133-1-hyperv neutron-server[111362]: DEBUG neutron.db.db_base_plugin_common [None req-76917bb4-932d-41aa-831e-23457cb4ad1d None None] Allocated IP 172.20.0.2 (9a9a0975-0e7c-4900-84c6-a5bce5cf64b8/58c4ae4d-1af8-4a6f-b3ae-96e7814d0831/8c27beea-0ded-4e92-9fd9-ca7ffc8b1603) {{(pid=111362) _store_ip_allocation /opt/stack/neutron/neutron/db/db_base_plugin_common.py:131}}
May 19 16:54:51.653599 dv-neutron-842133-1-hyperv neutron-server[111360]: DEBUG dbcounter [-] [111360] Writing DB stats neutron:SELECT=83,neutron:DELETE=8,neutron:INSERT=7,neutron:UPDATE=2 {{(pid=111360) stat_writer /usr/local/lib/python3.8/dist-packages/dbcounter.py:114}}
May 19 16:54:51.667920 dv-neutron-842133-1-hyperv neutron-server[111360]: DEBUG neutron_lib.callbacks.manager [None req-0d50bdea-79f0-4a90-bfb2-85140542a8e0 admin admin] Publish callbacks [] for security_group (d0b3169c-9fb0-4345-95c7-7c7c155cd205), before_delete {{(pid=111360) _notify_loop /usr/local/lib/python3.8/dist-packages/neutron_lib/callbacks/manager.py:176}}
May 19 16:54:51.722594 dv-neutron-842133-1-hyperv neutron-server[111360]: DEBUG neutron_lib.callbacks.manager [None req-4a01856b-d29b-45d9-824e-d6670846540c tempest-FloatingIPAdminTestJSON-1718455251 tempest-FloatingIPAdminTestJSON-1718455251-project] Publish callbacks [] for router_gateway (a9e7e045-5955-4a0b-bc03-5de4a3c495c7), precommit_update {{(pid=111360) _notify_loop /usr/local/lib/python3.8/dist-packages/neutron_lib/callbacks/manager.py:176}}
May 19 16:54:51.724077 dv-neutron-842133-1-hyperv neutron-server[111361]: INFO neutron.wsgi [None req-08fcd9b4-d8b5-4f06-8fc8-db3ad60fc3b2 tempest-DHCPAgentSchedulersTestJSON-2036390501 tempest-DHCPAgentSchedulersTestJSON-2036390501-project-admin] 10.222.0.64 "GET /v2.0/agents/8a8fc121-a640-4cd1-ae38-76c71ae9de7c/dhcp-networks HTTP/1.1" status: 200 len: 7256 time: 0.5253730
May 19 16:54:51.728024 dv-neutron-842133-1-hyperv neutron-server[111361]: DEBUG neutron.wsgi [-] (111361) accepted ('10.222.0.64', 38308) {{(pid=111361) server /usr/local/lib/python3.8/dist-packages/eventlet/wsgi.py:1004}}
May 19 16:54:51.731164 dv-neutron-842133-1-hyperv neutron-server[111361]: DEBUG neutron.db.db_base_plugin_common [None req-5fbe1d37-2875-4ea5-87a3-0c6378aa5c89 tempest-ExternalNetworksTestJSON-737009277 tempest-ExternalNetworksTestJSON-737009277-project-admin] Allocated IP 172.20.0.4 (4602e713-bef6-4733-843d-6cea1996104c/1f009815-8241-4e8d-b2df-1587ca4636db/3a53b824-5950-4f8b-ad68-c83dd0051f48) {{(pid=111361) _store_ip_allocation /opt/stack/neutron/neutron/db/db_base_plugin_common.py:131}}
May 19 16:54:51.738607 dv-neutron-842133-1-hyperv neutron-server[111361]: DEBUG neutron.wsgi [-] (111361) accepted ('10.222.0.64', 38310) {{(pid=111361) server /usr/local/lib/python3.8/dist-packages/eventlet/wsgi.py:1004}}
May 19 16:54:51.744545 dv-neutron-842133-1-hyperv neutron-server[111361]: DEBUG neutron.api.v2.base [None req-ad732216-12c5-4f92-a24f-c120ad713d6c tempest-ServersTestManualDisk-1698899633 tempest-ServersTestManualDisk-1698899633-project] Request body: {'security_group': {'name': 'tempest-securitygroup--1860404443', 'description': 'tempest-description--1788014782'}} {{(pid=111361) prepare_request_body /opt/stack/neutron/neutron/api/v2/base.py:730}}
May 19 16:54:51.750073 dv-neutron-842133-1-hyperv neutron-server[111360]: INFO neutron.wsgi [req-ff98f513-ab0c-46ea-b616-fb4f30d3c778 req-975c58d4-c812-4fa8-a60f-32bdce5bc49c tempest-ServersTestJSON-1054096721 tempest-ServersTestJSON-1054096721-project] 10.222.0.64 "GET /v2.0/security-groups?name=tempest-securitygroup--1981693661&fields=id&tenant_id=0f3bc6ad7851476ca2f25b1c6ad039db HTTP/1.1" status: 200 len: 267 time: 0.2857890
May 19 16:54:51.768938 dv-neutron-842133-1-hyperv neutron-server[111360]: DEBUG neutron_lib.callbacks.manager [None req-0d50bdea-79f0-4a90-bfb2-85140542a8e0 admin admin] Publish callbacks [] for security_group (d0b3169c-9fb0-4345-95c7-7c7c155cd205), precommit_delete {{(pid=111360) _notify_loop /usr/local/lib/python3.8/dist-packages/neutron_lib/callbacks/manager.py:176}}
May 19 16:54:51.874584 dv-neutron-842133-1-hyperv neutron-server[111361]: DEBUG neutron_lib.callbacks.manager [None req-ad732216-12c5-4f92-a24f-c120ad713d6c tempest-ServersTestManualDisk-1698899633 tempest-ServersTestManualDisk-1698899633-project] Publish callbacks [] for security_group (None), before_create {{(pid=111361) _notify_loop /usr/local/lib/python3.8/dist-packages/neutron_lib/callbacks/manager.py:176}}
May 19 16:54:51.983059 dv-neutron-842133-1-hyperv neutron-server[111361]: DEBUG neutron_lib.callbacks.manager [None req-ad732216-12c5-4f92-a24f-c120ad713d6c tempest-ServersTestManualDisk-1698899633 tempest-ServersTestManualDisk-1698899633-project] Publish callbacks [] for security_group (c688e6f3-b199-467e-8179-c3e91ffb83cc), precommit_create {{(pid=111361) _notify_loop /usr/local/lib/python3.8/dist-packages/neutron_lib/callbacks/manager.py:176}}
May 19 16:54:51.984228 dv-neutron-842133-1-hyperv neutron-server[111361]: DEBUG neutron.wsgi [-] (111361) accepted ('10.222.0.64', 38314) {{(pid=111361) server /usr/local/lib/python3.8/dist-packages/eventlet/wsgi.py:1004}}
May 19 16:54:52.004021 dv-neutron-842133-1-hyperv neutron-server[111361]: DEBUG dbcounter [-] [111361] Writing DB stats neutron:INSERT=1,neutron:SELECT=93,neutron:DELETE=5,neutron:UPDATE=1 {{(pid=111361) stat_writer /usr/local/lib/python3.8/dist-packages/dbcounter.py:114}}
May 19 16:54:52.030230 dv-neutron-842133-1-hyperv neutron-server[111361]: DEBUG neutron.scheduler.dhcp_agent_scheduler [None req-3934c4f2-1a5b-40d2-898e-17fb6a3f4967 tempest-DHCPAgentSchedulersTestJSON-2036390501 tempest-DHCPAgentSchedulersTestJSON-2036390501-project-admin] Network baf243cc-d98b-4fbf-ae75-6c17018e6082 is scheduled to be hosted by DHCP agent 8a8fc121-a640-4cd1-ae38-76c71ae9de7c with binding_index 1 {{(pid=111361) bind /opt/stack/neutron/neutron/scheduler/dhcp_agent_scheduler.py:227}}
May 19 16:54:52.046368 dv-neutron-842133-1-hyperv neutron-server[111362]: DEBUG neutron_lib.callbacks.manager [None req-4a2b7946-5879-411f-8262-efeab2b01465 None None] Publish callbacks [] for port (90a7efb3-a280-47cf-ae07-f37e6d820da3), precommit_update {{(pid=111362) _notify_loop /usr/local/lib/python3.8/dist-packages/neutron_lib/callbacks/manager.py:176}}
May 19 16:54:52.048294 dv-neutron-842133-1-hyperv neutron-server[111362]: DEBUG neutron_lib.callbacks.manager [None req-76917bb4-932d-41aa-831e-23457cb4ad1d None None] Publish callbacks [] for port (8c27beea-0ded-4e92-9fd9-ca7ffc8b1603), precommit_create {{(pid=111362) _notify_loop /usr/local/lib/python3.8/dist-packages/neutron_lib/callbacks/manager.py:176}}
May 19 16:54:52.060463 dv-neutron-842133-1-hyperv neutron-server[111361]: DEBUG neutron_lib.callbacks.manager [None req-ad732216-12c5-4f92-a24f-c120ad713d6c tempest-ServersTestManualDisk-1698899633 tempest-ServersTestManualDisk-1698899633-project] Publish callbacks ['neutron.plugins.ml2.ovo_rpc._ObjectChangeHandler.handle_event-4140939'] for security_group (c688e6f3-b199-467e-8179-c3e91ffb83cc), after_create {{(pid=111361) _notify_loop /usr/local/lib/python3.8/dist-packages/neutron_lib/callbacks/manager.py:176}}
May 19 16:54:52.072455 dv-neutron-842133-1-hyperv neutron-server[111362]: DEBUG dbcounter [-] [111362] Writing DB stats neutron:SELECT=92,neutron:INSERT=4,neutron:UPDATE=4 {{(pid=111362) stat_writer /usr/local/lib/python3.8/dist-packages/dbcounter.py:114}}
May 19 16:54:52.103726 dv-neutron-842133-1-hyperv neutron-server[111361]: DEBUG neutron_lib.callbacks.manager [None req-5fbe1d37-2875-4ea5-87a3-0c6378aa5c89 tempest-ExternalNetworksTestJSON-737009277 tempest-ExternalNetworksTestJSON-737009277-project-admin] Publish callbacks [] for port (3a53b824-5950-4f8b-ad68-c83dd0051f48), precommit_create {{(pid=111361) _notify_loop /usr/local/lib/python3.8/dist-packages/neutron_lib/callbacks/manager.py:176}}
May 19 16:54:52.111795 dv-neutron-842133-1-hyperv neutron-server[111361]: DEBUG neutron.api.rpc.handlers.resources_rpc [None req-ad732216-12c5-4f92-a24f-c120ad713d6c tempest-ServersTestManualDisk-1698899633 tempest-ServersTestManualDisk-1698899633-project] Pushing event updated for resources: {'SecurityGroup': ['ID=c688e6f3-b199-467e-8179-c3e91ffb83cc,revision_number=1']} {{(pid=111361) push /opt/stack/neutron/neutron/api/rpc/handlers/resources_rpc.py:237}}
May 19 16:54:52.122633 dv-neutron-842133-1-hyperv neutron-server[111361]: INFO neutron.wsgi [None req-3934c4f2-1a5b-40d2-898e-17fb6a3f4967 tempest-DHCPAgentSchedulersTestJSON-2036390501 tempest-DHCPAgentSchedulersTestJSON-2036390501-project-admin] 10.222.0.64 "POST /v2.0/agents/8a8fc121-a640-4cd1-ae38-76c71ae9de7c/dhcp-networks HTTP/1.1" status: 201 len: 201 time: 0.3934710
May 19 16:54:52.128616 dv-neutron-842133-1-hyperv neutron-server[111361]: DEBUG neutron.wsgi [-] (111361) accepted ('10.222.0.64', 38318) {{(pid=111361) server /usr/local/lib/python3.8/dist-packages/eventlet/wsgi.py:1004}}
May 19 16:54:52.129454 dv-neutron-842133-1-hyperv neutron-server[111362]: DEBUG neutron.api.rpc.handlers.dhcp_rpc [None req-76ada0f4-0a8d-498f-a062-6037b5bd779c None None] Network baf243cc-d98b-4fbf-ae75-6c17018e6082 requested from dv-neutron-842133-1-hyperv {{(pid=111362) get_network_info /opt/stack/neutron/neutron/api/rpc/handlers/dhcp_rpc.py:191}}
May 19 16:54:52.153305 dv-neutron-842133-1-hyperv neutron-server[111362]: DEBUG neutron_lib.callbacks.manager [None req-76917bb4-932d-41aa-831e-23457cb4ad1d None None] Publish callbacks ['neutron.plugins.ml2.plugin.SecurityGroupServerNotifierRpcMixin._notify_sg_on_port_change-1031124', 'neutron.plugins.ml2.ovo_rpc._ObjectChangeHandler.handle_event-88629', 'neutron.api.rpc.agentnotifiers.dhcp_rpc_agent_api.DhcpAgentNotifyAPI._native_event_send_dhcp_notification-3720846', 'neutron.db.l3_dvrscheduler_db._notify_l3_agent_new_port-8731225782550'] for port (8c27beea-0ded-4e92-9fd9-ca7ffc8b1603), after_create {{(pid=111362) _notify_loop /usr/local/lib/python3.8/dist-packages/neutron_lib/callbacks/manager.py:176}}
May 19 16:54:52.183772 dv-neutron-842133-1-hyperv neutron-server[111362]: DEBUG neutron_lib.callbacks.manager [None req-4a2b7946-5879-411f-8262-efeab2b01465 None None] Publish callbacks ['neutron.plugins.ml2.plugin.SecurityGroupServerNotifierRpcMixin._notify_sg_on_port_change-1031124', 'neutron.plugins.ml2.ovo_rpc._ObjectChangeHandler.handle_event-88629', 'neutron.api.rpc.agentnotifiers.dhcp_rpc_agent_api.DhcpAgentNotifyAPI._native_event_send_dhcp_notification-3720846', 'neutron.db.l3_db.L3RpcNotifierMixin._notify_gateway_port_ip_changed-8731226319755', 'neutron.db.l3_dvrscheduler_db._notify_l3_agent_port_update-8731225782568', 'neutron.db.l3_hascheduler_db._notify_l3_agent_ha_port_update-8731225782586'] for port (90a7efb3-a280-47cf-ae07-f37e6d820da3), after_update {{(pid=111362) _notify_loop /usr/local/lib/python3.8/dist-packages/neutron_lib/callbacks/manager.py:176}}
May 19 16:54:52.209096 dv-neutron-842133-1-hyperv neutron-server[111361]: DEBUG neutron_lib.callbacks.manager [None req-abfffb10-1b07-4ddd-81f1-e0a2917b1f8b admin admin] Publish callbacks [] for security_group (None), before_create {{(pid=111361) _notify_loop /usr/local/lib/python3.8/dist-packages/neutron_lib/callbacks/manager.py:176}}
May 19 16:54:52.230581 dv-neutron-842133-1-hyperv neutron-server[111361]: DEBUG neutron_lib.callbacks.manager [None req-ad732216-12c5-4f92-a24f-c120ad713d6c tempest-ServersTestManualDisk-1698899633 tempest-ServersTestManualDisk-1698899633-project] Publish callbacks [] for security_group (None), before_response {{(pid=111361) _notify_loop /usr/local/lib/python3.8/dist-packages/neutron_lib/callbacks/manager.py:176}}
May 19 16:54:52.234442 dv-neutron-842133-1-hyperv neutron-server[111361]: INFO neutron.wsgi [None req-ad732216-12c5-4f92-a24f-c120ad713d6c tempest-ServersTestManualDisk-1698899633 tempest-ServersTestManualDisk-1698899633-project] 10.222.0.64 "POST /v2.0/security-groups HTTP/1.1" status: 201 len: 1797 time: 0.4927349
May 19 16:54:52.234760 dv-neutron-842133-1-hyperv neutron-server[111360]: DEBUG neutron.wsgi [-] (111360) accepted ('10.222.0.64', 38320) {{(pid=111360) server /usr/local/lib/python3.8/dist-packages/eventlet/wsgi.py:1004}}
May 19 16:54:52.263561 dv-neutron-842133-1-hyperv neutron-server[111362]: DEBUG neutron.scheduler.dhcp_agent_scheduler [None req-76917bb4-932d-41aa-831e-23457cb4ad1d None None] Network 9a9a0975-0e7c-4900-84c6-a5bce5cf64b8 is already hosted by enough agents. {{(pid=111362) _get_dhcp_agents_hosting_network /opt/stack/neutron/neutron/scheduler/dhcp_agent_scheduler.py:275}}
May 19 16:54:52.269938 dv-neutron-842133-1-hyperv neutron-server[111362]: DEBUG neutron.scheduler.base_scheduler [None req-76917bb4-932d-41aa-831e-23457cb4ad1d None None] Resources bound (agent type, host, resource id): {{(pid=111362) schedule /opt/stack/neutron/neutron/scheduler/base_scheduler.py:57}}
May 19 16:54:52.273384 dv-neutron-842133-1-hyperv neutron-server[111362]: DEBUG neutron.db.l3_dvrscheduler_db [None req-76917bb4-932d-41aa-831e-23457cb4ad1d None None] Received port after_create {{(pid=111362) _notify_l3_agent_new_port /opt/stack/neutron/neutron/db/l3_dvrscheduler_db.py:536}}
May 19 16:54:52.278968 dv-neutron-842133-1-hyperv neutron-server[111362]: DEBUG neutron.api.rpc.handlers.resources_rpc [None req-76917bb4-932d-41aa-831e-23457cb4ad1d None None] Pushing event updated for resources: {'Port': ['ID=8c27beea-0ded-4e92-9fd9-ca7ffc8b1603,revision_number=1']} {{(pid=111362) push /opt/stack/neutron/neutron/api/rpc/handlers/resources_rpc.py:237}}
May 19 16:54:52.312199 dv-neutron-842133-1-hyperv neutron-server[111361]: DEBUG neutron_lib.callbacks.manager [None req-5fbe1d37-2875-4ea5-87a3-0c6378aa5c89 tempest-ExternalNetworksTestJSON-737009277 tempest-ExternalNetworksTestJSON-737009277-project-admin] Publish callbacks ['neutron.plugins.ml2.plugin.SecurityGroupServerNotifierRpcMixin._notify_sg_on_port_change-1031124', 'neutron.plugins.ml2.ovo_rpc._ObjectChangeHandler.handle_event-88629', 'neutron.api.rpc.agentnotifiers.dhcp_rpc_agent_api.DhcpAgentNotifyAPI._native_event_send_dhcp_notification-3720846', 'neutron.db.l3_dvrscheduler_db._notify_l3_agent_new_port-8731225782550', 'neutron.services.segments.plugin.NovaSegmentNotifier._notify_port_created_or_deleted-9589924'] for port (3a53b824-5950-4f8b-ad68-c83dd0051f48), after_create {{(pid=111361) _notify_loop /usr/local/lib/python3.8/dist-packages/neutron_lib/callbacks/manager.py:176}}
May 19 16:54:52.322132 dv-neutron-842133-1-hyperv neutron-server[111360]: DEBUG neutron.api.v2.base [None req-a7bcaf19-a284-477d-8bb2-49e7cfaaeb85 tempest-ServersTestManualDisk-1698899633 tempest-ServersTestManualDisk-1698899633-project] Request body: {'security_group_rule': {'security_group_id': 'c688e6f3-b199-467e-8179-c3e91ffb83cc', 'protocol': 'tcp', 'ethertype': 'IPv4', 'port_range_min': 22, 'port_range_max': 22, 'direction': 'ingress'}} {{(pid=111360) prepare_request_body /opt/stack/neutron/neutron/api/v2/base.py:730}}
May 19 16:54:52.354161 dv-neutron-842133-1-hyperv neutron-server[111361]: INFO neutron.wsgi [None req-726d39b7-f810-4474-892a-e28f187c2f46 tempest-DHCPAgentSchedulersTestJSON-2036390501 tempest-DHCPAgentSchedulersTestJSON-2036390501-project-admin] 10.222.0.64 "GET /v2.0/agents/8a8fc121-a640-4cd1-ae38-76c71ae9de7c/dhcp-networks HTTP/1.1" status: 200 len: 8024 time: 0.2262979
May 19 16:54:52.359090 dv-neutron-842133-1-hyperv neutron-server[111361]: DEBUG neutron.scheduler.dhcp_agent_scheduler [None req-5fbe1d37-2875-4ea5-87a3-0c6378aa5c89 tempest-ExternalNetworksTestJSON-737009277 tempest-ExternalNetworksTestJSON-737009277-project-admin] Network 4602e713-bef6-4733-843d-6cea1996104c is already hosted by enough agents. {{(pid=111361) _get_dhcp_agents_hosting_network /opt/stack/neutron/neutron/scheduler/dhcp_agent_scheduler.py:275}}
May 19 16:54:52.361739 dv-neutron-842133-1-hyperv neutron-server[111360]: DEBUG neutron.wsgi [-] (111360) accepted ('10.222.0.64', 38322) {{(pid=111360) server /usr/local/lib/python3.8/dist-packages/eventlet/wsgi.py:1004}}
May 19 16:54:52.362592 dv-neutron-842133-1-hyperv neutron-server[111361]: DEBUG neutron.scheduler.base_scheduler [None req-5fbe1d37-2875-4ea5-87a3-0c6378aa5c89 tempest-ExternalNetworksTestJSON-737009277 tempest-ExternalNetworksTestJSON-737009277-project-admin] Resources bound (agent type, host, resource id): {{(pid=111361) schedule /opt/stack/neutron/neutron/scheduler/base_scheduler.py:57}}
May 19 16:54:52.369584 dv-neutron-842133-1-hyperv neutron-server[111361]: DEBUG neutron.db.l3_dvrscheduler_db [None req-5fbe1d37-2875-4ea5-87a3-0c6378aa5c89 tempest-ExternalNetworksTestJSON-737009277 tempest-ExternalNetworksTestJSON-737009277-project-admin] Received port after_create {{(pid=111361) _notify_l3_agent_new_port /opt/stack/neutron/neutron/db/l3_dvrscheduler_db.py:536}}
May 19 16:54:52.402778 dv-neutron-842133-1-hyperv neutron-server[111360]: DEBUG neutron.pecan_wsgi.hooks.policy_enforcement [req-ff98f513-ab0c-46ea-b616-fb4f30d3c778 req-d3f5ce2d-f663-43a8-846c-88bc69bb275a tempest-ServersTestJSON-1054096721 tempest-ServersTestJSON-1054096721-project] Attributes excluded by policy engine: ['standard_attr_id', 'vlan_transparent', 'provider:network_type', 'provider:physical_network', 'provider:segmentation_id'] {{(pid=111360) _exclude_attributes_by_policy /opt/stack/neutron/neutron/pecan_wsgi/hooks/policy_enforcement.py:259}}
May 19 16:54:52.409996 dv-neutron-842133-1-hyperv neutron-server[111360]: INFO neutron.wsgi [req-ff98f513-ab0c-46ea-b616-fb4f30d3c778 req-d3f5ce2d-f663-43a8-846c-88bc69bb275a tempest-ServersTestJSON-1054096721 tempest-ServersTestJSON-1054096721-project] 10.222.0.64 "GET /v2.0/networks?id=2ed844af-5d9c-4938-b9bc-f89da7120647 HTTP/1.1" status: 200 len: 806 time: 0.6389513
May 19 16:54:52.430836 dv-neutron-842133-1-hyperv neutron-server[111361]: DEBUG neutron.api.rpc.handlers.resources_rpc [None req-5fbe1d37-2875-4ea5-87a3-0c6378aa5c89 tempest-ExternalNetworksTestJSON-737009277 tempest-ExternalNetworksTestJSON-737009277-project-admin] Pushing event updated for resources: {'Port': ['ID=3a53b824-5950-4f8b-ad68-c83dd0051f48,revision_number=1']} {{(pid=111361) push /opt/stack/neutron/neutron/api/rpc/handlers/resources_rpc.py:237}}
May 19 16:54:52.440455 dv-neutron-842133-1-hyperv neutron-server[111362]: DEBUG neutron.api.rpc.handlers.resources_rpc [None req-78e8214d-aef1-4f64-a167-a52e30c0ea55 None None] Pushing event updated for resources: {'Port': ['ID=90a7efb3-a280-47cf-ae07-f37e6d820da3,revision_number=3']} {{(pid=111362) push /opt/stack/neutron/neutron/api/rpc/handlers/resources_rpc.py:237}}
May 19 16:54:52.455494 dv-neutron-842133-1-hyperv neutron-server[111362]: DEBUG neutron.plugins.ml2.managers [None req-76917bb4-932d-41aa-831e-23457cb4ad1d None None] Attempting to bind port 8c27beea-0ded-4e92-9fd9-ca7ffc8b1603 on host dv-neutron-842133-1-hyperv for vnic_type normal with profile {{(pid=111362) bind_port /opt/stack/neutron/neutron/plugins/ml2/managers.py:795}}
May 19 16:54:52.456047 dv-neutron-842133-1-hyperv neutron-server[111362]: DEBUG neutron.plugins.ml2.managers [None req-76917bb4-932d-41aa-831e-23457cb4ad1d None None] Attempting to bind port 8c27beea-0ded-4e92-9fd9-ca7ffc8b1603 by drivers openvswitch,hyperv on host dv-neutron-842133-1-hyperv at level 0 using segments [{'id': '60a4e674-4d70-4128-bf84-3f5a3c64d25d', 'network_type': 'vlan', 'physical_network': 'physnet1', 'segmentation_id': 201, 'network_id': '9a9a0975-0e7c-4900-84c6-a5bce5cf64b8'}] {{(pid=111362) _bind_port_level /opt/stack/neutron/neutron/plugins/ml2/managers.py:820}}
May 19 16:54:52.456217 dv-neutron-842133-1-hyperv neutron-server[111362]: DEBUG neutron.plugins.ml2.drivers.mech_agent [None req-76917bb4-932d-41aa-831e-23457cb4ad1d None None] Attempting to bind port 8c27beea-0ded-4e92-9fd9-ca7ffc8b1603 on network 9a9a0975-0e7c-4900-84c6-a5bce5cf64b8 {{(pid=111362) bind_port /opt/stack/neutron/neutron/plugins/ml2/drivers/mech_agent.py:91}}
May 19 16:54:52.460207 dv-neutron-842133-1-hyperv neutron-server[111362]: DEBUG neutron.plugins.ml2.managers [None req-4a2b7946-5879-411f-8262-efeab2b01465 None None] Attempting to bind port 90a7efb3-a280-47cf-ae07-f37e6d820da3 on host dv-neutron-842133-1-hyperv for vnic_type normal with profile {{(pid=111362) bind_port /opt/stack/neutron/neutron/plugins/ml2/managers.py:795}}
May 19 16:54:52.460347 dv-neutron-842133-1-hyperv neutron-server[111362]: DEBUG neutron.plugins.ml2.managers [None req-4a2b7946-5879-411f-8262-efeab2b01465 None None] Attempting to bind port 90a7efb3-a280-47cf-ae07-f37e6d820da3 by drivers openvswitch,hyperv on host dv-neutron-842133-1-hyperv at level 0 using segments [{'id': 'e6adfbdb-370f-4851-ab62-3816aa9231ba', 'network_type': 'vlan', 'physical_network': 'physnet1', 'segmentation_id': 220, 'network_id': '3d63dfa0-a654-4b2a-b2c5-8fd7495a4476'}] {{(pid=111362) _bind_port_level /opt/stack/neutron/neutron/plugins/ml2/managers.py:820}}
May 19 16:54:52.460610 dv-neutron-842133-1-hyperv neutron-server[111362]: DEBUG neutron.plugins.ml2.drivers.mech_agent [None req-4a2b7946-5879-411f-8262-efeab2b01465 None None] Attempting to bind port 90a7efb3-a280-47cf-ae07-f37e6d820da3 on network 3d63dfa0-a654-4b2a-b2c5-8fd7495a4476 {{(pid=111362) bind_port /opt/stack/neutron/neutron/plugins/ml2/drivers/mech_agent.py:91}}
May 19 16:54:52.466259 dv-neutron-842133-1-hyperv neutron-server[111362]: DEBUG neutron.plugins.ml2.drivers.mech_agent [None req-76917bb4-932d-41aa-831e-23457cb4ad1d None None] Checking agent: {'id': '6e82a3c4-e6ca-445e-82f9-23558a4c58af', 'agent_type': 'Open vSwitch agent', 'binary': 'neutron-openvswitch-agent', 'topic': 'N/A', 'host': 'dv-neutron-842133-1-hyperv', 'admin_state_up': True, 'created_at': datetime.datetime(2022, 5, 19, 16, 46, 28), 'started_at': datetime.datetime(2022, 5, 19, 16, 46, 58), 'heartbeat_timestamp': datetime.datetime(2022, 5, 19, 16, 54, 28), 'description': None, 'resources_synced': None, 'availability_zone': None, 'alive': True, 'configurations': {'arp_responder_enabled': False, 'baremetal_smartnic': False, 'bridge_mappings': {'physnet1': 'br-data'}, 'datapath_type': 'system', 'devices': 0, 'enable_distributed_routing': False, 'extensions': [], 'in_distributed_mode': False, 'integration_bridge': 'br-int', 'l2_population': False, 'log_agent_heartbeats': False, 'ovs_capabilities': {'datapath_types': ['netdev', 'system'], 'iface_types': ['erspan', 'geneve', 'gre', 'internal', 'ip6erspan', 'ip6gre', 'lisp', 'patch', 'stt', 'system', 'tap', 'vxlan']}, 'ovs_hybrid_plug': False, 'resource_provider_bandwidths': {}, 'resource_provider_hypervisors': {'br-data': 'dv-neutron-842133-1-hyperv'}, 'resource_provider_inventory_defaults': {'allocation_ratio': 1.0, 'min_unit': 1, 'step_size': 1, 'reserved': 0}, 'resource_provider_packet_processing_inventory_defaults': {'allocation_ratio': 1.0, 'min_unit': 1, 'step_size': 1, 'reserved': 0}, 'resource_provider_packet_processing_with_direction': {}, 'resource_provider_packet_processing_without_direction': {}, 'tunnel_types': [], 'tunneling_ip': None, 'vhostuser_socket_dir': '/var/run/openvswitch'}, 'resource_versions': {'AddressGroup': '1.2', 'Agent': '1.1', 'ConntrackHelper': '1.0', 'LocalIPAssociation': '1.0', 'Log': '1.0', 'NDPProxy': '1.0', 'Network': '1.1', 'Port': '1.7', 'PortForwarding': '1.3', 'QosPolicy': '1.10', 'SecurityGroup': '1.5', 'SecurityGroupRule': '1.2', 'SubPort': '1.0', 'Subnet': '1.1', 'Trunk': '1.1'}} {{(pid=111362) bind_port /opt/stack/neutron/neutron/plugins/ml2/drivers/mech_agent.py:110}}
May 19 16:54:52.466453 dv-neutron-842133-1-hyperv neutron-server[111362]: DEBUG neutron.plugins.ml2.drivers.mech_agent [None req-76917bb4-932d-41aa-831e-23457cb4ad1d None None] Checking segment: {'id': '60a4e674-4d70-4128-bf84-3f5a3c64d25d', 'network_type': 'vlan', 'physical_network': 'physnet1', 'segmentation_id': 201, 'network_id': '9a9a0975-0e7c-4900-84c6-a5bce5cf64b8'} for mappings: {'physnet1': 'br-data'} with network types: ['local', 'flat', 'vlan'] {{(pid=111362) check_segment_for_agent /opt/stack/neutron/neutron/plugins/ml2/drivers/mech_agent.py:373}}
May 19 16:54:52.466833 dv-neutron-842133-1-hyperv neutron-server[111362]: DEBUG neutron_lib.callbacks.manager [None req-76917bb4-932d-41aa-831e-23457cb4ad1d None None] Publish callbacks [] for ovs_bridge_name (None), before_read {{(pid=111362) _notify_loop /usr/local/lib/python3.8/dist-packages/neutron_lib/callbacks/manager.py:176}}
May 19 16:54:52.470882 dv-neutron-842133-1-hyperv neutron-server[111362]: DEBUG neutron.plugins.ml2.drivers.mech_agent [None req-76917bb4-932d-41aa-831e-23457cb4ad1d None None] Bound using segment: {'id': '60a4e674-4d70-4128-bf84-3f5a3c64d25d', 'network_type': 'vlan', 'physical_network': 'physnet1', 'segmentation_id': 201, 'network_id': '9a9a0975-0e7c-4900-84c6-a5bce5cf64b8'} {{(pid=111362) bind_port /opt/stack/neutron/neutron/plugins/ml2/drivers/mech_agent.py:120}}
May 19 16:54:52.470882 dv-neutron-842133-1-hyperv neutron-server[111362]: DEBUG neutron.plugins.ml2.managers [None req-76917bb4-932d-41aa-831e-23457cb4ad1d None None] Bound port: 8c27beea-0ded-4e92-9fd9-ca7ffc8b1603, host: dv-neutron-842133-1-hyperv, vif_type: ovs, vif_details: {"connectivity": "l2", "port_filter": true, "ovs_hybrid_plug": false, "datapath_type": "system", "bridge_name": "br-int"}, binding_levels: [{'bound_driver': 'openvswitch', 'bound_segment': {'id': '60a4e674-4d70-4128-bf84-3f5a3c64d25d', 'network_type': 'vlan', 'physical_network': 'physnet1', 'segmentation_id': 201, 'network_id': '9a9a0975-0e7c-4900-84c6-a5bce5cf64b8'}}] {{(pid=111362) _bind_port_level /opt/stack/neutron/neutron/plugins/ml2/managers.py:932}}
May 19 16:54:52.470882 dv-neutron-842133-1-hyperv neutron-server[111362]: DEBUG neutron_lib.callbacks.manager [None req-76917bb4-932d-41aa-831e-23457cb4ad1d None None] Publish callbacks ['neutron.plugins.ml2.plugin.SecurityGroupDbMixin._ensure_default_security_group_handler-1031034'] for port (8c27beea-0ded-4e92-9fd9-ca7ffc8b1603), before_update {{(pid=111362) _notify_loop /usr/local/lib/python3.8/dist-packages/neutron_lib/callbacks/manager.py:176}}
May 19 16:54:52.479573 dv-neutron-842133-1-hyperv neutron-server[111362]: DEBUG neutron.plugins.ml2.drivers.mech_agent [None req-4a2b7946-5879-411f-8262-efeab2b01465 None None] Checking agent: {'id': '6e82a3c4-e6ca-445e-82f9-23558a4c58af', 'agent_type': 'Open vSwitch agent', 'binary': 'neutron-openvswitch-agent', 'topic': 'N/A', 'host': 'dv-neutron-842133-1-hyperv', 'admin_state_up': True, 'created_at': datetime.datetime(2022, 5, 19, 16, 46, 28), 'started_at': datetime.datetime(2022, 5, 19, 16, 46, 58), 'heartbeat_timestamp': datetime.datetime(2022, 5, 19, 16, 54, 28), 'description': None, 'resources_synced': None, 'availability_zone': None, 'alive': True, 'configurations': {'arp_responder_enabled': False, 'baremetal_smartnic': False, 'bridge_mappings': {'physnet1': 'br-data'}, 'datapath_type': 'system', 'devices': 0, 'enable_distributed_routing': False, 'extensions': [], 'in_distributed_mode': False, 'integration_bridge': 'br-int', 'l2_population': False, 'log_agent_heartbeats': False, 'ovs_capabilities': {'datapath_types': ['netdev', 'system'], 'iface_types': ['erspan', 'geneve', 'gre', 'internal', 'ip6erspan', 'ip6gre', 'lisp', 'patch', 'stt', 'system', 'tap', 'vxlan']}, 'ovs_hybrid_plug': False, 'resource_provider_bandwidths': {}, 'resource_provider_hypervisors': {'br-data': 'dv-neutron-842133-1-hyperv'}, 'resource_provider_inventory_defaults': {'allocation_ratio': 1.0, 'min_unit': 1, 'step_size': 1, 'reserved': 0}, 'resource_provider_packet_processing_inventory_defaults': {'allocation_ratio': 1.0, 'min_unit': 1, 'step_size': 1, 'reserved': 0}, 'resource_provider_packet_processing_with_direction': {}, 'resource_provider_packet_processing_without_direction': {}, 'tunnel_types': [], 'tunneling_ip': None, 'vhostuser_socket_dir': '/var/run/openvswitch'}, 'resource_versions': {'AddressGroup': '1.2', 'Agent': '1.1', 'ConntrackHelper': '1.0', 'LocalIPAssociation': '1.0', 'Log': '1.0', 'NDPProxy': '1.0', 'Network': '1.1', 'Port': '1.7', 'PortForwarding': '1.3', 'QosPolicy': '1.10', 'SecurityGroup': '1.5', 'SecurityGroupRule': '1.2', 'SubPort': '1.0', 'Subnet': '1.1', 'Trunk': '1.1'}} {{(pid=111362) bind_port /opt/stack/neutron/neutron/plugins/ml2/drivers/mech_agent.py:110}}
May 19 16:54:52.479954 dv-neutron-842133-1-hyperv neutron-server[111362]: DEBUG neutron.plugins.ml2.drivers.mech_agent [None req-4a2b7946-5879-411f-8262-efeab2b01465 None None] Checking segment: {'id': 'e6adfbdb-370f-4851-ab62-3816aa9231ba', 'network_type': 'vlan', 'physical_network': 'physnet1', 'segmentation_id': 220, 'network_id': '3d63dfa0-a654-4b2a-b2c5-8fd7495a4476'} for mappings: {'physnet1': 'br-data'} with network types: ['local', 'flat', 'vlan'] {{(pid=111362) check_segment_for_agent /opt/stack/neutron/neutron/plugins/ml2/drivers/mech_agent.py:373}}
May 19 16:54:52.480357 dv-neutron-842133-1-hyperv neutron-server[111362]: DEBUG neutron_lib.callbacks.manager [None req-4a2b7946-5879-411f-8262-efeab2b01465 None None] Publish callbacks [] for ovs_bridge_name (None), before_read {{(pid=111362) _notify_loop /usr/local/lib/python3.8/dist-packages/neutron_lib/callbacks/manager.py:176}}
May 19 16:54:52.480800 dv-neutron-842133-1-hyperv neutron-server[111362]: DEBUG neutron.plugins.ml2.drivers.mech_agent [None req-4a2b7946-5879-411f-8262-efeab2b01465 None None] Bound using segment: {'id': 'e6adfbdb-370f-4851-ab62-3816aa9231ba', 'network_type': 'vlan', 'physical_network': 'physnet1', 'segmentation_id': 220, 'network_id': '3d63dfa0-a654-4b2a-b2c5-8fd7495a4476'} {{(pid=111362) bind_port /opt/stack/neutron/neutron/plugins/ml2/drivers/mech_agent.py:120}}
May 19 16:54:52.481225 dv-neutron-842133-1-hyperv neutron-server[111362]: DEBUG neutron.plugins.ml2.managers [None req-4a2b7946-5879-411f-8262-efeab2b01465 None None] Bound port: 90a7efb3-a280-47cf-ae07-f37e6d820da3, host: dv-neutron-842133-1-hyperv, vif_type: ovs, vif_details: {"connectivity": "l2", "port_filter": true, "ovs_hybrid_plug": false, "datapath_type": "system", "bridge_name": "br-int"}, binding_levels: [{'bound_driver': 'openvswitch', 'bound_segment': {'id': 'e6adfbdb-370f-4851-ab62-3816aa9231ba', 'network_type': 'vlan', 'physical_network': 'physnet1', 'segmentation_id': 220, 'network_id': '3d63dfa0-a654-4b2a-b2c5-8fd7495a4476'}}] {{(pid=111362) _bind_port_level /opt/stack/neutron/neutron/plugins/ml2/managers.py:932}}
May 19 16:54:52.482168 dv-neutron-842133-1-hyperv neutron-server[111362]: DEBUG neutron_lib.callbacks.manager [None req-4a2b7946-5879-411f-8262-efeab2b01465 None None] Publish callbacks ['neutron.plugins.ml2.plugin.SecurityGroupDbMixin._ensure_default_security_group_handler-1031034'] for port (90a7efb3-a280-47cf-ae07-f37e6d820da3), before_update {{(pid=111362) _notify_loop /usr/local/lib/python3.8/dist-packages/neutron_lib/callbacks/manager.py:176}}
May 19 16:54:52.503259 dv-neutron-842133-1-hyperv neutron-server[111360]: DEBUG neutron_lib.callbacks.manager [None req-0d50bdea-79f0-4a90-bfb2-85140542a8e0 admin admin] Publish callbacks ['neutron.plugins.ml2.ovo_rpc._ObjectChangeHandler.handle_event-4140939'] for security_group (d0b3169c-9fb0-4345-95c7-7c7c155cd205), after_delete {{(pid=111360) _notify_loop /usr/local/lib/python3.8/dist-packages/neutron_lib/callbacks/manager.py:176}}
May 19 16:54:52.506849 dv-neutron-842133-1-hyperv neutron-server[111360]: DEBUG neutron_lib.callbacks.manager [None req-0d50bdea-79f0-4a90-bfb2-85140542a8e0 admin admin] Publish callbacks [] for security_group (None), before_response {{(pid=111360) _notify_loop /usr/local/lib/python3.8/dist-packages/neutron_lib/callbacks/manager.py:176}}
May 19 16:54:52.510952 dv-neutron-842133-1-hyperv neutron-server[111360]: INFO neutron.wsgi [None req-0d50bdea-79f0-4a90-bfb2-85140542a8e0 admin admin] 10.222.0.64 "DELETE /v2.0/security-groups/d0b3169c-9fb0-4345-95c7-7c7c155cd205 HTTP/1.1" status: 204 len: 168 time: 1.4370089
May 19 16:54:52.529105 dv-neutron-842133-1-hyperv neutron-server[111360]: INFO neutron.wsgi [req-ff98f513-ab0c-46ea-b616-fb4f30d3c778 req-3b040de9-b0c7-4686-8629-f3eba8e57413 tempest-ServersTestJSON-1054096721 tempest-ServersTestJSON-1054096721-project] 10.222.0.64 "GET /v2.0/quotas/0f3bc6ad7851476ca2f25b1c6ad039db HTTP/1.1" status: 200 len: 375 time: 0.1179917
May 19 16:54:52.552255 dv-neutron-842133-1-hyperv neutron-server[111361]: DEBUG neutron_lib.callbacks.manager [None req-5fbe1d37-2875-4ea5-87a3-0c6378aa5c89 tempest-ExternalNetworksTestJSON-737009277 tempest-ExternalNetworksTestJSON-737009277-project-admin] Publish callbacks [] for floatingip (712c51a3-9f0b-4098-a127-44dcbb6fc2d8), precommit_create {{(pid=111361) _notify_loop /usr/local/lib/python3.8/dist-packages/neutron_lib/callbacks/manager.py:176}}
May 19 16:54:52.598662 dv-neutron-842133-1-hyperv neutron-server[111361]: DEBUG dbcounter [-] [111361] Writing DB stats neutron:SELECT=93,neutron:UPDATE=2,neutron:INSERT=5 {{(pid=111361) stat_writer /usr/local/lib/python3.8/dist-packages/dbcounter.py:114}}
May 19 16:54:52.603520 dv-neutron-842133-1-hyperv neutron-server[111361]: DEBUG neutron_lib.callbacks.manager [None req-abfffb10-1b07-4ddd-81f1-e0a2917b1f8b admin admin] Publish callbacks [] for security_group (c3a6e45a-cf37-47c8-b5af-ba8bd57dd0cf), precommit_create {{(pid=111361) _notify_loop /usr/local/lib/python3.8/dist-packages/neutron_lib/callbacks/manager.py:176}}
May 19 16:54:52.610381 dv-neutron-842133-1-hyperv neutron-server[111362]: DEBUG neutron.plugins.ml2.db [None req-76917bb4-932d-41aa-831e-23457cb4ad1d None None] For port 8c27beea-0ded-4e92-9fd9-ca7ffc8b1603, host dv-neutron-842133-1-hyperv, cleared binding levels {{(pid=111362) clear_binding_levels /opt/stack/neutron/neutron/plugins/ml2/db.py:87}}
May 19 16:54:52.614829 dv-neutron-842133-1-hyperv neutron-server[111362]: DEBUG neutron.plugins.ml2.db [None req-76917bb4-932d-41aa-831e-23457cb4ad1d None None] For port 8c27beea-0ded-4e92-9fd9-ca7ffc8b1603, host dv-neutron-842133-1-hyperv, set binding levels [PortBindingLevel(driver='openvswitch',host='dv-neutron-842133-1-hyperv',level=0,port_id=8c27beea-0ded-4e92-9fd9-ca7ffc8b1603,segment=NetworkSegment(60a4e674-4d70-4128-bf84-3f5a3c64d25d),segment_id=60a4e674-4d70-4128-bf84-3f5a3c64d25d)] {{(pid=111362) set_binding_levels /opt/stack/neutron/neutron/plugins/ml2/db.py:59}}
May 19 16:54:52.625465 dv-neutron-842133-1-hyperv neutron-server[111362]: DEBUG neutron.plugins.ml2.db [None req-4a2b7946-5879-411f-8262-efeab2b01465 None None] For port 90a7efb3-a280-47cf-ae07-f37e6d820da3, host dv-neutron-842133-1-hyperv, cleared binding levels {{(pid=111362) clear_binding_levels /opt/stack/neutron/neutron/plugins/ml2/db.py:87}}
May 19 16:54:52.628978 dv-neutron-842133-1-hyperv neutron-server[111362]: DEBUG neutron.plugins.ml2.db [None req-4a2b7946-5879-411f-8262-efeab2b01465 None None] For port 90a7efb3-a280-47cf-ae07-f37e6d820da3, host dv-neutron-842133-1-hyperv, set binding levels [PortBindingLevel(driver='openvswitch',host='dv-neutron-842133-1-hyperv',level=0,port_id=90a7efb3-a280-47cf-ae07-f37e6d820da3,segment=NetworkSegment(e6adfbdb-370f-4851-ab62-3816aa9231ba),segment_id=e6adfbdb-370f-4851-ab62-3816aa9231ba)] {{(pid=111362) set_binding_levels /opt/stack/neutron/neutron/plugins/ml2/db.py:59}}
May 19 16:54:52.635920 dv-neutron-842133-1-hyperv neutron-server[111360]: DEBUG neutron.api.rpc.handlers.resources_rpc [None req-0d50bdea-79f0-4a90-bfb2-85140542a8e0 admin admin] Pushing event deleted for resources: {'SecurityGroup': ['ID=d0b3169c-9fb0-4345-95c7-7c7c155cd205,revision_number=None']} {{(pid=111360) push /opt/stack/neutron/neutron/api/rpc/handlers/resources_rpc.py:237}}
May 19 16:54:52.638980 dv-neutron-842133-1-hyperv neutron-server[111360]: DEBUG neutron_lib.callbacks.manager [None req-a7bcaf19-a284-477d-8bb2-49e7cfaaeb85 tempest-ServersTestManualDisk-1698899633 tempest-ServersTestManualDisk-1698899633-project] Publish callbacks [] for security_group_rule (2417cf2f-e031-4ee9-9224-9d1f46fdccd8), before_create {{(pid=111360) _notify_loop /usr/local/lib/python3.8/dist-packages/neutron_lib/callbacks/manager.py:176}}
May 19 16:54:52.669419 dv-neutron-842133-1-hyperv neutron-server[111362]: DEBUG neutron.db.provisioning_blocks [None req-334b580a-550e-4d1d-b061-925878372801 None None] Provisioning complete for port 90a7efb3-a280-47cf-ae07-f37e6d820da3 triggered by entity DHCP. {{(pid=111362) provisioning_complete /opt/stack/neutron/neutron/db/provisioning_blocks.py:145}}
May 19 16:54:52.669856 dv-neutron-842133-1-hyperv neutron-server[111362]: DEBUG neutron_lib.callbacks.manager [None req-334b580a-550e-4d1d-b061-925878372801 None None] Publish callbacks ['neutron.plugins.ml2.plugin.Ml2Plugin._port_provisioned-622826'] for port (90a7efb3-a280-47cf-ae07-f37e6d820da3), provisioning_complete {{(pid=111362) _notify_loop /usr/local/lib/python3.8/dist-packages/neutron_lib/callbacks/manager.py:176}}
May 19 16:54:52.676460 dv-neutron-842133-1-hyperv neutron-server[111361]: DEBUG neutron_lib.callbacks.manager [None req-5fbe1d37-2875-4ea5-87a3-0c6378aa5c89 tempest-ExternalNetworksTestJSON-737009277 tempest-ExternalNetworksTestJSON-737009277-project-admin] Publish callbacks ['neutron.plugins.ml2.plugin.SecurityGroupDbMixin._ensure_default_security_group_handler-1031034'] for port (3a53b824-5950-4f8b-ad68-c83dd0051f48), before_update {{(pid=111361) _notify_loop /usr/local/lib/python3.8/dist-packages/neutron_lib/callbacks/manager.py:176}}
May 19 16:54:52.702571 dv-neutron-842133-1-hyperv neutron-server[111361]: DEBUG neutron_lib.callbacks.manager [None req-abfffb10-1b07-4ddd-81f1-e0a2917b1f8b admin admin] Publish callbacks ['neutron.plugins.ml2.ovo_rpc._ObjectChangeHandler.handle_event-4140939'] for security_group (c3a6e45a-cf37-47c8-b5af-ba8bd57dd0cf), after_create {{(pid=111361) _notify_loop /usr/local/lib/python3.8/dist-packages/neutron_lib/callbacks/manager.py:176}}
May 19 16:54:52.714485 dv-neutron-842133-1-hyperv neutron-server[111362]: DEBUG neutron.plugins.ml2.plugin [None req-334b580a-550e-4d1d-b061-925878372801 None None] Port 90a7efb3-a280-47cf-ae07-f37e6d820da3 cannot update to ACTIVE because it is not bound. {{(pid=111362) _port_provisioned /opt/stack/neutron/neutron/plugins/ml2/plugin.py:352}}
May 19 16:54:52.746046 dv-neutron-842133-1-hyperv neutron-server[111360]: DEBUG neutron_lib.callbacks.manager [None req-3cea08b8-241d-46b6-8a94-4a055eaacddc tempest-RoutersAdminTest-915271060 tempest-RoutersAdminTest-915271060-project-admin] Publish callbacks [] for router_gateway (cfe109f0-1854-402a-af93-cc2256aaa264), after_create {{(pid=111360) _notify_loop /usr/local/lib/python3.8/dist-packages/neutron_lib/callbacks/manager.py:176}}
May 19 16:54:52.747442 dv-neutron-842133-1-hyperv neutron-server[111360]: DEBUG neutron_lib.callbacks.manager [None req-4a01856b-d29b-45d9-824e-d6670846540c tempest-FloatingIPAdminTestJSON-1718455251 tempest-FloatingIPAdminTestJSON-1718455251-project] Publish callbacks [] for router_gateway (a9e7e045-5955-4a0b-bc03-5de4a3c495c7), before_create {{(pid=111360) _notify_loop /usr/local/lib/python3.8/dist-packages/neutron_lib/callbacks/manager.py:176}}
May 19 16:54:52.759367 dv-neutron-842133-1-hyperv neutron-server[111362]: DEBUG neutron_lib.callbacks.manager [None req-4a2b7946-5879-411f-8262-efeab2b01465 None None] Publish callbacks ['neutron.plugins.ml2.plugin.SecurityGroupServerNotifierRpcMixin._notify_sg_on_port_change-1031124', 'neutron.plugins.ml2.ovo_rpc._ObjectChangeHandler.handle_event-88629', 'neutron.api.rpc.agentnotifiers.dhcp_rpc_agent_api.DhcpAgentNotifyAPI._native_event_send_dhcp_notification-3720846', 'neutron.db.l3_db.L3RpcNotifierMixin._notify_gateway_port_ip_changed-8731226319755', 'neutron.db.l3_dvrscheduler_db._notify_l3_agent_port_update-8731225782568', 'neutron.db.l3_hascheduler_db._notify_l3_agent_ha_port_update-8731225782586'] for port (90a7efb3-a280-47cf-ae07-f37e6d820da3), after_update {{(pid=111362) _notify_loop /usr/local/lib/python3.8/dist-packages/neutron_lib/callbacks/manager.py:176}}
May 19 16:54:52.762124 dv-neutron-842133-1-hyperv neutron-server[111362]: DEBUG neutron_lib.callbacks.manager [None req-76917bb4-932d-41aa-831e-23457cb4ad1d None None] Publish callbacks ['neutron.plugins.ml2.plugin.SecurityGroupServerNotifierRpcMixin._notify_sg_on_port_change-1031124', 'neutron.plugins.ml2.ovo_rpc._ObjectChangeHandler.handle_event-88629', 'neutron.api.rpc.agentnotifiers.dhcp_rpc_agent_api.DhcpAgentNotifyAPI._native_event_send_dhcp_notification-3720846', 'neutron.db.l3_db.L3RpcNotifierMixin._notify_gateway_port_ip_changed-8731226319755', 'neutron.db.l3_dvrscheduler_db._notify_l3_agent_port_update-8731225782568', 'neutron.db.l3_hascheduler_db._notify_l3_agent_ha_port_update-8731225782586'] for port (8c27beea-0ded-4e92-9fd9-ca7ffc8b1603), after_update {{(pid=111362) _notify_loop /usr/local/lib/python3.8/dist-packages/neutron_lib/callbacks/manager.py:176}}
May 19 16:54:52.777564 dv-neutron-842133-1-hyperv neutron-server[111361]: DEBUG neutron.api.rpc.handlers.resources_rpc [None req-abfffb10-1b07-4ddd-81f1-e0a2917b1f8b admin admin] Pushing event updated for resources: {'SecurityGroup': ['ID=c3a6e45a-cf37-47c8-b5af-ba8bd57dd0cf,revision_number=1']} {{(pid=111361) push /opt/stack/neutron/neutron/api/rpc/handlers/resources_rpc.py:237}}
May 19 16:54:52.785396 dv-neutron-842133-1-hyperv neutron-server[111361]: INFO neutron.wsgi [None req-abfffb10-1b07-4ddd-81f1-e0a2917b1f8b admin admin] 10.222.0.64 "GET /v2.0/security-groups?tenant_id=13de7774d3534419a382a039b329f5ac&name=default HTTP/1.1" status: 200 len: 2996 time: 0.7971077
May 19 16:54:52.787885 dv-neutron-842133-1-hyperv neutron-server[111361]: DEBUG neutron.wsgi [-] (111361) accepted ('10.222.0.64', 38326) {{(pid=111361) server /usr/local/lib/python3.8/dist-packages/eventlet/wsgi.py:1004}}
May 19 16:54:52.811830 dv-neutron-842133-1-hyperv neutron-server[111360]: INFO neutron.wsgi [req-ff98f513-ab0c-46ea-b616-fb4f30d3c778 req-658c51ee-45f2-412f-b7ce-f13ef0a3d045 tempest-ServersTestJSON-1054096721 tempest-ServersTestJSON-1054096721-project] 10.222.0.64 "GET /v2.0/ports?tenant_id=0f3bc6ad7851476ca2f25b1c6ad039db&fields=id HTTP/1.1" status: 200 len: 302 time: 0.2814524
May 19 16:54:52.845388 dv-neutron-842133-1-hyperv neutron-server[111360]: INFO neutron.wsgi [None req-c08c2675-b967-4372-8693-a35322a0cacf tempest-DHCPAgentSchedulersTestJSON-2036390501 tempest-DHCPAgentSchedulersTestJSON-2036390501-project-admin] 10.222.0.64 "DELETE /v2.0/agents/8a8fc121-a640-4cd1-ae38-76c71ae9de7c/dhcp-networks/baf243cc-d98b-4fbf-ae75-6c17018e6082 HTTP/1.1" status: 204 len: 168 time: 0.4779496
May 19 16:54:52.850903 dv-neutron-842133-1-hyperv neutron-server[111360]: DEBUG neutron.wsgi [-] (111360) accepted ('10.222.0.64', 38330) {{(pid=111360) server /usr/local/lib/python3.8/dist-packages/eventlet/wsgi.py:1004}}
May 19 16:54:52.854276 dv-neutron-842133-1-hyperv neutron-server[111360]: DEBUG neutron_lib.callbacks.manager [None req-4a01856b-d29b-45d9-824e-d6670846540c tempest-FloatingIPAdminTestJSON-1718455251 tempest-FloatingIPAdminTestJSON-1718455251-project] Publish callbacks ['neutron.plugins.ml2.plugin.SecurityGroupDbMixin._ensure_default_security_group_handler-1031034'] for port (None), before_create {{(pid=111360) _notify_loop /usr/local/lib/python3.8/dist-packages/neutron_lib/callbacks/manager.py:176}}
May 19 16:54:52.893357 dv-neutron-842133-1-hyperv neutron-server[111361]: DEBUG neutron_lib.callbacks.manager [None req-fe84d106-e9bc-4087-b8b3-c532c630d530 admin admin] Publish callbacks [] for security_group (c3a6e45a-cf37-47c8-b5af-ba8bd57dd0cf), before_delete {{(pid=111361) _notify_loop /usr/local/lib/python3.8/dist-packages/neutron_lib/callbacks/manager.py:176}}
May 19 16:54:52.913942 dv-neutron-842133-1-hyperv neutron-server[111362]: DEBUG dbcounter [-] [111362] Writing DB stats neutron:SELECT=96,neutron:UPDATE=4 {{(pid=111362) stat_writer /usr/local/lib/python3.8/dist-packages/dbcounter.py:114}}
May 19 16:54:52.917442 dv-neutron-842133-1-hyperv neutron-server[111362]: DEBUG neutron.db.l3_dvrscheduler_db [None req-4a2b7946-5879-411f-8262-efeab2b01465 None None] Routers {'0c21ee8e-4d2f-4001-9798-555065451023'} bound to L3 agent in host dv-neutron-842133-1-hyperv {{(pid=111362) _get_router_ids_for_agent /opt/stack/neutron/neutron/db/l3_dvrscheduler_db.py:421}}
May 19 16:54:52.921617 dv-neutron-842133-1-hyperv neutron-server[111362]: DEBUG neutron.db.l3_hamode_db [None req-4a2b7946-5879-411f-8262-efeab2b01465 None None] neutron.services.l3_router.l3_router_plugin.L3RouterPlugin method get_ha_sync_data_for_host called with arguments (, 'dv-neutron-842133-1-hyperv', Agent(admin_state_up=True,agent_type='L3 agent',availability_zone='nova',binary='neutron-l3-agent',configurations={"agent_mode": "legacy", "ex_gw_ports": 1, "extensions": [], "floating_ips": 0, "handle_internal_only_routers": true, "interface_driver": "openvswitch", "interfaces": 1, "log_agent_heartbeats": false, "routers": 1},created_at=2022-05-19T16:46:23Z,description=,heartbeat_timestamp=2022-05-19T16:54:23Z,host='dv-neutron-842133-1-hyperv',id=13ea99b4-0e07-41e1-af92-e79daca1171a,load=0,resource_versions=,resources_synced=,started_at=2022-05-19T16:46:24Z,topic='l3_agent')) {'router_ids': ['0c21ee8e-4d2f-4001-9798-555065451023'], 'active': True} {{(pid=111362) wrapper /usr/local/lib/python3.8/dist-packages/oslo_log/helpers.py:65}}
May 19 16:54:52.931537 dv-neutron-842133-1-hyperv neutron-server[111362]: DEBUG neutron.api.rpc.handlers.resources_rpc [None req-78e8214d-aef1-4f64-a167-a52e30c0ea55 None None] Pushing event updated for resources: {'Port': ['ID=90a7efb3-a280-47cf-ae07-f37e6d820da3,revision_number=4']} {{(pid=111362) push /opt/stack/neutron/neutron/api/rpc/handlers/resources_rpc.py:237}}
May 19 16:54:52.949086 dv-neutron-842133-1-hyperv neutron-server[111361]: DEBUG neutron_lib.callbacks.manager [None req-fe84d106-e9bc-4087-b8b3-c532c630d530 admin admin] Publish callbacks [] for security_group (c3a6e45a-cf37-47c8-b5af-ba8bd57dd0cf), precommit_delete {{(pid=111361) _notify_loop /usr/local/lib/python3.8/dist-packages/neutron_lib/callbacks/manager.py:176}}
May 19 16:54:53.067811 dv-neutron-842133-1-hyperv neutron-server[111361]: DEBUG neutron_lib.callbacks.manager [None req-5fbe1d37-2875-4ea5-87a3-0c6378aa5c89 tempest-ExternalNetworksTestJSON-737009277 tempest-ExternalNetworksTestJSON-737009277-project-admin] Publish callbacks [] for port (3a53b824-5950-4f8b-ad68-c83dd0051f48), precommit_update {{(pid=111361) _notify_loop /usr/local/lib/python3.8/dist-packages/neutron_lib/callbacks/manager.py:176}}
