May 19 05:02:35.510483 dv-neutron-841944-1-hyperv devstack@placement-api.service[114970]: INFO placement.requestlog [req-a2e13bf8-be48-4d85-b176-f2c5bd2a73e9 req-e8f031d8-8f69-486b-80bd-a280540e7cd5 service placement] 10.222.0.48 "DELETE /placement/allocations/d15797e8-c179-41c5-8555-9eb9fbfa20e4" status: 204 len: 0 microversion: 1.0
May 19 05:02:35.510749 dv-neutron-841944-1-hyperv devstack@placement-api.service[114970]: [pid: 114970|app: 0|req: 53/106] 10.222.0.48 () {60 vars in 1355 bytes} [Thu May 19 05:02:35 2022] DELETE /placement/allocations/d15797e8-c179-41c5-8555-9eb9fbfa20e4 => generated 0 bytes in 34 msecs (HTTP/1.1 204) 5 headers in 198 bytes (1 switches on core 0)
May 19 05:02:48.571797 dv-neutron-841944-1-hyperv devstack@placement-api.service[114971]: DEBUG placement.requestlog [req-68bb5152-a0bc-473b-b1a8-c3f8a85b5ffb req-967241bf-e32e-44ed-b818-8c1248c6dae5 None None] Starting request: 10.222.0.52 "GET /placement/allocation_candidates?limit=1000&resources=DISK_GB%3A1%2CMEMORY_MB%3A1024%2CVCPU%3A1&root_required=%21COMPUTE_STATUS_DISABLED" {{(pid=114971) __call__ /opt/stack/placement/placement/requestlog.py:55}}
May 19 05:02:48.609670 dv-neutron-841944-1-hyperv devstack@placement-api.service[114971]: DEBUG placement.objects.research_context [req-68bb5152-a0bc-473b-b1a8-c3f8a85b5ffb req-967241bf-e32e-44ed-b818-8c1248c6dae5 service placement] getting providers with 1 DISK_GB {{(pid=114971) __init__ /opt/stack/placement/placement/objects/research_context.py:126}}
May 19 05:02:48.616663 dv-neutron-841944-1-hyperv devstack@placement-api.service[114971]: DEBUG placement.objects.research_context [req-68bb5152-a0bc-473b-b1a8-c3f8a85b5ffb req-967241bf-e32e-44ed-b818-8c1248c6dae5 service placement] getting providers with 1024 MEMORY_MB {{(pid=114971) __init__ /opt/stack/placement/placement/objects/research_context.py:126}}
May 19 05:02:48.624245 dv-neutron-841944-1-hyperv devstack@placement-api.service[114971]: DEBUG placement.objects.research_context [req-68bb5152-a0bc-473b-b1a8-c3f8a85b5ffb req-967241bf-e32e-44ed-b818-8c1248c6dae5 service placement] getting providers with 1 VCPU {{(pid=114971) __init__ /opt/stack/placement/placement/objects/research_context.py:126}}
May 19 05:02:48.631160 dv-neutron-841944-1-hyperv devstack@placement-api.service[114971]: DEBUG placement.objects.research_context [req-68bb5152-a0bc-473b-b1a8-c3f8a85b5ffb req-967241bf-e32e-44ed-b818-8c1248c6dae5 service placement] found 1 providers with available 1 DISK_GB {{(pid=114971) get_provider_ids_matching /opt/stack/placement/placement/objects/research_context.py:549}}
May 19 05:02:48.631682 dv-neutron-841944-1-hyperv devstack@placement-api.service[114971]: DEBUG placement.objects.research_context [req-68bb5152-a0bc-473b-b1a8-c3f8a85b5ffb req-967241bf-e32e-44ed-b818-8c1248c6dae5 service placement] found 1 providers with available 1024 MEMORY_MB {{(pid=114971) get_provider_ids_matching /opt/stack/placement/placement/objects/research_context.py:549}}
May 19 05:02:48.632111 dv-neutron-841944-1-hyperv devstack@placement-api.service[114971]: DEBUG placement.objects.research_context [req-68bb5152-a0bc-473b-b1a8-c3f8a85b5ffb req-967241bf-e32e-44ed-b818-8c1248c6dae5 service placement] found 1 providers after filtering by previous result {{(pid=114971) get_provider_ids_matching /opt/stack/placement/placement/objects/research_context.py:580}}
May 19 05:02:48.632541 dv-neutron-841944-1-hyperv devstack@placement-api.service[114971]: DEBUG placement.objects.research_context [req-68bb5152-a0bc-473b-b1a8-c3f8a85b5ffb req-967241bf-e32e-44ed-b818-8c1248c6dae5 service placement] found 1 providers with available 1 VCPU {{(pid=114971) get_provider_ids_matching /opt/stack/placement/placement/objects/research_context.py:549}}
May 19 05:02:48.632805 dv-neutron-841944-1-hyperv devstack@placement-api.service[114971]: DEBUG placement.objects.research_context [req-68bb5152-a0bc-473b-b1a8-c3f8a85b5ffb req-967241bf-e32e-44ed-b818-8c1248c6dae5 service placement] found 1 providers after filtering by previous result {{(pid=114971) get_provider_ids_matching /opt/stack/placement/placement/objects/research_context.py:580}}
May 19 05:02:48.649853 dv-neutron-841944-1-hyperv devstack@placement-api.service[114971]: DEBUG placement.objects.allocation_candidate [req-68bb5152-a0bc-473b-b1a8-c3f8a85b5ffb req-967241bf-e32e-44ed-b818-8c1248c6dae5 service placement] RequestGroup(use_same_provider=False, resources={DISK_GB:1, MEMORY_MB:1024, VCPU:1}, traits=[], aggregates=[]) (suffix '') returned 1 matches {{(pid=114971) _get_by_requests /opt/stack/placement/placement/objects/allocation_candidate.py:145}}
May 19 05:02:48.650194 dv-neutron-841944-1-hyperv devstack@placement-api.service[114971]: DEBUG placement.objects.allocation_candidate [req-68bb5152-a0bc-473b-b1a8-c3f8a85b5ffb req-967241bf-e32e-44ed-b818-8c1248c6dae5 service placement] Merging candidates yields 1 allocation requests and 1 provider summaries {{(pid=114971) _merge_candidates /opt/stack/placement/placement/objects/allocation_candidate.py:783}}
May 19 05:02:48.651799 dv-neutron-841944-1-hyperv devstack@placement-api.service[114971]: INFO placement.requestlog [req-68bb5152-a0bc-473b-b1a8-c3f8a85b5ffb req-967241bf-e32e-44ed-b818-8c1248c6dae5 service placement] 10.222.0.52 "GET /placement/allocation_candidates?limit=1000&resources=DISK_GB%3A1%2CMEMORY_MB%3A1024%2CVCPU%3A1&root_required=%21COMPUTE_STATUS_DISABLED" status: 200 len: 767 microversion: 1.36
May 19 05:02:48.652531 dv-neutron-841944-1-hyperv devstack@placement-api.service[114971]: [pid: 114971|app: 0|req: 54/107] 10.222.0.52 () {60 vars in 1506 bytes} [Thu May 19 05:02:48 2022] GET /placement/allocation_candidates?limit=1000&resources=DISK_GB%3A1%2CMEMORY_MB%3A1024%2CVCPU%3A1&root_required=%21COMPUTE_STATUS_DISABLED => generated 767 bytes in 81 msecs (HTTP/1.1 200) 8 headers in 296 bytes (1 switches on core 0)
May 19 05:02:48.692729 dv-neutron-841944-1-hyperv devstack@placement-api.service[114970]: DEBUG placement.requestlog [req-68bb5152-a0bc-473b-b1a8-c3f8a85b5ffb req-acdc6a50-d7f4-4b05-a5a0-1330815219e4 None None] Starting request: 10.222.0.52 "GET /placement/allocations/2e095005-a393-466f-9e92-a9237a97343a" {{(pid=114970) __call__ /opt/stack/placement/placement/requestlog.py:55}}
May 19 05:02:48.704934 dv-neutron-841944-1-hyperv devstack@placement-api.service[114970]: INFO placement.requestlog [req-68bb5152-a0bc-473b-b1a8-c3f8a85b5ffb req-acdc6a50-d7f4-4b05-a5a0-1330815219e4 service placement] 10.222.0.52 "GET /placement/allocations/2e095005-a393-466f-9e92-a9237a97343a" status: 200 len: 19 microversion: 1.28
May 19 05:02:48.705251 dv-neutron-841944-1-hyperv devstack@placement-api.service[114970]: [pid: 114970|app: 0|req: 54/108] 10.222.0.52 () {60 vars in 1380 bytes} [Thu May 19 05:02:48 2022] GET /placement/allocations/2e095005-a393-466f-9e92-a9237a97343a => generated 19 bytes in 13 msecs (HTTP/1.1 200) 8 headers in 295 bytes (1 switches on core 0)
May 19 05:02:48.713057 dv-neutron-841944-1-hyperv devstack@placement-api.service[114971]: DEBUG placement.requestlog [req-68bb5152-a0bc-473b-b1a8-c3f8a85b5ffb req-56af5bad-829c-4cf3-bc02-648382ca7b59 None None] Starting request: 10.222.0.52 "PUT /placement/allocations/2e095005-a393-466f-9e92-a9237a97343a" {{(pid=114971) __call__ /opt/stack/placement/placement/requestlog.py:55}}
May 19 05:02:48.774936 dv-neutron-841944-1-hyperv devstack@placement-api.service[114971]: DEBUG placement.handlers.allocation [req-68bb5152-a0bc-473b-b1a8-c3f8a85b5ffb req-56af5bad-829c-4cf3-bc02-648382ca7b59 service placement] Successfully wrote allocations [, , ] {{(pid=114971) _update_consumers_and_create_allocations /opt/stack/placement/placement/handlers/allocation.py:462}}
May 19 05:02:48.778517 dv-neutron-841944-1-hyperv devstack@placement-api.service[114971]: INFO placement.requestlog [req-68bb5152-a0bc-473b-b1a8-c3f8a85b5ffb req-56af5bad-829c-4cf3-bc02-648382ca7b59 service placement] 10.222.0.52 "PUT /placement/allocations/2e095005-a393-466f-9e92-a9237a97343a" status: 204 len: 0 microversion: 1.36
May 19 05:02:48.778981 dv-neutron-841944-1-hyperv devstack@placement-api.service[114971]: [pid: 114971|app: 0|req: 55/109] 10.222.0.52 () {64 vars in 1433 bytes} [Thu May 19 05:02:48 2022] PUT /placement/allocations/2e095005-a393-466f-9e92-a9237a97343a => generated 0 bytes in 66 msecs (HTTP/1.1 204) 5 headers in 199 bytes (1 switches on core 0)
May 19 05:02:49.056076 dv-neutron-841944-1-hyperv devstack@placement-api.service[114970]: DEBUG placement.requestlog [req-68bb5152-a0bc-473b-b1a8-c3f8a85b5ffb req-7c50ba73-d596-4912-a2ee-4bbba7832db8 None None] Starting request: 10.222.0.48 "GET /placement/allocations/2e095005-a393-466f-9e92-a9237a97343a" {{(pid=114970) __call__ /opt/stack/placement/placement/requestlog.py:55}}
May 19 05:02:49.074031 dv-neutron-841944-1-hyperv devstack@placement-api.service[114970]: INFO placement.requestlog [req-68bb5152-a0bc-473b-b1a8-c3f8a85b5ffb req-7c50ba73-d596-4912-a2ee-4bbba7832db8 service placement] 10.222.0.48 "GET /placement/allocations/2e095005-a393-466f-9e92-a9237a97343a" status: 200 len: 259 microversion: 1.28
May 19 05:02:49.074410 dv-neutron-841944-1-hyperv devstack@placement-api.service[114970]: [pid: 114970|app: 0|req: 55/110] 10.222.0.48 () {60 vars in 1377 bytes} [Thu May 19 05:02:49 2022] GET /placement/allocations/2e095005-a393-466f-9e92-a9237a97343a => generated 259 bytes in 19 msecs (HTTP/1.1 200) 8 headers in 296 bytes (1 switches on core 0)
May 19 05:03:01.465650 dv-neutron-841944-1-hyperv devstack@placement-api.service[114971]: DEBUG placement.requestlog [req-58a99a4c-c6bf-4028-90e3-928bf9f1e7dc req-0d0c4e4b-9c17-4f4f-81aa-ba20d942c392 None None] Starting request: 10.222.0.48 "DELETE /placement/allocations/1a6eccfa-aad9-49d0-b360-0f5000c9cd37" {{(pid=114971) __call__ /opt/stack/placement/placement/requestlog.py:55}}
May 19 05:03:01.494982 dv-neutron-841944-1-hyperv devstack@placement-api.service[114971]: DEBUG placement.handlers.allocation [req-58a99a4c-c6bf-4028-90e3-928bf9f1e7dc req-0d0c4e4b-9c17-4f4f-81aa-ba20d942c392 service placement] Successfully deleted allocations [, ] {{(pid=114971) delete_allocations /opt/stack/placement/placement/handlers/allocation.py:627}}
May 19 05:03:01.495543 dv-neutron-841944-1-hyperv devstack@placement-api.service[114971]: INFO placement.requestlog [req-58a99a4c-c6bf-4028-90e3-928bf9f1e7dc req-0d0c4e4b-9c17-4f4f-81aa-ba20d942c392 service placement] 10.222.0.48 "DELETE /placement/allocations/1a6eccfa-aad9-49d0-b360-0f5000c9cd37" status: 204 len: 0 microversion: 1.0
May 19 05:03:01.495882 dv-neutron-841944-1-hyperv devstack@placement-api.service[114971]: [pid: 114971|app: 0|req: 56/111] 10.222.0.48 () {60 vars in 1355 bytes} [Thu May 19 05:03:01 2022] DELETE /placement/allocations/1a6eccfa-aad9-49d0-b360-0f5000c9cd37 => generated 0 bytes in 31 msecs (HTTP/1.1 204) 5 headers in 198 bytes (1 switches on core 0)
May 19 05:03:14.549164 dv-neutron-841944-1-hyperv devstack@placement-api.service[114970]: DEBUG placement.requestlog [req-8f03ac38-db28-43bf-9f6d-03ca5a1a2fd4 req-c9fa7fdb-65bc-4953-8382-d9b8a14bd6f6 None None] Starting request: 10.222.0.48 "DELETE /placement/allocations/98064a70-8f6b-4229-bc8a-a34c6f6d06d6" {{(pid=114970) __call__ /opt/stack/placement/placement/requestlog.py:55}}
May 19 05:03:14.579178 dv-neutron-841944-1-hyperv devstack@placement-api.service[114970]: DEBUG placement.handlers.allocation [req-8f03ac38-db28-43bf-9f6d-03ca5a1a2fd4 req-c9fa7fdb-65bc-4953-8382-d9b8a14bd6f6 service placement] Successfully deleted allocations [, ] {{(pid=114970) delete_allocations /opt/stack/placement/placement/handlers/allocation.py:627}}
May 19 05:03:14.579693 dv-neutron-841944-1-hyperv devstack@placement-api.service[114970]: INFO placement.requestlog [req-8f03ac38-db28-43bf-9f6d-03ca5a1a2fd4 req-c9fa7fdb-65bc-4953-8382-d9b8a14bd6f6 service placement] 10.222.0.48 "DELETE /placement/allocations/98064a70-8f6b-4229-bc8a-a34c6f6d06d6" status: 204 len: 0 microversion: 1.0
May 19 05:03:14.580368 dv-neutron-841944-1-hyperv devstack@placement-api.service[114970]: [pid: 114970|app: 0|req: 56/112] 10.222.0.48 () {60 vars in 1355 bytes} [Thu May 19 05:03:14 2022] DELETE /placement/allocations/98064a70-8f6b-4229-bc8a-a34c6f6d06d6 => generated 0 bytes in 31 msecs (HTTP/1.1 204) 5 headers in 198 bytes (1 switches on core 0)
May 19 05:03:25.132230 dv-neutron-841944-1-hyperv devstack@placement-api.service[114971]: DEBUG placement.requestlog [req-f452e0e1-2ad3-41ef-8b57-e6e91152b3a2 req-ddeef18d-309d-4c1c-90a6-487db86b05a2 None None] Starting request: 10.222.0.48 "GET /placement/resource_providers/b2b288f7-fb91-4eae-ac89-77da1a134dfd/allocations" {{(pid=114971) __call__ /opt/stack/placement/placement/requestlog.py:55}}
May 19 05:03:25.152510 dv-neutron-841944-1-hyperv devstack@placement-api.service[114971]: INFO placement.requestlog [req-f452e0e1-2ad3-41ef-8b57-e6e91152b3a2 req-ddeef18d-309d-4c1c-90a6-487db86b05a2 service placement] 10.222.0.48 "GET /placement/resource_providers/b2b288f7-fb91-4eae-ac89-77da1a134dfd/allocations" status: 200 len: 154 microversion: 1.0
May 19 05:03:25.152917 dv-neutron-841944-1-hyperv devstack@placement-api.service[114971]: [pid: 114971|app: 0|req: 57/113] 10.222.0.48 () {58 vars in 1390 bytes} [Thu May 19 05:03:25 2022] GET /placement/resource_providers/b2b288f7-fb91-4eae-ac89-77da1a134dfd/allocations => generated 154 bytes in 21 msecs (HTTP/1.1 200) 6 headers in 224 bytes (1 switches on core 0)
May 19 05:04:15.355422 dv-neutron-841944-1-hyperv devstack@placement-api.service[114970]: DEBUG placement.requestlog [req-a813f501-ddc9-4f03-8ef2-781408a1ef52 req-7f51e4eb-90a4-4bd8-be21-d524f344c3cd None None] Starting request: 10.222.0.48 "DELETE /placement/allocations/2e095005-a393-466f-9e92-a9237a97343a" {{(pid=114970) __call__ /opt/stack/placement/placement/requestlog.py:55}}
May 19 05:04:15.394318 dv-neutron-841944-1-hyperv devstack@placement-api.service[114970]: DEBUG placement.handlers.allocation [req-a813f501-ddc9-4f03-8ef2-781408a1ef52 req-7f51e4eb-90a4-4bd8-be21-d524f344c3cd service placement] Successfully deleted allocations [, , ] {{(pid=114970) delete_allocations /opt/stack/placement/placement/handlers/allocation.py:627}}
May 19 05:04:15.400168 dv-neutron-841944-1-hyperv devstack@placement-api.service[114970]: INFO placement.requestlog [req-a813f501-ddc9-4f03-8ef2-781408a1ef52 req-7f51e4eb-90a4-4bd8-be21-d524f344c3cd service placement] 10.222.0.48 "DELETE /placement/allocations/2e095005-a393-466f-9e92-a9237a97343a" status: 204 len: 0 microversion: 1.0
May 19 05:04:15.400168 dv-neutron-841944-1-hyperv devstack@placement-api.service[114970]: [pid: 114970|app: 0|req: 57/114] 10.222.0.48 () {60 vars in 1355 bytes} [Thu May 19 05:04:15 2022] DELETE /placement/allocations/2e095005-a393-466f-9e92-a9237a97343a => generated 0 bytes in 40 msecs (HTTP/1.1 204) 5 headers in 198 bytes (2 switches on core 0)
May 19 05:04:26.869395 dv-neutron-841944-1-hyperv devstack@placement-api.service[114971]: DEBUG placement.requestlog [req-efb5793c-245e-4e23-9cfb-5cfc5c43224e req-83712c4c-8cdd-4886-b0f0-50e46b85a7c4 None None] Starting request: 10.222.0.52 "GET /placement/allocation_candidates?limit=1000&resources=DISK_GB%3A1%2CMEMORY_MB%3A1024%2CVCPU%3A1&root_required=%21COMPUTE_STATUS_DISABLED" {{(pid=114971) __call__ /opt/stack/placement/placement/requestlog.py:55}}
May 19 05:04:26.916532 dv-neutron-841944-1-hyperv devstack@placement-api.service[114971]: DEBUG placement.objects.research_context [req-efb5793c-245e-4e23-9cfb-5cfc5c43224e req-83712c4c-8cdd-4886-b0f0-50e46b85a7c4 service placement] getting providers with 1 DISK_GB {{(pid=114971) __init__ /opt/stack/placement/placement/objects/research_context.py:126}}
May 19 05:04:26.991969 dv-neutron-841944-1-hyperv devstack@placement-api.service[114971]: DEBUG placement.objects.research_context [req-efb5793c-245e-4e23-9cfb-5cfc5c43224e req-83712c4c-8cdd-4886-b0f0-50e46b85a7c4 service placement] getting providers with 1024 MEMORY_MB {{(pid=114971) __init__ /opt/stack/placement/placement/objects/research_context.py:126}}
May 19 05:04:26.997833 dv-neutron-841944-1-hyperv devstack@placement-api.service[114971]: DEBUG placement.objects.research_context [req-efb5793c-245e-4e23-9cfb-5cfc5c43224e req-83712c4c-8cdd-4886-b0f0-50e46b85a7c4 service placement] getting providers with 1 VCPU {{(pid=114971) __init__ /opt/stack/placement/placement/objects/research_context.py:126}}
May 19 05:04:27.004163 dv-neutron-841944-1-hyperv devstack@placement-api.service[114971]: DEBUG placement.objects.research_context [req-efb5793c-245e-4e23-9cfb-5cfc5c43224e req-83712c4c-8cdd-4886-b0f0-50e46b85a7c4 service placement] found 1 providers with available 1 DISK_GB {{(pid=114971) get_provider_ids_matching /opt/stack/placement/placement/objects/research_context.py:549}}
May 19 05:04:27.004506 dv-neutron-841944-1-hyperv devstack@placement-api.service[114971]: DEBUG placement.objects.research_context [req-efb5793c-245e-4e23-9cfb-5cfc5c43224e req-83712c4c-8cdd-4886-b0f0-50e46b85a7c4 service placement] found 1 providers with available 1024 MEMORY_MB {{(pid=114971) get_provider_ids_matching /opt/stack/placement/placement/objects/research_context.py:549}}
May 19 05:04:27.004782 dv-neutron-841944-1-hyperv devstack@placement-api.service[114971]: DEBUG placement.objects.research_context [req-efb5793c-245e-4e23-9cfb-5cfc5c43224e req-83712c4c-8cdd-4886-b0f0-50e46b85a7c4 service placement] found 1 providers after filtering by previous result {{(pid=114971) get_provider_ids_matching /opt/stack/placement/placement/objects/research_context.py:580}}
May 19 05:04:27.005042 dv-neutron-841944-1-hyperv devstack@placement-api.service[114971]: DEBUG placement.objects.research_context [req-efb5793c-245e-4e23-9cfb-5cfc5c43224e req-83712c4c-8cdd-4886-b0f0-50e46b85a7c4 service placement] found 1 providers with available 1 VCPU {{(pid=114971) get_provider_ids_matching /opt/stack/placement/placement/objects/research_context.py:549}}
May 19 05:04:27.005310 dv-neutron-841944-1-hyperv devstack@placement-api.service[114971]: DEBUG placement.objects.research_context [req-efb5793c-245e-4e23-9cfb-5cfc5c43224e req-83712c4c-8cdd-4886-b0f0-50e46b85a7c4 service placement] found 1 providers after filtering by previous result {{(pid=114971) get_provider_ids_matching /opt/stack/placement/placement/objects/research_context.py:580}}
May 19 05:04:27.015644 dv-neutron-841944-1-hyperv devstack@placement-api.service[114971]: DEBUG placement.objects.allocation_candidate [req-efb5793c-245e-4e23-9cfb-5cfc5c43224e req-83712c4c-8cdd-4886-b0f0-50e46b85a7c4 service placement] RequestGroup(use_same_provider=False, resources={DISK_GB:1, MEMORY_MB:1024, VCPU:1}, traits=[], aggregates=[]) (suffix '') returned 1 matches {{(pid=114971) _get_by_requests /opt/stack/placement/placement/objects/allocation_candidate.py:145}}
May 19 05:04:27.016053 dv-neutron-841944-1-hyperv devstack@placement-api.service[114971]: DEBUG placement.objects.allocation_candidate [req-efb5793c-245e-4e23-9cfb-5cfc5c43224e req-83712c4c-8cdd-4886-b0f0-50e46b85a7c4 service placement] Merging candidates yields 1 allocation requests and 1 provider summaries {{(pid=114971) _merge_candidates /opt/stack/placement/placement/objects/allocation_candidate.py:783}}
May 19 05:04:27.017584 dv-neutron-841944-1-hyperv devstack@placement-api.service[114971]: INFO placement.requestlog [req-efb5793c-245e-4e23-9cfb-5cfc5c43224e req-83712c4c-8cdd-4886-b0f0-50e46b85a7c4 service placement] 10.222.0.52 "GET /placement/allocation_candidates?limit=1000&resources=DISK_GB%3A1%2CMEMORY_MB%3A1024%2CVCPU%3A1&root_required=%21COMPUTE_STATUS_DISABLED" status: 200 len: 764 microversion: 1.36
May 19 05:04:27.017885 dv-neutron-841944-1-hyperv devstack@placement-api.service[114971]: [pid: 114971|app: 0|req: 58/115] 10.222.0.52 () {60 vars in 1506 bytes} [Thu May 19 05:04:26 2022] GET /placement/allocation_candidates?limit=1000&resources=DISK_GB%3A1%2CMEMORY_MB%3A1024%2CVCPU%3A1&root_required=%21COMPUTE_STATUS_DISABLED => generated 764 bytes in 149 msecs (HTTP/1.1 200) 8 headers in 296 bytes (1 switches on core 0)
May 19 05:04:27.057804 dv-neutron-841944-1-hyperv devstack@placement-api.service[114970]: DEBUG placement.requestlog [req-efb5793c-245e-4e23-9cfb-5cfc5c43224e req-f0db0435-0b67-4dbc-9733-d8be7b133a3c None None] Starting request: 10.222.0.52 "GET /placement/allocations/a8487859-9360-49ea-a143-dbb11fe46dbf" {{(pid=114970) __call__ /opt/stack/placement/placement/requestlog.py:55}}
May 19 05:04:27.071856 dv-neutron-841944-1-hyperv devstack@placement-api.service[114970]: INFO placement.requestlog [req-efb5793c-245e-4e23-9cfb-5cfc5c43224e req-f0db0435-0b67-4dbc-9733-d8be7b133a3c service placement] 10.222.0.52 "GET /placement/allocations/a8487859-9360-49ea-a143-dbb11fe46dbf" status: 200 len: 19 microversion: 1.28
May 19 05:04:27.072661 dv-neutron-841944-1-hyperv devstack@placement-api.service[114970]: [pid: 114970|app: 0|req: 58/116] 10.222.0.52 () {60 vars in 1380 bytes} [Thu May 19 05:04:27 2022] GET /placement/allocations/a8487859-9360-49ea-a143-dbb11fe46dbf => generated 19 bytes in 15 msecs (HTTP/1.1 200) 8 headers in 295 bytes (1 switches on core 0)
May 19 05:04:27.079077 dv-neutron-841944-1-hyperv devstack@placement-api.service[114971]: DEBUG placement.requestlog [req-efb5793c-245e-4e23-9cfb-5cfc5c43224e req-f3b1f6b9-b361-4b5f-bafc-c8debce12aa9 None None] Starting request: 10.222.0.52 "PUT /placement/allocations/a8487859-9360-49ea-a143-dbb11fe46dbf" {{(pid=114971) __call__ /opt/stack/placement/placement/requestlog.py:55}}
May 19 05:04:27.105808 dv-neutron-841944-1-hyperv devstack@placement-api.service[114970]: DEBUG placement.requestlog [req-03a79a15-0059-462f-8d54-3432ebab5093 req-b727dca5-6b4c-4a0f-b590-75e910e5efcf None None] Starting request: 10.222.0.48 "GET /placement/resource_providers/b2b288f7-fb91-4eae-ac89-77da1a134dfd/allocations" {{(pid=114970) __call__ /opt/stack/placement/placement/requestlog.py:55}}
May 19 05:04:27.135038 dv-neutron-841944-1-hyperv devstack@placement-api.service[114971]: DEBUG placement.handlers.allocation [req-efb5793c-245e-4e23-9cfb-5cfc5c43224e req-f3b1f6b9-b361-4b5f-bafc-c8debce12aa9 service placement] Successfully wrote allocations [, , ] {{(pid=114971) _update_consumers_and_create_allocations /opt/stack/placement/placement/handlers/allocation.py:462}}
May 19 05:04:27.140190 dv-neutron-841944-1-hyperv devstack@placement-api.service[114971]: INFO placement.requestlog [req-efb5793c-245e-4e23-9cfb-5cfc5c43224e req-f3b1f6b9-b361-4b5f-bafc-c8debce12aa9 service placement] 10.222.0.52 "PUT /placement/allocations/a8487859-9360-49ea-a143-dbb11fe46dbf" status: 204 len: 0 microversion: 1.36
May 19 05:04:27.140742 dv-neutron-841944-1-hyperv devstack@placement-api.service[114971]: [pid: 114971|app: 0|req: 59/117] 10.222.0.52 () {64 vars in 1433 bytes} [Thu May 19 05:04:27 2022] PUT /placement/allocations/a8487859-9360-49ea-a143-dbb11fe46dbf => generated 0 bytes in 62 msecs (HTTP/1.1 204) 5 headers in 199 bytes (1 switches on core 0)
May 19 05:04:27.292792 dv-neutron-841944-1-hyperv devstack@placement-api.service[114970]: INFO placement.requestlog [req-03a79a15-0059-462f-8d54-3432ebab5093 req-b727dca5-6b4c-4a0f-b590-75e910e5efcf service placement] 10.222.0.48 "GET /placement/resource_providers/b2b288f7-fb91-4eae-ac89-77da1a134dfd/allocations" status: 200 len: 154 microversion: 1.0
May 19 05:04:27.293264 dv-neutron-841944-1-hyperv devstack@placement-api.service[114970]: [pid: 114970|app: 0|req: 59/118] 10.222.0.48 () {58 vars in 1390 bytes} [Thu May 19 05:04:27 2022] GET /placement/resource_providers/b2b288f7-fb91-4eae-ac89-77da1a134dfd/allocations => generated 154 bytes in 188 msecs (HTTP/1.1 200) 6 headers in 224 bytes (1 switches on core 0)
May 19 05:04:27.424306 dv-neutron-841944-1-hyperv devstack@placement-api.service[114971]: DEBUG placement.requestlog [req-efb5793c-245e-4e23-9cfb-5cfc5c43224e req-1e277bd0-9eca-46c1-9ed1-3c5a23008165 None None] Starting request: 10.222.0.48 "GET /placement/allocations/a8487859-9360-49ea-a143-dbb11fe46dbf" {{(pid=114971) __call__ /opt/stack/placement/placement/requestlog.py:55}}
May 19 05:04:27.439933 dv-neutron-841944-1-hyperv devstack@placement-api.service[114971]: INFO placement.requestlog [req-efb5793c-245e-4e23-9cfb-5cfc5c43224e req-1e277bd0-9eca-46c1-9ed1-3c5a23008165 service placement] 10.222.0.48 "GET /placement/allocations/a8487859-9360-49ea-a143-dbb11fe46dbf" status: 200 len: 259 microversion: 1.28
May 19 05:04:27.440503 dv-neutron-841944-1-hyperv devstack@placement-api.service[114971]: [pid: 114971|app: 0|req: 60/119] 10.222.0.48 () {60 vars in 1377 bytes} [Thu May 19 05:04:27 2022] GET /placement/allocations/a8487859-9360-49ea-a143-dbb11fe46dbf => generated 259 bytes in 16 msecs (HTTP/1.1 200) 8 headers in 296 bytes (1 switches on core 0)
May 19 05:05:29.112597 dv-neutron-841944-1-hyperv devstack@placement-api.service[114970]: DEBUG placement.requestlog [req-c4a4242d-bbdc-4de0-878f-8d348075a4e3 req-bb7ef072-36a2-4505-9dce-7ac2944b080d None None] Starting request: 10.222.0.48 "GET /placement/resource_providers/b2b288f7-fb91-4eae-ac89-77da1a134dfd/allocations" {{(pid=114970) __call__ /opt/stack/placement/placement/requestlog.py:55}}
May 19 05:05:29.137277 dv-neutron-841944-1-hyperv devstack@placement-api.service[114970]: INFO placement.requestlog [req-c4a4242d-bbdc-4de0-878f-8d348075a4e3 req-bb7ef072-36a2-4505-9dce-7ac2944b080d service placement] 10.222.0.48 "GET /placement/resource_providers/b2b288f7-fb91-4eae-ac89-77da1a134dfd/allocations" status: 200 len: 154 microversion: 1.0
May 19 05:05:29.137488 dv-neutron-841944-1-hyperv devstack@placement-api.service[114970]: [pid: 114970|app: 0|req: 60/120] 10.222.0.48 () {58 vars in 1390 bytes} [Thu May 19 05:05:29 2022] GET /placement/resource_providers/b2b288f7-fb91-4eae-ac89-77da1a134dfd/allocations => generated 154 bytes in 25 msecs (HTTP/1.1 200) 6 headers in 224 bytes (1 switches on core 0)
May 19 05:05:29.181498 dv-neutron-841944-1-hyperv devstack@placement-api.service[114971]: DEBUG placement.requestlog [req-c4a4242d-bbdc-4de0-878f-8d348075a4e3 req-0352675d-33c7-4c93-842b-c66d6f7c6455 None None] Starting request: 10.222.0.48 "GET /placement/resource_providers?in_tree=b2b288f7-fb91-4eae-ac89-77da1a134dfd" {{(pid=114971) __call__ /opt/stack/placement/placement/requestlog.py:55}}
May 19 05:05:29.197449 dv-neutron-841944-1-hyperv devstack@placement-api.service[114971]: INFO placement.requestlog [req-c4a4242d-bbdc-4de0-878f-8d348075a4e3 req-0352675d-33c7-4c93-842b-c66d6f7c6455 service placement] 10.222.0.48 "GET /placement/resource_providers?in_tree=b2b288f7-fb91-4eae-ac89-77da1a134dfd" status: 200 len: 865 microversion: 1.14
May 19 05:05:29.197628 dv-neutron-841944-1-hyperv devstack@placement-api.service[114971]: [pid: 114971|app: 0|req: 61/121] 10.222.0.48 () {60 vars in 1376 bytes} [Thu May 19 05:05:29 2022] GET /placement/resource_providers?in_tree=b2b288f7-fb91-4eae-ac89-77da1a134dfd => generated 865 bytes in 17 msecs (HTTP/1.1 200) 6 headers in 225 bytes (2 switches on core 0)
May 19 05:05:29.205979 dv-neutron-841944-1-hyperv devstack@placement-api.service[114970]: DEBUG placement.requestlog [req-c4a4242d-bbdc-4de0-878f-8d348075a4e3 req-41caeed8-6ebb-422e-88ff-21a134f8b0ea None None] Starting request: 10.222.0.48 "GET /placement/resource_providers/b2b288f7-fb91-4eae-ac89-77da1a134dfd/inventories" {{(pid=114970) __call__ /opt/stack/placement/placement/requestlog.py:55}}
May 19 05:05:29.224118 dv-neutron-841944-1-hyperv devstack@placement-api.service[114970]: INFO placement.requestlog [req-c4a4242d-bbdc-4de0-878f-8d348075a4e3 req-41caeed8-6ebb-422e-88ff-21a134f8b0ea service placement] 10.222.0.48 "GET /placement/resource_providers/b2b288f7-fb91-4eae-ac89-77da1a134dfd/inventories" status: 200 len: 398 microversion: 1.0
May 19 05:05:29.224315 dv-neutron-841944-1-hyperv devstack@placement-api.service[114970]: [pid: 114970|app: 0|req: 61/122] 10.222.0.48 () {58 vars in 1390 bytes} [Thu May 19 05:05:29 2022] GET /placement/resource_providers/b2b288f7-fb91-4eae-ac89-77da1a134dfd/inventories => generated 398 bytes in 19 msecs (HTTP/1.1 200) 6 headers in 224 bytes (1 switches on core 0)
May 19 05:05:29.233430 dv-neutron-841944-1-hyperv devstack@placement-api.service[114971]: DEBUG placement.requestlog [req-c4a4242d-bbdc-4de0-878f-8d348075a4e3 req-63f17199-4d75-4c78-b9e4-134f24559584 None None] Starting request: 10.222.0.48 "GET /placement/resource_providers/b2b288f7-fb91-4eae-ac89-77da1a134dfd/aggregates" {{(pid=114971) __call__ /opt/stack/placement/placement/requestlog.py:55}}
May 19 05:05:29.246712 dv-neutron-841944-1-hyperv devstack@placement-api.service[114971]: INFO placement.requestlog [req-c4a4242d-bbdc-4de0-878f-8d348075a4e3 req-63f17199-4d75-4c78-b9e4-134f24559584 service placement] 10.222.0.48 "GET /placement/resource_providers/b2b288f7-fb91-4eae-ac89-77da1a134dfd/aggregates" status: 200 len: 54 microversion: 1.19
May 19 05:05:29.246987 dv-neutron-841944-1-hyperv devstack@placement-api.service[114971]: [pid: 114971|app: 0|req: 62/123] 10.222.0.48 () {60 vars in 1431 bytes} [Thu May 19 05:05:29 2022] GET /placement/resource_providers/b2b288f7-fb91-4eae-ac89-77da1a134dfd/aggregates => generated 54 bytes in 14 msecs (HTTP/1.1 200) 8 headers in 295 bytes (1 switches on core 0)
May 19 05:05:29.255119 dv-neutron-841944-1-hyperv devstack@placement-api.service[114970]: DEBUG placement.requestlog [req-c4a4242d-bbdc-4de0-878f-8d348075a4e3 req-fc8340c0-6e0a-4db7-a71c-38b2652649b8 None None] Starting request: 10.222.0.48 "GET /placement/resource_providers/b2b288f7-fb91-4eae-ac89-77da1a134dfd/traits" {{(pid=114970) __call__ /opt/stack/placement/placement/requestlog.py:55}}
May 19 05:05:29.341486 dv-neutron-841944-1-hyperv devstack@placement-api.service[114970]: INFO placement.requestlog [req-c4a4242d-bbdc-4de0-878f-8d348075a4e3 req-fc8340c0-6e0a-4db7-a71c-38b2652649b8 service placement] 10.222.0.48 "GET /placement/resource_providers/b2b288f7-fb91-4eae-ac89-77da1a134dfd/traits" status: 200 len: 300 microversion: 1.6
May 19 05:05:29.341796 dv-neutron-841944-1-hyperv devstack@placement-api.service[114970]: [pid: 114970|app: 0|req: 62/124] 10.222.0.48 () {60 vars in 1418 bytes} [Thu May 19 05:05:29 2022] GET /placement/resource_providers/b2b288f7-fb91-4eae-ac89-77da1a134dfd/traits => generated 300 bytes in 87 msecs (HTTP/1.1 200) 6 headers in 224 bytes (1 switches on core 0)
May 19 05:06:30.127567 dv-neutron-841944-1-hyperv devstack@placement-api.service[114971]: DEBUG placement.requestlog [req-1245fcd0-fff0-47da-9464-03a2afc9d182 req-5e2e78b7-1732-4215-b4bf-b8d73b03985d None None] Starting request: 10.222.0.48 "GET /placement/resource_providers/b2b288f7-fb91-4eae-ac89-77da1a134dfd/allocations" {{(pid=114971) __call__ /opt/stack/placement/placement/requestlog.py:55}}
May 19 05:06:30.148764 dv-neutron-841944-1-hyperv devstack@placement-api.service[114971]: INFO placement.requestlog [req-1245fcd0-fff0-47da-9464-03a2afc9d182 req-5e2e78b7-1732-4215-b4bf-b8d73b03985d service placement] 10.222.0.48 "GET /placement/resource_providers/b2b288f7-fb91-4eae-ac89-77da1a134dfd/allocations" status: 200 len: 154 microversion: 1.0
May 19 05:06:30.148962 dv-neutron-841944-1-hyperv devstack@placement-api.service[114971]: [pid: 114971|app: 0|req: 63/125] 10.222.0.48 () {58 vars in 1390 bytes} [Thu May 19 05:06:30 2022] GET /placement/resource_providers/b2b288f7-fb91-4eae-ac89-77da1a134dfd/allocations => generated 154 bytes in 22 msecs (HTTP/1.1 200) 6 headers in 224 bytes (1 switches on core 0)
May 19 05:07:32.114865 dv-neutron-841944-1-hyperv devstack@placement-api.service[114970]: DEBUG placement.requestlog [req-61ac09dd-72ac-46d7-b9de-d2eccc0e9617 req-127d1ac1-8d02-454e-ab20-d1ad39073d32 None None] Starting request: 10.222.0.48 "GET /placement/resource_providers/b2b288f7-fb91-4eae-ac89-77da1a134dfd/allocations" {{(pid=114970) __call__ /opt/stack/placement/placement/requestlog.py:55}}
May 19 05:07:32.135656 dv-neutron-841944-1-hyperv devstack@placement-api.service[114970]: INFO placement.requestlog [req-61ac09dd-72ac-46d7-b9de-d2eccc0e9617 req-127d1ac1-8d02-454e-ab20-d1ad39073d32 service placement] 10.222.0.48 "GET /placement/resource_providers/b2b288f7-fb91-4eae-ac89-77da1a134dfd/allocations" status: 200 len: 154 microversion: 1.0
May 19 05:07:32.135850 dv-neutron-841944-1-hyperv devstack@placement-api.service[114970]: [pid: 114970|app: 0|req: 63/126] 10.222.0.48 () {58 vars in 1390 bytes} [Thu May 19 05:07:32 2022] GET /placement/resource_providers/b2b288f7-fb91-4eae-ac89-77da1a134dfd/allocations => generated 154 bytes in 21 msecs (HTTP/1.1 200) 6 headers in 224 bytes (1 switches on core 0)
May 19 05:07:53.112394 dv-neutron-841944-1-hyperv devstack@placement-api.service[114971]: DEBUG placement.requestlog [req-15348bc5-8a4a-488c-a069-52d8da0cbedc req-182e081c-8d78-4eb0-8952-556081c963df None None] Starting request: 10.222.0.48 "DELETE /placement/allocations/a8487859-9360-49ea-a143-dbb11fe46dbf" {{(pid=114971) __call__ /opt/stack/placement/placement/requestlog.py:55}}
May 19 05:07:53.153736 dv-neutron-841944-1-hyperv devstack@placement-api.service[114971]: DEBUG placement.handlers.allocation [req-15348bc5-8a4a-488c-a069-52d8da0cbedc req-182e081c-8d78-4eb0-8952-556081c963df service placement] Successfully deleted allocations [, , ] {{(pid=114971) delete_allocations /opt/stack/placement/placement/handlers/allocation.py:627}}
May 19 05:07:53.154233 dv-neutron-841944-1-hyperv devstack@placement-api.service[114971]: INFO placement.requestlog [req-15348bc5-8a4a-488c-a069-52d8da0cbedc req-182e081c-8d78-4eb0-8952-556081c963df service placement] 10.222.0.48 "DELETE /placement/allocations/a8487859-9360-49ea-a143-dbb11fe46dbf" status: 204 len: 0 microversion: 1.0
May 19 05:07:53.154820 dv-neutron-841944-1-hyperv devstack@placement-api.service[114971]: [pid: 114971|app: 0|req: 64/127] 10.222.0.48 () {60 vars in 1355 bytes} [Thu May 19 05:07:53 2022] DELETE /placement/allocations/a8487859-9360-49ea-a143-dbb11fe46dbf => generated 0 bytes in 42 msecs (HTTP/1.1 204) 5 headers in 198 bytes (1 switches on core 0)
May 19 05:08:05.162599 dv-neutron-841944-1-hyperv devstack@placement-api.service[114970]: DEBUG placement.requestlog [req-0220a6b0-e7ca-47db-b738-835ff90a3563 req-16053388-d1eb-4ad9-baa4-515d816bb526 None None] Starting request: 10.222.0.52 "GET /placement/allocation_candidates?limit=1000&resources=DISK_GB%3A1%2CMEMORY_MB%3A1024%2CVCPU%3A1&root_required=%21COMPUTE_STATUS_DISABLED" {{(pid=114970) __call__ /opt/stack/placement/placement/requestlog.py:55}}
May 19 05:08:05.258232 dv-neutron-841944-1-hyperv devstack@placement-api.service[114970]: DEBUG placement.objects.research_context [req-0220a6b0-e7ca-47db-b738-835ff90a3563 req-16053388-d1eb-4ad9-baa4-515d816bb526 service placement] getting providers with 1 DISK_GB {{(pid=114970) __init__ /opt/stack/placement/placement/objects/research_context.py:126}}
May 19 05:08:05.266112 dv-neutron-841944-1-hyperv devstack@placement-api.service[114970]: DEBUG placement.objects.research_context [req-0220a6b0-e7ca-47db-b738-835ff90a3563 req-16053388-d1eb-4ad9-baa4-515d816bb526 service placement] getting providers with 1024 MEMORY_MB {{(pid=114970) __init__ /opt/stack/placement/placement/objects/research_context.py:126}}
May 19 05:08:05.271754 dv-neutron-841944-1-hyperv devstack@placement-api.service[114970]: DEBUG placement.objects.research_context [req-0220a6b0-e7ca-47db-b738-835ff90a3563 req-16053388-d1eb-4ad9-baa4-515d816bb526 service placement] getting providers with 1 VCPU {{(pid=114970) __init__ /opt/stack/placement/placement/objects/research_context.py:126}}
May 19 05:08:05.277589 dv-neutron-841944-1-hyperv devstack@placement-api.service[114970]: DEBUG placement.objects.research_context [req-0220a6b0-e7ca-47db-b738-835ff90a3563 req-16053388-d1eb-4ad9-baa4-515d816bb526 service placement] found 1 providers with available 1 DISK_GB {{(pid=114970) get_provider_ids_matching /opt/stack/placement/placement/objects/research_context.py:549}}
May 19 05:08:05.277860 dv-neutron-841944-1-hyperv devstack@placement-api.service[114970]: DEBUG placement.objects.research_context [req-0220a6b0-e7ca-47db-b738-835ff90a3563 req-16053388-d1eb-4ad9-baa4-515d816bb526 service placement] found 1 providers with available 1024 MEMORY_MB {{(pid=114970) get_provider_ids_matching /opt/stack/placement/placement/objects/research_context.py:549}}
May 19 05:08:05.278132 dv-neutron-841944-1-hyperv devstack@placement-api.service[114970]: DEBUG placement.objects.research_context [req-0220a6b0-e7ca-47db-b738-835ff90a3563 req-16053388-d1eb-4ad9-baa4-515d816bb526 service placement] found 1 providers after filtering by previous result {{(pid=114970) get_provider_ids_matching /opt/stack/placement/placement/objects/research_context.py:580}}
May 19 05:08:05.278393 dv-neutron-841944-1-hyperv devstack@placement-api.service[114970]: DEBUG placement.objects.research_context [req-0220a6b0-e7ca-47db-b738-835ff90a3563 req-16053388-d1eb-4ad9-baa4-515d816bb526 service placement] found 1 providers with available 1 VCPU {{(pid=114970) get_provider_ids_matching /opt/stack/placement/placement/objects/research_context.py:549}}
May 19 05:08:05.278653 dv-neutron-841944-1-hyperv devstack@placement-api.service[114970]: DEBUG placement.objects.research_context [req-0220a6b0-e7ca-47db-b738-835ff90a3563 req-16053388-d1eb-4ad9-baa4-515d816bb526 service placement] found 1 providers after filtering by previous result {{(pid=114970) get_provider_ids_matching /opt/stack/placement/placement/objects/research_context.py:580}}
May 19 05:08:05.292407 dv-neutron-841944-1-hyperv devstack@placement-api.service[114970]: DEBUG placement.objects.allocation_candidate [req-0220a6b0-e7ca-47db-b738-835ff90a3563 req-16053388-d1eb-4ad9-baa4-515d816bb526 service placement] RequestGroup(use_same_provider=False, resources={DISK_GB:1, MEMORY_MB:1024, VCPU:1}, traits=[], aggregates=[]) (suffix '') returned 1 matches {{(pid=114970) _get_by_requests /opt/stack/placement/placement/objects/allocation_candidate.py:145}}
May 19 05:08:05.292687 dv-neutron-841944-1-hyperv devstack@placement-api.service[114970]: DEBUG placement.objects.allocation_candidate [req-0220a6b0-e7ca-47db-b738-835ff90a3563 req-16053388-d1eb-4ad9-baa4-515d816bb526 service placement] Merging candidates yields 1 allocation requests and 1 provider summaries {{(pid=114970) _merge_candidates /opt/stack/placement/placement/objects/allocation_candidate.py:783}}
May 19 05:08:05.294258 dv-neutron-841944-1-hyperv devstack@placement-api.service[114970]: INFO placement.requestlog [req-0220a6b0-e7ca-47db-b738-835ff90a3563 req-16053388-d1eb-4ad9-baa4-515d816bb526 service placement] 10.222.0.52 "GET /placement/allocation_candidates?limit=1000&resources=DISK_GB%3A1%2CMEMORY_MB%3A1024%2CVCPU%3A1&root_required=%21COMPUTE_STATUS_DISABLED" status: 200 len: 764 microversion: 1.36
May 19 05:08:05.294641 dv-neutron-841944-1-hyperv devstack@placement-api.service[114970]: [pid: 114970|app: 0|req: 64/128] 10.222.0.52 () {60 vars in 1506 bytes} [Thu May 19 05:08:05 2022] GET /placement/allocation_candidates?limit=1000&resources=DISK_GB%3A1%2CMEMORY_MB%3A1024%2CVCPU%3A1&root_required=%21COMPUTE_STATUS_DISABLED => generated 764 bytes in 132 msecs (HTTP/1.1 200) 8 headers in 296 bytes (1 switches on core 0)
May 19 05:08:06.345892 dv-neutron-841944-1-hyperv devstack@placement-api.service[114971]: DEBUG placement.requestlog [req-0220a6b0-e7ca-47db-b738-835ff90a3563 req-df586908-a61b-418f-ad25-dab20b3ed673 None None] Starting request: 10.222.0.52 "GET /placement/allocations/7b432345-a733-4709-9f28-0244d7430796" {{(pid=114971) __call__ /opt/stack/placement/placement/requestlog.py:55}}
May 19 05:08:06.356806 dv-neutron-841944-1-hyperv devstack@placement-api.service[114971]: INFO placement.requestlog [req-0220a6b0-e7ca-47db-b738-835ff90a3563 req-df586908-a61b-418f-ad25-dab20b3ed673 service placement] 10.222.0.52 "GET /placement/allocations/7b432345-a733-4709-9f28-0244d7430796" status: 200 len: 19 microversion: 1.28
May 19 05:08:06.357133 dv-neutron-841944-1-hyperv devstack@placement-api.service[114971]: [pid: 114971|app: 0|req: 65/129] 10.222.0.52 () {60 vars in 1380 bytes} [Thu May 19 05:08:06 2022] GET /placement/allocations/7b432345-a733-4709-9f28-0244d7430796 => generated 19 bytes in 11 msecs (HTTP/1.1 200) 8 headers in 295 bytes (1 switches on core 0)
May 19 05:08:06.363244 dv-neutron-841944-1-hyperv devstack@placement-api.service[114970]: DEBUG placement.requestlog [req-0220a6b0-e7ca-47db-b738-835ff90a3563 req-5b4c539e-53ec-46fe-94c8-a1a13645f232 None None] Starting request: 10.222.0.52 "PUT /placement/allocations/7b432345-a733-4709-9f28-0244d7430796" {{(pid=114970) __call__ /opt/stack/placement/placement/requestlog.py:55}}
May 19 05:08:06.412342 dv-neutron-841944-1-hyperv devstack@placement-api.service[114970]: DEBUG placement.handlers.allocation [req-0220a6b0-e7ca-47db-b738-835ff90a3563 req-5b4c539e-53ec-46fe-94c8-a1a13645f232 service placement] Successfully wrote allocations [, , ] {{(pid=114970) _update_consumers_and_create_allocations /opt/stack/placement/placement/handlers/allocation.py:462}}
May 19 05:08:06.417067 dv-neutron-841944-1-hyperv devstack@placement-api.service[114970]: INFO placement.requestlog [req-0220a6b0-e7ca-47db-b738-835ff90a3563 req-5b4c539e-53ec-46fe-94c8-a1a13645f232 service placement] 10.222.0.52 "PUT /placement/allocations/7b432345-a733-4709-9f28-0244d7430796" status: 204 len: 0 microversion: 1.36
May 19 05:08:06.417303 dv-neutron-841944-1-hyperv devstack@placement-api.service[114970]: [pid: 114970|app: 0|req: 65/130] 10.222.0.52 () {64 vars in 1433 bytes} [Thu May 19 05:08:06 2022] PUT /placement/allocations/7b432345-a733-4709-9f28-0244d7430796 => generated 0 bytes in 54 msecs (HTTP/1.1 204) 5 headers in 199 bytes (1 switches on core 0)
May 19 05:08:06.689644 dv-neutron-841944-1-hyperv devstack@placement-api.service[114971]: DEBUG placement.requestlog [req-0220a6b0-e7ca-47db-b738-835ff90a3563 req-cdc3e6eb-a165-4e75-b697-ca5745a02ad3 None None] Starting request: 10.222.0.48 "GET /placement/allocations/7b432345-a733-4709-9f28-0244d7430796" {{(pid=114971) __call__ /opt/stack/placement/placement/requestlog.py:55}}
May 19 05:08:06.704788 dv-neutron-841944-1-hyperv devstack@placement-api.service[114971]: INFO placement.requestlog [req-0220a6b0-e7ca-47db-b738-835ff90a3563 req-cdc3e6eb-a165-4e75-b697-ca5745a02ad3 service placement] 10.222.0.48 "GET /placement/allocations/7b432345-a733-4709-9f28-0244d7430796" status: 200 len: 259 microversion: 1.28
May 19 05:08:06.705102 dv-neutron-841944-1-hyperv devstack@placement-api.service[114971]: [pid: 114971|app: 0|req: 66/131] 10.222.0.48 () {60 vars in 1377 bytes} [Thu May 19 05:08:06 2022] GET /placement/allocations/7b432345-a733-4709-9f28-0244d7430796 => generated 259 bytes in 16 msecs (HTTP/1.1 200) 8 headers in 296 bytes (1 switches on core 0)
May 19 05:08:19.752235 dv-neutron-841944-1-hyperv devstack@placement-api.service[114970]: DEBUG placement.requestlog [req-2bfd0d30-9582-4ca9-9c8e-fedaf0d2ac2c req-b76816d2-ce89-498d-97cb-3520b0faba59 None None] Starting request: 10.222.0.52 "GET /placement/allocation_candidates?limit=1000&resources=DISK_GB%3A1%2CMEMORY_MB%3A1024%2CVCPU%3A1&root_required=%21COMPUTE_STATUS_DISABLED" {{(pid=114970) __call__ /opt/stack/placement/placement/requestlog.py:55}}
May 19 05:08:19.782213 dv-neutron-841944-1-hyperv devstack@placement-api.service[114970]: DEBUG placement.objects.research_context [req-2bfd0d30-9582-4ca9-9c8e-fedaf0d2ac2c req-b76816d2-ce89-498d-97cb-3520b0faba59 service placement] getting providers with 1 DISK_GB {{(pid=114970) __init__ /opt/stack/placement/placement/objects/research_context.py:126}}
May 19 05:08:19.788302 dv-neutron-841944-1-hyperv devstack@placement-api.service[114970]: DEBUG placement.objects.research_context [req-2bfd0d30-9582-4ca9-9c8e-fedaf0d2ac2c req-b76816d2-ce89-498d-97cb-3520b0faba59 service placement] getting providers with 1024 MEMORY_MB {{(pid=114970) __init__ /opt/stack/placement/placement/objects/research_context.py:126}}
May 19 05:08:19.793500 dv-neutron-841944-1-hyperv devstack@placement-api.service[114970]: DEBUG placement.objects.research_context [req-2bfd0d30-9582-4ca9-9c8e-fedaf0d2ac2c req-b76816d2-ce89-498d-97cb-3520b0faba59 service placement] getting providers with 1 VCPU {{(pid=114970) __init__ /opt/stack/placement/placement/objects/research_context.py:126}}
May 19 05:08:19.799335 dv-neutron-841944-1-hyperv devstack@placement-api.service[114970]: DEBUG placement.objects.research_context [req-2bfd0d30-9582-4ca9-9c8e-fedaf0d2ac2c req-b76816d2-ce89-498d-97cb-3520b0faba59 service placement] found 1 providers with available 1 DISK_GB {{(pid=114970) get_provider_ids_matching /opt/stack/placement/placement/objects/research_context.py:549}}
May 19 05:08:19.799583 dv-neutron-841944-1-hyperv devstack@placement-api.service[114970]: DEBUG placement.objects.research_context [req-2bfd0d30-9582-4ca9-9c8e-fedaf0d2ac2c req-b76816d2-ce89-498d-97cb-3520b0faba59 service placement] found 1 providers with available 1024 MEMORY_MB {{(pid=114970) get_provider_ids_matching /opt/stack/placement/placement/objects/research_context.py:549}}
May 19 05:08:19.799872 dv-neutron-841944-1-hyperv devstack@placement-api.service[114970]: DEBUG placement.objects.research_context [req-2bfd0d30-9582-4ca9-9c8e-fedaf0d2ac2c req-b76816d2-ce89-498d-97cb-3520b0faba59 service placement] found 1 providers after filtering by previous result {{(pid=114970) get_provider_ids_matching /opt/stack/placement/placement/objects/research_context.py:580}}
May 19 05:08:19.800099 dv-neutron-841944-1-hyperv devstack@placement-api.service[114970]: DEBUG placement.objects.research_context [req-2bfd0d30-9582-4ca9-9c8e-fedaf0d2ac2c req-b76816d2-ce89-498d-97cb-3520b0faba59 service placement] found 1 providers with available 1 VCPU {{(pid=114970) get_provider_ids_matching /opt/stack/placement/placement/objects/research_context.py:549}}
May 19 05:08:19.800358 dv-neutron-841944-1-hyperv devstack@placement-api.service[114970]: DEBUG placement.objects.research_context [req-2bfd0d30-9582-4ca9-9c8e-fedaf0d2ac2c req-b76816d2-ce89-498d-97cb-3520b0faba59 service placement] found 1 providers after filtering by previous result {{(pid=114970) get_provider_ids_matching /opt/stack/placement/placement/objects/research_context.py:580}}
May 19 05:08:19.810371 dv-neutron-841944-1-hyperv devstack@placement-api.service[114970]: DEBUG placement.objects.allocation_candidate [req-2bfd0d30-9582-4ca9-9c8e-fedaf0d2ac2c req-b76816d2-ce89-498d-97cb-3520b0faba59 service placement] RequestGroup(use_same_provider=False, resources={DISK_GB:1, MEMORY_MB:1024, VCPU:1}, traits=[], aggregates=[]) (suffix '') returned 1 matches {{(pid=114970) _get_by_requests /opt/stack/placement/placement/objects/allocation_candidate.py:145}}
May 19 05:08:19.810705 dv-neutron-841944-1-hyperv devstack@placement-api.service[114970]: DEBUG placement.objects.allocation_candidate [req-2bfd0d30-9582-4ca9-9c8e-fedaf0d2ac2c req-b76816d2-ce89-498d-97cb-3520b0faba59 service placement] Merging candidates yields 1 allocation requests and 1 provider summaries {{(pid=114970) _merge_candidates /opt/stack/placement/placement/objects/allocation_candidate.py:783}}
May 19 05:08:19.812181 dv-neutron-841944-1-hyperv devstack@placement-api.service[114970]: INFO placement.requestlog [req-2bfd0d30-9582-4ca9-9c8e-fedaf0d2ac2c req-b76816d2-ce89-498d-97cb-3520b0faba59 service placement] 10.222.0.52 "GET /placement/allocation_candidates?limit=1000&resources=DISK_GB%3A1%2CMEMORY_MB%3A1024%2CVCPU%3A1&root_required=%21COMPUTE_STATUS_DISABLED" status: 200 len: 767 microversion: 1.36
May 19 05:08:19.812585 dv-neutron-841944-1-hyperv devstack@placement-api.service[114970]: [pid: 114970|app: 0|req: 66/132] 10.222.0.52 () {60 vars in 1506 bytes} [Thu May 19 05:08:19 2022] GET /placement/allocation_candidates?limit=1000&resources=DISK_GB%3A1%2CMEMORY_MB%3A1024%2CVCPU%3A1&root_required=%21COMPUTE_STATUS_DISABLED => generated 767 bytes in 61 msecs (HTTP/1.1 200) 8 headers in 296 bytes (1 switches on core 0)
May 19 05:08:19.846984 dv-neutron-841944-1-hyperv devstack@placement-api.service[114971]: DEBUG placement.requestlog [req-2bfd0d30-9582-4ca9-9c8e-fedaf0d2ac2c req-c5369247-6fe7-4fde-b31c-71b5a53f5a36 None None] Starting request: 10.222.0.52 "GET /placement/allocations/eda60c0d-18e5-46f2-a3f7-792a8c809bcb" {{(pid=114971) __call__ /opt/stack/placement/placement/requestlog.py:55}}
May 19 05:08:19.857709 dv-neutron-841944-1-hyperv devstack@placement-api.service[114971]: INFO placement.requestlog [req-2bfd0d30-9582-4ca9-9c8e-fedaf0d2ac2c req-c5369247-6fe7-4fde-b31c-71b5a53f5a36 service placement] 10.222.0.52 "GET /placement/allocations/eda60c0d-18e5-46f2-a3f7-792a8c809bcb" status: 200 len: 19 microversion: 1.28
May 19 05:08:19.857908 dv-neutron-841944-1-hyperv devstack@placement-api.service[114971]: [pid: 114971|app: 0|req: 67/133] 10.222.0.52 () {60 vars in 1380 bytes} [Thu May 19 05:08:19 2022] GET /placement/allocations/eda60c0d-18e5-46f2-a3f7-792a8c809bcb => generated 19 bytes in 11 msecs (HTTP/1.1 200) 8 headers in 295 bytes (1 switches on core 0)
May 19 05:08:19.863865 dv-neutron-841944-1-hyperv devstack@placement-api.service[114970]: DEBUG placement.requestlog [req-2bfd0d30-9582-4ca9-9c8e-fedaf0d2ac2c req-7b50c5b3-2af3-4dcc-bccf-355989cebe0f None None] Starting request: 10.222.0.52 "PUT /placement/allocations/eda60c0d-18e5-46f2-a3f7-792a8c809bcb" {{(pid=114970) __call__ /opt/stack/placement/placement/requestlog.py:55}}
May 19 05:08:19.917233 dv-neutron-841944-1-hyperv devstack@placement-api.service[114970]: DEBUG placement.handlers.allocation [req-2bfd0d30-9582-4ca9-9c8e-fedaf0d2ac2c req-7b50c5b3-2af3-4dcc-bccf-355989cebe0f service placement] Successfully wrote allocations [, , ] {{(pid=114970) _update_consumers_and_create_allocations /opt/stack/placement/placement/handlers/allocation.py:462}}
