Oct 04 14:12:40.839024 dv-neutron-841838-40-hyperv neutron-server[107120]: DEBUG neutron.scheduler.dhcp_agent_scheduler [None req-d7425476-d4f8-4d85-a981-17063c09b213 admin admin] Network 8fb206d5-c6bf-4751-b7b0-316cce1b864d is already hosted by enough agents. {{(pid=107120) _get_dhcp_agents_hosting_network /opt/stack/neutron/neutron/scheduler/dhcp_agent_scheduler.py:275}}
Oct 04 14:12:40.843528 dv-neutron-841838-40-hyperv neutron-server[107120]: DEBUG neutron.scheduler.base_scheduler [None req-d7425476-d4f8-4d85-a981-17063c09b213 admin admin] Resources bound (agent type, host, resource id): {{(pid=107120) schedule /opt/stack/neutron/neutron/scheduler/base_scheduler.py:57}}
Oct 04 14:12:40.866581 dv-neutron-841838-40-hyperv neutron-server[107120]: DEBUG neutron_lib.callbacks.manager [None req-712e243b-8c7c-44c1-9645-cf66d002fa5e tempest-PortsAdminExtendedAttrsIpV6TestJSON-2137197728 tempest-PortsAdminExtendedAttrsIpV6TestJSON-2137197728-project] Publish callbacks ['neutron.plugins.ml2.plugin.Ml2Plugin._handle_segment_change-16628659'] for segment (9fd59c12-f2d3-4374-a0c1-6373b4d20827), precommit_create {{(pid=107120) _notify_loop /usr/local/lib/python3.8/dist-packages/neutron_lib/callbacks/manager.py:176}}
Oct 04 14:12:40.866581 dv-neutron-841838-40-hyperv neutron-server[107120]: INFO neutron.db.segments_db [None req-712e243b-8c7c-44c1-9645-cf66d002fa5e tempest-PortsAdminExtendedAttrsIpV6TestJSON-2137197728 tempest-PortsAdminExtendedAttrsIpV6TestJSON-2137197728-project] Added segment 9fd59c12-f2d3-4374-a0c1-6373b4d20827 of type vlan for network 32352e9c-23f6-4b9d-9e99-92509eabf9e8
Oct 04 14:12:40.868206 dv-neutron-841838-40-hyperv neutron-server[107120]: DEBUG neutron.db.l3_dvrscheduler_db [None req-d7425476-d4f8-4d85-a981-17063c09b213 admin admin] Received port after_create {{(pid=107120) _notify_l3_agent_new_port /opt/stack/neutron/neutron/db/l3_dvrscheduler_db.py:541}}
Oct 04 14:12:40.874895 dv-neutron-841838-40-hyperv neutron-server[107121]: DEBUG neutron.scheduler.l3_agent_scheduler [None req-5c009162-6c50-43ca-8a22-a8c3f96b0dde admin admin] Router c0f4faac-93cd-4fd6-ac13-9044cfaeb762 is scheduled to L3 agent 1326cf1a-d137-4413-acc9-3f8c3dc44286 with binding_index 1 {{(pid=107121) bind_router /opt/stack/neutron/neutron/scheduler/l3_agent_scheduler.py:209}}
Oct 04 14:12:41.054962 dv-neutron-841838-40-hyperv neutron-server[107121]: DEBUG dbcounter [-] [107121] Writing DB stats neutron:SELECT=88,neutron:DELETE=2,neutron:INSERT=8,neutron:UPDATE=2 {{(pid=107121) stat_writer /usr/local/lib/python3.8/dist-packages/dbcounter.py:114}}
Oct 04 14:12:41.105326 dv-neutron-841838-40-hyperv neutron-server[107121]: DEBUG neutron.db.db_base_plugin_common [None req-9bbcacb7-35ae-4408-b792-73d17624f6d1 tempest-ExternalNetworksAdminNegativeTestJSON-1123772083 tempest-ExternalNetworksAdminNegativeTestJSON-1123772083-project-admin] Allocated IP 172.26.5.183 (8fb206d5-c6bf-4751-b7b0-316cce1b864d/dac5c08f-9826-4cd4-8f23-4ee36f11dc48/f1332f33-dd38-4971-a581-228f5ff74525) {{(pid=107121) _store_ip_allocation /opt/stack/neutron/neutron/db/db_base_plugin_common.py:131}}
Oct 04 14:12:41.189822 dv-neutron-841838-40-hyperv neutron-server[107121]: DEBUG neutron.wsgi [-] (107121) accepted ('10.222.0.39', 53168) {{(pid=107121) server /usr/local/lib/python3.8/dist-packages/eventlet/wsgi.py:1004}}
Oct 04 14:12:41.191673 dv-neutron-841838-40-hyperv neutron-server[107120]: DEBUG neutron_lib.callbacks.manager [None req-d7368254-1881-4040-9f07-b0c159b64a66 tempest-BulkNetworkOpsIpV6Test-1478434116 tempest-BulkNetworkOpsIpV6Test-1478434116-project] Publish callbacks ['neutron.plugins.ml2.plugin.Ml2Plugin._network_delete_precommit_handler-16625294', 'neutron.services.segments.db._delete_segments_for_network-8742497936092'] for network (4db9028e-e545-49c1-ba66-ce009687c33f), precommit_delete {{(pid=107120) _notify_loop /usr/local/lib/python3.8/dist-packages/neutron_lib/callbacks/manager.py:176}}
Oct 04 14:12:41.194134 dv-neutron-841838-40-hyperv neutron-server[107120]: DEBUG neutron.api.rpc.handlers.resources_rpc [None req-d7425476-d4f8-4d85-a981-17063c09b213 admin admin] Pushing event updated for resources: {'Port': ['ID=ab9644d8-2875-4753-8558-fe7803793bf9,revision_number=1']} {{(pid=107120) push /opt/stack/neutron/neutron/api/rpc/handlers/resources_rpc.py:237}}
Oct 04 14:12:41.208505 dv-neutron-841838-40-hyperv neutron-server[107120]: DEBUG neutron_lib.callbacks.manager [None req-712e243b-8c7c-44c1-9645-cf66d002fa5e tempest-PortsAdminExtendedAttrsIpV6TestJSON-2137197728 tempest-PortsAdminExtendedAttrsIpV6TestJSON-2137197728-project] Publish callbacks ['neutron.services.auto_allocate.db._ensure_external_network_default_value_callback-8742497423809'] for network (32352e9c-23f6-4b9d-9e99-92509eabf9e8), precommit_create {{(pid=107120) _notify_loop /usr/local/lib/python3.8/dist-packages/neutron_lib/callbacks/manager.py:176}}
Oct 04 14:12:41.241970 dv-neutron-841838-40-hyperv neutron-server[107120]: DEBUG neutron_lib.callbacks.manager [None req-d7368254-1881-4040-9f07-b0c159b64a66 tempest-BulkNetworkOpsIpV6Test-1478434116 tempest-BulkNetworkOpsIpV6Test-1478434116-project] Subscribe: > segment before_delete 55550000 {{(pid=107120) subscribe /usr/local/lib/python3.8/dist-packages/neutron_lib/callbacks/manager.py:45}}
Oct 04 14:12:41.242624 dv-neutron-841838-40-hyperv neutron-server[107120]: DEBUG neutron_lib.callbacks.manager [None req-d7368254-1881-4040-9f07-b0c159b64a66 tempest-BulkNetworkOpsIpV6Test-1478434116 tempest-BulkNetworkOpsIpV6Test-1478434116-project] Subscribe: > subnet precommit_delete_associations 55550000 {{(pid=107120) subscribe /usr/local/lib/python3.8/dist-packages/neutron_lib/callbacks/manager.py:45}}
Oct 04 14:12:41.243647 dv-neutron-841838-40-hyperv neutron-server[107120]: DEBUG neutron_lib.callbacks.manager [None req-d7368254-1881-4040-9f07-b0c159b64a66 tempest-BulkNetworkOpsIpV6Test-1478434116 tempest-BulkNetworkOpsIpV6Test-1478434116-project] Subscribe: > segment_host_mapping after_create 55550000 {{(pid=107120) subscribe /usr/local/lib/python3.8/dist-packages/neutron_lib/callbacks/manager.py:45}}
Oct 04 14:12:41.244042 dv-neutron-841838-40-hyperv neutron-server[107120]: DEBUG neutron_lib.callbacks.manager [None req-d7368254-1881-4040-9f07-b0c159b64a66 tempest-BulkNetworkOpsIpV6Test-1478434116 tempest-BulkNetworkOpsIpV6Test-1478434116-project] Subscribe: > port after_create 55550000 {{(pid=107120) subscribe /usr/local/lib/python3.8/dist-packages/neutron_lib/callbacks/manager.py:45}}
Oct 04 14:12:41.244353 dv-neutron-841838-40-hyperv neutron-server[107120]: DEBUG neutron_lib.callbacks.manager [None req-d7368254-1881-4040-9f07-b0c159b64a66 tempest-BulkNetworkOpsIpV6Test-1478434116 tempest-BulkNetworkOpsIpV6Test-1478434116-project] Subscribe: > port after_delete 55550000 {{(pid=107120) subscribe /usr/local/lib/python3.8/dist-packages/neutron_lib/callbacks/manager.py:45}}
Oct 04 14:12:41.244706 dv-neutron-841838-40-hyperv neutron-server[107120]: DEBUG neutron_lib.callbacks.manager [None req-d7368254-1881-4040-9f07-b0c159b64a66 tempest-BulkNetworkOpsIpV6Test-1478434116 tempest-BulkNetworkOpsIpV6Test-1478434116-project] Subscribe: > port after_update 55550000 {{(pid=107120) subscribe /usr/local/lib/python3.8/dist-packages/neutron_lib/callbacks/manager.py:45}}
Oct 04 14:12:41.245181 dv-neutron-841838-40-hyperv neutron-server[107120]: DEBUG neutron_lib.callbacks.manager [None req-d7368254-1881-4040-9f07-b0c159b64a66 tempest-BulkNetworkOpsIpV6Test-1478434116 tempest-BulkNetworkOpsIpV6Test-1478434116-project] Subscribe: > segment after_delete 55550000 {{(pid=107120) subscribe /usr/local/lib/python3.8/dist-packages/neutron_lib/callbacks/manager.py:45}}
Oct 04 14:12:41.245645 dv-neutron-841838-40-hyperv neutron-server[107120]: DEBUG neutron_lib.callbacks.manager [None req-d7368254-1881-4040-9f07-b0c159b64a66 tempest-BulkNetworkOpsIpV6Test-1478434116 tempest-BulkNetworkOpsIpV6Test-1478434116-project] Subscribe: > subnet after_create 55550000 {{(pid=107120) subscribe /usr/local/lib/python3.8/dist-packages/neutron_lib/callbacks/manager.py:45}}
Oct 04 14:12:41.246174 dv-neutron-841838-40-hyperv neutron-server[107120]: DEBUG neutron_lib.callbacks.manager [None req-d7368254-1881-4040-9f07-b0c159b64a66 tempest-BulkNetworkOpsIpV6Test-1478434116 tempest-BulkNetworkOpsIpV6Test-1478434116-project] Subscribe: > subnet after_delete 55550000 {{(pid=107120) subscribe /usr/local/lib/python3.8/dist-packages/neutron_lib/callbacks/manager.py:45}}
Oct 04 14:12:41.246657 dv-neutron-841838-40-hyperv neutron-server[107120]: DEBUG neutron_lib.callbacks.manager [None req-d7368254-1881-4040-9f07-b0c159b64a66 tempest-BulkNetworkOpsIpV6Test-1478434116 tempest-BulkNetworkOpsIpV6Test-1478434116-project] Subscribe: > subnet after_update 55550000 {{(pid=107120) subscribe /usr/local/lib/python3.8/dist-packages/neutron_lib/callbacks/manager.py:45}}
Oct 04 14:12:41.259867 dv-neutron-841838-40-hyperv neutron-server[107122]: DEBUG neutron.plugins.ml2.rpc [None req-e54d1746-1ed7-49da-9825-4a1504128aa5 None None] Device 86512612-6f4d-4619-b0c7-50dce58906e4 up at agent ovs-agent-dv-neutron-841838-40-hyperv {{(pid=107122) update_device_up /opt/stack/neutron/neutron/plugins/ml2/rpc.py:296}}
Oct 04 14:12:41.312852 dv-neutron-841838-40-hyperv neutron-server[107122]: DEBUG neutron.db.provisioning_blocks [None req-e54d1746-1ed7-49da-9825-4a1504128aa5 None None] Provisioning complete for port 86512612-6f4d-4619-b0c7-50dce58906e4 triggered by entity L2. {{(pid=107122) provisioning_complete /opt/stack/neutron/neutron/db/provisioning_blocks.py:144}}
Oct 04 14:12:41.313467 dv-neutron-841838-40-hyperv neutron-server[107122]: DEBUG neutron_lib.callbacks.manager [None req-e54d1746-1ed7-49da-9825-4a1504128aa5 None None] Publish callbacks ['neutron.plugins.ml2.plugin.Ml2Plugin._port_provisioned-16618535'] for port (86512612-6f4d-4619-b0c7-50dce58906e4), provisioning_complete {{(pid=107122) _notify_loop /usr/local/lib/python3.8/dist-packages/neutron_lib/callbacks/manager.py:176}}
Oct 04 14:12:41.313955 dv-neutron-841838-40-hyperv neutron-server[107122]: INFO neutron.plugins.ml2.plugin [None req-e54d1746-1ed7-49da-9825-4a1504128aa5 None None] Attempt 1 to provision port 86512612-6f4d-4619-b0c7-50dce58906e4
Oct 04 14:12:41.320281 dv-neutron-841838-40-hyperv neutron-server[107121]: DEBUG neutron_lib.callbacks.manager [None req-924350ec-a295-4d3e-99d0-ed17b04cbaad tempest-DHCPAgentSchedulersTestJSON-1809935219 tempest-DHCPAgentSchedulersTestJSON-1809935219-project] Publish callbacks [] for security_group (2619ce6c-4d23-44e0-8721-6817c62db809), precommit_create {{(pid=107121) _notify_loop /usr/local/lib/python3.8/dist-packages/neutron_lib/callbacks/manager.py:176}}
Oct 04 14:12:41.376370 dv-neutron-841838-40-hyperv neutron-server[107121]: DEBUG neutron_lib.callbacks.manager [None req-924350ec-a295-4d3e-99d0-ed17b04cbaad tempest-DHCPAgentSchedulersTestJSON-1809935219 tempest-DHCPAgentSchedulersTestJSON-1809935219-project] Publish callbacks ['neutron.plugins.ml2.ovo_rpc._ObjectChangeHandler.handle_event-586011'] for security_group (2619ce6c-4d23-44e0-8721-6817c62db809), after_create {{(pid=107121) _notify_loop /usr/local/lib/python3.8/dist-packages/neutron_lib/callbacks/manager.py:176}}
Oct 04 14:12:41.392893 dv-neutron-841838-40-hyperv neutron-server[107122]: DEBUG dbcounter [-] [107122] Writing DB stats neutron:SELECT=100 {{(pid=107122) stat_writer /usr/local/lib/python3.8/dist-packages/dbcounter.py:114}}
Oct 04 14:12:41.398346 dv-neutron-841838-40-hyperv neutron-server[107122]: DEBUG neutron.plugins.ml2.plugin [None req-e54d1746-1ed7-49da-9825-4a1504128aa5 None None] Current status of the port 86512612-6f4d-4619-b0c7-50dce58906e4 is: DOWN; New status is: ACTIVE {{(pid=107122) _update_individual_port_db_status /opt/stack/neutron/neutron/plugins/ml2/plugin.py:2333}}
Oct 04 14:12:41.398737 dv-neutron-841838-40-hyperv neutron-server[107122]: DEBUG neutron_lib.callbacks.manager [None req-e54d1746-1ed7-49da-9825-4a1504128aa5 None None] Publish callbacks ['neutron.plugins.ml2.plugin.SecurityGroupDbMixin._ensure_default_security_group_handler-16483223'] for port (86512612-6f4d-4619-b0c7-50dce58906e4), before_update {{(pid=107122) _notify_loop /usr/local/lib/python3.8/dist-packages/neutron_lib/callbacks/manager.py:176}}
Oct 04 14:12:41.426401 dv-neutron-841838-40-hyperv neutron-server[107121]: DEBUG neutron.api.v2.base [None req-03b03076-5b3f-495f-a95c-010ca21e9c7d tempest-FloatingIPAdminTestJSON-1646479707 tempest-FloatingIPAdminTestJSON-1646479707-project] Request body: {'floatingip': {'floating_network_id': '8fb206d5-c6bf-4751-b7b0-316cce1b864d'}} {{(pid=107121) prepare_request_body /opt/stack/neutron/neutron/api/v2/base.py:730}}
Oct 04 14:12:41.438166 dv-neutron-841838-40-hyperv neutron-server[107122]: DEBUG neutron.plugins.ml2.db [None req-e54d1746-1ed7-49da-9825-4a1504128aa5 None None] For port 86512612-6f4d-4619-b0c7-50dce58906e4, host dv-neutron-841838-40-hyperv, got binding levels [PortBindingLevel(driver='openvswitch',host='dv-neutron-841838-40-hyperv',level=0,port_id=86512612-6f4d-4619-b0c7-50dce58906e4,segment=NetworkSegment(d7874dcd-c128-414f-993b-ae553a6caab3),segment_id=d7874dcd-c128-414f-993b-ae553a6caab3)] {{(pid=107122) get_binding_level_objs /opt/stack/neutron/neutron/plugins/ml2/db.py:74}}
Oct 04 14:12:41.440044 dv-neutron-841838-40-hyperv neutron-server[107121]: DEBUG neutron.plugins.ml2.drivers.helpers [None req-924350ec-a295-4d3e-99d0-ed17b04cbaad tempest-DHCPAgentSchedulersTestJSON-1809935219 tempest-DHCPAgentSchedulersTestJSON-1809935219-project] vlan segment allocate from pool success with {'vlan_id': 622, 'physical_network': 'physnet1'} {{(pid=107121) allocate_partially_specified_segment /opt/stack/neutron/neutron/plugins/ml2/drivers/helpers.py:153}}
Oct 04 14:12:41.450248 dv-neutron-841838-40-hyperv neutron-server[107122]: DEBUG neutron_lib.callbacks.manager [None req-e54d1746-1ed7-49da-9825-4a1504128aa5 None None] Publish callbacks ['neutron.plugins.ml2.plugin.SecurityGroupServerNotifierRpcMixin._notify_sg_on_port_change-16485448', 'neutron.plugins.ml2.ovo_rpc._ObjectChangeHandler.handle_event-394258', 'neutron.api.rpc.agentnotifiers.dhcp_rpc_agent_api.DhcpAgentNotifyAPI._native_event_send_dhcp_notification-646516', 'neutron.db.l3_db.L3RpcNotifierMixin._notify_gateway_port_ip_changed-8742497925313', 'neutron.db.l3_dvrscheduler_db._notify_l3_agent_port_update-8742497471205', 'neutron.db.l3_hascheduler_db._notify_l3_agent_ha_port_update-8742497471223'] for port (86512612-6f4d-4619-b0c7-50dce58906e4), after_update {{(pid=107122) _notify_loop /usr/local/lib/python3.8/dist-packages/neutron_lib/callbacks/manager.py:176}}
Oct 04 14:12:41.451575 dv-neutron-841838-40-hyperv neutron-server[107122]: DEBUG neutron.plugins.ml2.rpc [None req-e54d1746-1ed7-49da-9825-4a1504128aa5 None None] Device 99ee6712-816a-4718-b0b6-37fc22ca63ba up at agent ovs-agent-dv-neutron-841838-40-hyperv {{(pid=107122) update_device_up /opt/stack/neutron/neutron/plugins/ml2/rpc.py:296}}
Oct 04 14:12:41.486035 dv-neutron-841838-40-hyperv neutron-server[107121]: DEBUG neutron_lib.callbacks.manager [None req-9bbcacb7-35ae-4408-b792-73d17624f6d1 tempest-ExternalNetworksAdminNegativeTestJSON-1123772083 tempest-ExternalNetworksAdminNegativeTestJSON-1123772083-project-admin] Publish callbacks [] for port (f1332f33-dd38-4971-a581-228f5ff74525), precommit_create {{(pid=107121) _notify_loop /usr/local/lib/python3.8/dist-packages/neutron_lib/callbacks/manager.py:176}}
Oct 04 14:12:41.496525 dv-neutron-841838-40-hyperv neutron-server[107121]: DEBUG neutron_lib.callbacks.manager [None req-924350ec-a295-4d3e-99d0-ed17b04cbaad tempest-DHCPAgentSchedulersTestJSON-1809935219 tempest-DHCPAgentSchedulersTestJSON-1809935219-project] Publish callbacks ['neutron.plugins.ml2.plugin.Ml2Plugin._handle_segment_change-16628659'] for segment (a174ea2f-9939-47fb-860d-238f47c453ec), precommit_create {{(pid=107121) _notify_loop /usr/local/lib/python3.8/dist-packages/neutron_lib/callbacks/manager.py:176}}
Oct 04 14:12:41.497333 dv-neutron-841838-40-hyperv neutron-server[107121]: INFO neutron.db.segments_db [None req-924350ec-a295-4d3e-99d0-ed17b04cbaad tempest-DHCPAgentSchedulersTestJSON-1809935219 tempest-DHCPAgentSchedulersTestJSON-1809935219-project] Added segment a174ea2f-9939-47fb-860d-238f47c453ec of type vlan for network f9e56d7d-22d9-470b-9088-e65948cb6cba
Oct 04 14:12:41.511674 dv-neutron-841838-40-hyperv neutron-server[107120]: DEBUG neutron_lib.callbacks.manager [None req-d7368254-1881-4040-9f07-b0c159b64a66 tempest-BulkNetworkOpsIpV6Test-1478434116 tempest-BulkNetworkOpsIpV6Test-1478434116-project] Subscribe: > subnet after_create 55550000 {{(pid=107120) subscribe /usr/local/lib/python3.8/dist-packages/neutron_lib/callbacks/manager.py:45}}
Oct 04 14:12:41.512366 dv-neutron-841838-40-hyperv neutron-server[107120]: DEBUG neutron_lib.callbacks.manager [None req-d7368254-1881-4040-9f07-b0c159b64a66 tempest-BulkNetworkOpsIpV6Test-1478434116 tempest-BulkNetworkOpsIpV6Test-1478434116-project] Subscribe: > subnet after_delete 55550000 {{(pid=107120) subscribe /usr/local/lib/python3.8/dist-packages/neutron_lib/callbacks/manager.py:45}}
Oct 04 14:12:41.512366 dv-neutron-841838-40-hyperv neutron-server[107120]: DEBUG neutron_lib.callbacks.manager [None req-d7368254-1881-4040-9f07-b0c159b64a66 tempest-BulkNetworkOpsIpV6Test-1478434116 tempest-BulkNetworkOpsIpV6Test-1478434116-project] Subscribe: > subnet before_create 55550000 {{(pid=107120) subscribe /usr/local/lib/python3.8/dist-packages/neutron_lib/callbacks/manager.py:45}}
Oct 04 14:12:41.513072 dv-neutron-841838-40-hyperv neutron-server[107120]: DEBUG neutron_lib.callbacks.manager [None req-d7368254-1881-4040-9f07-b0c159b64a66 tempest-BulkNetworkOpsIpV6Test-1478434116 tempest-BulkNetworkOpsIpV6Test-1478434116-project] Subscribe: > subnet before_update 55550000 {{(pid=107120) subscribe /usr/local/lib/python3.8/dist-packages/neutron_lib/callbacks/manager.py:45}}
Oct 04 14:12:41.513072 dv-neutron-841838-40-hyperv neutron-server[107120]: DEBUG neutron.services.segments.db [None req-d7368254-1881-4040-9f07-b0c159b64a66 tempest-BulkNetworkOpsIpV6Test-1478434116 tempest-BulkNetworkOpsIpV6Test-1478434116-project] neutron.services.segments.plugin.Plugin method get_segments called with arguments (,) {'filters': {'network_id': ['4db9028e-e545-49c1-ba66-ce009687c33f']}} {{(pid=107120) wrapper /usr/local/lib/python3.8/dist-packages/oslo_log/helpers.py:65}}
Oct 04 14:12:41.518566 dv-neutron-841838-40-hyperv neutron-server[107120]: DEBUG neutron_lib.db.resource_extend [None req-712e243b-8c7c-44c1-9645-cf66d002fa5e tempest-PortsAdminExtendedAttrsIpV6TestJSON-2137197728 tempest-PortsAdminExtendedAttrsIpV6TestJSON-2137197728-project] It took 0.30 seconds to run function 'neutron_lib.db.resource_extend.apply_funcs' {{(pid=107120) wrapper /usr/local/lib/python3.8/dist-packages/oslo_utils/timeutils.py:322}}
Oct 04 14:12:41.524546 dv-neutron-841838-40-hyperv neutron-server[107121]: DEBUG dbcounter [-] [107121] Writing DB stats neutron:SELECT=74,neutron:INSERT=21,neutron:UPDATE=5 {{(pid=107121) stat_writer /usr/local/lib/python3.8/dist-packages/dbcounter.py:114}}
Oct 04 14:12:41.544091 dv-neutron-841838-40-hyperv neutron-server[107120]: DEBUG neutron.services.segments.db [None req-d7368254-1881-4040-9f07-b0c159b64a66 tempest-BulkNetworkOpsIpV6Test-1478434116 tempest-BulkNetworkOpsIpV6Test-1478434116-project] neutron.services.segments.plugin.Plugin method delete_segment called with arguments (, 'e693c3ca-69a6-4347-ab79-6475340c6556') {'for_net_delete': True} {{(pid=107120) wrapper /usr/local/lib/python3.8/dist-packages/oslo_log/helpers.py:65}}
Oct 04 14:12:41.544353 dv-neutron-841838-40-hyperv neutron-server[107120]: DEBUG neutron.services.segments.db [None req-d7368254-1881-4040-9f07-b0c159b64a66 tempest-BulkNetworkOpsIpV6Test-1478434116 tempest-BulkNetworkOpsIpV6Test-1478434116-project] neutron.services.segments.plugin.Plugin method get_segment called with arguments (, 'e693c3ca-69a6-4347-ab79-6475340c6556') {} {{(pid=107120) wrapper /usr/local/lib/python3.8/dist-packages/oslo_log/helpers.py:65}}
Oct 04 14:12:41.559752 dv-neutron-841838-40-hyperv neutron-server[107122]: DEBUG neutron.api.rpc.handlers.resources_rpc [None req-e54d1746-1ed7-49da-9825-4a1504128aa5 None None] Pushing event updated for resources: {'Port': ['ID=86512612-6f4d-4619-b0c7-50dce58906e4,revision_number=3']} {{(pid=107122) push /opt/stack/neutron/neutron/api/rpc/handlers/resources_rpc.py:237}}
Oct 04 14:12:41.563270 dv-neutron-841838-40-hyperv neutron-server[107121]: DEBUG neutron.api.rpc.agentnotifiers.l3_rpc_agent_api [None req-5c009162-6c50-43ca-8a22-a8c3f96b0dde admin admin] Notify agent at l3_agent.dv-neutron-841838-40-hyperv the message routers_updated {{(pid=107121) _agent_notification /opt/stack/neutron/neutron/api/rpc/agentnotifiers/l3_rpc_agent_api.py:65}}
Oct 04 14:12:41.577193 dv-neutron-841838-40-hyperv neutron-server[107123]: DEBUG neutron.api.rpc.handlers.l3_rpc [None req-9be9de9c-98ae-4e78-8b69-a9f41d4c99f9 None None] Sync routers for ids ['c0f4faac-93cd-4fd6-ac13-9044cfaeb762'] in dv-neutron-841838-40-hyperv {{(pid=107123) sync_routers /opt/stack/neutron/neutron/api/rpc/handlers/l3_rpc.py:125}}
Oct 04 14:12:41.577743 dv-neutron-841838-40-hyperv neutron-server[107122]: DEBUG neutron.db.provisioning_blocks [None req-e54d1746-1ed7-49da-9825-4a1504128aa5 None None] Provisioning complete for port 99ee6712-816a-4718-b0b6-37fc22ca63ba triggered by entity L2. {{(pid=107122) provisioning_complete /opt/stack/neutron/neutron/db/provisioning_blocks.py:144}}
Oct 04 14:12:41.577743 dv-neutron-841838-40-hyperv neutron-server[107122]: DEBUG neutron_lib.callbacks.manager [None req-e54d1746-1ed7-49da-9825-4a1504128aa5 None None] Publish callbacks ['neutron.plugins.ml2.plugin.Ml2Plugin._port_provisioned-16618535'] for port (99ee6712-816a-4718-b0b6-37fc22ca63ba), provisioning_complete {{(pid=107122) _notify_loop /usr/local/lib/python3.8/dist-packages/neutron_lib/callbacks/manager.py:176}}
Oct 04 14:12:41.578159 dv-neutron-841838-40-hyperv neutron-server[107122]: INFO neutron.plugins.ml2.plugin [None req-e54d1746-1ed7-49da-9825-4a1504128aa5 None None] Attempt 1 to provision port 99ee6712-816a-4718-b0b6-37fc22ca63ba
Oct 04 14:12:41.599611 dv-neutron-841838-40-hyperv neutron-server[107123]: DEBUG neutron.db.l3_dvrscheduler_db [None req-9be9de9c-98ae-4e78-8b69-a9f41d4c99f9 None None] Routers {'c0f4faac-93cd-4fd6-ac13-9044cfaeb762'} bound to L3 agent in host dv-neutron-841838-40-hyperv {{(pid=107123) _get_router_ids_for_agent /opt/stack/neutron/neutron/db/l3_dvrscheduler_db.py:425}}
Oct 04 14:12:41.600524 dv-neutron-841838-40-hyperv neutron-server[107123]: DEBUG neutron.db.l3_hamode_db [None req-9be9de9c-98ae-4e78-8b69-a9f41d4c99f9 None None] neutron.services.l3_router.l3_router_plugin.L3RouterPlugin method get_ha_sync_data_for_host called with arguments (, 'dv-neutron-841838-40-hyperv', Agent(admin_state_up=True,agent_type='L3 agent',availability_zone='nova',binary='neutron-l3-agent',configurations={"agent_mode": "legacy", "ex_gw_ports": 1, "extensions": [], "floating_ips": 0, "handle_internal_only_routers": true, "interface_driver": "openvswitch", "interfaces": 1, "log_agent_heartbeats": false, "routers": 1},created_at=2022-10-04T14:04:48Z,description=,heartbeat_timestamp=2022-10-04T14:12:18Z,host='dv-neutron-841838-40-hyperv',id=1326cf1a-d137-4413-acc9-3f8c3dc44286,load=0,resource_versions=,resources_synced=,started_at=2022-10-04T14:04:48Z,topic='l3_agent')) {'router_ids': ['c0f4faac-93cd-4fd6-ac13-9044cfaeb762'], 'active': True} {{(pid=107123) wrapper /usr/local/lib/python3.8/dist-packages/oslo_log/helpers.py:65}}
Oct 04 14:12:41.623428 dv-neutron-841838-40-hyperv neutron-server[107121]: DEBUG neutron.api.rpc.handlers.resources_rpc [None req-924350ec-a295-4d3e-99d0-ed17b04cbaad tempest-DHCPAgentSchedulersTestJSON-1809935219 tempest-DHCPAgentSchedulersTestJSON-1809935219-project] Pushing event updated for resources: {'SecurityGroup': ['ID=2619ce6c-4d23-44e0-8721-6817c62db809,revision_number=1']} {{(pid=107121) push /opt/stack/neutron/neutron/api/rpc/handlers/resources_rpc.py:237}}
Oct 04 14:12:41.658050 dv-neutron-841838-40-hyperv neutron-server[107121]: DEBUG neutron_lib.callbacks.manager [None req-03b03076-5b3f-495f-a95c-010ca21e9c7d tempest-FloatingIPAdminTestJSON-1646479707 tempest-FloatingIPAdminTestJSON-1646479707-project] Publish callbacks [] for floatingip (None), before_create {{(pid=107121) _notify_loop /usr/local/lib/python3.8/dist-packages/neutron_lib/callbacks/manager.py:176}}
Oct 04 14:12:41.688069 dv-neutron-841838-40-hyperv neutron-server[107122]: DEBUG neutron.plugins.ml2.plugin [None req-e54d1746-1ed7-49da-9825-4a1504128aa5 None None] Current status of the port 99ee6712-816a-4718-b0b6-37fc22ca63ba is: ACTIVE; New status is: ACTIVE {{(pid=107122) _update_individual_port_db_status /opt/stack/neutron/neutron/plugins/ml2/plugin.py:2333}}
Oct 04 14:12:41.751367 dv-neutron-841838-40-hyperv neutron-server[107121]: DEBUG neutron_lib.callbacks.manager [None req-924350ec-a295-4d3e-99d0-ed17b04cbaad tempest-DHCPAgentSchedulersTestJSON-1809935219 tempest-DHCPAgentSchedulersTestJSON-1809935219-project] Publish callbacks ['neutron.services.auto_allocate.db._ensure_external_network_default_value_callback-8742497423809'] for network (f9e56d7d-22d9-470b-9088-e65948cb6cba), precommit_create {{(pid=107121) _notify_loop /usr/local/lib/python3.8/dist-packages/neutron_lib/callbacks/manager.py:176}}
Oct 04 14:12:41.831419 dv-neutron-841838-40-hyperv neutron-server[107120]: DEBUG dbcounter [-] [107120] Writing DB stats neutron:SELECT=86,neutron:INSERT=10,neutron:UPDATE=4 {{(pid=107120) stat_writer /usr/local/lib/python3.8/dist-packages/dbcounter.py:114}}
Oct 04 14:12:41.831983 dv-neutron-841838-40-hyperv neutron-server[107120]: DEBUG dbcounter [-] [107120] Writing DB stats neutron:SELECT=88,neutron:INSERT=10,neutron:UPDATE=2 {{(pid=107120) stat_writer /usr/local/lib/python3.8/dist-packages/dbcounter.py:114}}
Oct 04 14:12:41.842417 dv-neutron-841838-40-hyperv neutron-server[107120]: DEBUG neutron_lib.callbacks.manager [None req-d7368254-1881-4040-9f07-b0c159b64a66 tempest-BulkNetworkOpsIpV6Test-1478434116 tempest-BulkNetworkOpsIpV6Test-1478434116-project] Publish callbacks ['neutron.plugins.ml2.db._prevent_segment_delete_with_port_bound-8742497989542', 'neutron.services.segments.plugin.Plugin._prevent_segment_delete_with_subnet_associated-3112090'] for segment (e693c3ca-69a6-4347-ab79-6475340c6556), before_delete {{(pid=107120) _notify_loop /usr/local/lib/python3.8/dist-packages/neutron_lib/callbacks/manager.py:176}}
Oct 04 14:12:41.853374 dv-neutron-841838-40-hyperv neutron-server[107122]: DEBUG neutron.api.rpc.handlers.dhcp_rpc [None req-c76bd465-a785-4138-8788-14c621bdf7ec None None] Network 0e93f7c5-44e6-49e9-80a0-dcebc6f62445 requested from dv-neutron-841838-40-hyperv {{(pid=107122) get_network_info /opt/stack/neutron/neutron/api/rpc/handlers/dhcp_rpc.py:193}}
Oct 04 14:12:41.853899 dv-neutron-841838-40-hyperv neutron-server[107123]: DEBUG neutron.db.l3_dvr_db [None req-9be9de9c-98ae-4e78-8b69-a9f41d4c99f9 None None] Set router c0f4faac-93cd-4fd6-ac13-9044cfaeb762 gateway port host: dv-neutron-841838-40-hyperv {{(pid=107123) _build_routers_list /opt/stack/neutron/neutron/db/l3_dvr_db.py:907}}
Oct 04 14:12:41.859389 dv-neutron-841838-40-hyperv neutron-server[107120]: DEBUG neutron_lib.callbacks.manager [None req-712e243b-8c7c-44c1-9645-cf66d002fa5e tempest-PortsAdminExtendedAttrsIpV6TestJSON-2137197728 tempest-PortsAdminExtendedAttrsIpV6TestJSON-2137197728-project] Publish callbacks ['neutron.plugins.ml2.ovo_rpc._ObjectChangeHandler.handle_event-583374', 'neutron.api.rpc.agentnotifiers.dhcp_rpc_agent_api.DhcpAgentNotifyAPI._native_event_send_dhcp_notification-646516'] for network (32352e9c-23f6-4b9d-9e99-92509eabf9e8), after_create {{(pid=107120) _notify_loop /usr/local/lib/python3.8/dist-packages/neutron_lib/callbacks/manager.py:176}}
Oct 04 14:12:41.864577 dv-neutron-841838-40-hyperv neutron-server[107120]: DEBUG neutron.pecan_wsgi.hooks.policy_enforcement [None req-712e243b-8c7c-44c1-9645-cf66d002fa5e tempest-PortsAdminExtendedAttrsIpV6TestJSON-2137197728 tempest-PortsAdminExtendedAttrsIpV6TestJSON-2137197728-project] Attributes excluded by policy engine: ['standard_attr_id', 'provider:network_type', 'provider:physical_network', 'provider:segmentation_id', 'vlan_transparent'] {{(pid=107120) _exclude_attributes_by_policy /opt/stack/neutron/neutron/pecan_wsgi/hooks/policy_enforcement.py:259}}
Oct 04 14:12:41.865231 dv-neutron-841838-40-hyperv neutron-server[107120]: DEBUG neutron_lib.callbacks.manager [None req-712e243b-8c7c-44c1-9645-cf66d002fa5e tempest-PortsAdminExtendedAttrsIpV6TestJSON-2137197728 tempest-PortsAdminExtendedAttrsIpV6TestJSON-2137197728-project] Publish callbacks ['neutron.api.rpc.agentnotifiers.dhcp_rpc_agent_api.DhcpAgentNotifyAPI._send_dhcp_notification-646498'] for network (None), before_response {{(pid=107120) _notify_loop /usr/local/lib/python3.8/dist-packages/neutron_lib/callbacks/manager.py:176}}
Oct 04 14:12:41.886135 dv-neutron-841838-40-hyperv neutron-server[107120]: DEBUG neutron_lib.callbacks.manager [None req-d7425476-d4f8-4d85-a981-17063c09b213 admin admin] Publish callbacks [] for router_gateway (f6d05558-ba91-4177-96f0-3e5b6c38efb0), after_create {{(pid=107120) _notify_loop /usr/local/lib/python3.8/dist-packages/neutron_lib/callbacks/manager.py:176}}
Oct 04 14:12:41.901854 dv-neutron-841838-40-hyperv neutron-server[107121]: DEBUG neutron_lib.callbacks.manager [None req-65ab0e44-5914-4a64-acc2-d7da4be83d41 admin admin] Publish callbacks ['neutron.plugins.ml2.ovo_rpc._ObjectChangeHandler.handle_event-583287', 'neutron.api.rpc.agentnotifiers.dhcp_rpc_agent_api.DhcpAgentNotifyAPI._native_event_send_dhcp_notification-646516'] for subnet (ce50e087-f8e3-4f74-bbec-dea50a0e7de6), after_create {{(pid=107121) _notify_loop /usr/local/lib/python3.8/dist-packages/neutron_lib/callbacks/manager.py:176}}
Oct 04 14:12:41.906209 dv-neutron-841838-40-hyperv neutron-server[107121]: DEBUG neutron_lib.callbacks.manager [None req-5c009162-6c50-43ca-8a22-a8c3f96b0dde admin admin] Publish callbacks [] for router (None), before_response {{(pid=107121) _notify_loop /usr/local/lib/python3.8/dist-packages/neutron_lib/callbacks/manager.py:176}}
Oct 04 14:12:41.907653 dv-neutron-841838-40-hyperv neutron-server[107120]: DEBUG neutron_lib.callbacks.manager [None req-d7368254-1881-4040-9f07-b0c159b64a66 tempest-BulkNetworkOpsIpV6Test-1478434116 tempest-BulkNetworkOpsIpV6Test-1478434116-project] Publish callbacks ['neutron.plugins.ml2.plugin.Ml2Plugin._handle_segment_change-16628659'] for segment (e693c3ca-69a6-4347-ab79-6475340c6556), precommit_delete {{(pid=107120) _notify_loop /usr/local/lib/python3.8/dist-packages/neutron_lib/callbacks/manager.py:176}}
Oct 04 14:12:41.912441 dv-neutron-841838-40-hyperv neutron-server[107121]: INFO neutron.wsgi [None req-5c009162-6c50-43ca-8a22-a8c3f96b0dde admin admin] 10.222.0.39 "POST /networking/v2.0/routers HTTP/1.1" status: 201 len: 923 time: 5.0627503
Oct 04 14:12:41.925873 dv-neutron-841838-40-hyperv neutron-server[107121]: DEBUG neutron.wsgi [-] (107121) accepted ('10.222.0.39', 53172) {{(pid=107121) server /usr/local/lib/python3.8/dist-packages/eventlet/wsgi.py:1004}}
Oct 04 14:12:41.960213 dv-neutron-841838-40-hyperv neutron-server[107121]: DEBUG dbcounter [-] [107121] Writing DB stats neutron:SELECT=90,neutron:INSERT=6,neutron:UPDATE=2,neutron:DELETE=2 {{(pid=107121) stat_writer /usr/local/lib/python3.8/dist-packages/dbcounter.py:114}}
Oct 04 14:12:41.984703 dv-neutron-841838-40-hyperv neutron-server[107120]: DEBUG neutron.plugins.ml2.drivers.type_vlan [None req-d7368254-1881-4040-9f07-b0c159b64a66 tempest-BulkNetworkOpsIpV6Test-1478434116 tempest-BulkNetworkOpsIpV6Test-1478434116-project] Releasing vlan 647 on physical network physnet1 to pool {{(pid=107120) release_segment /opt/stack/neutron/neutron/plugins/ml2/drivers/type_vlan.py:304}}
Oct 04 14:12:41.985189 dv-neutron-841838-40-hyperv neutron-server[107120]: DEBUG neutron_lib.callbacks.manager [None req-d7368254-1881-4040-9f07-b0c159b64a66 tempest-BulkNetworkOpsIpV6Test-1478434116 tempest-BulkNetworkOpsIpV6Test-1478434116-project] Publish callbacks ['neutron.plugins.ml2.plugin.Ml2Plugin._handle_segment_change-16628659', 'neutron.services.segments.plugin.NovaSegmentNotifier._notify_segment_deleted-3131007'] for segment (e693c3ca-69a6-4347-ab79-6475340c6556), after_delete {{(pid=107120) _notify_loop /usr/local/lib/python3.8/dist-packages/neutron_lib/callbacks/manager.py:176}}
Oct 04 14:12:41.997994 dv-neutron-841838-40-hyperv neutron-server[107120]: INFO neutron.wsgi [None req-712e243b-8c7c-44c1-9645-cf66d002fa5e tempest-PortsAdminExtendedAttrsIpV6TestJSON-2137197728 tempest-PortsAdminExtendedAttrsIpV6TestJSON-2137197728-project] 10.222.0.39 "POST /networking/v2.0/networks HTTP/1.1" status: 201 len: 803 time: 2.1448255
Oct 04 14:12:42.015380 dv-neutron-841838-40-hyperv neutron-server[107122]: DEBUG neutron.db.provisioning_blocks [None req-25d8bac4-4fd0-4db4-a098-789a6335b24e None None] Provisioning complete for port 86512612-6f4d-4619-b0c7-50dce58906e4 triggered by entity DHCP. {{(pid=107122) provisioning_complete /opt/stack/neutron/neutron/db/provisioning_blocks.py:144}}
Oct 04 14:12:42.015761 dv-neutron-841838-40-hyperv neutron-server[107122]: DEBUG neutron_lib.callbacks.manager [None req-25d8bac4-4fd0-4db4-a098-789a6335b24e None None] Publish callbacks ['neutron.plugins.ml2.plugin.Ml2Plugin._port_provisioned-16618535'] for port (86512612-6f4d-4619-b0c7-50dce58906e4), provisioning_complete {{(pid=107122) _notify_loop /usr/local/lib/python3.8/dist-packages/neutron_lib/callbacks/manager.py:176}}
Oct 04 14:12:42.016101 dv-neutron-841838-40-hyperv neutron-server[107122]: INFO neutron.plugins.ml2.plugin [None req-25d8bac4-4fd0-4db4-a098-789a6335b24e None None] Attempt 1 to provision port 86512612-6f4d-4619-b0c7-50dce58906e4
Oct 04 14:12:42.090195 dv-neutron-841838-40-hyperv neutron-server[107121]: DEBUG neutron_lib.callbacks.manager [None req-9bbcacb7-35ae-4408-b792-73d17624f6d1 tempest-ExternalNetworksAdminNegativeTestJSON-1123772083 tempest-ExternalNetworksAdminNegativeTestJSON-1123772083-project-admin] Publish callbacks ['neutron.plugins.ml2.plugin.SecurityGroupServerNotifierRpcMixin._notify_sg_on_port_change-16485448', 'neutron.plugins.ml2.ovo_rpc._ObjectChangeHandler.handle_event-394258', 'neutron.api.rpc.agentnotifiers.dhcp_rpc_agent_api.DhcpAgentNotifyAPI._native_event_send_dhcp_notification-646516', 'neutron.db.l3_dvrscheduler_db._notify_l3_agent_new_port-8742497471187'] for port (f1332f33-dd38-4971-a581-228f5ff74525), after_create {{(pid=107121) _notify_loop /usr/local/lib/python3.8/dist-packages/neutron_lib/callbacks/manager.py:176}}
Oct 04 14:12:42.113363 dv-neutron-841838-40-hyperv neutron-server[107121]: DEBUG neutron_lib.callbacks.manager [None req-03b03076-5b3f-495f-a95c-010ca21e9c7d tempest-FloatingIPAdminTestJSON-1646479707 tempest-FloatingIPAdminTestJSON-1646479707-project] Publish callbacks ['neutron.plugins.ml2.plugin.SecurityGroupDbMixin._ensure_default_security_group_handler-16483223'] for port (None), before_create {{(pid=107121) _notify_loop /usr/local/lib/python3.8/dist-packages/neutron_lib/callbacks/manager.py:176}}
Oct 04 14:12:42.123619 dv-neutron-841838-40-hyperv neutron-server[107120]: DEBUG neutron.api.rpc.handlers.resources_rpc [None req-712e243b-8c7c-44c1-9645-cf66d002fa5e tempest-PortsAdminExtendedAttrsIpV6TestJSON-2137197728 tempest-PortsAdminExtendedAttrsIpV6TestJSON-2137197728-project] Pushing event updated for resources: {'Network': ['ID=32352e9c-23f6-4b9d-9e99-92509eabf9e8,revision_number=1']} {{(pid=107120) push /opt/stack/neutron/neutron/api/rpc/handlers/resources_rpc.py:237}}
Oct 04 14:12:42.151808 dv-neutron-841838-40-hyperv neutron-server[107122]: DEBUG neutron.plugins.ml2.plugin [None req-25d8bac4-4fd0-4db4-a098-789a6335b24e None None] Current status of the port 86512612-6f4d-4619-b0c7-50dce58906e4 is: ACTIVE; New status is: ACTIVE {{(pid=107122) _update_individual_port_db_status /opt/stack/neutron/neutron/plugins/ml2/plugin.py:2333}}
Oct 04 14:12:42.155781 dv-neutron-841838-40-hyperv neutron-server[107122]: DEBUG neutron.plugins.ml2.rpc [None req-e54d1746-1ed7-49da-9825-4a1504128aa5 None None] Network 32352e9c-23f6-4b9d-9e99-92509eabf9e8 details requested by agent ovs-agent-dv-neutron-841838-40-hyperv with host dv-neutron-841838-40-hyperv {{(pid=107122) get_network_details /opt/stack/neutron/neutron/plugins/ml2/rpc.py:248}}
Oct 04 14:12:42.167594 dv-neutron-841838-40-hyperv neutron-server[107123]: DEBUG neutron.db.l3_hamode_db [None req-9be9de9c-98ae-4e78-8b69-a9f41d4c99f9 None None] neutron.services.l3_router.l3_router_plugin.L3RouterPlugin method _process_sync_ha_data called with arguments (, [{'id': 'c0f4faac-93cd-4fd6-ac13-9044cfaeb762', 'name': 'tempest-ServerActionsTestJSON-248625681-router', 'tenant_id': 'c46845dad9fb4138935c436314cb6ce5', 'admin_state_up': True, 'status': 'ACTIVE', 'external_gateway_info': {'network_id': '8fb206d5-c6bf-4751-b7b0-316cce1b864d', 'external_fixed_ips': [{'subnet_id': 'dac5c08f-9826-4cd4-8f23-4ee36f11dc48', 'ip_address': '172.26.5.102'}], 'enable_snat': True}, 'gw_port_id': '8f61ff56-eb5c-4c52-a8a8-58fd60c868eb', 'description': '', 'availability_zones': ['nova'], 'distributed': False, 'ha': False, 'ha_vr_id': 0, 'availability_zone_hints': [], 'routes': [], 'flavor_id': None, 'tags': [], 'created_at': '2022-10-04T14:12:36Z', 'updated_at': '2022-10-04T14:12:38Z', 'revision_number': 3, 'project_id': 'c46845dad9fb4138935c436314cb6ce5', 'gw_port': {'id': '8f61ff56-eb5c-4c52-a8a8-58fd60c868eb', 'name': '', 'network_id': '8fb206d5-c6bf-4751-b7b0-316cce1b864d', 'tenant_id': '', 'mac_address': 'fa:16:3e:72:64:0e', 'admin_state_up': True, 'status': 'DOWN', 'device_id': 'c0f4faac-93cd-4fd6-ac13-9044cfaeb762', 'device_owner': 'network:router_gateway', 'standard_attr_id': 41, 'fixed_ips': [{'subnet_id': 'dac5c08f-9826-4cd4-8f23-4ee36f11dc48', 'ip_address': '172.26.5.102', 'prefixlen': 24}], 'allowed_address_pairs': [], 'extra_dhcp_opts': [], 'security_groups': [], 'description': '', 'binding:vnic_type': 'normal', 'binding:profile': {}, 'binding:host_id': '', 'binding:vif_type': 'unbound', 'binding:vif_details': {}, 'port_security_enabled': False, 'tags': [], 'created_at': '2022-10-04T14:12:37Z', 'updated_at': '2022-10-04T14:12:37Z', 'revision_number': 1, 'project_id': '', 'subnets': [{'id': 'dac5c08f-9826-4cd4-8f23-4ee36f11dc48', 'cidr': '172.26.5.0/24', 'gateway_ip': '172.26.5.1', 'dns_nameservers': [], 'ipv6_ra_mode': None, 'subnetpool_id': None}], 'extra_subnets': [], 'address_scopes': {4: None, 6: None}, 'mtu': 1500}, 'enable_snat': True, 'gw_port_host': 'dv-neutron-841838-40-hyperv'}], 'dv-neutron-841838-40-hyperv', False) {} {{(pid=107123) wrapper /usr/local/lib/python3.8/dist-packages/oslo_log/helpers.py:65}}
Oct 04 14:12:42.170772 dv-neutron-841838-40-hyperv neutron-server[107120]: DEBUG neutron_lib.callbacks.manager [None req-d7368254-1881-4040-9f07-b0c159b64a66 tempest-BulkNetworkOpsIpV6Test-1478434116 tempest-BulkNetworkOpsIpV6Test-1478434116-project] Publish callbacks ['neutron.plugins.ml2.plugin.Ml2Plugin._network_delete_after_delete_handler-16622461', 'neutron.plugins.ml2.ovo_rpc._ObjectChangeHandler.handle_event-583374', 'neutron.api.rpc.agentnotifiers.dhcp_rpc_agent_api.DhcpAgentNotifyAPI._native_event_send_dhcp_notification-646516', 'neutron.services.l3_router.l3_router_plugin.DVRResourceOperationHandler.delete_fip_namespaces_for_ext_net-583587'] for network (4db9028e-e545-49c1-ba66-ce009687c33f), after_delete {{(pid=107120) _notify_loop /usr/local/lib/python3.8/dist-packages/neutron_lib/callbacks/manager.py:176}}
Oct 04 14:12:42.202167 dv-neutron-841838-40-hyperv neutron-server[107121]: DEBUG neutron_lib.callbacks.manager [None req-924350ec-a295-4d3e-99d0-ed17b04cbaad tempest-DHCPAgentSchedulersTestJSON-1809935219 tempest-DHCPAgentSchedulersTestJSON-1809935219-project] Publish callbacks ['neutron.plugins.ml2.ovo_rpc._ObjectChangeHandler.handle_event-583374', 'neutron.api.rpc.agentnotifiers.dhcp_rpc_agent_api.DhcpAgentNotifyAPI._native_event_send_dhcp_notification-646516'] for network (f9e56d7d-22d9-470b-9088-e65948cb6cba), after_create {{(pid=107121) _notify_loop /usr/local/lib/python3.8/dist-packages/neutron_lib/callbacks/manager.py:176}}
Oct 04 14:12:42.216876 dv-neutron-841838-40-hyperv neutron-server[107120]: DEBUG neutron_lib.callbacks.manager [None req-d7368254-1881-4040-9f07-b0c159b64a66 tempest-BulkNetworkOpsIpV6Test-1478434116 tempest-BulkNetworkOpsIpV6Test-1478434116-project] Publish callbacks ['neutron.api.rpc.agentnotifiers.dhcp_rpc_agent_api.DhcpAgentNotifyAPI._send_dhcp_notification-646498'] for network (None), before_response {{(pid=107120) _notify_loop /usr/local/lib/python3.8/dist-packages/neutron_lib/callbacks/manager.py:176}}
Oct 04 14:12:42.220805 dv-neutron-841838-40-hyperv neutron-server[107121]: DEBUG neutron.pecan_wsgi.hooks.policy_enforcement [None req-924350ec-a295-4d3e-99d0-ed17b04cbaad tempest-DHCPAgentSchedulersTestJSON-1809935219 tempest-DHCPAgentSchedulersTestJSON-1809935219-project] Attributes excluded by policy engine: ['standard_attr_id', 'provider:network_type', 'provider:physical_network', 'provider:segmentation_id', 'vlan_transparent'] {{(pid=107121) _exclude_attributes_by_policy /opt/stack/neutron/neutron/pecan_wsgi/hooks/policy_enforcement.py:259}}
Oct 04 14:12:42.221467 dv-neutron-841838-40-hyperv neutron-server[107121]: DEBUG neutron_lib.callbacks.manager [None req-924350ec-a295-4d3e-99d0-ed17b04cbaad tempest-DHCPAgentSchedulersTestJSON-1809935219 tempest-DHCPAgentSchedulersTestJSON-1809935219-project] Publish callbacks ['neutron.api.rpc.agentnotifiers.dhcp_rpc_agent_api.DhcpAgentNotifyAPI._send_dhcp_notification-646498'] for network (None), before_response {{(pid=107121) _notify_loop /usr/local/lib/python3.8/dist-packages/neutron_lib/callbacks/manager.py:176}}
Oct 04 14:12:42.222601 dv-neutron-841838-40-hyperv neutron-server[107120]: INFO neutron.wsgi [None req-d7368254-1881-4040-9f07-b0c159b64a66 tempest-BulkNetworkOpsIpV6Test-1478434116 tempest-BulkNetworkOpsIpV6Test-1478434116-project] 10.222.0.39 "DELETE /networking/v2.0/networks/4db9028e-e545-49c1-ba66-ce009687c33f HTTP/1.1" status: 204 len: 168 time: 1.7739553
Oct 04 14:12:42.234730 dv-neutron-841838-40-hyperv neutron-server[107120]: DEBUG neutron.wsgi [-] (107120) accepted ('10.222.0.39', 53196) {{(pid=107120) server /usr/local/lib/python3.8/dist-packages/eventlet/wsgi.py:1004}}
Oct 04 14:12:42.242133 dv-neutron-841838-40-hyperv neutron-server[107123]: DEBUG neutron.api.rpc.handlers.l3_rpc [None req-9be9de9c-98ae-4e78-8b69-a9f41d4c99f9 None None] Checking router: c0f4faac-93cd-4fd6-ac13-9044cfaeb762 for host: dv-neutron-841838-40-hyperv {{(pid=107123) _ensure_host_set_on_ports /opt/stack/neutron/neutron/api/rpc/handlers/l3_rpc.py:155}}
Oct 04 14:12:42.242588 dv-neutron-841838-40-hyperv neutron-server[107123]: DEBUG neutron.api.rpc.handlers.l3_rpc [None req-9be9de9c-98ae-4e78-8b69-a9f41d4c99f9 None None] Updating router c0f4faac-93cd-4fd6-ac13-9044cfaeb762 port 8f61ff56-eb5c-4c52-a8a8-58fd60c868eb binding host dv-neutron-841838-40-hyperv {{(pid=107123) _ensure_host_set_on_port /opt/stack/neutron/neutron/api/rpc/handlers/l3_rpc.py:205}}
Oct 04 14:12:42.265402 dv-neutron-841838-40-hyperv neutron-server[107120]: DEBUG neutron.api.rpc.handlers.resources_rpc [None req-d7368254-1881-4040-9f07-b0c159b64a66 tempest-BulkNetworkOpsIpV6Test-1478434116 tempest-BulkNetworkOpsIpV6Test-1478434116-project] Pushing event deleted for resources: {'Network': ['ID=4db9028e-e545-49c1-ba66-ce009687c33f,revision_number=None']} {{(pid=107120) push /opt/stack/neutron/neutron/api/rpc/handlers/resources_rpc.py:237}}
Oct 04 14:12:42.272544 dv-neutron-841838-40-hyperv neutron-server[107122]: DEBUG dbcounter [-] [107122] Writing DB stats neutron:SELECT=96,neutron:UPDATE=3,neutron:INSERT=1 {{(pid=107122) stat_writer /usr/local/lib/python3.8/dist-packages/dbcounter.py:114}}
Oct 04 14:12:42.305448 dv-neutron-841838-40-hyperv neutron-server[107123]: DEBUG neutron_lib.callbacks.manager [None req-9be9de9c-98ae-4e78-8b69-a9f41d4c99f9 None None] Publish callbacks ['neutron.plugins.ml2.plugin.SecurityGroupDbMixin._ensure_default_security_group_handler-16483223'] for port (8f61ff56-eb5c-4c52-a8a8-58fd60c868eb), before_update {{(pid=107123) _notify_loop /usr/local/lib/python3.8/dist-packages/neutron_lib/callbacks/manager.py:176}}
Oct 04 14:12:42.392477 dv-neutron-841838-40-hyperv neutron-server[107121]: DEBUG neutron.api.rpc.handlers.resources_rpc [None req-65ab0e44-5914-4a64-acc2-d7da4be83d41 admin admin] Pushing event updated for resources: {'Subnet': ['ID=ce50e087-f8e3-4f74-bbec-dea50a0e7de6,revision_number=0']} {{(pid=107121) push /opt/stack/neutron/neutron/api/rpc/handlers/resources_rpc.py:237}}
Oct 04 14:12:42.453665 dv-neutron-841838-40-hyperv neutron-server[107120]: INFO neutron.services.segments.plugin [-] Segment e693c3ca-69a6-4347-ab79-6475340c6556 resource provider aggregate not found
Oct 04 14:12:42.473875 dv-neutron-841838-40-hyperv neutron-server[107122]: DEBUG neutron.db.provisioning_blocks [None req-e111b305-b4ee-406e-a6c8-9a6078540a55 None None] Provisioning complete for port 86512612-6f4d-4619-b0c7-50dce58906e4 triggered by entity DHCP. {{(pid=107122) provisioning_complete /opt/stack/neutron/neutron/db/provisioning_blocks.py:144}}
Oct 04 14:12:42.474707 dv-neutron-841838-40-hyperv neutron-server[107122]: DEBUG neutron_lib.callbacks.manager [None req-e111b305-b4ee-406e-a6c8-9a6078540a55 None None] Publish callbacks ['neutron.plugins.ml2.plugin.Ml2Plugin._port_provisioned-16618535'] for port (86512612-6f4d-4619-b0c7-50dce58906e4), provisioning_complete {{(pid=107122) _notify_loop /usr/local/lib/python3.8/dist-packages/neutron_lib/callbacks/manager.py:176}}
Oct 04 14:12:42.475189 dv-neutron-841838-40-hyperv neutron-server[107122]: INFO neutron.plugins.ml2.plugin [None req-e111b305-b4ee-406e-a6c8-9a6078540a55 None None] Attempt 1 to provision port 86512612-6f4d-4619-b0c7-50dce58906e4
Oct 04 14:12:42.488803 dv-neutron-841838-40-hyperv neutron-server[107120]: DEBUG neutron_lib.callbacks.manager [None req-6b0e9d10-ef31-492d-87b3-31dd1881929e tempest-BulkNetworkOpsIpV6Test-1478434116 tempest-BulkNetworkOpsIpV6Test-1478434116-project] Publish callbacks ['neutron.plugins.ml2.plugin.External_net_db_mixin._before_network_delete_handler-16491857'] for network (02562cf1-f469-4c3b-90b4-9f2fc55d590c), before_delete {{(pid=107120) _notify_loop /usr/local/lib/python3.8/dist-packages/neutron_lib/callbacks/manager.py:176}}
Oct 04 14:12:42.505269 dv-neutron-841838-40-hyperv neutron-server[107120]: INFO neutron.services.segments.plugin [-] Segment e693c3ca-69a6-4347-ab79-6475340c6556 resource provider not found; error: Placement Client Error (4xx): {"errors": [{"status": 404, "title": "Not Found", "detail": "The resource could not be found.\n\n No resource provider with uuid e693c3ca-69a6-4347-ab79-6475340c6556 found for delete ", "request_id": "req-7b03a896-4c36-47d3-825c-c9ce61a12b1f"}]}
Oct 04 14:12:42.584848 dv-neutron-841838-40-hyperv neutron-server[107122]: DEBUG neutron.plugins.ml2.plugin [None req-e111b305-b4ee-406e-a6c8-9a6078540a55 None None] Current status of the port 86512612-6f4d-4619-b0c7-50dce58906e4 is: ACTIVE; New status is: ACTIVE {{(pid=107122) _update_individual_port_db_status /opt/stack/neutron/neutron/plugins/ml2/plugin.py:2333}}
Oct 04 14:12:42.643405 dv-neutron-841838-40-hyperv neutron-server[107120]: DEBUG neutron_lib.callbacks.manager [None req-d7425476-d4f8-4d85-a981-17063c09b213 admin admin] Publish callbacks ['neutron.services.l3_router.l3_router_plugin.L3_HA_NAT_db_mixin._after_router_create-583145', 'neutron.services.l3_router.l3_router_plugin.DVRResourceOperationHandler._create_snat_interfaces_after_change-583620'] for router (f6d05558-ba91-4177-96f0-3e5b6c38efb0), after_create {{(pid=107120) _notify_loop /usr/local/lib/python3.8/dist-packages/neutron_lib/callbacks/manager.py:176}}
Oct 04 14:12:42.650526 dv-neutron-841838-40-hyperv neutron-server[107121]: DEBUG neutron.scheduler.dhcp_agent_scheduler [None req-9bbcacb7-35ae-4408-b792-73d17624f6d1 tempest-ExternalNetworksAdminNegativeTestJSON-1123772083 tempest-ExternalNetworksAdminNegativeTestJSON-1123772083-project-admin] Network 8fb206d5-c6bf-4751-b7b0-316cce1b864d is already hosted by enough agents. {{(pid=107121) _get_dhcp_agents_hosting_network /opt/stack/neutron/neutron/scheduler/dhcp_agent_scheduler.py:275}}
Oct 04 14:12:42.653658 dv-neutron-841838-40-hyperv neutron-server[107121]: DEBUG neutron.api.rpc.handlers.resources_rpc [None req-9bbcacb7-35ae-4408-b792-73d17624f6d1 tempest-ExternalNetworksAdminNegativeTestJSON-1123772083 tempest-ExternalNetworksAdminNegativeTestJSON-1123772083-project-admin] Pushing event updated for resources: {'Port': ['ID=f1332f33-dd38-4971-a581-228f5ff74525,revision_number=1']} {{(pid=107121) push /opt/stack/neutron/neutron/api/rpc/handlers/resources_rpc.py:237}}
Oct 04 14:12:42.655762 dv-neutron-841838-40-hyperv neutron-server[107121]: DEBUG neutron.api.rpc.handlers.resources_rpc [None req-924350ec-a295-4d3e-99d0-ed17b04cbaad tempest-DHCPAgentSchedulersTestJSON-1809935219 tempest-DHCPAgentSchedulersTestJSON-1809935219-project] Pushing event updated for resources: {'Network': ['ID=f9e56d7d-22d9-470b-9088-e65948cb6cba,revision_number=1']} {{(pid=107121) push /opt/stack/neutron/neutron/api/rpc/handlers/resources_rpc.py:237}}
Oct 04 14:12:42.661318 dv-neutron-841838-40-hyperv neutron-server[107121]: DEBUG neutron.scheduler.base_scheduler [None req-9bbcacb7-35ae-4408-b792-73d17624f6d1 tempest-ExternalNetworksAdminNegativeTestJSON-1123772083 tempest-ExternalNetworksAdminNegativeTestJSON-1123772083-project-admin] Resources bound (agent type, host, resource id): {{(pid=107121) schedule /opt/stack/neutron/neutron/scheduler/base_scheduler.py:57}}
