Oct 03 10:34:33.390607 dv-neutron-841838-39-hyperv neutron-server[107611]: DEBUG neutron_lib.callbacks.manager [None req-1fa4b468-4c86-4689-928d-9eafadd44381 admin admin] Publish callbacks ['neutron.plugins.ml2.plugin.SecurityGroupServerNotifierRpcMixin._notify_sg_on_port_change-33457324', 'neutron.plugins.ml2.ovo_rpc._ObjectChangeHandler.handle_event-919581', 'neutron.api.rpc.agentnotifiers.dhcp_rpc_agent_api.DhcpAgentNotifyAPI._native_event_send_dhcp_notification-545913', 'neutron.db.l3_dvrscheduler_db._notify_l3_agent_new_port-8779935673555'] for port (7aac0d76-e53f-430a-8259-8698b061a084), after_create {{(pid=107611) _notify_loop /usr/local/lib/python3.8/dist-packages/neutron_lib/callbacks/manager.py:176}}
Oct 03 10:34:33.397518 dv-neutron-841838-39-hyperv neutron-server[107613]: DEBUG neutron_lib.callbacks.manager [None req-7546c46d-b61a-49f5-aca4-046b970b33cb None None] Publish callbacks ['neutron.plugins.ml2.plugin.SecurityGroupServerNotifierRpcMixin._notify_sg_on_port_change-33457324', 'neutron.plugins.ml2.ovo_rpc._ObjectChangeHandler.handle_event-919581', 'neutron.api.rpc.agentnotifiers.dhcp_rpc_agent_api.DhcpAgentNotifyAPI._native_event_send_dhcp_notification-545913', 'neutron.db.l3_db.L3RpcNotifierMixin._notify_gateway_port_ip_changed-8779936160449', 'neutron.db.l3_dvrscheduler_db._notify_l3_agent_port_update-8779935673573', 'neutron.db.l3_hascheduler_db._notify_l3_agent_ha_port_update-8779935673591'] for port (94db81eb-d377-4e79-8444-ba933036730c), after_update {{(pid=107613) _notify_loop /usr/local/lib/python3.8/dist-packages/neutron_lib/callbacks/manager.py:176}}
Oct 03 10:34:33.438757 dv-neutron-841838-39-hyperv neutron-server[107611]: DEBUG neutron.notifiers.nova [None req-fe8ded33-df40-4b45-bf43-708cd7b027bf tempest-ExtraDHCPOptionsTestJSON-1329861858 tempest-ExtraDHCPOptionsTestJSON-1329861858-project] device_id is not set on port d28345e9-6299-477c-be8b-299956f262bd yet. {{(pid=107611) _can_notify /opt/stack/neutron/neutron/notifiers/nova.py:201}}
Oct 03 10:34:33.443161 dv-neutron-841838-39-hyperv neutron-server[107613]: DEBUG neutron.db.l3_dvrscheduler_db [None req-7546c46d-b61a-49f5-aca4-046b970b33cb None None] Routers {'f0ac560a-2556-41b3-861f-7221b3279618'} bound to L3 agent in host dv-neutron-841838-39-hyperv {{(pid=107613) _get_router_ids_for_agent /opt/stack/neutron/neutron/db/l3_dvrscheduler_db.py:425}}
Oct 03 10:34:33.444773 dv-neutron-841838-39-hyperv neutron-server[107613]: DEBUG neutron.db.l3_hamode_db [None req-7546c46d-b61a-49f5-aca4-046b970b33cb None None] neutron.services.l3_router.l3_router_plugin.L3RouterPlugin method get_ha_sync_data_for_host called with arguments (, 'dv-neutron-841838-39-hyperv', Agent(admin_state_up=True,agent_type='L3 agent',availability_zone='nova',binary='neutron-l3-agent',configurations={"agent_mode": "legacy", "ex_gw_ports": 1, "extensions": [], "floating_ips": 0, "handle_internal_only_routers": true, "interface_driver": "openvswitch", "interfaces": 1, "log_agent_heartbeats": false, "routers": 1},created_at=2022-10-03T10:26:26Z,description=,heartbeat_timestamp=2022-10-03T10:34:26Z,host='dv-neutron-841838-39-hyperv',id=598c5fba-5e39-4c45-ac93-d40798e89687,load=0,resource_versions=,resources_synced=,started_at=2022-10-03T10:26:27Z,topic='l3_agent')) {'router_ids': ['f0ac560a-2556-41b3-861f-7221b3279618'], 'active': True} {{(pid=107613) wrapper /usr/local/lib/python3.8/dist-packages/oslo_log/helpers.py:65}}
Oct 03 10:34:33.450218 dv-neutron-841838-39-hyperv neutron-server[107610]: DEBUG neutron_lib.callbacks.manager [None req-30732da8-d9dc-40c5-94b2-1cc114eb495f tempest-QuotasNegativeTest-1256003943 tempest-QuotasNegativeTest-1256003943-project-admin] Publish callbacks ['neutron.services.auto_allocate.db._ensure_external_network_default_value_callback-8779935643585'] for network (dd4a14ab-dc97-4f83-a537-a933301a409f), precommit_create {{(pid=107610) _notify_loop /usr/local/lib/python3.8/dist-packages/neutron_lib/callbacks/manager.py:176}}
Oct 03 10:34:33.462187 dv-neutron-841838-39-hyperv neutron-server[107612]: DEBUG neutron.db.provisioning_blocks [None req-3a16156b-10ca-438c-b911-a4a7bdcdbe91 None None] Provisioning complete for port 33182c88-86dd-47ed-a6d3-6585785c6e30 triggered by entity DHCP. {{(pid=107612) provisioning_complete /opt/stack/neutron/neutron/db/provisioning_blocks.py:144}}
Oct 03 10:34:33.462643 dv-neutron-841838-39-hyperv neutron-server[107612]: DEBUG neutron_lib.callbacks.manager [None req-3a16156b-10ca-438c-b911-a4a7bdcdbe91 None None] Publish callbacks ['neutron.plugins.ml2.plugin.Ml2Plugin._port_provisioned-33352899'] for port (33182c88-86dd-47ed-a6d3-6585785c6e30), provisioning_complete {{(pid=107612) _notify_loop /usr/local/lib/python3.8/dist-packages/neutron_lib/callbacks/manager.py:176}}
Oct 03 10:34:33.462994 dv-neutron-841838-39-hyperv neutron-server[107612]: INFO neutron.plugins.ml2.plugin [None req-3a16156b-10ca-438c-b911-a4a7bdcdbe91 None None] Attempt 1 to provision port 33182c88-86dd-47ed-a6d3-6585785c6e30
Oct 03 10:34:33.542710 dv-neutron-841838-39-hyperv neutron-server[107612]: DEBUG neutron.plugins.ml2.plugin [None req-4f43c575-018e-4c83-b020-3c7ee6d1fd7c None None] Current status of the port 64d73b77-c5be-44c0-9cd0-b9f46289cbee is: DOWN; New status is: ACTIVE {{(pid=107612) _update_individual_port_db_status /opt/stack/neutron/neutron/plugins/ml2/plugin.py:2333}}
Oct 03 10:34:33.543106 dv-neutron-841838-39-hyperv neutron-server[107612]: DEBUG neutron_lib.callbacks.manager [None req-4f43c575-018e-4c83-b020-3c7ee6d1fd7c None None] Publish callbacks ['neutron.plugins.ml2.plugin.SecurityGroupDbMixin._ensure_default_security_group_handler-33456499'] for port (64d73b77-c5be-44c0-9cd0-b9f46289cbee), before_update {{(pid=107612) _notify_loop /usr/local/lib/python3.8/dist-packages/neutron_lib/callbacks/manager.py:176}}
Oct 03 10:34:33.545342 dv-neutron-841838-39-hyperv neutron-server[107610]: DEBUG neutron_lib.callbacks.manager [None req-90318840-f593-4e60-b855-e28defed2799 tempest-ExternalNetworksTestJSON-733517964 tempest-ExternalNetworksTestJSON-733517964-project-admin] Subscribe: > segment before_delete 55550000 {{(pid=107610) subscribe /usr/local/lib/python3.8/dist-packages/neutron_lib/callbacks/manager.py:45}}
Oct 03 10:34:33.545486 dv-neutron-841838-39-hyperv neutron-server[107610]: DEBUG neutron_lib.callbacks.manager [None req-90318840-f593-4e60-b855-e28defed2799 tempest-ExternalNetworksTestJSON-733517964 tempest-ExternalNetworksTestJSON-733517964-project-admin] Subscribe: > subnet precommit_delete_associations 55550000 {{(pid=107610) subscribe /usr/local/lib/python3.8/dist-packages/neutron_lib/callbacks/manager.py:45}}
Oct 03 10:34:33.546237 dv-neutron-841838-39-hyperv neutron-server[107610]: DEBUG neutron_lib.callbacks.manager [None req-90318840-f593-4e60-b855-e28defed2799 tempest-ExternalNetworksTestJSON-733517964 tempest-ExternalNetworksTestJSON-733517964-project-admin] Subscribe: > segment_host_mapping after_create 55550000 {{(pid=107610) subscribe /usr/local/lib/python3.8/dist-packages/neutron_lib/callbacks/manager.py:45}}
Oct 03 10:34:33.546570 dv-neutron-841838-39-hyperv neutron-server[107610]: DEBUG neutron_lib.callbacks.manager [None req-90318840-f593-4e60-b855-e28defed2799 tempest-ExternalNetworksTestJSON-733517964 tempest-ExternalNetworksTestJSON-733517964-project-admin] Subscribe: > port after_create 55550000 {{(pid=107610) subscribe /usr/local/lib/python3.8/dist-packages/neutron_lib/callbacks/manager.py:45}}
Oct 03 10:34:33.546912 dv-neutron-841838-39-hyperv neutron-server[107610]: DEBUG neutron_lib.callbacks.manager [None req-90318840-f593-4e60-b855-e28defed2799 tempest-ExternalNetworksTestJSON-733517964 tempest-ExternalNetworksTestJSON-733517964-project-admin] Subscribe: > port after_delete 55550000 {{(pid=107610) subscribe /usr/local/lib/python3.8/dist-packages/neutron_lib/callbacks/manager.py:45}}
Oct 03 10:34:33.547253 dv-neutron-841838-39-hyperv neutron-server[107610]: DEBUG neutron_lib.callbacks.manager [None req-90318840-f593-4e60-b855-e28defed2799 tempest-ExternalNetworksTestJSON-733517964 tempest-ExternalNetworksTestJSON-733517964-project-admin] Subscribe: > port after_update 55550000 {{(pid=107610) subscribe /usr/local/lib/python3.8/dist-packages/neutron_lib/callbacks/manager.py:45}}
Oct 03 10:34:33.547572 dv-neutron-841838-39-hyperv neutron-server[107610]: DEBUG neutron_lib.callbacks.manager [None req-90318840-f593-4e60-b855-e28defed2799 tempest-ExternalNetworksTestJSON-733517964 tempest-ExternalNetworksTestJSON-733517964-project-admin] Subscribe: > segment after_delete 55550000 {{(pid=107610) subscribe /usr/local/lib/python3.8/dist-packages/neutron_lib/callbacks/manager.py:45}}
Oct 03 10:34:33.547916 dv-neutron-841838-39-hyperv neutron-server[107610]: DEBUG neutron_lib.callbacks.manager [None req-90318840-f593-4e60-b855-e28defed2799 tempest-ExternalNetworksTestJSON-733517964 tempest-ExternalNetworksTestJSON-733517964-project-admin] Subscribe: > subnet after_create 55550000 {{(pid=107610) subscribe /usr/local/lib/python3.8/dist-packages/neutron_lib/callbacks/manager.py:45}}
Oct 03 10:34:33.548244 dv-neutron-841838-39-hyperv neutron-server[107610]: DEBUG neutron_lib.callbacks.manager [None req-90318840-f593-4e60-b855-e28defed2799 tempest-ExternalNetworksTestJSON-733517964 tempest-ExternalNetworksTestJSON-733517964-project-admin] Subscribe: > subnet after_delete 55550000 {{(pid=107610) subscribe /usr/local/lib/python3.8/dist-packages/neutron_lib/callbacks/manager.py:45}}
Oct 03 10:34:33.548575 dv-neutron-841838-39-hyperv neutron-server[107610]: DEBUG neutron_lib.callbacks.manager [None req-90318840-f593-4e60-b855-e28defed2799 tempest-ExternalNetworksTestJSON-733517964 tempest-ExternalNetworksTestJSON-733517964-project-admin] Subscribe: > subnet after_update 55550000 {{(pid=107610) subscribe /usr/local/lib/python3.8/dist-packages/neutron_lib/callbacks/manager.py:45}}
Oct 03 10:34:33.589431 dv-neutron-841838-39-hyperv neutron-server[107612]: DEBUG neutron.plugins.ml2.db [None req-4f43c575-018e-4c83-b020-3c7ee6d1fd7c None None] For port 64d73b77-c5be-44c0-9cd0-b9f46289cbee, host dv-neutron-841838-39-hyperv, got binding levels [PortBindingLevel(driver='openvswitch',host='dv-neutron-841838-39-hyperv',level=0,port_id=64d73b77-c5be-44c0-9cd0-b9f46289cbee,segment=NetworkSegment(e96718b6-3a05-4fa5-bead-208ee924d0b1),segment_id=e96718b6-3a05-4fa5-bead-208ee924d0b1)] {{(pid=107612) get_binding_level_objs /opt/stack/neutron/neutron/plugins/ml2/db.py:74}}
Oct 03 10:34:33.597948 dv-neutron-841838-39-hyperv neutron-server[107612]: DEBUG neutron.api.rpc.handlers.resources_rpc [None req-2ff40210-5d32-49a0-b075-8c36b94514f0 None None] Pushing event updated for resources: {'Port': ['ID=33182c88-86dd-47ed-a6d3-6585785c6e30,revision_number=3']} {{(pid=107612) push /opt/stack/neutron/neutron/api/rpc/handlers/resources_rpc.py:237}}
Oct 03 10:34:33.629471 dv-neutron-841838-39-hyperv neutron-server[107611]: DEBUG neutron.scheduler.dhcp_agent_scheduler [None req-1fa4b468-4c86-4689-928d-9eafadd44381 admin admin] Network 165338c7-dbd6-4220-b6a2-13590e3a47b4 is already hosted by enough agents. {{(pid=107611) _get_dhcp_agents_hosting_network /opt/stack/neutron/neutron/scheduler/dhcp_agent_scheduler.py:275}}
Oct 03 10:34:33.646391 dv-neutron-841838-39-hyperv neutron-server[107612]: DEBUG neutron.plugins.ml2.plugin [None req-3a16156b-10ca-438c-b911-a4a7bdcdbe91 None None] Current status of the port 33182c88-86dd-47ed-a6d3-6585785c6e30 is: ACTIVE; New status is: ACTIVE {{(pid=107612) _update_individual_port_db_status /opt/stack/neutron/neutron/plugins/ml2/plugin.py:2333}}
Oct 03 10:34:33.651355 dv-neutron-841838-39-hyperv neutron-server[107611]: DEBUG neutron.scheduler.base_scheduler [None req-1fa4b468-4c86-4689-928d-9eafadd44381 admin admin] Resources bound (agent type, host, resource id): {{(pid=107611) schedule /opt/stack/neutron/neutron/scheduler/base_scheduler.py:57}}
Oct 03 10:34:33.670810 dv-neutron-841838-39-hyperv neutron-server[107611]: DEBUG neutron.db.l3_dvrscheduler_db [None req-1fa4b468-4c86-4689-928d-9eafadd44381 admin admin] Received port after_create {{(pid=107611) _notify_l3_agent_new_port /opt/stack/neutron/neutron/db/l3_dvrscheduler_db.py:541}}
Oct 03 10:34:33.671436 dv-neutron-841838-39-hyperv neutron-server[107611]: DEBUG neutron_lib.callbacks.manager [None req-1fa4b468-4c86-4689-928d-9eafadd44381 admin admin] Publish callbacks ['neutron.services.l3_router.l3_router_plugin.DVRResourceOperationHandler._add_csnat_on_interface_create-740400'] for router_interface (f0ac560a-2556-41b3-861f-7221b3279618), before_create {{(pid=107611) _notify_loop /usr/local/lib/python3.8/dist-packages/neutron_lib/callbacks/manager.py:176}}
Oct 03 10:34:33.677438 dv-neutron-841838-39-hyperv neutron-server[107611]: DEBUG neutron.api.rpc.handlers.resources_rpc [None req-1fa4b468-4c86-4689-928d-9eafadd44381 admin admin] Pushing event updated for resources: {'Port': ['ID=7aac0d76-e53f-430a-8259-8698b061a084,revision_number=1']} {{(pid=107611) push /opt/stack/neutron/neutron/api/rpc/handlers/resources_rpc.py:237}}
Oct 03 10:34:33.708267 dv-neutron-841838-39-hyperv neutron-server[107613]: DEBUG neutron.db.l3_dvr_db [None req-7546c46d-b61a-49f5-aca4-046b970b33cb None None] Set router f0ac560a-2556-41b3-861f-7221b3279618 gateway port host: dv-neutron-841838-39-hyperv {{(pid=107613) _build_routers_list /opt/stack/neutron/neutron/db/l3_dvr_db.py:907}}
Oct 03 10:34:33.718846 dv-neutron-841838-39-hyperv neutron-server[107612]: DEBUG neutron_lib.callbacks.manager [None req-4f43c575-018e-4c83-b020-3c7ee6d1fd7c None None] Publish callbacks ['neutron.plugins.ml2.plugin.SecurityGroupServerNotifierRpcMixin._notify_sg_on_port_change-33457324', 'neutron.plugins.ml2.ovo_rpc._ObjectChangeHandler.handle_event-919581', 'neutron.api.rpc.agentnotifiers.dhcp_rpc_agent_api.DhcpAgentNotifyAPI._native_event_send_dhcp_notification-545913', 'neutron.db.l3_db.L3RpcNotifierMixin._notify_gateway_port_ip_changed-8779936160449', 'neutron.db.l3_dvrscheduler_db._notify_l3_agent_port_update-8779935673573', 'neutron.db.l3_hascheduler_db._notify_l3_agent_ha_port_update-8779935673591'] for port (64d73b77-c5be-44c0-9cd0-b9f46289cbee), after_update {{(pid=107612) _notify_loop /usr/local/lib/python3.8/dist-packages/neutron_lib/callbacks/manager.py:176}}
Oct 03 10:34:33.719803 dv-neutron-841838-39-hyperv neutron-server[107612]: DEBUG neutron.plugins.ml2.rpc [None req-4f43c575-018e-4c83-b020-3c7ee6d1fd7c None None] Device 33182c88-86dd-47ed-a6d3-6585785c6e30 up at agent ovs-agent-dv-neutron-841838-39-hyperv {{(pid=107612) update_device_up /opt/stack/neutron/neutron/plugins/ml2/rpc.py:296}}
Oct 03 10:34:33.799199 dv-neutron-841838-39-hyperv neutron-server[107613]: DEBUG dbcounter [-] [107613] Writing DB stats neutron:SELECT=95,neutron:UPDATE=4,neutron:INSERT=1 {{(pid=107613) stat_writer /usr/local/lib/python3.8/dist-packages/dbcounter.py:114}}
Oct 03 10:34:33.894573 dv-neutron-841838-39-hyperv neutron-server[107612]: DEBUG neutron.api.rpc.handlers.resources_rpc [None req-4f43c575-018e-4c83-b020-3c7ee6d1fd7c None None] Pushing event updated for resources: {'Port': ['ID=64d73b77-c5be-44c0-9cd0-b9f46289cbee,revision_number=3']} {{(pid=107612) push /opt/stack/neutron/neutron/api/rpc/handlers/resources_rpc.py:237}}
Oct 03 10:34:33.918290 dv-neutron-841838-39-hyperv neutron-server[107612]: DEBUG neutron.db.provisioning_blocks [None req-4f43c575-018e-4c83-b020-3c7ee6d1fd7c None None] Provisioning complete for port 33182c88-86dd-47ed-a6d3-6585785c6e30 triggered by entity L2. {{(pid=107612) provisioning_complete /opt/stack/neutron/neutron/db/provisioning_blocks.py:144}}
Oct 03 10:34:33.918836 dv-neutron-841838-39-hyperv neutron-server[107612]: DEBUG neutron_lib.callbacks.manager [None req-4f43c575-018e-4c83-b020-3c7ee6d1fd7c None None] Publish callbacks ['neutron.plugins.ml2.plugin.Ml2Plugin._port_provisioned-33352899'] for port (33182c88-86dd-47ed-a6d3-6585785c6e30), provisioning_complete {{(pid=107612) _notify_loop /usr/local/lib/python3.8/dist-packages/neutron_lib/callbacks/manager.py:176}}
Oct 03 10:34:33.919281 dv-neutron-841838-39-hyperv neutron-server[107612]: INFO neutron.plugins.ml2.plugin [None req-4f43c575-018e-4c83-b020-3c7ee6d1fd7c None None] Attempt 1 to provision port 33182c88-86dd-47ed-a6d3-6585785c6e30
Oct 03 10:34:33.940928 dv-neutron-841838-39-hyperv neutron-server[107610]: DEBUG neutron_lib.callbacks.manager [None req-90318840-f593-4e60-b855-e28defed2799 tempest-ExternalNetworksTestJSON-733517964 tempest-ExternalNetworksTestJSON-733517964-project-admin] Subscribe: > subnet after_create 55550000 {{(pid=107610) subscribe /usr/local/lib/python3.8/dist-packages/neutron_lib/callbacks/manager.py:45}}
Oct 03 10:34:33.941240 dv-neutron-841838-39-hyperv neutron-server[107610]: DEBUG neutron_lib.callbacks.manager [None req-90318840-f593-4e60-b855-e28defed2799 tempest-ExternalNetworksTestJSON-733517964 tempest-ExternalNetworksTestJSON-733517964-project-admin] Subscribe: > subnet after_delete 55550000 {{(pid=107610) subscribe /usr/local/lib/python3.8/dist-packages/neutron_lib/callbacks/manager.py:45}}
Oct 03 10:34:33.941581 dv-neutron-841838-39-hyperv neutron-server[107610]: DEBUG neutron_lib.callbacks.manager [None req-90318840-f593-4e60-b855-e28defed2799 tempest-ExternalNetworksTestJSON-733517964 tempest-ExternalNetworksTestJSON-733517964-project-admin] Subscribe: > subnet before_create 55550000 {{(pid=107610) subscribe /usr/local/lib/python3.8/dist-packages/neutron_lib/callbacks/manager.py:45}}
Oct 03 10:34:33.941914 dv-neutron-841838-39-hyperv neutron-server[107610]: DEBUG neutron_lib.callbacks.manager [None req-90318840-f593-4e60-b855-e28defed2799 tempest-ExternalNetworksTestJSON-733517964 tempest-ExternalNetworksTestJSON-733517964-project-admin] Subscribe: > subnet before_update 55550000 {{(pid=107610) subscribe /usr/local/lib/python3.8/dist-packages/neutron_lib/callbacks/manager.py:45}}
Oct 03 10:34:33.942293 dv-neutron-841838-39-hyperv neutron-server[107610]: DEBUG neutron.services.segments.db [None req-90318840-f593-4e60-b855-e28defed2799 tempest-ExternalNetworksTestJSON-733517964 tempest-ExternalNetworksTestJSON-733517964-project-admin] neutron.services.segments.plugin.Plugin method get_segments called with arguments (,) {'filters': {'network_id': ['d15ebce6-c0c8-48ed-99bf-08a935a4309e']}} {{(pid=107610) wrapper /usr/local/lib/python3.8/dist-packages/oslo_log/helpers.py:65}}
Oct 03 10:34:33.997339 dv-neutron-841838-39-hyperv neutron-server[107612]: DEBUG neutron.api.rpc.handlers.dhcp_rpc [None req-79253fac-6a14-4dfe-b7c9-6b0cf04ba8f5 None None] Network 3390216b-aaae-4906-b5e3-b8b670e641b6 requested from dv-neutron-841838-39-hyperv {{(pid=107612) get_network_info /opt/stack/neutron/neutron/api/rpc/handlers/dhcp_rpc.py:193}}
Oct 03 10:34:34.000507 dv-neutron-841838-39-hyperv neutron-server[107610]: DEBUG neutron.services.segments.db [None req-90318840-f593-4e60-b855-e28defed2799 tempest-ExternalNetworksTestJSON-733517964 tempest-ExternalNetworksTestJSON-733517964-project-admin] neutron.services.segments.plugin.Plugin method delete_segment called with arguments (, '7559e668-54ed-443b-82e9-29118910e3e2') {'for_net_delete': True} {{(pid=107610) wrapper /usr/local/lib/python3.8/dist-packages/oslo_log/helpers.py:65}}
Oct 03 10:34:34.000865 dv-neutron-841838-39-hyperv neutron-server[107610]: DEBUG neutron.services.segments.db [None req-90318840-f593-4e60-b855-e28defed2799 tempest-ExternalNetworksTestJSON-733517964 tempest-ExternalNetworksTestJSON-733517964-project-admin] neutron.services.segments.plugin.Plugin method get_segment called with arguments (, '7559e668-54ed-443b-82e9-29118910e3e2') {} {{(pid=107610) wrapper /usr/local/lib/python3.8/dist-packages/oslo_log/helpers.py:65}}
Oct 03 10:34:34.004884 dv-neutron-841838-39-hyperv neutron-server[107612]: DEBUG dbcounter [-] [107612] Writing DB stats neutron:SELECT=98,neutron:UPDATE=2 {{(pid=107612) stat_writer /usr/local/lib/python3.8/dist-packages/dbcounter.py:114}}
Oct 03 10:34:34.005356 dv-neutron-841838-39-hyperv neutron-server[107613]: DEBUG neutron.db.l3_hamode_db [None req-7546c46d-b61a-49f5-aca4-046b970b33cb None None] neutron.services.l3_router.l3_router_plugin.L3RouterPlugin method _process_sync_ha_data called with arguments (, [{'id': 'f0ac560a-2556-41b3-861f-7221b3279618', 'name': 'tempest-ServersTestManualDisk-434306418-router', 'tenant_id': '08d393f666c04459b7bbf864f34ae5f4', 'admin_state_up': True, 'status': 'ACTIVE', 'external_gateway_info': {'network_id': 'dae6de96-8928-4704-a64e-3eb12a3df0a8', 'external_fixed_ips': [{'subnet_id': 'a3537e46-7439-47aa-8be7-6acd0e883b62', 'ip_address': '172.26.11.9'}], 'enable_snat': True}, 'gw_port_id': '94db81eb-d377-4e79-8444-ba933036730c', 'description': '', 'availability_zones': ['nova'], 'distributed': False, 'ha': False, 'ha_vr_id': 0, 'availability_zone_hints': [], 'routes': [], 'flavor_id': None, 'tags': [], 'created_at': '2022-10-03T10:34:26Z', 'updated_at': '2022-10-03T10:34:28Z', 'revision_number': 3, 'project_id': '08d393f666c04459b7bbf864f34ae5f4', 'gw_port': {'id': '94db81eb-d377-4e79-8444-ba933036730c', 'name': '', 'network_id': 'dae6de96-8928-4704-a64e-3eb12a3df0a8', 'tenant_id': '', 'mac_address': 'fa:16:3e:60:45:36', 'admin_state_up': True, 'status': 'DOWN', 'device_id': 'f0ac560a-2556-41b3-861f-7221b3279618', 'device_owner': 'network:router_gateway', 'standard_attr_id': 48, 'fixed_ips': [{'subnet_id': 'a3537e46-7439-47aa-8be7-6acd0e883b62', 'ip_address': '172.26.11.9', 'prefixlen': 24}], 'allowed_address_pairs': [], 'extra_dhcp_opts': [], 'security_groups': [], 'description': '', 'binding:vnic_type': 'normal', 'binding:profile': {}, 'binding:host_id': 'dv-neutron-841838-39-hyperv', 'binding:vif_type': 'ovs', 'binding:vif_details': {'connectivity': 'l2', 'port_filter': True, 'ovs_hybrid_plug': False, 'datapath_type': 'system', 'bridge_name': 'br-int', 'bound_drivers': {'0': 'openvswitch'}}, 'port_security_enabled': False, 'tags': [], 'created_at': '2022-10-03T10:34:27Z', 'updated_at': '2022-10-03T10:34:33Z', 'revision_number': 3, 'project_id': '', 'subnets': [{'id': 'a3537e46-7439-47aa-8be7-6acd0e883b62', 'cidr': '172.26.11.0/24', 'gateway_ip': '172.26.11.1', 'dns_nameservers': [], 'ipv6_ra_mode': None, 'subnetpool_id': None}], 'extra_subnets': [], 'address_scopes': {4: None, 6: None}, 'mtu': 1500}, 'enable_snat': True, 'gw_port_host': 'dv-neutron-841838-39-hyperv'}], 'dv-neutron-841838-39-hyperv', False) {} {{(pid=107613) wrapper /usr/local/lib/python3.8/dist-packages/oslo_log/helpers.py:65}}
Oct 03 10:34:34.015719 dv-neutron-841838-39-hyperv neutron-server[107611]: DEBUG neutron.db.db_base_plugin_common [None req-fe8ded33-df40-4b45-bf43-708cd7b027bf tempest-ExtraDHCPOptionsTestJSON-1329861858 tempest-ExtraDHCPOptionsTestJSON-1329861858-project] Allocated IP 172.20.0.3 (3390216b-aaae-4906-b5e3-b8b670e641b6/5748c35a-3a2f-426f-b4f4-0d36f134c177/d28345e9-6299-477c-be8b-299956f262bd) {{(pid=107611) _store_ip_allocation /opt/stack/neutron/neutron/db/db_base_plugin_common.py:131}}
Oct 03 10:34:34.028165 dv-neutron-841838-39-hyperv neutron-server[107610]: DEBUG neutron_lib.db.resource_extend [None req-30732da8-d9dc-40c5-94b2-1cc114eb495f tempest-QuotasNegativeTest-1256003943 tempest-QuotasNegativeTest-1256003943-project-admin] It took 0.55 seconds to run function 'neutron_lib.db.resource_extend.apply_funcs' {{(pid=107610) wrapper /usr/local/lib/python3.8/dist-packages/oslo_utils/timeutils.py:322}}
Oct 03 10:34:34.041530 dv-neutron-841838-39-hyperv neutron-server[107613]: DEBUG neutron.api.rpc.handlers.l3_rpc [None req-7546c46d-b61a-49f5-aca4-046b970b33cb None None] The sync data for ids ['f0ac560a-2556-41b3-861f-7221b3279618'] in dv-neutron-841838-39-hyperv is: [{'id': 'f0ac560a-2556-41b3-861f-7221b3279618', 'name': 'tempest-ServersTestManualDisk-434306418-router', 'tenant_id': '08d393f666c04459b7bbf864f34ae5f4', 'admin_state_up': True, 'status': 'ACTIVE', 'external_gateway_info': {'network_id': 'dae6de96-8928-4704-a64e-3eb12a3df0a8', 'external_fixed_ips': [{'subnet_id': 'a3537e46-7439-47aa-8be7-6acd0e883b62', 'ip_address': '172.26.11.9'}], 'enable_snat': True}, 'gw_port_id': '94db81eb-d377-4e79-8444-ba933036730c', 'description': '', 'availability_zones': ['nova'], 'distributed': False, 'ha': False, 'ha_vr_id': 0, 'availability_zone_hints': [], 'routes': [], 'flavor_id': None, 'tags': [], 'created_at': '2022-10-03T10:34:26Z', 'updated_at': '2022-10-03T10:34:28Z', 'revision_number': 3, 'project_id': '08d393f666c04459b7bbf864f34ae5f4', 'gw_port': {'id': '94db81eb-d377-4e79-8444-ba933036730c', 'name': '', 'network_id': 'dae6de96-8928-4704-a64e-3eb12a3df0a8', 'tenant_id': '', 'mac_address': 'fa:16:3e:60:45:36', 'admin_state_up': True, 'status': 'DOWN', 'device_id': 'f0ac560a-2556-41b3-861f-7221b3279618', 'device_owner': 'network:router_gateway', 'standard_attr_id': 48, 'fixed_ips': [{'subnet_id': 'a3537e46-7439-47aa-8be7-6acd0e883b62', 'ip_address': '172.26.11.9', 'prefixlen': 24}], 'allowed_address_pairs': [], 'extra_dhcp_opts': [], 'security_groups': [], 'description': '', 'binding:vnic_type': 'normal', 'binding:profile': {}, 'binding:host_id': 'dv-neutron-841838-39-hyperv', 'binding:vif_type': 'ovs', 'binding:vif_details': {'connectivity': 'l2', 'port_filter': True, 'ovs_hybrid_plug': False, 'datapath_type': 'system', 'bridge_name': 'br-int', 'bound_drivers': {'0': 'openvswitch'}}, 'port_security_enabled': False, 'tags': [], 'created_at': '2022-10-03T10:34:27Z', 'updated_at': '2022-10-03T10:34:33Z', 'revision_number': 3, 'project_id': '', 'subnets': [{'id': 'a3537e46-7439-47aa-8be7-6acd0e883b62', 'cidr': '172.26.11.0/24', 'gateway_ip': '172.26.11.1', 'dns_nameservers': [], 'ipv6_ra_mode': None, 'subnetpool_id': None}], 'extra_subnets': [], 'address_scopes': {4: None, 6: None}, 'mtu': 1500}, 'enable_snat': True, 'gw_port_host': 'dv-neutron-841838-39-hyperv'}] {{(pid=107613) sync_routers /opt/stack/neutron/neutron/api/rpc/handlers/l3_rpc.py:137}}
Oct 03 10:34:34.069361 dv-neutron-841838-39-hyperv neutron-server[107613]: DEBUG neutron.api.rpc.handlers.resources_rpc [None req-34869011-714d-49c6-84f1-6d801268a468 None None] Pushing event updated for resources: {'Port': ['ID=94db81eb-d377-4e79-8444-ba933036730c,revision_number=3']} {{(pid=107613) push /opt/stack/neutron/neutron/api/rpc/handlers/resources_rpc.py:237}}
Oct 03 10:34:34.130183 dv-neutron-841838-39-hyperv neutron-server[107612]: DEBUG neutron.db.provisioning_blocks [None req-91ba5ce7-1480-431d-af0b-6998afd228d0 None None] Provisioning complete for port 7aac0d76-e53f-430a-8259-8698b061a084 triggered by entity DHCP. {{(pid=107612) provisioning_complete /opt/stack/neutron/neutron/db/provisioning_blocks.py:144}}
Oct 03 10:34:34.130573 dv-neutron-841838-39-hyperv neutron-server[107612]: DEBUG neutron_lib.callbacks.manager [None req-91ba5ce7-1480-431d-af0b-6998afd228d0 None None] Publish callbacks ['neutron.plugins.ml2.plugin.Ml2Plugin._port_provisioned-33352899'] for port (7aac0d76-e53f-430a-8259-8698b061a084), provisioning_complete {{(pid=107612) _notify_loop /usr/local/lib/python3.8/dist-packages/neutron_lib/callbacks/manager.py:176}}
Oct 03 10:34:34.130928 dv-neutron-841838-39-hyperv neutron-server[107612]: INFO neutron.plugins.ml2.plugin [None req-91ba5ce7-1480-431d-af0b-6998afd228d0 None None] Attempt 1 to provision port 7aac0d76-e53f-430a-8259-8698b061a084
Oct 03 10:34:34.141379 dv-neutron-841838-39-hyperv neutron-server[107610]: DEBUG dbcounter [-] [107610] Writing DB stats neutron:INSERT=24,neutron:SELECT=70,neutron:UPDATE=5,neutron:DELETE=1 {{(pid=107610) stat_writer /usr/local/lib/python3.8/dist-packages/dbcounter.py:114}}
Oct 03 10:34:34.147860 dv-neutron-841838-39-hyperv neutron-server[107610]: DEBUG neutron_lib.callbacks.manager [None req-90318840-f593-4e60-b855-e28defed2799 tempest-ExternalNetworksTestJSON-733517964 tempest-ExternalNetworksTestJSON-733517964-project-admin] Publish callbacks ['neutron.plugins.ml2.db._prevent_segment_delete_with_port_bound-8779936189350', 'neutron.services.segments.plugin.Plugin._prevent_segment_delete_with_subnet_associated-2939482'] for segment (7559e668-54ed-443b-82e9-29118910e3e2), before_delete {{(pid=107610) _notify_loop /usr/local/lib/python3.8/dist-packages/neutron_lib/callbacks/manager.py:176}}
Oct 03 10:34:34.191273 dv-neutron-841838-39-hyperv neutron-server[107611]: DEBUG neutron_lib.callbacks.manager [None req-d5282aa4-78cf-4860-8126-9883233af6c6 tempest-ExternalNetworksAdminNegativeTestJSON-60126946 tempest-ExternalNetworksAdminNegativeTestJSON-60126946-project-admin] Publish callbacks [] for port (938bfbf6-b620-4097-adee-e418317b2178), precommit_update {{(pid=107611) _notify_loop /usr/local/lib/python3.8/dist-packages/neutron_lib/callbacks/manager.py:176}}
Oct 03 10:34:34.203250 dv-neutron-841838-39-hyperv neutron-server[107611]: DEBUG dbcounter [-] [107611] Writing DB stats neutron:SELECT=97,neutron:INSERT=3 {{(pid=107611) stat_writer /usr/local/lib/python3.8/dist-packages/dbcounter.py:114}}
Oct 03 10:34:34.231791 dv-neutron-841838-39-hyperv neutron-server[107612]: DEBUG dbcounter [-] [107612] Writing DB stats neutron:SELECT=98,neutron:UPDATE=2 {{(pid=107612) stat_writer /usr/local/lib/python3.8/dist-packages/dbcounter.py:114}}
Oct 03 10:34:34.235061 dv-neutron-841838-39-hyperv neutron-server[107612]: DEBUG neutron.plugins.ml2.plugin [None req-91ba5ce7-1480-431d-af0b-6998afd228d0 None None] Port 7aac0d76-e53f-430a-8259-8698b061a084 cannot update to ACTIVE because it is not bound. {{(pid=107612) _port_provisioned /opt/stack/neutron/neutron/plugins/ml2/plugin.py:359}}
Oct 03 10:34:34.262058 dv-neutron-841838-39-hyperv neutron-server[107612]: DEBUG neutron.plugins.ml2.plugin [None req-4f43c575-018e-4c83-b020-3c7ee6d1fd7c None None] Current status of the port 33182c88-86dd-47ed-a6d3-6585785c6e30 is: ACTIVE; New status is: ACTIVE {{(pid=107612) _update_individual_port_db_status /opt/stack/neutron/neutron/plugins/ml2/plugin.py:2333}}
Oct 03 10:34:34.271370 dv-neutron-841838-39-hyperv neutron-server[107612]: DEBUG neutron.db.provisioning_blocks [None req-91ba5ce7-1480-431d-af0b-6998afd228d0 None None] Provisioning complete for port 64d73b77-c5be-44c0-9cd0-b9f46289cbee triggered by entity DHCP. {{(pid=107612) provisioning_complete /opt/stack/neutron/neutron/db/provisioning_blocks.py:144}}
Oct 03 10:34:34.271782 dv-neutron-841838-39-hyperv neutron-server[107612]: DEBUG neutron_lib.callbacks.manager [None req-91ba5ce7-1480-431d-af0b-6998afd228d0 None None] Publish callbacks ['neutron.plugins.ml2.plugin.Ml2Plugin._port_provisioned-33352899'] for port (64d73b77-c5be-44c0-9cd0-b9f46289cbee), provisioning_complete {{(pid=107612) _notify_loop /usr/local/lib/python3.8/dist-packages/neutron_lib/callbacks/manager.py:176}}
Oct 03 10:34:34.272138 dv-neutron-841838-39-hyperv neutron-server[107612]: INFO neutron.plugins.ml2.plugin [None req-91ba5ce7-1480-431d-af0b-6998afd228d0 None None] Attempt 1 to provision port 64d73b77-c5be-44c0-9cd0-b9f46289cbee
Oct 03 10:34:34.284133 dv-neutron-841838-39-hyperv neutron-server[107610]: DEBUG neutron_lib.callbacks.manager [None req-90318840-f593-4e60-b855-e28defed2799 tempest-ExternalNetworksTestJSON-733517964 tempest-ExternalNetworksTestJSON-733517964-project-admin] Publish callbacks ['neutron.plugins.ml2.plugin.Ml2Plugin._handle_segment_change-33355863'] for segment (7559e668-54ed-443b-82e9-29118910e3e2), precommit_delete {{(pid=107610) _notify_loop /usr/local/lib/python3.8/dist-packages/neutron_lib/callbacks/manager.py:176}}
Oct 03 10:34:34.300397 dv-neutron-841838-39-hyperv neutron-server[107610]: DEBUG neutron.plugins.ml2.drivers.type_vlan [None req-90318840-f593-4e60-b855-e28defed2799 tempest-ExternalNetworksTestJSON-733517964 tempest-ExternalNetworksTestJSON-733517964-project-admin] Releasing vlan 477 on physical network physnet1 to pool {{(pid=107610) release_segment /opt/stack/neutron/neutron/plugins/ml2/drivers/type_vlan.py:304}}
Oct 03 10:34:34.302014 dv-neutron-841838-39-hyperv neutron-server[107610]: DEBUG neutron_lib.callbacks.manager [None req-90318840-f593-4e60-b855-e28defed2799 tempest-ExternalNetworksTestJSON-733517964 tempest-ExternalNetworksTestJSON-733517964-project-admin] Publish callbacks ['neutron.plugins.ml2.plugin.Ml2Plugin._handle_segment_change-33355863', 'neutron.services.segments.plugin.NovaSegmentNotifier._notify_segment_deleted-2208981'] for segment (7559e668-54ed-443b-82e9-29118910e3e2), after_delete {{(pid=107610) _notify_loop /usr/local/lib/python3.8/dist-packages/neutron_lib/callbacks/manager.py:176}}
Oct 03 10:34:34.316156 dv-neutron-841838-39-hyperv neutron-server[107610]: DEBUG neutron_lib.callbacks.manager [None req-30732da8-d9dc-40c5-94b2-1cc114eb495f tempest-QuotasNegativeTest-1256003943 tempest-QuotasNegativeTest-1256003943-project-admin] Publish callbacks ['neutron.plugins.ml2.ovo_rpc._ObjectChangeHandler.handle_event-775625', 'neutron.api.rpc.agentnotifiers.dhcp_rpc_agent_api.DhcpAgentNotifyAPI._native_event_send_dhcp_notification-545913'] for network (dd4a14ab-dc97-4f83-a537-a933301a409f), after_create {{(pid=107610) _notify_loop /usr/local/lib/python3.8/dist-packages/neutron_lib/callbacks/manager.py:176}}
Oct 03 10:34:34.317994 dv-neutron-841838-39-hyperv neutron-server[107610]: DEBUG neutron.pecan_wsgi.hooks.policy_enforcement [None req-30732da8-d9dc-40c5-94b2-1cc114eb495f tempest-QuotasNegativeTest-1256003943 tempest-QuotasNegativeTest-1256003943-project-admin] Attributes excluded by policy engine: ['standard_attr_id', 'vlan_transparent'] {{(pid=107610) _exclude_attributes_by_policy /opt/stack/neutron/neutron/pecan_wsgi/hooks/policy_enforcement.py:259}}
Oct 03 10:34:34.319143 dv-neutron-841838-39-hyperv neutron-server[107610]: DEBUG neutron_lib.callbacks.manager [None req-30732da8-d9dc-40c5-94b2-1cc114eb495f tempest-QuotasNegativeTest-1256003943 tempest-QuotasNegativeTest-1256003943-project-admin] Publish callbacks ['neutron.api.rpc.agentnotifiers.dhcp_rpc_agent_api.DhcpAgentNotifyAPI._send_dhcp_notification-545903'] for network (None), before_response {{(pid=107610) _notify_loop /usr/local/lib/python3.8/dist-packages/neutron_lib/callbacks/manager.py:176}}
Oct 03 10:34:34.323549 dv-neutron-841838-39-hyperv neutron-server[107611]: DEBUG neutron_lib.callbacks.manager [None req-d5282aa4-78cf-4860-8126-9883233af6c6 tempest-ExternalNetworksAdminNegativeTestJSON-60126946 tempest-ExternalNetworksAdminNegativeTestJSON-60126946-project-admin] Publish callbacks ['neutron.plugins.ml2.plugin.SecurityGroupServerNotifierRpcMixin._notify_sg_on_port_change-33457324', 'neutron.plugins.ml2.ovo_rpc._ObjectChangeHandler.handle_event-919581', 'neutron.api.rpc.agentnotifiers.dhcp_rpc_agent_api.DhcpAgentNotifyAPI._native_event_send_dhcp_notification-545913', 'neutron.db.l3_db.L3RpcNotifierMixin._notify_gateway_port_ip_changed-8779936160449', 'neutron.db.l3_dvrscheduler_db._notify_l3_agent_port_update-8779935673573', 'neutron.db.l3_hascheduler_db._notify_l3_agent_ha_port_update-8779935673591'] for port (938bfbf6-b620-4097-adee-e418317b2178), after_update {{(pid=107611) _notify_loop /usr/local/lib/python3.8/dist-packages/neutron_lib/callbacks/manager.py:176}}
Oct 03 10:34:34.324351 dv-neutron-841838-39-hyperv neutron-server[107611]: DEBUG neutron_lib.callbacks.manager [None req-d5282aa4-78cf-4860-8126-9883233af6c6 tempest-ExternalNetworksAdminNegativeTestJSON-60126946 tempest-ExternalNetworksAdminNegativeTestJSON-60126946-project-admin] Publish callbacks ['neutron.services.l3_router.l3_router_plugin.DVRResourceOperationHandler._create_dvr_floating_gw_port-740429'] for floatingip (5a90e235-aaee-4c1f-aa55-18189acf474f), after_create {{(pid=107611) _notify_loop /usr/local/lib/python3.8/dist-packages/neutron_lib/callbacks/manager.py:176}}
Oct 03 10:34:34.374645 dv-neutron-841838-39-hyperv neutron-server[107612]: DEBUG neutron.plugins.ml2.plugin [None req-91ba5ce7-1480-431d-af0b-6998afd228d0 None None] Current status of the port 64d73b77-c5be-44c0-9cd0-b9f46289cbee is: ACTIVE; New status is: ACTIVE {{(pid=107612) _update_individual_port_db_status /opt/stack/neutron/neutron/plugins/ml2/plugin.py:2333}}
Oct 03 10:34:34.374904 dv-neutron-841838-39-hyperv neutron-server[107611]: DEBUG dbcounter [-] [107611] Writing DB stats neutron:SELECT=91,neutron:INSERT=8,neutron:UPDATE=1 {{(pid=107611) stat_writer /usr/local/lib/python3.8/dist-packages/dbcounter.py:114}}
Oct 03 10:34:34.414984 dv-neutron-841838-39-hyperv neutron-server[107610]: DEBUG neutron_lib.callbacks.manager [None req-5f3198c4-79c8-44eb-a592-d1ec9cf7a2dd tempest-MeteringTestJSON-1508440182 tempest-MeteringTestJSON-1508440182-project-admin] Publish callbacks [] for metering_label (None), before_response {{(pid=107610) _notify_loop /usr/local/lib/python3.8/dist-packages/neutron_lib/callbacks/manager.py:176}}
Oct 03 10:34:34.416409 dv-neutron-841838-39-hyperv neutron-server[107610]: INFO neutron.wsgi [None req-5f3198c4-79c8-44eb-a592-d1ec9cf7a2dd tempest-MeteringTestJSON-1508440182 tempest-MeteringTestJSON-1508440182-project-admin] 10.222.0.47 "DELETE /networking/v2.0/metering/metering-labels/34950c0b-3678-407c-8de1-1099cd1b74d3 HTTP/1.1" status: 204 len: 168 time: 1.2756224
Oct 03 10:34:34.420566 dv-neutron-841838-39-hyperv neutron-server[107611]: DEBUG neutron.wsgi [-] (107611) accepted ('10.222.0.47', 45932) {{(pid=107611) server /usr/local/lib/python3.8/dist-packages/eventlet/wsgi.py:1004}}
Oct 03 10:34:34.444784 dv-neutron-841838-39-hyperv neutron-server[107611]: DEBUG neutron.api.rpc.handlers.resources_rpc [None req-d5282aa4-78cf-4860-8126-9883233af6c6 tempest-ExternalNetworksAdminNegativeTestJSON-60126946 tempest-ExternalNetworksAdminNegativeTestJSON-60126946-project-admin] Pushing event updated for resources: {'Port': ['ID=938bfbf6-b620-4097-adee-e418317b2178,revision_number=2']} {{(pid=107611) push /opt/stack/neutron/neutron/api/rpc/handlers/resources_rpc.py:237}}
Oct 03 10:34:34.454207 dv-neutron-841838-39-hyperv neutron-server[107611]: INFO neutron.wsgi [None req-5b0be21f-928a-4f14-aa78-08e9779a2e5d tempest-MeteringTestJSON-1508440182 tempest-MeteringTestJSON-1508440182-project-admin] 10.222.0.47 "GET /networking/v2.0/metering/metering-labels?id=34950c0b-3678-407c-8de1-1099cd1b74d3 HTTP/1.1" status: 200 len: 216 time: 0.0263469
Oct 03 10:34:34.455128 dv-neutron-841838-39-hyperv neutron-server[107611]: DEBUG neutron.wsgi [-] (107611) accepted ('10.222.0.47', 45936) {{(pid=107611) server /usr/local/lib/python3.8/dist-packages/eventlet/wsgi.py:1004}}
Oct 03 10:34:34.475237 dv-neutron-841838-39-hyperv neutron-server[107611]: INFO neutron.wsgi [None req-ff07375d-f06a-47aa-beaf-7bc8e7444c99 tempest-MeteringTestJSON-1508440182 tempest-MeteringTestJSON-1508440182-project-admin] 10.222.0.47 "GET /networking/v2.0/metering/metering-label-rules?id=33 HTTP/1.1" status: 200 len: 221 time: 0.0190253
Oct 03 10:34:34.486100 dv-neutron-841838-39-hyperv neutron-server[107611]: DEBUG neutron.wsgi [-] (107611) accepted ('10.222.0.47', 45938) {{(pid=107611) server /usr/local/lib/python3.8/dist-packages/eventlet/wsgi.py:1004}}
Oct 03 10:34:34.531088 dv-neutron-841838-39-hyperv neutron-server[107611]: INFO neutron.wsgi [None req-d6103b8a-421b-4147-877f-f99434e3ce35 tempest-MeteringTestJSON-1508440182 tempest-MeteringTestJSON-1508440182-project-admin] 10.222.0.47 "GET /networking/v2.0/metering/metering-labels?id=33 HTTP/1.1" status: 200 len: 216 time: 0.0397770
Oct 03 10:34:34.538814 dv-neutron-841838-39-hyperv neutron-server[107611]: DEBUG neutron_lib.callbacks.manager [None req-fe8ded33-df40-4b45-bf43-708cd7b027bf tempest-ExtraDHCPOptionsTestJSON-1329861858 tempest-ExtraDHCPOptionsTestJSON-1329861858-project] Publish callbacks [] for port (d28345e9-6299-477c-be8b-299956f262bd), precommit_create {{(pid=107611) _notify_loop /usr/local/lib/python3.8/dist-packages/neutron_lib/callbacks/manager.py:176}}
Oct 03 10:34:34.542793 dv-neutron-841838-39-hyperv neutron-server[107611]: DEBUG neutron_lib.callbacks.manager [None req-c5fa954f-2857-485e-b9c8-9f952c594a23 tempest-DHCPAgentSchedulersTestJSON-96636200 tempest-DHCPAgentSchedulersTestJSON-96636200-project] Publish callbacks ['neutron.plugins.ml2.ovo_rpc._ObjectChangeHandler.handle_event-775538', 'neutron.api.rpc.agentnotifiers.dhcp_rpc_agent_api.DhcpAgentNotifyAPI._native_event_send_dhcp_notification-545913'] for subnet (8cdc2a6b-e448-4cd9-ac44-29bb9054432b), after_create {{(pid=107611) _notify_loop /usr/local/lib/python3.8/dist-packages/neutron_lib/callbacks/manager.py:176}}
Oct 03 10:34:34.548724 dv-neutron-841838-39-hyperv neutron-server[107611]: DEBUG neutron_lib.callbacks.manager [None req-d5282aa4-78cf-4860-8126-9883233af6c6 tempest-ExternalNetworksAdminNegativeTestJSON-60126946 tempest-ExternalNetworksAdminNegativeTestJSON-60126946-project-admin] Publish callbacks ['neutron.notifiers.nova.Notifier._send_nova_notification-12379'] for floatingip (None), before_response {{(pid=107611) _notify_loop /usr/local/lib/python3.8/dist-packages/neutron_lib/callbacks/manager.py:176}}
Oct 03 10:34:34.550675 dv-neutron-841838-39-hyperv neutron-server[107611]: INFO neutron.wsgi [None req-d5282aa4-78cf-4860-8126-9883233af6c6 tempest-ExternalNetworksAdminNegativeTestJSON-60126946 tempest-ExternalNetworksAdminNegativeTestJSON-60126946-project-admin] 10.222.0.47 "POST /networking/v2.0/floatingips HTTP/1.1" status: 201 len: 694 time: 5.1075370
Oct 03 10:34:34.590619 dv-neutron-841838-39-hyperv neutron-server[107611]: DEBUG neutron.wsgi [-] (107611) accepted ('10.222.0.47', 45940) {{(pid=107611) server /usr/local/lib/python3.8/dist-packages/eventlet/wsgi.py:1004}}
Oct 03 10:34:34.591192 dv-neutron-841838-39-hyperv neutron-server[107611]: DEBUG neutron.wsgi [-] (107611) accepted ('10.222.0.47', 45942) {{(pid=107611) server /usr/local/lib/python3.8/dist-packages/eventlet/wsgi.py:1004}}
Oct 03 10:34:34.595032 dv-neutron-841838-39-hyperv neutron-server[107611]: DEBUG neutron_lib.callbacks.manager [None req-1fa4b468-4c86-4689-928d-9eafadd44381 admin admin] Publish callbacks ['neutron.plugins.ml2.plugin.SecurityGroupDbMixin._ensure_default_security_group_handler-33456499'] for port (7aac0d76-e53f-430a-8259-8698b061a084), before_update {{(pid=107611) _notify_loop /usr/local/lib/python3.8/dist-packages/neutron_lib/callbacks/manager.py:176}}
Oct 03 10:34:34.609893 dv-neutron-841838-39-hyperv neutron-server[107611]: DEBUG neutron.api.v2.base [None req-842706ed-d6ea-44a8-a944-296187f081d2 tempest-ExternalNetworksAdminNegativeTestJSON-60126946 tempest-ExternalNetworksAdminNegativeTestJSON-60126946-project-admin] Request body: {'port': {'name': 'tempest-ExternalNetworksAdminNegativeTestJSON-744906181', 'network_id': 'dae6de96-8928-4704-a64e-3eb12a3df0a8', 'fixed_ips': [{'ip_address': '172.26.11.190'}]}} {{(pid=107611) prepare_request_body /opt/stack/neutron/neutron/api/v2/base.py:730}}
Oct 03 10:34:34.709355 dv-neutron-841838-39-hyperv neutron-server[107610]: DEBUG neutron.api.rpc.handlers.resources_rpc [None req-30732da8-d9dc-40c5-94b2-1cc114eb495f tempest-QuotasNegativeTest-1256003943 tempest-QuotasNegativeTest-1256003943-project-admin] Pushing event updated for resources: {'Network': ['ID=dd4a14ab-dc97-4f83-a537-a933301a409f,revision_number=1']} {{(pid=107610) push /opt/stack/neutron/neutron/api/rpc/handlers/resources_rpc.py:237}}
Oct 03 10:34:34.734484 dv-neutron-841838-39-hyperv neutron-server[107612]: DEBUG neutron.plugins.ml2.rpc [None req-4f43c575-018e-4c83-b020-3c7ee6d1fd7c None None] Network dd4a14ab-dc97-4f83-a537-a933301a409f details requested by agent ovs-agent-dv-neutron-841838-39-hyperv with host dv-neutron-841838-39-hyperv {{(pid=107612) get_network_details /opt/stack/neutron/neutron/plugins/ml2/rpc.py:248}}
Oct 03 10:34:34.781680 dv-neutron-841838-39-hyperv neutron-server[107610]: DEBUG neutron_lib.callbacks.manager [None req-22f8ecf3-9386-4d92-bca2-9f3c607c1f05 admin admin] Publish callbacks [] for router_gateway (6dbf316e-51f0-4440-be9f-9e957f5eda85), after_create {{(pid=107610) _notify_loop /usr/local/lib/python3.8/dist-packages/neutron_lib/callbacks/manager.py:176}}
Oct 03 10:34:34.795372 dv-neutron-841838-39-hyperv neutron-server[107610]: INFO neutron.wsgi [None req-30732da8-d9dc-40c5-94b2-1cc114eb495f tempest-QuotasNegativeTest-1256003943 tempest-QuotasNegativeTest-1256003943-project-admin] 10.222.0.47 "POST /networking/v2.0/networks HTTP/1.1" status: 201 len: 837 time: 2.4635909
Oct 03 10:34:34.795372 dv-neutron-841838-39-hyperv neutron-server[107610]: DEBUG neutron_lib.callbacks.manager [None req-90318840-f593-4e60-b855-e28defed2799 tempest-ExternalNetworksTestJSON-733517964 tempest-ExternalNetworksTestJSON-733517964-project-admin] Publish callbacks ['neutron.plugins.ml2.plugin.Ml2Plugin._network_delete_after_delete_handler-33357465', 'neutron.plugins.ml2.ovo_rpc._ObjectChangeHandler.handle_event-775625', 'neutron.api.rpc.agentnotifiers.dhcp_rpc_agent_api.DhcpAgentNotifyAPI._native_event_send_dhcp_notification-545913', 'neutron.services.l3_router.l3_router_plugin.DVRResourceOperationHandler.delete_fip_namespaces_for_ext_net-764076'] for network (d15ebce6-c0c8-48ed-99bf-08a935a4309e), after_delete {{(pid=107610) _notify_loop /usr/local/lib/python3.8/dist-packages/neutron_lib/callbacks/manager.py:176}}
Oct 03 10:34:34.795372 dv-neutron-841838-39-hyperv neutron-server[107610]: DEBUG neutron.wsgi [-] (107610) accepted ('10.222.0.47', 45948) {{(pid=107610) server /usr/local/lib/python3.8/dist-packages/eventlet/wsgi.py:1004}}
Oct 03 10:34:34.796311 dv-neutron-841838-39-hyperv neutron-server[107611]: DEBUG neutron.pecan_wsgi.hooks.quota_enforcement [None req-842706ed-d6ea-44a8-a944-296187f081d2 tempest-ExternalNetworksAdminNegativeTestJSON-60126946 tempest-ExternalNetworksAdminNegativeTestJSON-60126946-project-admin] Made reservation on behalf of 3873d0090f1b4dd2921d1dc7c4baed3c for: {'port': 1} {{(pid=107611) before /opt/stack/neutron/neutron/pecan_wsgi/hooks/quota_enforcement.py:53}}
Oct 03 10:34:34.796753 dv-neutron-841838-39-hyperv neutron-server[107610]: DEBUG dbcounter [-] [107610] Writing DB stats neutron:SELECT=80,neutron:UPDATE=6,neutron:INSERT=12,neutron:DELETE=2 {{(pid=107610) stat_writer /usr/local/lib/python3.8/dist-packages/dbcounter.py:114}}
Oct 03 10:34:34.799064 dv-neutron-841838-39-hyperv neutron-server[107611]: DEBUG neutron_lib.callbacks.manager [None req-842706ed-d6ea-44a8-a944-296187f081d2 tempest-ExternalNetworksAdminNegativeTestJSON-60126946 tempest-ExternalNetworksAdminNegativeTestJSON-60126946-project-admin] Publish callbacks ['neutron.plugins.ml2.plugin.SecurityGroupDbMixin._ensure_default_security_group_handler-33456499'] for port (None), before_create {{(pid=107611) _notify_loop /usr/local/lib/python3.8/dist-packages/neutron_lib/callbacks/manager.py:176}}
Oct 03 10:34:34.818925 dv-neutron-841838-39-hyperv neutron-server[107611]: DEBUG neutron_lib.callbacks.manager [None req-842706ed-d6ea-44a8-a944-296187f081d2 tempest-ExternalNetworksAdminNegativeTestJSON-60126946 tempest-ExternalNetworksAdminNegativeTestJSON-60126946-project-admin] Publish callbacks [] for security_group (None), before_create {{(pid=107611) _notify_loop /usr/local/lib/python3.8/dist-packages/neutron_lib/callbacks/manager.py:176}}
Oct 03 10:34:34.829939 dv-neutron-841838-39-hyperv neutron-server[107611]: INFO neutron.wsgi [None req-61081916-204e-4668-9bca-8847fedb1f8a tempest-MeteringTestJSON-1508440182 tempest-MeteringTestJSON-1508440182-project-admin] 10.222.0.47 "GET /networking/v2.0/metering/metering-labels/09c6a24c-2a83-4822-9b6e-a258567212a2 HTTP/1.1" status: 200 len: 472 time: 0.2316129
Oct 03 10:34:34.904027 dv-neutron-841838-39-hyperv neutron-server[107611]: DEBUG neutron.wsgi [-] (107611) accepted ('10.222.0.47', 45950) {{(pid=107611) server /usr/local/lib/python3.8/dist-packages/eventlet/wsgi.py:1004}}
Oct 03 10:34:35.006466 dv-neutron-841838-39-hyperv neutron-server[107612]: DEBUG neutron.db.provisioning_blocks [None req-c7696623-2e8d-4b74-b7df-4bfa10e355b8 None None] Provisioning complete for port 64d73b77-c5be-44c0-9cd0-b9f46289cbee triggered by entity DHCP. {{(pid=107612) provisioning_complete /opt/stack/neutron/neutron/db/provisioning_blocks.py:144}}
Oct 03 10:34:35.007026 dv-neutron-841838-39-hyperv neutron-server[107611]: DEBUG neutron.plugins.ml2.drivers.mech_agent [None req-c5fa954f-2857-485e-b9c8-9f952c594a23 tempest-DHCPAgentSchedulersTestJSON-96636200 tempest-DHCPAgentSchedulersTestJSON-96636200-project] Checking segment: {'id': 'e0c759da-02e5-4203-8194-f8899d096cfa', 'network_type': 'vlan', 'physical_network': 'physnet1', 'segmentation_id': 489, 'network_id': '7e607832-bc60-424f-91eb-9eedb6631fe1'} for mappings: {'physnet1': 'br-data'} with network types: ['local', 'flat', 'vlan'] {{(pid=107611) check_segment_for_agent /opt/stack/neutron/neutron/plugins/ml2/drivers/mech_agent.py:399}}
Oct 03 10:34:35.007026 dv-neutron-841838-39-hyperv neutron-server[107611]: DEBUG neutron.scheduler.dhcp_agent_scheduler [None req-c5fa954f-2857-485e-b9c8-9f952c594a23 tempest-DHCPAgentSchedulersTestJSON-96636200 tempest-DHCPAgentSchedulersTestJSON-96636200-project] Network hostable DHCP agents. Network: 7e607832-bc60-424f-91eb-9eedb6631fe1, hostable agents: ['a89b4723-a176-4659-8dca-19a92435370f'], hosted agents: [] {{(pid=107611) _get_network_hostable_dhcp_agents /opt/stack/neutron/neutron/scheduler/dhcp_agent_scheduler.py:329}}
Oct 03 10:34:35.007786 dv-neutron-841838-39-hyperv neutron-server[107612]: DEBUG neutron_lib.callbacks.manager [None req-c7696623-2e8d-4b74-b7df-4bfa10e355b8 None None] Publish callbacks ['neutron.plugins.ml2.plugin.Ml2Plugin._port_provisioned-33352899'] for port (64d73b77-c5be-44c0-9cd0-b9f46289cbee), provisioning_complete {{(pid=107612) _notify_loop /usr/local/lib/python3.8/dist-packages/neutron_lib/callbacks/manager.py:176}}
Oct 03 10:34:35.009144 dv-neutron-841838-39-hyperv neutron-server[107612]: INFO neutron.plugins.ml2.plugin [None req-c7696623-2e8d-4b74-b7df-4bfa10e355b8 None None] Attempt 1 to provision port 64d73b77-c5be-44c0-9cd0-b9f46289cbee
