Aug 29 21:59:25.290862 dv-neutron-841838-34-hyperv devstack@placement-api.service[107686]: DEBUG placement.handlers.allocation [req-5ff73c4a-ab8d-4a3a-9954-15d1af94b7aa req-a3671c74-8a62-49d0-aa02-26a54f5de835 service placement] Successfully wrote allocations [<placement.objects.allocation.Allocation object at 0x7ff91e03b2b0>, <placement.objects.allocation.Allocation object at 0x7ff91e03bfd0>, <placement.objects.allocation.Allocation object at 0x7ff91e03bdc0>] {{(pid=107686) _update_consumers_and_create_allocations /opt/stack/placement/placement/handlers/allocation.py:462}}
Aug 29 21:59:25.295522 dv-neutron-841838-34-hyperv devstack@placement-api.service[107686]: INFO placement.requestlog [req-5ff73c4a-ab8d-4a3a-9954-15d1af94b7aa req-a3671c74-8a62-49d0-aa02-26a54f5de835 service placement] 10.222.0.66 "PUT /placement/allocations/188568d6-f30e-4862-ae9e-f655ded14138" status: 204 len: 0 microversion: 1.36
Aug 29 21:59:25.295967 dv-neutron-841838-34-hyperv devstack@placement-api.service[107686]: [pid: 107686|app: 0|req: 457/911] 10.222.0.66 () {64 vars in 1433 bytes} [Mon Aug 29 21:59:25 2022] PUT /placement/allocations/188568d6-f30e-4862-ae9e-f655ded14138 => generated 0 bytes in 89 msecs (HTTP/1.1 204) 5 headers in 199 bytes (1 switches on core 0)
Aug 29 21:59:25.591813 dv-neutron-841838-34-hyperv devstack@placement-api.service[107685]: DEBUG placement.requestlog [req-5ff73c4a-ab8d-4a3a-9954-15d1af94b7aa req-0f03697e-b689-462e-a636-e5710dc0e038 None None] Starting request: 10.222.0.61 "GET /placement/allocations/188568d6-f30e-4862-ae9e-f655ded14138" {{(pid=107685) __call__ /opt/stack/placement/placement/requestlog.py:55}}
Aug 29 21:59:25.609932 dv-neutron-841838-34-hyperv devstack@placement-api.service[107685]: INFO placement.requestlog [req-5ff73c4a-ab8d-4a3a-9954-15d1af94b7aa req-0f03697e-b689-462e-a636-e5710dc0e038 service placement] 10.222.0.61 "GET /placement/allocations/188568d6-f30e-4862-ae9e-f655ded14138" status: 200 len: 259 microversion: 1.28
Aug 29 21:59:25.610327 dv-neutron-841838-34-hyperv devstack@placement-api.service[107685]: [pid: 107685|app: 0|req: 455/912] 10.222.0.61 () {60 vars in 1377 bytes} [Mon Aug 29 21:59:25 2022] GET /placement/allocations/188568d6-f30e-4862-ae9e-f655ded14138 => generated 259 bytes in 19 msecs (HTTP/1.1 200) 8 headers in 296 bytes (1 switches on core 0)
Aug 29 21:59:25.747457 dv-neutron-841838-34-hyperv devstack@placement-api.service[107686]: DEBUG placement.requestlog [req-5ff73c4a-ab8d-4a3a-9954-15d1af94b7aa req-8c16f172-b9cb-4cbd-a537-b67509cf5f19 None None] Starting request: 10.222.0.61 "GET /placement/resource_providers/597fd98d-aab1-4b0f-9da3-c091df6da96f/allocations" {{(pid=107686) __call__ /opt/stack/placement/placement/requestlog.py:55}}
Aug 29 21:59:25.772601 dv-neutron-841838-34-hyperv devstack@placement-api.service[107686]: INFO placement.requestlog [req-5ff73c4a-ab8d-4a3a-9954-15d1af94b7aa req-8c16f172-b9cb-4cbd-a537-b67509cf5f19 service placement] 10.222.0.61 "GET /placement/resource_providers/597fd98d-aab1-4b0f-9da3-c091df6da96f/allocations" status: 200 len: 154 microversion: 1.0
Aug 29 21:59:25.773754 dv-neutron-841838-34-hyperv devstack@placement-api.service[107686]: [pid: 107686|app: 0|req: 458/913] 10.222.0.61 () {58 vars in 1390 bytes} [Mon Aug 29 21:59:25 2022] GET /placement/resource_providers/597fd98d-aab1-4b0f-9da3-c091df6da96f/allocations => generated 154 bytes in 27 msecs (HTTP/1.1 200) 6 headers in 224 bytes (2 switches on core 0)
Aug 29 21:59:25.780341 dv-neutron-841838-34-hyperv devstack@placement-api.service[107685]: DEBUG placement.requestlog [req-5ff73c4a-ab8d-4a3a-9954-15d1af94b7aa req-b62ab298-17da-43f8-b92b-10390bd72f42 None None] Starting request: 10.222.0.61 "GET /placement/allocations/188568d6-f30e-4862-ae9e-f655ded14138" {{(pid=107685) __call__ /opt/stack/placement/placement/requestlog.py:55}}
Aug 29 21:59:25.799189 dv-neutron-841838-34-hyperv devstack@placement-api.service[107685]: INFO placement.requestlog [req-5ff73c4a-ab8d-4a3a-9954-15d1af94b7aa req-b62ab298-17da-43f8-b92b-10390bd72f42 service placement] 10.222.0.61 "GET /placement/allocations/188568d6-f30e-4862-ae9e-f655ded14138" status: 200 len: 259 microversion: 1.28
Aug 29 21:59:25.799729 dv-neutron-841838-34-hyperv devstack@placement-api.service[107685]: [pid: 107685|app: 0|req: 456/914] 10.222.0.61 () {60 vars in 1377 bytes} [Mon Aug 29 21:59:25 2022] GET /placement/allocations/188568d6-f30e-4862-ae9e-f655ded14138 => generated 259 bytes in 20 msecs (HTTP/1.1 200) 8 headers in 296 bytes (2 switches on core 0)
Aug 29 21:59:35.768542 dv-neutron-841838-34-hyperv devstack@placement-api.service[107686]: DEBUG dbcounter [-] [107686] Writing DB stats placement:SELECT=56,placement:INSERT=4,placement:DELETE=2,placement:UPDATE=2 {{(pid=107686) stat_writer /usr/local/lib/python3.8/dist-packages/dbcounter.py:114}}
Aug 29 21:59:35.797437 dv-neutron-841838-34-hyperv devstack@placement-api.service[107685]: DEBUG dbcounter [-] [107685] Writing DB stats placement:SELECT=36,placement:DELETE=2 {{(pid=107685) stat_writer /usr/local/lib/python3.8/dist-packages/dbcounter.py:114}}
Aug 29 22:00:00.057988 dv-neutron-841838-34-hyperv devstack@placement-api.service[107686]: DEBUG placement.requestlog [req-e6fc602e-b68e-414d-8792-5603041bea55 req-a044c4f5-58a9-49b1-bcd5-ff6d9e84ee96 None None] Starting request: 10.222.0.61 "GET /placement/resource_providers/597fd98d-aab1-4b0f-9da3-c091df6da96f/allocations" {{(pid=107686) __call__ /opt/stack/placement/placement/requestlog.py:55}}
Aug 29 22:00:00.078192 dv-neutron-841838-34-hyperv devstack@placement-api.service[107686]: INFO placement.requestlog [req-e6fc602e-b68e-414d-8792-5603041bea55 req-a044c4f5-58a9-49b1-bcd5-ff6d9e84ee96 service placement] 10.222.0.61 "GET /placement/resource_providers/597fd98d-aab1-4b0f-9da3-c091df6da96f/allocations" status: 200 len: 154 microversion: 1.0
Aug 29 22:00:00.078473 dv-neutron-841838-34-hyperv devstack@placement-api.service[107686]: [pid: 107686|app: 0|req: 459/915] 10.222.0.61 () {58 vars in 1390 bytes} [Mon Aug 29 22:00:00 2022] GET /placement/resource_providers/597fd98d-aab1-4b0f-9da3-c091df6da96f/allocations => generated 154 bytes in 21 msecs (HTTP/1.1 200) 6 headers in 224 bytes (1 switches on core 0)
Aug 29 22:00:00.085592 dv-neutron-841838-34-hyperv devstack@placement-api.service[107685]: DEBUG placement.requestlog [req-e6fc602e-b68e-414d-8792-5603041bea55 req-562bc05f-ebf4-49d7-8fc2-0faac31c15f0 None None] Starting request: 10.222.0.61 "GET /placement/allocations/188568d6-f30e-4862-ae9e-f655ded14138" {{(pid=107685) __call__ /opt/stack/placement/placement/requestlog.py:55}}
Aug 29 22:00:00.102116 dv-neutron-841838-34-hyperv devstack@placement-api.service[107685]: INFO placement.requestlog [req-e6fc602e-b68e-414d-8792-5603041bea55 req-562bc05f-ebf4-49d7-8fc2-0faac31c15f0 service placement] 10.222.0.61 "GET /placement/allocations/188568d6-f30e-4862-ae9e-f655ded14138" status: 200 len: 259 microversion: 1.28
Aug 29 22:00:00.102508 dv-neutron-841838-34-hyperv devstack@placement-api.service[107685]: [pid: 107685|app: 0|req: 457/916] 10.222.0.61 () {60 vars in 1377 bytes} [Mon Aug 29 22:00:00 2022] GET /placement/allocations/188568d6-f30e-4862-ae9e-f655ded14138 => generated 259 bytes in 17 msecs (HTTP/1.1 200) 8 headers in 296 bytes (1 switches on core 0)
Aug 29 22:00:00.312716 dv-neutron-841838-34-hyperv devstack@placement-api.service[107686]: DEBUG placement.requestlog [req-e6fc602e-b68e-414d-8792-5603041bea55 req-524b0521-536c-4de1-8006-6cd0244ac1f2 None None] Starting request: 10.222.0.61 "DELETE /placement/allocations/188568d6-f30e-4862-ae9e-f655ded14138" {{(pid=107686) __call__ /opt/stack/placement/placement/requestlog.py:55}}
Aug 29 22:00:00.348240 dv-neutron-841838-34-hyperv devstack@placement-api.service[107686]: DEBUG placement.handlers.allocation [req-e6fc602e-b68e-414d-8792-5603041bea55 req-524b0521-536c-4de1-8006-6cd0244ac1f2 service placement] Successfully deleted allocations [<placement.objects.allocation.Allocation object at 0x7ff91e02ba30>, <placement.objects.allocation.Allocation object at 0x7ff91e02b310>, <placement.objects.allocation.Allocation object at 0x7ff91e02b2b0>] {{(pid=107686) delete_allocations /opt/stack/placement/placement/handlers/allocation.py:627}}
Aug 29 22:00:00.349125 dv-neutron-841838-34-hyperv devstack@placement-api.service[107686]: INFO placement.requestlog [req-e6fc602e-b68e-414d-8792-5603041bea55 req-524b0521-536c-4de1-8006-6cd0244ac1f2 service placement] 10.222.0.61 "DELETE /placement/allocations/188568d6-f30e-4862-ae9e-f655ded14138" status: 204 len: 0 microversion: 1.0
Aug 29 22:00:00.350069 dv-neutron-841838-34-hyperv devstack@placement-api.service[107686]: [pid: 107686|app: 0|req: 460/917] 10.222.0.61 () {60 vars in 1355 bytes} [Mon Aug 29 22:00:00 2022] DELETE /placement/allocations/188568d6-f30e-4862-ae9e-f655ded14138 => generated 0 bytes in 37 msecs (HTTP/1.1 204) 5 headers in 198 bytes (1 switches on core 0)
Aug 29 22:00:02.222349 dv-neutron-841838-34-hyperv devstack@placement-api.service[107685]: DEBUG placement.requestlog [req-44942b34-ff7c-4f10-b9bc-06361f25c838 req-7ce6bf8b-ee78-4837-acaa-d8f2364ce2be None None] Starting request: 10.222.0.66 "GET /placement/allocation_candidates?limit=1000&resources=DISK_GB%3A1%2CMEMORY_MB%3A1024%2CVCPU%3A1&root_required=%21COMPUTE_STATUS_DISABLED" {{(pid=107685) __call__ /opt/stack/placement/placement/requestlog.py:55}}
Aug 29 22:00:02.264504 dv-neutron-841838-34-hyperv devstack@placement-api.service[107685]: DEBUG placement.objects.research_context [req-44942b34-ff7c-4f10-b9bc-06361f25c838 req-7ce6bf8b-ee78-4837-acaa-d8f2364ce2be service placement] getting providers with 1 DISK_GB {{(pid=107685) __init__ /opt/stack/placement/placement/objects/research_context.py:136}}
Aug 29 22:00:02.271571 dv-neutron-841838-34-hyperv devstack@placement-api.service[107685]: DEBUG placement.objects.research_context [req-44942b34-ff7c-4f10-b9bc-06361f25c838 req-7ce6bf8b-ee78-4837-acaa-d8f2364ce2be service placement] getting providers with 1024 MEMORY_MB {{(pid=107685) __init__ /opt/stack/placement/placement/objects/research_context.py:136}}
Aug 29 22:00:02.278083 dv-neutron-841838-34-hyperv devstack@placement-api.service[107685]: DEBUG placement.objects.research_context [req-44942b34-ff7c-4f10-b9bc-06361f25c838 req-7ce6bf8b-ee78-4837-acaa-d8f2364ce2be service placement] getting providers with 1 VCPU {{(pid=107685) __init__ /opt/stack/placement/placement/objects/research_context.py:136}}
Aug 29 22:00:02.284139 dv-neutron-841838-34-hyperv devstack@placement-api.service[107685]: DEBUG placement.objects.research_context [req-44942b34-ff7c-4f10-b9bc-06361f25c838 req-7ce6bf8b-ee78-4837-acaa-d8f2364ce2be service placement] found 1 providers with available 1 DISK_GB {{(pid=107685) get_provider_ids_matching /opt/stack/placement/placement/objects/research_context.py:563}}
Aug 29 22:00:02.284520 dv-neutron-841838-34-hyperv devstack@placement-api.service[107685]: DEBUG placement.objects.research_context [req-44942b34-ff7c-4f10-b9bc-06361f25c838 req-7ce6bf8b-ee78-4837-acaa-d8f2364ce2be service placement] found 1 providers with available 1024 MEMORY_MB {{(pid=107685) get_provider_ids_matching /opt/stack/placement/placement/objects/research_context.py:563}}
Aug 29 22:00:02.284707 dv-neutron-841838-34-hyperv devstack@placement-api.service[107685]: DEBUG placement.objects.research_context [req-44942b34-ff7c-4f10-b9bc-06361f25c838 req-7ce6bf8b-ee78-4837-acaa-d8f2364ce2be service placement] found 1 providers after filtering by previous result {{(pid=107685) get_provider_ids_matching /opt/stack/placement/placement/objects/research_context.py:594}}
Aug 29 22:00:02.284923 dv-neutron-841838-34-hyperv devstack@placement-api.service[107685]: DEBUG placement.objects.research_context [req-44942b34-ff7c-4f10-b9bc-06361f25c838 req-7ce6bf8b-ee78-4837-acaa-d8f2364ce2be service placement] found 1 providers with available 1 VCPU {{(pid=107685) get_provider_ids_matching /opt/stack/placement/placement/objects/research_context.py:563}}
Aug 29 22:00:02.285208 dv-neutron-841838-34-hyperv devstack@placement-api.service[107685]: DEBUG placement.objects.research_context [req-44942b34-ff7c-4f10-b9bc-06361f25c838 req-7ce6bf8b-ee78-4837-acaa-d8f2364ce2be service placement] found 1 providers after filtering by previous result {{(pid=107685) get_provider_ids_matching /opt/stack/placement/placement/objects/research_context.py:594}}
Aug 29 22:00:02.298998 dv-neutron-841838-34-hyperv devstack@placement-api.service[107685]: DEBUG placement.objects.allocation_candidate [req-44942b34-ff7c-4f10-b9bc-06361f25c838 req-7ce6bf8b-ee78-4837-acaa-d8f2364ce2be service placement] RequestGroup(use_same_provider=False, resources={DISK_GB:1, MEMORY_MB:1024, VCPU:1}, traits=(), aggregates=[]) (suffix '') returned 1 matches {{(pid=107685) _get_by_requests /opt/stack/placement/placement/objects/allocation_candidate.py:156}}
Aug 29 22:00:02.299341 dv-neutron-841838-34-hyperv devstack@placement-api.service[107685]: DEBUG placement.objects.allocation_candidate [req-44942b34-ff7c-4f10-b9bc-06361f25c838 req-7ce6bf8b-ee78-4837-acaa-d8f2364ce2be service placement] Merging candidates yields 1 allocation requests and 1 provider summaries {{(pid=107685) _merge_candidates /opt/stack/placement/placement/objects/allocation_candidate.py:809}}
Aug 29 22:00:02.300808 dv-neutron-841838-34-hyperv devstack@placement-api.service[107685]: INFO placement.requestlog [req-44942b34-ff7c-4f10-b9bc-06361f25c838 req-7ce6bf8b-ee78-4837-acaa-d8f2364ce2be service placement] 10.222.0.66 "GET /placement/allocation_candidates?limit=1000&resources=DISK_GB%3A1%2CMEMORY_MB%3A1024%2CVCPU%3A1&root_required=%21COMPUTE_STATUS_DISABLED" status: 200 len: 764 microversion: 1.36
Aug 29 22:00:02.301193 dv-neutron-841838-34-hyperv devstack@placement-api.service[107685]: [pid: 107685|app: 0|req: 458/918] 10.222.0.66 () {60 vars in 1506 bytes} [Mon Aug 29 22:00:02 2022] GET /placement/allocation_candidates?limit=1000&resources=DISK_GB%3A1%2CMEMORY_MB%3A1024%2CVCPU%3A1&root_required=%21COMPUTE_STATUS_DISABLED => generated 764 bytes in 79 msecs (HTTP/1.1 200) 8 headers in 296 bytes (1 switches on core 0)
Aug 29 22:00:02.341520 dv-neutron-841838-34-hyperv devstack@placement-api.service[107686]: DEBUG placement.requestlog [req-44942b34-ff7c-4f10-b9bc-06361f25c838 req-62f9f85a-9147-4d49-9863-fad679c84d19 None None] Starting request: 10.222.0.66 "GET /placement/allocations/180fc50f-19e7-484d-87f2-70b2331f4574" {{(pid=107686) __call__ /opt/stack/placement/placement/requestlog.py:55}}
Aug 29 22:00:02.352630 dv-neutron-841838-34-hyperv devstack@placement-api.service[107686]: INFO placement.requestlog [req-44942b34-ff7c-4f10-b9bc-06361f25c838 req-62f9f85a-9147-4d49-9863-fad679c84d19 service placement] 10.222.0.66 "GET /placement/allocations/180fc50f-19e7-484d-87f2-70b2331f4574" status: 200 len: 19 microversion: 1.28
Aug 29 22:00:02.353263 dv-neutron-841838-34-hyperv devstack@placement-api.service[107686]: [pid: 107686|app: 0|req: 461/919] 10.222.0.66 () {60 vars in 1380 bytes} [Mon Aug 29 22:00:02 2022] GET /placement/allocations/180fc50f-19e7-484d-87f2-70b2331f4574 => generated 19 bytes in 13 msecs (HTTP/1.1 200) 8 headers in 295 bytes (1 switches on core 0)
Aug 29 22:00:02.359321 dv-neutron-841838-34-hyperv devstack@placement-api.service[107685]: DEBUG placement.requestlog [req-44942b34-ff7c-4f10-b9bc-06361f25c838 req-315a80f7-b642-4423-8e94-d3eb4700b491 None None] Starting request: 10.222.0.66 "PUT /placement/allocations/180fc50f-19e7-484d-87f2-70b2331f4574" {{(pid=107685) __call__ /opt/stack/placement/placement/requestlog.py:55}}
Aug 29 22:00:02.425572 dv-neutron-841838-34-hyperv devstack@placement-api.service[107685]: DEBUG placement.handlers.allocation [req-44942b34-ff7c-4f10-b9bc-06361f25c838 req-315a80f7-b642-4423-8e94-d3eb4700b491 service placement] Successfully wrote allocations [<placement.objects.allocation.Allocation object at 0x7ff91e1f2340>, <placement.objects.allocation.Allocation object at 0x7ff91e73bc40>, <placement.objects.allocation.Allocation object at 0x7ff91e0e2460>] {{(pid=107685) _update_consumers_and_create_allocations /opt/stack/placement/placement/handlers/allocation.py:462}}
Aug 29 22:00:02.431958 dv-neutron-841838-34-hyperv devstack@placement-api.service[107685]: INFO placement.requestlog [req-44942b34-ff7c-4f10-b9bc-06361f25c838 req-315a80f7-b642-4423-8e94-d3eb4700b491 service placement] 10.222.0.66 "PUT /placement/allocations/180fc50f-19e7-484d-87f2-70b2331f4574" status: 204 len: 0 microversion: 1.36
Aug 29 22:00:02.432435 dv-neutron-841838-34-hyperv devstack@placement-api.service[107685]: [pid: 107685|app: 0|req: 459/920] 10.222.0.66 () {64 vars in 1433 bytes} [Mon Aug 29 22:00:02 2022] PUT /placement/allocations/180fc50f-19e7-484d-87f2-70b2331f4574 => generated 0 bytes in 73 msecs (HTTP/1.1 204) 5 headers in 199 bytes (2 switches on core 0)
Aug 29 22:00:02.732011 dv-neutron-841838-34-hyperv devstack@placement-api.service[107686]: DEBUG placement.requestlog [req-44942b34-ff7c-4f10-b9bc-06361f25c838 req-4c32d4c4-5a50-41eb-ade7-7bfd44d3debc None None] Starting request: 10.222.0.61 "GET /placement/allocations/180fc50f-19e7-484d-87f2-70b2331f4574" {{(pid=107686) __call__ /opt/stack/placement/placement/requestlog.py:55}}
Aug 29 22:00:02.747454 dv-neutron-841838-34-hyperv devstack@placement-api.service[107686]: INFO placement.requestlog [req-44942b34-ff7c-4f10-b9bc-06361f25c838 req-4c32d4c4-5a50-41eb-ade7-7bfd44d3debc service placement] 10.222.0.61 "GET /placement/allocations/180fc50f-19e7-484d-87f2-70b2331f4574" status: 200 len: 259 microversion: 1.28
Aug 29 22:00:02.747836 dv-neutron-841838-34-hyperv devstack@placement-api.service[107686]: [pid: 107686|app: 0|req: 462/921] 10.222.0.61 () {60 vars in 1377 bytes} [Mon Aug 29 22:00:02 2022] GET /placement/allocations/180fc50f-19e7-484d-87f2-70b2331f4574 => generated 259 bytes in 17 msecs (HTTP/1.1 200) 8 headers in 296 bytes (2 switches on core 0)
Aug 29 22:00:02.874072 dv-neutron-841838-34-hyperv devstack@placement-api.service[107685]: DEBUG placement.requestlog [req-44942b34-ff7c-4f10-b9bc-06361f25c838 req-615e3538-a414-45dd-a6b1-43412788d861 None None] Starting request: 10.222.0.61 "GET /placement/resource_providers/597fd98d-aab1-4b0f-9da3-c091df6da96f/allocations" {{(pid=107685) __call__ /opt/stack/placement/placement/requestlog.py:55}}
Aug 29 22:00:02.896413 dv-neutron-841838-34-hyperv devstack@placement-api.service[107685]: INFO placement.requestlog [req-44942b34-ff7c-4f10-b9bc-06361f25c838 req-615e3538-a414-45dd-a6b1-43412788d861 service placement] 10.222.0.61 "GET /placement/resource_providers/597fd98d-aab1-4b0f-9da3-c091df6da96f/allocations" status: 200 len: 154 microversion: 1.0
Aug 29 22:00:02.896789 dv-neutron-841838-34-hyperv devstack@placement-api.service[107685]: [pid: 107685|app: 0|req: 460/922] 10.222.0.61 () {58 vars in 1390 bytes} [Mon Aug 29 22:00:02 2022] GET /placement/resource_providers/597fd98d-aab1-4b0f-9da3-c091df6da96f/allocations => generated 154 bytes in 23 msecs (HTTP/1.1 200) 6 headers in 224 bytes (1 switches on core 0)
Aug 29 22:00:02.903187 dv-neutron-841838-34-hyperv devstack@placement-api.service[107686]: DEBUG placement.requestlog [req-44942b34-ff7c-4f10-b9bc-06361f25c838 req-3af37513-e854-4008-ab8c-90aaa9e42c7f None None] Starting request: 10.222.0.61 "GET /placement/allocations/180fc50f-19e7-484d-87f2-70b2331f4574" {{(pid=107686) __call__ /opt/stack/placement/placement/requestlog.py:55}}
Aug 29 22:00:02.918846 dv-neutron-841838-34-hyperv devstack@placement-api.service[107686]: INFO placement.requestlog [req-44942b34-ff7c-4f10-b9bc-06361f25c838 req-3af37513-e854-4008-ab8c-90aaa9e42c7f service placement] 10.222.0.61 "GET /placement/allocations/180fc50f-19e7-484d-87f2-70b2331f4574" status: 200 len: 259 microversion: 1.28
Aug 29 22:00:02.919185 dv-neutron-841838-34-hyperv devstack@placement-api.service[107686]: [pid: 107686|app: 0|req: 463/923] 10.222.0.61 () {60 vars in 1377 bytes} [Mon Aug 29 22:00:02 2022] GET /placement/allocations/180fc50f-19e7-484d-87f2-70b2331f4574 => generated 259 bytes in 16 msecs (HTTP/1.1 200) 8 headers in 296 bytes (1 switches on core 0)
Aug 29 22:00:12.894080 dv-neutron-841838-34-hyperv devstack@placement-api.service[107685]: DEBUG dbcounter [-] [107685] Writing DB stats placement:SELECT=35,placement:INSERT=4,placement:DELETE=2,placement:UPDATE=2 {{(pid=107685) stat_writer /usr/local/lib/python3.8/dist-packages/dbcounter.py:114}}
Aug 29 22:00:12.916890 dv-neutron-841838-34-hyperv devstack@placement-api.service[107686]: DEBUG dbcounter [-] [107686] Writing DB stats placement:SELECT=23,placement:DELETE=2 {{(pid=107686) stat_writer /usr/local/lib/python3.8/dist-packages/dbcounter.py:114}}
Aug 29 22:00:17.904826 dv-neutron-841838-34-hyperv devstack@placement-api.service[107685]: DEBUG placement.requestlog [req-fe9b99ae-c448-401a-8e5b-55c36199a619 req-74dec7a3-e09e-43eb-9c65-580608b35ac2 None None] Starting request: 10.222.0.61 "GET /placement/resource_providers/597fd98d-aab1-4b0f-9da3-c091df6da96f/allocations" {{(pid=107685) __call__ /opt/stack/placement/placement/requestlog.py:55}}
Aug 29 22:00:17.926753 dv-neutron-841838-34-hyperv devstack@placement-api.service[107685]: INFO placement.requestlog [req-fe9b99ae-c448-401a-8e5b-55c36199a619 req-74dec7a3-e09e-43eb-9c65-580608b35ac2 service placement] 10.222.0.61 "GET /placement/resource_providers/597fd98d-aab1-4b0f-9da3-c091df6da96f/allocations" status: 200 len: 154 microversion: 1.0
Aug 29 22:00:17.927449 dv-neutron-841838-34-hyperv devstack@placement-api.service[107685]: [pid: 107685|app: 0|req: 461/924] 10.222.0.61 () {58 vars in 1390 bytes} [Mon Aug 29 22:00:17 2022] GET /placement/resource_providers/597fd98d-aab1-4b0f-9da3-c091df6da96f/allocations => generated 154 bytes in 23 msecs (HTTP/1.1 200) 6 headers in 224 bytes (1 switches on core 0)
Aug 29 22:00:17.975202 dv-neutron-841838-34-hyperv devstack@placement-api.service[107686]: DEBUG placement.requestlog [req-fe9b99ae-c448-401a-8e5b-55c36199a619 req-778d7cee-f8c9-472a-a510-31fdaa850465 None None] Starting request: 10.222.0.61 "GET /placement/resource_providers/597fd98d-aab1-4b0f-9da3-c091df6da96f/allocations" {{(pid=107686) __call__ /opt/stack/placement/placement/requestlog.py:55}}
Aug 29 22:00:17.996438 dv-neutron-841838-34-hyperv devstack@placement-api.service[107686]: INFO placement.requestlog [req-fe9b99ae-c448-401a-8e5b-55c36199a619 req-778d7cee-f8c9-472a-a510-31fdaa850465 service placement] 10.222.0.61 "GET /placement/resource_providers/597fd98d-aab1-4b0f-9da3-c091df6da96f/allocations" status: 200 len: 154 microversion: 1.0
Aug 29 22:00:17.996900 dv-neutron-841838-34-hyperv devstack@placement-api.service[107686]: [pid: 107686|app: 0|req: 464/925] 10.222.0.61 () {58 vars in 1390 bytes} [Mon Aug 29 22:00:17 2022] GET /placement/resource_providers/597fd98d-aab1-4b0f-9da3-c091df6da96f/allocations => generated 154 bytes in 22 msecs (HTTP/1.1 200) 6 headers in 224 bytes (1 switches on core 0)
Aug 29 22:00:18.003306 dv-neutron-841838-34-hyperv devstack@placement-api.service[107685]: DEBUG placement.requestlog [req-fe9b99ae-c448-401a-8e5b-55c36199a619 req-61626571-10e4-4aeb-a743-8e9148084652 None None] Starting request: 10.222.0.61 "GET /placement/allocations/180fc50f-19e7-484d-87f2-70b2331f4574" {{(pid=107685) __call__ /opt/stack/placement/placement/requestlog.py:55}}
Aug 29 22:00:18.021306 dv-neutron-841838-34-hyperv devstack@placement-api.service[107685]: INFO placement.requestlog [req-fe9b99ae-c448-401a-8e5b-55c36199a619 req-61626571-10e4-4aeb-a743-8e9148084652 service placement] 10.222.0.61 "GET /placement/allocations/180fc50f-19e7-484d-87f2-70b2331f4574" status: 200 len: 259 microversion: 1.28
Aug 29 22:00:18.021759 dv-neutron-841838-34-hyperv devstack@placement-api.service[107685]: [pid: 107685|app: 0|req: 462/926] 10.222.0.61 () {60 vars in 1377 bytes} [Mon Aug 29 22:00:18 2022] GET /placement/allocations/180fc50f-19e7-484d-87f2-70b2331f4574 => generated 259 bytes in 19 msecs (HTTP/1.1 200) 8 headers in 296 bytes (2 switches on core 0)
Aug 29 22:00:27.994317 dv-neutron-841838-34-hyperv devstack@placement-api.service[107686]: DEBUG dbcounter [-] [107686] Writing DB stats placement:SELECT=6 {{(pid=107686) stat_writer /usr/local/lib/python3.8/dist-packages/dbcounter.py:114}}
Aug 29 22:00:28.018927 dv-neutron-841838-34-hyperv devstack@placement-api.service[107685]: DEBUG dbcounter [-] [107685] Writing DB stats placement:SELECT=10 {{(pid=107685) stat_writer /usr/local/lib/python3.8/dist-packages/dbcounter.py:114}}
Aug 29 22:00:38.701276 dv-neutron-841838-34-hyperv devstack@placement-api.service[107686]: DEBUG placement.requestlog [req-0f943a61-02ff-4d8c-ba09-074d226483f1 req-db3cfa67-b58d-4ded-92eb-813473604aca None None] Starting request: 10.222.0.61 "GET /placement/resource_providers/597fd98d-aab1-4b0f-9da3-c091df6da96f/allocations" {{(pid=107686) __call__ /opt/stack/placement/placement/requestlog.py:55}}
Aug 29 22:00:38.725265 dv-neutron-841838-34-hyperv devstack@placement-api.service[107686]: INFO placement.requestlog [req-0f943a61-02ff-4d8c-ba09-074d226483f1 req-db3cfa67-b58d-4ded-92eb-813473604aca service placement] 10.222.0.61 "GET /placement/resource_providers/597fd98d-aab1-4b0f-9da3-c091df6da96f/allocations" status: 200 len: 154 microversion: 1.0
Aug 29 22:00:38.725764 dv-neutron-841838-34-hyperv devstack@placement-api.service[107686]: [pid: 107686|app: 0|req: 465/927] 10.222.0.61 () {58 vars in 1390 bytes} [Mon Aug 29 22:00:38 2022] GET /placement/resource_providers/597fd98d-aab1-4b0f-9da3-c091df6da96f/allocations => generated 154 bytes in 25 msecs (HTTP/1.1 200) 6 headers in 224 bytes (1 switches on core 0)
Aug 29 22:00:38.733146 dv-neutron-841838-34-hyperv devstack@placement-api.service[107685]: DEBUG placement.requestlog [req-0f943a61-02ff-4d8c-ba09-074d226483f1 req-940e7272-3cf3-4296-b4ea-fafe563c1658 None None] Starting request: 10.222.0.61 "GET /placement/allocations/180fc50f-19e7-484d-87f2-70b2331f4574" {{(pid=107685) __call__ /opt/stack/placement/placement/requestlog.py:55}}
Aug 29 22:00:38.752774 dv-neutron-841838-34-hyperv devstack@placement-api.service[107685]: INFO placement.requestlog [req-0f943a61-02ff-4d8c-ba09-074d226483f1 req-940e7272-3cf3-4296-b4ea-fafe563c1658 service placement] 10.222.0.61 "GET /placement/allocations/180fc50f-19e7-484d-87f2-70b2331f4574" status: 200 len: 259 microversion: 1.28
Aug 29 22:00:38.753176 dv-neutron-841838-34-hyperv devstack@placement-api.service[107685]: [pid: 107685|app: 0|req: 463/928] 10.222.0.61 () {60 vars in 1377 bytes} [Mon Aug 29 22:00:38 2022] GET /placement/allocations/180fc50f-19e7-484d-87f2-70b2331f4574 => generated 259 bytes in 21 msecs (HTTP/1.1 200) 8 headers in 296 bytes (1 switches on core 0)
Aug 29 22:00:38.970133 dv-neutron-841838-34-hyperv devstack@placement-api.service[107686]: DEBUG placement.requestlog [req-0f943a61-02ff-4d8c-ba09-074d226483f1 req-fd6e7e01-dcec-4d24-8f71-df34a72a8299 None None] Starting request: 10.222.0.61 "DELETE /placement/allocations/180fc50f-19e7-484d-87f2-70b2331f4574" {{(pid=107686) __call__ /opt/stack/placement/placement/requestlog.py:55}}
Aug 29 22:00:39.026826 dv-neutron-841838-34-hyperv devstack@placement-api.service[107686]: DEBUG placement.handlers.allocation [req-0f943a61-02ff-4d8c-ba09-074d226483f1 req-fd6e7e01-dcec-4d24-8f71-df34a72a8299 service placement] Successfully deleted allocations [<placement.objects.allocation.Allocation object at 0x7ff91e0f3ee0>, <placement.objects.allocation.Allocation object at 0x7ff91e0f35b0>, <placement.objects.allocation.Allocation object at 0x7ff91e0f3610>] {{(pid=107686) delete_allocations /opt/stack/placement/placement/handlers/allocation.py:627}}
Aug 29 22:00:39.027713 dv-neutron-841838-34-hyperv devstack@placement-api.service[107686]: INFO placement.requestlog [req-0f943a61-02ff-4d8c-ba09-074d226483f1 req-fd6e7e01-dcec-4d24-8f71-df34a72a8299 service placement] 10.222.0.61 "DELETE /placement/allocations/180fc50f-19e7-484d-87f2-70b2331f4574" status: 204 len: 0 microversion: 1.0
Aug 29 22:00:39.028240 dv-neutron-841838-34-hyperv devstack@placement-api.service[107686]: [pid: 107686|app: 0|req: 466/929] 10.222.0.61 () {60 vars in 1355 bytes} [Mon Aug 29 22:00:38 2022] DELETE /placement/allocations/180fc50f-19e7-484d-87f2-70b2331f4574 => generated 0 bytes in 58 msecs (HTTP/1.1 204) 5 headers in 198 bytes (1 switches on core 0)
Aug 29 22:00:44.806391 dv-neutron-841838-34-hyperv devstack@placement-api.service[107685]: DEBUG placement.requestlog [None req-881ddecf-54c5-419c-99d1-6814dc3da6cc None None] Starting request: 10.222.0.66 "GET /placement/resource_providers/d8ff3589-756a-4424-89da-20bb1e056f33/aggregates" {{(pid=107685) __call__ /opt/stack/placement/placement/requestlog.py:55}}
Aug 29 22:00:44.820896 dv-neutron-841838-34-hyperv devstack@placement-api.service[107685]: INFO placement.requestlog [None req-881ddecf-54c5-419c-99d1-6814dc3da6cc service placement] 10.222.0.66 "GET /placement/resource_providers/d8ff3589-756a-4424-89da-20bb1e056f33/aggregates" status: 404 len: 235 microversion: 1.1
Aug 29 22:00:44.821725 dv-neutron-841838-34-hyperv devstack@placement-api.service[107685]: [pid: 107685|app: 0|req: 464/930] 10.222.0.66 () {58 vars in 1362 bytes} [Mon Aug 29 22:00:44 2022] GET /placement/resource_providers/d8ff3589-756a-4424-89da-20bb1e056f33/aggregates => generated 235 bytes in 17 msecs (HTTP/1.1 404) 5 headers in 202 bytes (2 switches on core 0)
Aug 29 22:00:44.851716 dv-neutron-841838-34-hyperv devstack@placement-api.service[107686]: DEBUG placement.requestlog [None req-27c0b56a-7c63-472a-82f1-ecdfc525faf3 None None] Starting request: 10.222.0.66 "DELETE /placement/resource_providers/d8ff3589-756a-4424-89da-20bb1e056f33" {{(pid=107686) __call__ /opt/stack/placement/placement/requestlog.py:55}}
Aug 29 22:00:44.865079 dv-neutron-841838-34-hyperv devstack@placement-api.service[107686]: DEBUG placement.wsgi_wrapper [None req-27c0b56a-7c63-472a-82f1-ecdfc525faf3 service placement] Placement API returning an error response: No resource provider with uuid d8ff3589-756a-4424-89da-20bb1e056f33 found for delete {{(pid=107686) call_func /opt/stack/placement/placement/wsgi_wrapper.py:31}}
Aug 29 22:00:44.866024 dv-neutron-841838-34-hyperv devstack@placement-api.service[107686]: INFO placement.requestlog [None req-27c0b56a-7c63-472a-82f1-ecdfc525faf3 service placement] 10.222.0.66 "DELETE /placement/resource_providers/d8ff3589-756a-4424-89da-20bb1e056f33" status: 404 len: 246 microversion: 1.1
Aug 29 22:00:44.868000 dv-neutron-841838-34-hyperv devstack@placement-api.service[107686]: [pid: 107686|app: 0|req: 467/931] 10.222.0.66 () {60 vars in 1351 bytes} [Mon Aug 29 22:00:44 2022] DELETE /placement/resource_providers/d8ff3589-756a-4424-89da-20bb1e056f33 => generated 246 bytes in 16 msecs (HTTP/1.1 404) 6 headers in 231 bytes (1 switches on core 0)
Aug 29 22:00:49.609739 dv-neutron-841838-34-hyperv devstack@placement-api.service[107685]: DEBUG placement.requestlog [None req-f264fd19-abab-42f9-af05-ace09322225d None None] Starting request: 10.222.0.66 "GET /placement/resource_providers/13f3b48d-1ee5-4db1-88c8-a37c8f7e21a0/aggregates" {{(pid=107685) __call__ /opt/stack/placement/placement/requestlog.py:55}}
Aug 29 22:00:49.625653 dv-neutron-841838-34-hyperv devstack@placement-api.service[107685]: INFO placement.requestlog [None req-f264fd19-abab-42f9-af05-ace09322225d service placement] 10.222.0.66 "GET /placement/resource_providers/13f3b48d-1ee5-4db1-88c8-a37c8f7e21a0/aggregates" status: 404 len: 235 microversion: 1.1
Aug 29 22:00:49.626748 dv-neutron-841838-34-hyperv devstack@placement-api.service[107685]: [pid: 107685|app: 0|req: 465/932] 10.222.0.66 () {58 vars in 1362 bytes} [Mon Aug 29 22:00:49 2022] GET /placement/resource_providers/13f3b48d-1ee5-4db1-88c8-a37c8f7e21a0/aggregates => generated 235 bytes in 17 msecs (HTTP/1.1 404) 5 headers in 202 bytes (1 switches on core 0)
Aug 29 22:00:49.655315 dv-neutron-841838-34-hyperv devstack@placement-api.service[107686]: DEBUG placement.requestlog [None req-300acaa0-c738-4bb9-9ac9-9f3af1ee3e04 None None] Starting request: 10.222.0.66 "DELETE /placement/resource_providers/13f3b48d-1ee5-4db1-88c8-a37c8f7e21a0" {{(pid=107686) __call__ /opt/stack/placement/placement/requestlog.py:55}}
Aug 29 22:00:49.673783 dv-neutron-841838-34-hyperv devstack@placement-api.service[107686]: DEBUG placement.wsgi_wrapper [None req-300acaa0-c738-4bb9-9ac9-9f3af1ee3e04 service placement] Placement API returning an error response: No resource provider with uuid 13f3b48d-1ee5-4db1-88c8-a37c8f7e21a0 found for delete {{(pid=107686) call_func /opt/stack/placement/placement/wsgi_wrapper.py:31}}
Aug 29 22:00:49.675985 dv-neutron-841838-34-hyperv devstack@placement-api.service[107686]: INFO placement.requestlog [None req-300acaa0-c738-4bb9-9ac9-9f3af1ee3e04 service placement] 10.222.0.66 "DELETE /placement/resource_providers/13f3b48d-1ee5-4db1-88c8-a37c8f7e21a0" status: 404 len: 246 microversion: 1.1
Aug 29 22:00:49.677015 dv-neutron-841838-34-hyperv devstack@placement-api.service[107686]: [pid: 107686|app: 0|req: 468/933] 10.222.0.66 () {60 vars in 1351 bytes} [Mon Aug 29 22:00:49 2022] DELETE /placement/resource_providers/13f3b48d-1ee5-4db1-88c8-a37c8f7e21a0 => generated 246 bytes in 22 msecs (HTTP/1.1 404) 6 headers in 231 bytes (2 switches on core 0)
Aug 29 22:00:59.623345 dv-neutron-841838-34-hyperv devstack@placement-api.service[107685]: DEBUG dbcounter [-] [107685] Writing DB stats placement:SELECT=8 {{(pid=107685) stat_writer /usr/local/lib/python3.8/dist-packages/dbcounter.py:114}}
Aug 29 22:00:59.670566 dv-neutron-841838-34-hyperv devstack@placement-api.service[107686]: DEBUG dbcounter [-] [107686] Writing DB stats placement:SELECT=17,placement:DELETE=2 {{(pid=107686) stat_writer /usr/local/lib/python3.8/dist-packages/dbcounter.py:114}}
Aug 29 22:01:16.032764 dv-neutron-841838-34-hyperv devstack@placement-api.service[107685]: DEBUG placement.requestlog [req-9b56bdf8-7b17-4ebf-8e5c-b156044cc6b5 req-df1f7d01-03a5-465b-a955-bbd000f34e86 None None] Starting request: 10.222.0.66 "GET /placement/allocation_candidates?limit=1000&resources=DISK_GB%3A1%2CMEMORY_MB%3A1024%2CVCPU%3A1&root_required=%21COMPUTE_STATUS_DISABLED" {{(pid=107685) __call__ /opt/stack/placement/placement/requestlog.py:55}}
Aug 29 22:01:16.094101 dv-neutron-841838-34-hyperv devstack@placement-api.service[107685]: DEBUG placement.objects.research_context [req-9b56bdf8-7b17-4ebf-8e5c-b156044cc6b5 req-df1f7d01-03a5-465b-a955-bbd000f34e86 service placement] getting providers with 1 DISK_GB {{(pid=107685) __init__ /opt/stack/placement/placement/objects/research_context.py:136}}
Aug 29 22:01:16.100478 dv-neutron-841838-34-hyperv devstack@placement-api.service[107685]: DEBUG placement.objects.research_context [req-9b56bdf8-7b17-4ebf-8e5c-b156044cc6b5 req-df1f7d01-03a5-465b-a955-bbd000f34e86 service placement] getting providers with 1024 MEMORY_MB {{(pid=107685) __init__ /opt/stack/placement/placement/objects/research_context.py:136}}
Aug 29 22:01:16.108060 dv-neutron-841838-34-hyperv devstack@placement-api.service[107685]: DEBUG placement.objects.research_context [req-9b56bdf8-7b17-4ebf-8e5c-b156044cc6b5 req-df1f7d01-03a5-465b-a955-bbd000f34e86 service placement] getting providers with 1 VCPU {{(pid=107685) __init__ /opt/stack/placement/placement/objects/research_context.py:136}}
Aug 29 22:01:16.117758 dv-neutron-841838-34-hyperv devstack@placement-api.service[107685]: DEBUG placement.objects.research_context [req-9b56bdf8-7b17-4ebf-8e5c-b156044cc6b5 req-df1f7d01-03a5-465b-a955-bbd000f34e86 service placement] found 1 providers with available 1 DISK_GB {{(pid=107685) get_provider_ids_matching /opt/stack/placement/placement/objects/research_context.py:563}}
Aug 29 22:01:16.118282 dv-neutron-841838-34-hyperv devstack@placement-api.service[107685]: DEBUG placement.objects.research_context [req-9b56bdf8-7b17-4ebf-8e5c-b156044cc6b5 req-df1f7d01-03a5-465b-a955-bbd000f34e86 service placement] found 1 providers with available 1024 MEMORY_MB {{(pid=107685) get_provider_ids_matching /opt/stack/placement/placement/objects/research_context.py:563}}
Aug 29 22:01:16.118593 dv-neutron-841838-34-hyperv devstack@placement-api.service[107685]: DEBUG placement.objects.research_context [req-9b56bdf8-7b17-4ebf-8e5c-b156044cc6b5 req-df1f7d01-03a5-465b-a955-bbd000f34e86 service placement] found 1 providers after filtering by previous result {{(pid=107685) get_provider_ids_matching /opt/stack/placement/placement/objects/research_context.py:594}}
Aug 29 22:01:16.119036 dv-neutron-841838-34-hyperv devstack@placement-api.service[107685]: DEBUG placement.objects.research_context [req-9b56bdf8-7b17-4ebf-8e5c-b156044cc6b5 req-df1f7d01-03a5-465b-a955-bbd000f34e86 service placement] found 1 providers with available 1 VCPU {{(pid=107685) get_provider_ids_matching /opt/stack/placement/placement/objects/research_context.py:563}}
Aug 29 22:01:16.119302 dv-neutron-841838-34-hyperv devstack@placement-api.service[107685]: DEBUG placement.objects.research_context [req-9b56bdf8-7b17-4ebf-8e5c-b156044cc6b5 req-df1f7d01-03a5-465b-a955-bbd000f34e86 service placement] found 1 providers after filtering by previous result {{(pid=107685) get_provider_ids_matching /opt/stack/placement/placement/objects/research_context.py:594}}
Aug 29 22:01:16.134137 dv-neutron-841838-34-hyperv devstack@placement-api.service[107685]: DEBUG placement.objects.allocation_candidate [req-9b56bdf8-7b17-4ebf-8e5c-b156044cc6b5 req-df1f7d01-03a5-465b-a955-bbd000f34e86 service placement] RequestGroup(use_same_provider=False, resources={DISK_GB:1, MEMORY_MB:1024, VCPU:1}, traits=(), aggregates=[]) (suffix '') returned 1 matches {{(pid=107685) _get_by_requests /opt/stack/placement/placement/objects/allocation_candidate.py:156}}
Aug 29 22:01:16.134484 dv-neutron-841838-34-hyperv devstack@placement-api.service[107685]: DEBUG placement.objects.allocation_candidate [req-9b56bdf8-7b17-4ebf-8e5c-b156044cc6b5 req-df1f7d01-03a5-465b-a955-bbd000f34e86 service placement] Merging candidates yields 1 allocation requests and 1 provider summaries {{(pid=107685) _merge_candidates /opt/stack/placement/placement/objects/allocation_candidate.py:809}}
Aug 29 22:01:16.136251 dv-neutron-841838-34-hyperv devstack@placement-api.service[107685]: INFO placement.requestlog [req-9b56bdf8-7b17-4ebf-8e5c-b156044cc6b5 req-df1f7d01-03a5-465b-a955-bbd000f34e86 service placement] 10.222.0.66 "GET /placement/allocation_candidates?limit=1000&resources=DISK_GB%3A1%2CMEMORY_MB%3A1024%2CVCPU%3A1&root_required=%21COMPUTE_STATUS_DISABLED" status: 200 len: 764 microversion: 1.36
Aug 29 22:01:16.136965 dv-neutron-841838-34-hyperv devstack@placement-api.service[107685]: [pid: 107685|app: 0|req: 466/934] 10.222.0.66 () {60 vars in 1506 bytes} [Mon Aug 29 22:01:16 2022] GET /placement/allocation_candidates?limit=1000&resources=DISK_GB%3A1%2CMEMORY_MB%3A1024%2CVCPU%3A1&root_required=%21COMPUTE_STATUS_DISABLED => generated 764 bytes in 104 msecs (HTTP/1.1 200) 8 headers in 296 bytes (1 switches on core 0)
Aug 29 22:01:16.188927 dv-neutron-841838-34-hyperv devstack@placement-api.service[107686]: DEBUG placement.requestlog [req-9b56bdf8-7b17-4ebf-8e5c-b156044cc6b5 req-ae201450-0d24-46ff-ae8d-a5c4dd35ee62 None None] Starting request: 10.222.0.66 "GET /placement/allocations/37169f07-73ee-49d5-af36-885e4e6f0c05" {{(pid=107686) __call__ /opt/stack/placement/placement/requestlog.py:55}}
Aug 29 22:01:16.203422 dv-neutron-841838-34-hyperv devstack@placement-api.service[107686]: INFO placement.requestlog [req-9b56bdf8-7b17-4ebf-8e5c-b156044cc6b5 req-ae201450-0d24-46ff-ae8d-a5c4dd35ee62 service placement] 10.222.0.66 "GET /placement/allocations/37169f07-73ee-49d5-af36-885e4e6f0c05" status: 200 len: 19 microversion: 1.28
Aug 29 22:01:16.204088 dv-neutron-841838-34-hyperv devstack@placement-api.service[107686]: [pid: 107686|app: 0|req: 469/935] 10.222.0.66 () {60 vars in 1380 bytes} [Mon Aug 29 22:01:16 2022] GET /placement/allocations/37169f07-73ee-49d5-af36-885e4e6f0c05 => generated 19 bytes in 16 msecs (HTTP/1.1 200) 8 headers in 295 bytes (1 switches on core 0)
Aug 29 22:01:16.211423 dv-neutron-841838-34-hyperv devstack@placement-api.service[107685]: DEBUG placement.requestlog [req-9b56bdf8-7b17-4ebf-8e5c-b156044cc6b5 req-ff356e80-dff5-4836-93ac-f4e28eded43a None None] Starting request: 10.222.0.66 "PUT /placement/allocations/37169f07-73ee-49d5-af36-885e4e6f0c05" {{(pid=107685) __call__ /opt/stack/placement/placement/requestlog.py:55}}
Aug 29 22:01:16.323531 dv-neutron-841838-34-hyperv devstack@placement-api.service[107685]: DEBUG placement.handlers.allocation [req-9b56bdf8-7b17-4ebf-8e5c-b156044cc6b5 req-ff356e80-dff5-4836-93ac-f4e28eded43a service placement] Successfully wrote allocations [<placement.objects.allocation.Allocation object at 0x7ff91e2027c0>, <placement.objects.allocation.Allocation object at 0x7ff91e01e880>, <placement.objects.allocation.Allocation object at 0x7ff91e01e790>] {{(pid=107685) _update_consumers_and_create_allocations /opt/stack/placement/placement/handlers/allocation.py:462}}
Aug 29 22:01:16.328279 dv-neutron-841838-34-hyperv devstack@placement-api.service[107685]: INFO placement.requestlog [req-9b56bdf8-7b17-4ebf-8e5c-b156044cc6b5 req-ff356e80-dff5-4836-93ac-f4e28eded43a service placement] 10.222.0.66 "PUT /placement/allocations/37169f07-73ee-49d5-af36-885e4e6f0c05" status: 204 len: 0 microversion: 1.36
Aug 29 22:01:16.328731 dv-neutron-841838-34-hyperv devstack@placement-api.service[107685]: [pid: 107685|app: 0|req: 467/936] 10.222.0.66 () {64 vars in 1433 bytes} [Mon Aug 29 22:01:16 2022] PUT /placement/allocations/37169f07-73ee-49d5-af36-885e4e6f0c05 => generated 0 bytes in 119 msecs (HTTP/1.1 204) 5 headers in 199 bytes (2 switches on core 0)
Aug 29 22:01:16.665257 dv-neutron-841838-34-hyperv devstack@placement-api.service[107686]: DEBUG placement.requestlog [req-9b56bdf8-7b17-4ebf-8e5c-b156044cc6b5 req-5f66a38a-67e6-4795-b1cf-14427c21b151 None None] Starting request: 10.222.0.61 "GET /placement/allocations/37169f07-73ee-49d5-af36-885e4e6f0c05" {{(pid=107686) __call__ /opt/stack/placement/placement/requestlog.py:55}}
Aug 29 22:01:16.683905 dv-neutron-841838-34-hyperv devstack@placement-api.service[107686]: INFO placement.requestlog [req-9b56bdf8-7b17-4ebf-8e5c-b156044cc6b5 req-5f66a38a-67e6-4795-b1cf-14427c21b151 service placement] 10.222.0.61 "GET /placement/allocations/37169f07-73ee-49d5-af36-885e4e6f0c05" status: 200 len: 259 microversion: 1.28
Aug 29 22:01:16.684508 dv-neutron-841838-34-hyperv devstack@placement-api.service[107686]: [pid: 107686|app: 0|req: 470/937] 10.222.0.61 () {60 vars in 1377 bytes} [Mon Aug 29 22:01:16 2022] GET /placement/allocations/37169f07-73ee-49d5-af36-885e4e6f0c05 => generated 259 bytes in 20 msecs (HTTP/1.1 200) 8 headers in 296 bytes (1 switches on core 0)
Aug 29 22:01:16.816258 dv-neutron-841838-34-hyperv devstack@placement-api.service[107685]: DEBUG placement.requestlog [req-9b56bdf8-7b17-4ebf-8e5c-b156044cc6b5 req-7b4fa350-564c-4c6c-9221-5e80cd35389d None None] Starting request: 10.222.0.61 "GET /placement/resource_providers/597fd98d-aab1-4b0f-9da3-c091df6da96f/allocations" {{(pid=107685) __call__ /opt/stack/placement/placement/requestlog.py:55}}
Aug 29 22:01:16.842417 dv-neutron-841838-34-hyperv devstack@placement-api.service[107685]: INFO placement.requestlog [req-9b56bdf8-7b17-4ebf-8e5c-b156044cc6b5 req-7b4fa350-564c-4c6c-9221-5e80cd35389d service placement] 10.222.0.61 "GET /placement/resource_providers/597fd98d-aab1-4b0f-9da3-c091df6da96f/allocations" status: 200 len: 154 microversion: 1.0
Aug 29 22:01:16.843103 dv-neutron-841838-34-hyperv devstack@placement-api.service[107685]: [pid: 107685|app: 0|req: 468/938] 10.222.0.61 () {58 vars in 1390 bytes} [Mon Aug 29 22:01:16 2022] GET /placement/resource_providers/597fd98d-aab1-4b0f-9da3-c091df6da96f/allocations => generated 154 bytes in 27 msecs (HTTP/1.1 200) 6 headers in 224 bytes (1 switches on core 0)
Aug 29 22:01:16.850327 dv-neutron-841838-34-hyperv devstack@placement-api.service[107686]: DEBUG placement.requestlog [req-9b56bdf8-7b17-4ebf-8e5c-b156044cc6b5 req-359bcac1-124e-4a7e-8ea8-64e5b2aa4a12 None None] Starting request: 10.222.0.61 "GET /placement/allocations/37169f07-73ee-49d5-af36-885e4e6f0c05" {{(pid=107686) __call__ /opt/stack/placement/placement/requestlog.py:55}}
Aug 29 22:01:16.868322 dv-neutron-841838-34-hyperv devstack@placement-api.service[107686]: INFO placement.requestlog [req-9b56bdf8-7b17-4ebf-8e5c-b156044cc6b5 req-359bcac1-124e-4a7e-8ea8-64e5b2aa4a12 service placement] 10.222.0.61 "GET /placement/allocations/37169f07-73ee-49d5-af36-885e4e6f0c05" status: 200 len: 259 microversion: 1.28
Aug 29 22:01:16.868708 dv-neutron-841838-34-hyperv devstack@placement-api.service[107686]: [pid: 107686|app: 0|req: 471/939] 10.222.0.61 () {60 vars in 1377 bytes} [Mon Aug 29 22:01:16 2022] GET /placement/allocations/37169f07-73ee-49d5-af36-885e4e6f0c05 => generated 259 bytes in 19 msecs (HTTP/1.1 200) 8 headers in 296 bytes (1 switches on core 0)
Aug 29 22:01:25.583595 dv-neutron-841838-34-hyperv devstack@placement-api.service[107685]: DEBUG placement.requestlog [req-31330b34-8cf4-43c5-9ce8-0e002d945bb2 req-2e7e0a45-f5b5-4431-9100-b2602e8a1ef6 None None] Starting request: 10.222.0.61 "GET /placement/resource_providers/597fd98d-aab1-4b0f-9da3-c091df6da96f/allocations" {{(pid=107685) __call__ /opt/stack/placement/placement/requestlog.py:55}}
Aug 29 22:01:25.605694 dv-neutron-841838-34-hyperv devstack@placement-api.service[107685]: INFO placement.requestlog [req-31330b34-8cf4-43c5-9ce8-0e002d945bb2 req-2e7e0a45-f5b5-4431-9100-b2602e8a1ef6 service placement] 10.222.0.61 "GET /placement/resource_providers/597fd98d-aab1-4b0f-9da3-c091df6da96f/allocations" status: 200 len: 154 microversion: 1.0
Aug 29 22:01:25.606069 dv-neutron-841838-34-hyperv devstack@placement-api.service[107685]: [pid: 107685|app: 0|req: 469/940] 10.222.0.61 () {58 vars in 1390 bytes} [Mon Aug 29 22:01:25 2022] GET /placement/resource_providers/597fd98d-aab1-4b0f-9da3-c091df6da96f/allocations => generated 154 bytes in 23 msecs (HTTP/1.1 200) 6 headers in 224 bytes (1 switches on core 0)
Aug 29 22:01:25.642580 dv-neutron-841838-34-hyperv devstack@placement-api.service[107686]: DEBUG placement.requestlog [req-31330b34-8cf4-43c5-9ce8-0e002d945bb2 req-3eaf19c9-c7c1-44c5-a802-e6bfbe6d8cdc None None] Starting request: 10.222.0.61 "GET /placement/resource_providers/597fd98d-aab1-4b0f-9da3-c091df6da96f/allocations" {{(pid=107686) __call__ /opt/stack/placement/placement/requestlog.py:55}}
Aug 29 22:01:25.666814 dv-neutron-841838-34-hyperv devstack@placement-api.service[107686]: INFO placement.requestlog [req-31330b34-8cf4-43c5-9ce8-0e002d945bb2 req-3eaf19c9-c7c1-44c5-a802-e6bfbe6d8cdc service placement] 10.222.0.61 "GET /placement/resource_providers/597fd98d-aab1-4b0f-9da3-c091df6da96f/allocations" status: 200 len: 154 microversion: 1.0
Aug 29 22:01:25.667185 dv-neutron-841838-34-hyperv devstack@placement-api.service[107686]: [pid: 107686|app: 0|req: 472/941] 10.222.0.61 () {58 vars in 1390 bytes} [Mon Aug 29 22:01:25 2022] GET /placement/resource_providers/597fd98d-aab1-4b0f-9da3-c091df6da96f/allocations => generated 154 bytes in 25 msecs (HTTP/1.1 200) 6 headers in 224 bytes (2 switches on core 0)
Aug 29 22:01:25.674937 dv-neutron-841838-34-hyperv devstack@placement-api.service[107685]: DEBUG placement.requestlog [req-31330b34-8cf4-43c5-9ce8-0e002d945bb2 req-123159cf-c80a-4f67-9459-8fb902fa5935 None None] Starting request: 10.222.0.61 "GET /placement/allocations/37169f07-73ee-49d5-af36-885e4e6f0c05" {{(pid=107685) __call__ /opt/stack/placement/placement/requestlog.py:55}}
Aug 29 22:01:25.695585 dv-neutron-841838-34-hyperv devstack@placement-api.service[107685]: INFO placement.requestlog [req-31330b34-8cf4-43c5-9ce8-0e002d945bb2 req-123159cf-c80a-4f67-9459-8fb902fa5935 service placement] 10.222.0.61 "GET /placement/allocations/37169f07-73ee-49d5-af36-885e4e6f0c05" status: 200 len: 259 microversion: 1.28
Aug 29 22:01:25.696080 dv-neutron-841838-34-hyperv devstack@placement-api.service[107685]: [pid: 107685|app: 0|req: 470/942] 10.222.0.61 () {60 vars in 1377 bytes} [Mon Aug 29 22:01:25 2022] GET /placement/allocations/37169f07-73ee-49d5-af36-885e4e6f0c05 => generated 259 bytes in 22 msecs (HTTP/1.1 200) 8 headers in 296 bytes (2 switches on core 0)
Aug 29 22:01:35.663610 dv-neutron-841838-34-hyperv devstack@placement-api.service[107686]: DEBUG dbcounter [-] [107686] Writing DB stats placement:SELECT=16 {{(pid=107686) stat_writer /usr/local/lib/python3.8/dist-packages/dbcounter.py:114}}
Aug 29 22:01:35.689733 dv-neutron-841838-34-hyperv devstack@placement-api.service[107685]: DEBUG dbcounter [-] [107685] Writing DB stats placement:SELECT=43,placement:INSERT=6,placement:DELETE=2,placement:UPDATE=2 {{(pid=107685) stat_writer /usr/local/lib/python3.8/dist-packages/dbcounter.py:114}}
Aug 29 22:02:19.887261 dv-neutron-841838-34-hyperv devstack@placement-api.service[107686]: DEBUG placement.requestlog [req-c2792993-f002-4f9d-883e-83d352bed842 req-574aecd1-1f2c-4047-8d73-f6c07cbafe31 None None] Starting request: 10.222.0.61 "GET /placement/resource_providers/597fd98d-aab1-4b0f-9da3-c091df6da96f/allocations" {{(pid=107686) __call__ /opt/stack/placement/placement/requestlog.py:55}}
Aug 29 22:02:19.909351 dv-neutron-841838-34-hyperv devstack@placement-api.service[107686]: INFO placement.requestlog [req-c2792993-f002-4f9d-883e-83d352bed842 req-574aecd1-1f2c-4047-8d73-f6c07cbafe31 service placement] 10.222.0.61 "GET /placement/resource_providers/597fd98d-aab1-4b0f-9da3-c091df6da96f/allocations" status: 200 len: 154 microversion: 1.0
Aug 29 22:02:19.909830 dv-neutron-841838-34-hyperv devstack@placement-api.service[107686]: [pid: 107686|app: 0|req: 473/943] 10.222.0.61 () {58 vars in 1390 bytes} [Mon Aug 29 22:02:19 2022] GET /placement/resource_providers/597fd98d-aab1-4b0f-9da3-c091df6da96f/allocations => generated 154 bytes in 23 msecs (HTTP/1.1 200) 6 headers in 224 bytes (1 switches on core 0)
