Jul 21 20:36:52.797863 dv-neutron-841838-25-hyperv devstack@placement-api.service[105179]: [pid: 105179|app: 0|req: 155/310] 10.222.0.70 () {64 vars in 1433 bytes} [Thu Jul 21 20:36:52 2022] PUT /placement/allocations/9f8be208-6d1e-4ba1-a066-927dba627553 => generated 0 bytes in 77 msecs (HTTP/1.1 204) 5 headers in 199 bytes (2 switches on core 0)
Jul 21 20:36:53.177522 dv-neutron-841838-25-hyperv devstack@placement-api.service[105178]: DEBUG placement.requestlog [req-3384b31c-33fc-45a1-b297-e4616d06addb req-61fb7cf0-60d0-498e-b393-a568998f7657 None None] Starting request: 10.222.0.74 "GET /placement/allocations/9f8be208-6d1e-4ba1-a066-927dba627553" {{(pid=105178) __call__ /opt/stack/placement/placement/requestlog.py:55}}
Jul 21 20:36:53.206038 dv-neutron-841838-25-hyperv devstack@placement-api.service[105178]: INFO placement.requestlog [req-3384b31c-33fc-45a1-b297-e4616d06addb req-61fb7cf0-60d0-498e-b393-a568998f7657 service placement] 10.222.0.74 "GET /placement/allocations/9f8be208-6d1e-4ba1-a066-927dba627553" status: 200 len: 259 microversion: 1.28
Jul 21 20:36:53.206431 dv-neutron-841838-25-hyperv devstack@placement-api.service[105178]: [pid: 105178|app: 0|req: 156/311] 10.222.0.74 () {60 vars in 1377 bytes} [Thu Jul 21 20:36:53 2022] GET /placement/allocations/9f8be208-6d1e-4ba1-a066-927dba627553 => generated 259 bytes in 29 msecs (HTTP/1.1 200) 8 headers in 296 bytes (1 switches on core 0)
Jul 21 20:36:54.649430 dv-neutron-841838-25-hyperv devstack@placement-api.service[105179]: DEBUG placement.requestlog [None req-66282cb2-78b2-49ca-a8e4-52825019a385 None None] Starting request: 10.222.0.70 "GET /placement/resource_providers/a32a8350-bad5-49fd-b047-7d05495dc596/aggregates" {{(pid=105179) __call__ /opt/stack/placement/placement/requestlog.py:55}}
Jul 21 20:36:54.656560 dv-neutron-841838-25-hyperv devstack@placement-api.service[105179]: DEBUG dbcounter [-] [105179] Writing DB stats placement:SELECT=54,placement:INSERT=4,placement:DELETE=2,placement:UPDATE=2 {{(pid=105179) stat_writer /usr/local/lib/python3.8/dist-packages/dbcounter.py:114}}
Jul 21 20:36:54.663574 dv-neutron-841838-25-hyperv devstack@placement-api.service[105179]: INFO placement.requestlog [None req-66282cb2-78b2-49ca-a8e4-52825019a385 service placement] 10.222.0.70 "GET /placement/resource_providers/a32a8350-bad5-49fd-b047-7d05495dc596/aggregates" status: 404 len: 235 microversion: 1.1
Jul 21 20:36:54.665437 dv-neutron-841838-25-hyperv devstack@placement-api.service[105179]: [pid: 105179|app: 0|req: 156/312] 10.222.0.70 () {58 vars in 1362 bytes} [Thu Jul 21 20:36:54 2022] GET /placement/resource_providers/a32a8350-bad5-49fd-b047-7d05495dc596/aggregates => generated 235 bytes in 16 msecs (HTTP/1.1 404) 5 headers in 202 bytes (1 switches on core 0)
Jul 21 20:36:54.681468 dv-neutron-841838-25-hyperv devstack@placement-api.service[105178]: DEBUG placement.requestlog [None req-74ab03d2-602d-4aa7-acbb-e2f8e45a543a None None] Starting request: 10.222.0.70 "DELETE /placement/resource_providers/a32a8350-bad5-49fd-b047-7d05495dc596" {{(pid=105178) __call__ /opt/stack/placement/placement/requestlog.py:55}}
Jul 21 20:36:54.698061 dv-neutron-841838-25-hyperv devstack@placement-api.service[105178]: DEBUG placement.wsgi_wrapper [None req-74ab03d2-602d-4aa7-acbb-e2f8e45a543a service placement] Placement API returning an error response: No resource provider with uuid a32a8350-bad5-49fd-b047-7d05495dc596 found for delete {{(pid=105178) call_func /opt/stack/placement/placement/wsgi_wrapper.py:31}}
Jul 21 20:36:54.699256 dv-neutron-841838-25-hyperv devstack@placement-api.service[105178]: INFO placement.requestlog [None req-74ab03d2-602d-4aa7-acbb-e2f8e45a543a service placement] 10.222.0.70 "DELETE /placement/resource_providers/a32a8350-bad5-49fd-b047-7d05495dc596" status: 404 len: 246 microversion: 1.1
Jul 21 20:36:54.700093 dv-neutron-841838-25-hyperv devstack@placement-api.service[105178]: [pid: 105178|app: 0|req: 157/313] 10.222.0.70 () {60 vars in 1351 bytes} [Thu Jul 21 20:36:54 2022] DELETE /placement/resource_providers/a32a8350-bad5-49fd-b047-7d05495dc596 => generated 246 bytes in 19 msecs (HTTP/1.1 404) 6 headers in 231 bytes (2 switches on core 0)
Jul 21 20:36:55.788387 dv-neutron-841838-25-hyperv devstack@placement-api.service[105179]: DEBUG placement.requestlog [None req-0b26ac9f-ca81-4186-9608-3ec2285ec368 None None] Starting request: 10.222.0.70 "GET /placement/resource_providers/a01973d9-5863-48d4-95cc-af5d5f61373b/aggregates" {{(pid=105179) __call__ /opt/stack/placement/placement/requestlog.py:55}}
Jul 21 20:36:55.803574 dv-neutron-841838-25-hyperv devstack@placement-api.service[105179]: INFO placement.requestlog [None req-0b26ac9f-ca81-4186-9608-3ec2285ec368 service placement] 10.222.0.70 "GET /placement/resource_providers/a01973d9-5863-48d4-95cc-af5d5f61373b/aggregates" status: 404 len: 235 microversion: 1.1
Jul 21 20:36:55.805252 dv-neutron-841838-25-hyperv devstack@placement-api.service[105179]: [pid: 105179|app: 0|req: 157/314] 10.222.0.70 () {58 vars in 1362 bytes} [Thu Jul 21 20:36:55 2022] GET /placement/resource_providers/a01973d9-5863-48d4-95cc-af5d5f61373b/aggregates => generated 235 bytes in 17 msecs (HTTP/1.1 404) 5 headers in 202 bytes (1 switches on core 0)
Jul 21 20:36:55.822446 dv-neutron-841838-25-hyperv devstack@placement-api.service[105178]: DEBUG placement.requestlog [None req-a9dbbf00-81d6-445f-8796-cfbbc7aad9ea None None] Starting request: 10.222.0.70 "DELETE /placement/resource_providers/a01973d9-5863-48d4-95cc-af5d5f61373b" {{(pid=105178) __call__ /opt/stack/placement/placement/requestlog.py:55}}
Jul 21 20:36:55.835195 dv-neutron-841838-25-hyperv devstack@placement-api.service[105178]: DEBUG placement.wsgi_wrapper [None req-a9dbbf00-81d6-445f-8796-cfbbc7aad9ea service placement] Placement API returning an error response: No resource provider with uuid a01973d9-5863-48d4-95cc-af5d5f61373b found for delete {{(pid=105178) call_func /opt/stack/placement/placement/wsgi_wrapper.py:31}}
Jul 21 20:36:55.835904 dv-neutron-841838-25-hyperv devstack@placement-api.service[105178]: INFO placement.requestlog [None req-a9dbbf00-81d6-445f-8796-cfbbc7aad9ea service placement] 10.222.0.70 "DELETE /placement/resource_providers/a01973d9-5863-48d4-95cc-af5d5f61373b" status: 404 len: 246 microversion: 1.1
Jul 21 20:36:55.836710 dv-neutron-841838-25-hyperv devstack@placement-api.service[105178]: [pid: 105178|app: 0|req: 158/315] 10.222.0.70 () {60 vars in 1351 bytes} [Thu Jul 21 20:36:55 2022] DELETE /placement/resource_providers/a01973d9-5863-48d4-95cc-af5d5f61373b => generated 246 bytes in 15 msecs (HTTP/1.1 404) 6 headers in 231 bytes (1 switches on core 0)
Jul 21 20:36:56.774704 dv-neutron-841838-25-hyperv devstack@placement-api.service[105179]: DEBUG placement.requestlog [None req-1a4d1362-150c-4c98-81cd-5a57aa3957df None None] Starting request: 10.222.0.70 "GET /placement/resource_providers/a32a8350-bad5-49fd-b047-7d05495dc596/aggregates" {{(pid=105179) __call__ /opt/stack/placement/placement/requestlog.py:55}}
Jul 21 20:36:56.791170 dv-neutron-841838-25-hyperv devstack@placement-api.service[105179]: INFO placement.requestlog [None req-1a4d1362-150c-4c98-81cd-5a57aa3957df service placement] 10.222.0.70 "GET /placement/resource_providers/a32a8350-bad5-49fd-b047-7d05495dc596/aggregates" status: 404 len: 235 microversion: 1.1
Jul 21 20:36:56.791849 dv-neutron-841838-25-hyperv devstack@placement-api.service[105179]: [pid: 105179|app: 0|req: 158/316] 10.222.0.70 () {58 vars in 1362 bytes} [Thu Jul 21 20:36:56 2022] GET /placement/resource_providers/a32a8350-bad5-49fd-b047-7d05495dc596/aggregates => generated 235 bytes in 18 msecs (HTTP/1.1 404) 5 headers in 202 bytes (1 switches on core 0)
Jul 21 20:36:56.862137 dv-neutron-841838-25-hyperv devstack@placement-api.service[105178]: DEBUG placement.requestlog [None req-f793c51d-0ae4-443f-bb77-b8a8519964d8 None None] Starting request: 10.222.0.70 "DELETE /placement/resource_providers/a32a8350-bad5-49fd-b047-7d05495dc596" {{(pid=105178) __call__ /opt/stack/placement/placement/requestlog.py:55}}
Jul 21 20:36:56.883416 dv-neutron-841838-25-hyperv devstack@placement-api.service[105178]: DEBUG placement.wsgi_wrapper [None req-f793c51d-0ae4-443f-bb77-b8a8519964d8 service placement] Placement API returning an error response: No resource provider with uuid a32a8350-bad5-49fd-b047-7d05495dc596 found for delete {{(pid=105178) call_func /opt/stack/placement/placement/wsgi_wrapper.py:31}}
Jul 21 20:36:56.884320 dv-neutron-841838-25-hyperv devstack@placement-api.service[105178]: INFO placement.requestlog [None req-f793c51d-0ae4-443f-bb77-b8a8519964d8 service placement] 10.222.0.70 "DELETE /placement/resource_providers/a32a8350-bad5-49fd-b047-7d05495dc596" status: 404 len: 246 microversion: 1.1
Jul 21 20:36:56.884982 dv-neutron-841838-25-hyperv devstack@placement-api.service[105178]: [pid: 105178|app: 0|req: 159/317] 10.222.0.70 () {60 vars in 1351 bytes} [Thu Jul 21 20:36:56 2022] DELETE /placement/resource_providers/a32a8350-bad5-49fd-b047-7d05495dc596 => generated 246 bytes in 23 msecs (HTTP/1.1 404) 6 headers in 231 bytes (1 switches on core 0)
Jul 21 20:37:01.252592 dv-neutron-841838-25-hyperv devstack@placement-api.service[105179]: DEBUG placement.requestlog [None req-c6e84ab3-da8c-499a-92d9-3e3a31a4e626 None None] Starting request: 10.222.0.70 "GET /placement/resource_providers/1e091db1-f06a-4899-ae66-208937fcdfcd/aggregates" {{(pid=105179) __call__ /opt/stack/placement/placement/requestlog.py:55}}
Jul 21 20:37:01.269288 dv-neutron-841838-25-hyperv devstack@placement-api.service[105179]: INFO placement.requestlog [None req-c6e84ab3-da8c-499a-92d9-3e3a31a4e626 service placement] 10.222.0.70 "GET /placement/resource_providers/1e091db1-f06a-4899-ae66-208937fcdfcd/aggregates" status: 404 len: 235 microversion: 1.1
Jul 21 20:37:01.270077 dv-neutron-841838-25-hyperv devstack@placement-api.service[105179]: [pid: 105179|app: 0|req: 159/318] 10.222.0.70 () {58 vars in 1362 bytes} [Thu Jul 21 20:37:01 2022] GET /placement/resource_providers/1e091db1-f06a-4899-ae66-208937fcdfcd/aggregates => generated 235 bytes in 18 msecs (HTTP/1.1 404) 5 headers in 202 bytes (1 switches on core 0)
Jul 21 20:37:01.325886 dv-neutron-841838-25-hyperv devstack@placement-api.service[105178]: DEBUG placement.requestlog [None req-3ead41b3-884b-4252-98de-e0ceeb8697a4 None None] Starting request: 10.222.0.70 "DELETE /placement/resource_providers/1e091db1-f06a-4899-ae66-208937fcdfcd" {{(pid=105178) __call__ /opt/stack/placement/placement/requestlog.py:55}}
Jul 21 20:37:01.338018 dv-neutron-841838-25-hyperv devstack@placement-api.service[105178]: DEBUG placement.wsgi_wrapper [None req-3ead41b3-884b-4252-98de-e0ceeb8697a4 service placement] Placement API returning an error response: No resource provider with uuid 1e091db1-f06a-4899-ae66-208937fcdfcd found for delete {{(pid=105178) call_func /opt/stack/placement/placement/wsgi_wrapper.py:31}}
Jul 21 20:37:01.338856 dv-neutron-841838-25-hyperv devstack@placement-api.service[105178]: INFO placement.requestlog [None req-3ead41b3-884b-4252-98de-e0ceeb8697a4 service placement] 10.222.0.70 "DELETE /placement/resource_providers/1e091db1-f06a-4899-ae66-208937fcdfcd" status: 404 len: 246 microversion: 1.1
Jul 21 20:37:01.339463 dv-neutron-841838-25-hyperv devstack@placement-api.service[105178]: [pid: 105178|app: 0|req: 160/319] 10.222.0.70 () {60 vars in 1351 bytes} [Thu Jul 21 20:37:01 2022] DELETE /placement/resource_providers/1e091db1-f06a-4899-ae66-208937fcdfcd => generated 246 bytes in 14 msecs (HTTP/1.1 404) 6 headers in 231 bytes (1 switches on core 0)
Jul 21 20:37:03.355820 dv-neutron-841838-25-hyperv devstack@placement-api.service[105179]: DEBUG placement.requestlog [None req-7a2230a8-07e7-4232-b72c-800ab7e72a80 None None] Starting request: 10.222.0.70 "GET /placement/resource_providers/1e091db1-f06a-4899-ae66-208937fcdfcd/aggregates" {{(pid=105179) __call__ /opt/stack/placement/placement/requestlog.py:55}}
Jul 21 20:37:03.374984 dv-neutron-841838-25-hyperv devstack@placement-api.service[105178]: DEBUG placement.requestlog [None req-9b97b3a7-6f5b-4728-80cf-83ad32cb6ebc None None] Starting request: 10.222.0.70 "GET /placement/resource_providers/094d30f3-d043-443c-b0ca-d0b41d8a41b6/aggregates" {{(pid=105178) __call__ /opt/stack/placement/placement/requestlog.py:55}}
Jul 21 20:37:03.404278 dv-neutron-841838-25-hyperv devstack@placement-api.service[105179]: INFO placement.requestlog [None req-7a2230a8-07e7-4232-b72c-800ab7e72a80 service placement] 10.222.0.70 "GET /placement/resource_providers/1e091db1-f06a-4899-ae66-208937fcdfcd/aggregates" status: 404 len: 235 microversion: 1.1
Jul 21 20:37:03.405694 dv-neutron-841838-25-hyperv devstack@placement-api.service[105178]: INFO placement.requestlog [None req-9b97b3a7-6f5b-4728-80cf-83ad32cb6ebc service placement] 10.222.0.70 "GET /placement/resource_providers/094d30f3-d043-443c-b0ca-d0b41d8a41b6/aggregates" status: 404 len: 235 microversion: 1.1
Jul 21 20:37:03.406076 dv-neutron-841838-25-hyperv devstack@placement-api.service[105178]: [pid: 105178|app: 0|req: 161/320] 10.222.0.70 () {58 vars in 1362 bytes} [Thu Jul 21 20:37:03 2022] GET /placement/resource_providers/094d30f3-d043-443c-b0ca-d0b41d8a41b6/aggregates => generated 235 bytes in 31 msecs (HTTP/1.1 404) 5 headers in 202 bytes (1 switches on core 0)
Jul 21 20:37:03.407896 dv-neutron-841838-25-hyperv devstack@placement-api.service[105179]: [pid: 105179|app: 0|req: 160/321] 10.222.0.70 () {58 vars in 1362 bytes} [Thu Jul 21 20:37:03 2022] GET /placement/resource_providers/1e091db1-f06a-4899-ae66-208937fcdfcd/aggregates => generated 235 bytes in 54 msecs (HTTP/1.1 404) 5 headers in 202 bytes (1 switches on core 0)
Jul 21 20:37:03.421559 dv-neutron-841838-25-hyperv devstack@placement-api.service[105178]: DEBUG placement.requestlog [None req-6f1c6321-75cb-4817-ad35-1db93a612718 None None] Starting request: 10.222.0.70 "DELETE /placement/resource_providers/094d30f3-d043-443c-b0ca-d0b41d8a41b6" {{(pid=105178) __call__ /opt/stack/placement/placement/requestlog.py:55}}
Jul 21 20:37:03.433776 dv-neutron-841838-25-hyperv devstack@placement-api.service[105179]: DEBUG placement.requestlog [None req-df585302-9e0c-4da5-9e14-076fdc0d5de2 None None] Starting request: 10.222.0.70 "DELETE /placement/resource_providers/1e091db1-f06a-4899-ae66-208937fcdfcd" {{(pid=105179) __call__ /opt/stack/placement/placement/requestlog.py:55}}
Jul 21 20:37:03.456452 dv-neutron-841838-25-hyperv devstack@placement-api.service[105178]: DEBUG placement.wsgi_wrapper [None req-6f1c6321-75cb-4817-ad35-1db93a612718 service placement] Placement API returning an error response: No resource provider with uuid 094d30f3-d043-443c-b0ca-d0b41d8a41b6 found for delete {{(pid=105178) call_func /opt/stack/placement/placement/wsgi_wrapper.py:31}}
Jul 21 20:37:03.457846 dv-neutron-841838-25-hyperv devstack@placement-api.service[105178]: INFO placement.requestlog [None req-6f1c6321-75cb-4817-ad35-1db93a612718 service placement] 10.222.0.70 "DELETE /placement/resource_providers/094d30f3-d043-443c-b0ca-d0b41d8a41b6" status: 404 len: 246 microversion: 1.1
Jul 21 20:37:03.458605 dv-neutron-841838-25-hyperv devstack@placement-api.service[105179]: DEBUG placement.wsgi_wrapper [None req-df585302-9e0c-4da5-9e14-076fdc0d5de2 service placement] Placement API returning an error response: No resource provider with uuid 1e091db1-f06a-4899-ae66-208937fcdfcd found for delete {{(pid=105179) call_func /opt/stack/placement/placement/wsgi_wrapper.py:31}}
Jul 21 20:37:03.460155 dv-neutron-841838-25-hyperv devstack@placement-api.service[105179]: INFO placement.requestlog [None req-df585302-9e0c-4da5-9e14-076fdc0d5de2 service placement] 10.222.0.70 "DELETE /placement/resource_providers/1e091db1-f06a-4899-ae66-208937fcdfcd" status: 404 len: 246 microversion: 1.1
Jul 21 20:37:03.462668 dv-neutron-841838-25-hyperv devstack@placement-api.service[105179]: [pid: 105179|app: 0|req: 161/322] 10.222.0.70 () {60 vars in 1351 bytes} [Thu Jul 21 20:37:03 2022] DELETE /placement/resource_providers/1e091db1-f06a-4899-ae66-208937fcdfcd => generated 246 bytes in 29 msecs (HTTP/1.1 404) 6 headers in 231 bytes (1 switches on core 0)
Jul 21 20:37:03.463112 dv-neutron-841838-25-hyperv devstack@placement-api.service[105178]: [pid: 105178|app: 0|req: 162/323] 10.222.0.70 () {60 vars in 1351 bytes} [Thu Jul 21 20:37:03 2022] DELETE /placement/resource_providers/094d30f3-d043-443c-b0ca-d0b41d8a41b6 => generated 246 bytes in 42 msecs (HTTP/1.1 404) 6 headers in 231 bytes (1 switches on core 0)
Jul 21 20:37:05.507567 dv-neutron-841838-25-hyperv devstack@placement-api.service[105179]: DEBUG placement.requestlog [None req-d4141b5f-4398-48d8-8a51-6c9d01d425d7 None None] Starting request: 10.222.0.70 "GET /placement/resource_providers/d89b131a-5eb5-4779-844a-6be8f725b0e6/aggregates" {{(pid=105179) __call__ /opt/stack/placement/placement/requestlog.py:55}}
Jul 21 20:37:05.518977 dv-neutron-841838-25-hyperv devstack@placement-api.service[105179]: INFO placement.requestlog [None req-d4141b5f-4398-48d8-8a51-6c9d01d425d7 service placement] 10.222.0.70 "GET /placement/resource_providers/d89b131a-5eb5-4779-844a-6be8f725b0e6/aggregates" status: 404 len: 235 microversion: 1.1
Jul 21 20:37:05.519910 dv-neutron-841838-25-hyperv devstack@placement-api.service[105179]: [pid: 105179|app: 0|req: 162/324] 10.222.0.70 () {58 vars in 1362 bytes} [Thu Jul 21 20:37:05 2022] GET /placement/resource_providers/d89b131a-5eb5-4779-844a-6be8f725b0e6/aggregates => generated 235 bytes in 12 msecs (HTTP/1.1 404) 5 headers in 202 bytes (1 switches on core 0)
Jul 21 20:37:05.529690 dv-neutron-841838-25-hyperv devstack@placement-api.service[105178]: DEBUG placement.requestlog [None req-1edaca6a-73fb-4fda-a895-5b059e4b9bf6 None None] Starting request: 10.222.0.70 "DELETE /placement/resource_providers/d89b131a-5eb5-4779-844a-6be8f725b0e6" {{(pid=105178) __call__ /opt/stack/placement/placement/requestlog.py:55}}
Jul 21 20:37:05.542503 dv-neutron-841838-25-hyperv devstack@placement-api.service[105178]: DEBUG placement.wsgi_wrapper [None req-1edaca6a-73fb-4fda-a895-5b059e4b9bf6 service placement] Placement API returning an error response: No resource provider with uuid d89b131a-5eb5-4779-844a-6be8f725b0e6 found for delete {{(pid=105178) call_func /opt/stack/placement/placement/wsgi_wrapper.py:31}}
Jul 21 20:37:05.543969 dv-neutron-841838-25-hyperv devstack@placement-api.service[105178]: INFO placement.requestlog [None req-1edaca6a-73fb-4fda-a895-5b059e4b9bf6 service placement] 10.222.0.70 "DELETE /placement/resource_providers/d89b131a-5eb5-4779-844a-6be8f725b0e6" status: 404 len: 246 microversion: 1.1
Jul 21 20:37:05.544955 dv-neutron-841838-25-hyperv devstack@placement-api.service[105178]: [pid: 105178|app: 0|req: 163/325] 10.222.0.70 () {60 vars in 1351 bytes} [Thu Jul 21 20:37:05 2022] DELETE /placement/resource_providers/d89b131a-5eb5-4779-844a-6be8f725b0e6 => generated 246 bytes in 15 msecs (HTTP/1.1 404) 6 headers in 231 bytes (2 switches on core 0)
Jul 21 20:37:06.954466 dv-neutron-841838-25-hyperv devstack@placement-api.service[105179]: DEBUG placement.requestlog [None req-55a31be6-81c5-488b-bdd6-4b2ee66976c1 None None] Starting request: 10.222.0.70 "GET /placement/resource_providers/c5e99fc7-d1bb-4e3f-b8cd-604649a058c5/aggregates" {{(pid=105179) __call__ /opt/stack/placement/placement/requestlog.py:55}}
Jul 21 20:37:06.970408 dv-neutron-841838-25-hyperv devstack@placement-api.service[105179]: INFO placement.requestlog [None req-55a31be6-81c5-488b-bdd6-4b2ee66976c1 service placement] 10.222.0.70 "GET /placement/resource_providers/c5e99fc7-d1bb-4e3f-b8cd-604649a058c5/aggregates" status: 404 len: 235 microversion: 1.1
Jul 21 20:37:06.971468 dv-neutron-841838-25-hyperv devstack@placement-api.service[105179]: [pid: 105179|app: 0|req: 163/326] 10.222.0.70 () {58 vars in 1362 bytes} [Thu Jul 21 20:37:06 2022] GET /placement/resource_providers/c5e99fc7-d1bb-4e3f-b8cd-604649a058c5/aggregates => generated 235 bytes in 18 msecs (HTTP/1.1 404) 5 headers in 202 bytes (1 switches on core 0)
Jul 21 20:37:06.982477 dv-neutron-841838-25-hyperv devstack@placement-api.service[105178]: DEBUG placement.requestlog [None req-1f270e1f-a125-4622-926b-0bd4dbd5a6f8 None None] Starting request: 10.222.0.70 "DELETE /placement/resource_providers/c5e99fc7-d1bb-4e3f-b8cd-604649a058c5" {{(pid=105178) __call__ /opt/stack/placement/placement/requestlog.py:55}}
Jul 21 20:37:07.008316 dv-neutron-841838-25-hyperv devstack@placement-api.service[105178]: DEBUG placement.wsgi_wrapper [None req-1f270e1f-a125-4622-926b-0bd4dbd5a6f8 service placement] Placement API returning an error response: No resource provider with uuid c5e99fc7-d1bb-4e3f-b8cd-604649a058c5 found for delete {{(pid=105178) call_func /opt/stack/placement/placement/wsgi_wrapper.py:31}}
Jul 21 20:37:07.009007 dv-neutron-841838-25-hyperv devstack@placement-api.service[105178]: INFO placement.requestlog [None req-1f270e1f-a125-4622-926b-0bd4dbd5a6f8 service placement] 10.222.0.70 "DELETE /placement/resource_providers/c5e99fc7-d1bb-4e3f-b8cd-604649a058c5" status: 404 len: 246 microversion: 1.1
Jul 21 20:37:07.009376 dv-neutron-841838-25-hyperv devstack@placement-api.service[105178]: [pid: 105178|app: 0|req: 164/327] 10.222.0.70 () {60 vars in 1351 bytes} [Thu Jul 21 20:37:06 2022] DELETE /placement/resource_providers/c5e99fc7-d1bb-4e3f-b8cd-604649a058c5 => generated 246 bytes in 27 msecs (HTTP/1.1 404) 6 headers in 231 bytes (2 switches on core 0)
Jul 21 20:37:09.047816 dv-neutron-841838-25-hyperv devstack@placement-api.service[105179]: DEBUG placement.requestlog [None req-e8e66230-00b2-4586-acb0-b930bb5bafaa None None] Starting request: 10.222.0.70 "GET /placement/resource_providers/dfd5c46a-b1a7-4d3a-af60-192a4d3c09c0/aggregates" {{(pid=105179) __call__ /opt/stack/placement/placement/requestlog.py:55}}
Jul 21 20:37:09.064928 dv-neutron-841838-25-hyperv devstack@placement-api.service[105179]: INFO placement.requestlog [None req-e8e66230-00b2-4586-acb0-b930bb5bafaa service placement] 10.222.0.70 "GET /placement/resource_providers/dfd5c46a-b1a7-4d3a-af60-192a4d3c09c0/aggregates" status: 404 len: 235 microversion: 1.1
Jul 21 20:37:09.065304 dv-neutron-841838-25-hyperv devstack@placement-api.service[105179]: [pid: 105179|app: 0|req: 164/328] 10.222.0.70 () {58 vars in 1362 bytes} [Thu Jul 21 20:37:09 2022] GET /placement/resource_providers/dfd5c46a-b1a7-4d3a-af60-192a4d3c09c0/aggregates => generated 235 bytes in 18 msecs (HTTP/1.1 404) 5 headers in 202 bytes (1 switches on core 0)
Jul 21 20:37:09.075721 dv-neutron-841838-25-hyperv devstack@placement-api.service[105178]: DEBUG placement.requestlog [None req-99ff4971-e1df-47ea-89e1-7b4e17c0a364 None None] Starting request: 10.222.0.70 "DELETE /placement/resource_providers/dfd5c46a-b1a7-4d3a-af60-192a4d3c09c0" {{(pid=105178) __call__ /opt/stack/placement/placement/requestlog.py:55}}
Jul 21 20:37:09.091715 dv-neutron-841838-25-hyperv devstack@placement-api.service[105178]: DEBUG placement.wsgi_wrapper [None req-99ff4971-e1df-47ea-89e1-7b4e17c0a364 service placement] Placement API returning an error response: No resource provider with uuid dfd5c46a-b1a7-4d3a-af60-192a4d3c09c0 found for delete {{(pid=105178) call_func /opt/stack/placement/placement/wsgi_wrapper.py:31}}
Jul 21 20:37:09.093268 dv-neutron-841838-25-hyperv devstack@placement-api.service[105178]: INFO placement.requestlog [None req-99ff4971-e1df-47ea-89e1-7b4e17c0a364 service placement] 10.222.0.70 "DELETE /placement/resource_providers/dfd5c46a-b1a7-4d3a-af60-192a4d3c09c0" status: 404 len: 246 microversion: 1.1
Jul 21 20:37:09.096738 dv-neutron-841838-25-hyperv devstack@placement-api.service[105178]: [pid: 105178|app: 0|req: 165/329] 10.222.0.70 () {60 vars in 1351 bytes} [Thu Jul 21 20:37:09 2022] DELETE /placement/resource_providers/dfd5c46a-b1a7-4d3a-af60-192a4d3c09c0 => generated 246 bytes in 21 msecs (HTTP/1.1 404) 6 headers in 231 bytes (1 switches on core 0)
Jul 21 20:37:12.555108 dv-neutron-841838-25-hyperv devstack@placement-api.service[105179]: DEBUG placement.requestlog [None req-3be54f72-d9fa-4914-8730-963fe5aa47f6 None None] Starting request: 10.222.0.70 "GET /placement/resource_providers/07090475-fb06-4c18-a441-c5fc1057d70c/aggregates" {{(pid=105179) __call__ /opt/stack/placement/placement/requestlog.py:55}}
Jul 21 20:37:12.566113 dv-neutron-841838-25-hyperv devstack@placement-api.service[105179]: INFO placement.requestlog [None req-3be54f72-d9fa-4914-8730-963fe5aa47f6 service placement] 10.222.0.70 "GET /placement/resource_providers/07090475-fb06-4c18-a441-c5fc1057d70c/aggregates" status: 404 len: 235 microversion: 1.1
Jul 21 20:37:12.566667 dv-neutron-841838-25-hyperv devstack@placement-api.service[105179]: [pid: 105179|app: 0|req: 165/330] 10.222.0.70 () {58 vars in 1362 bytes} [Thu Jul 21 20:37:12 2022] GET /placement/resource_providers/07090475-fb06-4c18-a441-c5fc1057d70c/aggregates => generated 235 bytes in 12 msecs (HTTP/1.1 404) 5 headers in 202 bytes (1 switches on core 0)
Jul 21 20:37:12.596599 dv-neutron-841838-25-hyperv devstack@placement-api.service[105178]: DEBUG placement.requestlog [None req-5652b6a0-0b04-40ba-932b-8a7cc1adf9e8 None None] Starting request: 10.222.0.70 "DELETE /placement/resource_providers/07090475-fb06-4c18-a441-c5fc1057d70c" {{(pid=105178) __call__ /opt/stack/placement/placement/requestlog.py:55}}
Jul 21 20:37:12.605953 dv-neutron-841838-25-hyperv devstack@placement-api.service[105178]: DEBUG placement.wsgi_wrapper [None req-5652b6a0-0b04-40ba-932b-8a7cc1adf9e8 service placement] Placement API returning an error response: No resource provider with uuid 07090475-fb06-4c18-a441-c5fc1057d70c found for delete {{(pid=105178) call_func /opt/stack/placement/placement/wsgi_wrapper.py:31}}
Jul 21 20:37:12.606665 dv-neutron-841838-25-hyperv devstack@placement-api.service[105178]: INFO placement.requestlog [None req-5652b6a0-0b04-40ba-932b-8a7cc1adf9e8 service placement] 10.222.0.70 "DELETE /placement/resource_providers/07090475-fb06-4c18-a441-c5fc1057d70c" status: 404 len: 246 microversion: 1.1
Jul 21 20:37:12.607023 dv-neutron-841838-25-hyperv devstack@placement-api.service[105178]: [pid: 105178|app: 0|req: 166/331] 10.222.0.70 () {60 vars in 1351 bytes} [Thu Jul 21 20:37:12 2022] DELETE /placement/resource_providers/07090475-fb06-4c18-a441-c5fc1057d70c => generated 246 bytes in 11 msecs (HTTP/1.1 404) 6 headers in 231 bytes (2 switches on core 0)
Jul 21 20:37:15.964978 dv-neutron-841838-25-hyperv devstack@placement-api.service[105179]: DEBUG placement.requestlog [req-85942209-9b85-4e2d-86f5-4aa4ebc053b9 req-8289371f-c704-4802-8e4c-86bfef35c244 None None] Starting request: 10.222.0.74 "GET /placement/resource_providers/721fd54f-c914-4f7c-99e7-f9c88ba454e6/allocations" {{(pid=105179) __call__ /opt/stack/placement/placement/requestlog.py:55}}
Jul 21 20:37:16.127365 dv-neutron-841838-25-hyperv devstack@placement-api.service[105179]: INFO placement.requestlog [req-85942209-9b85-4e2d-86f5-4aa4ebc053b9 req-8289371f-c704-4802-8e4c-86bfef35c244 service placement] 10.222.0.74 "GET /placement/resource_providers/721fd54f-c914-4f7c-99e7-f9c88ba454e6/allocations" status: 200 len: 342 microversion: 1.0
Jul 21 20:37:16.127711 dv-neutron-841838-25-hyperv devstack@placement-api.service[105179]: [pid: 105179|app: 0|req: 166/332] 10.222.0.74 () {58 vars in 1390 bytes} [Thu Jul 21 20:37:15 2022] GET /placement/resource_providers/721fd54f-c914-4f7c-99e7-f9c88ba454e6/allocations => generated 342 bytes in 163 msecs (HTTP/1.1 200) 6 headers in 224 bytes (1 switches on core 0)
Jul 21 20:37:16.171886 dv-neutron-841838-25-hyperv devstack@placement-api.service[105178]: DEBUG placement.requestlog [req-85942209-9b85-4e2d-86f5-4aa4ebc053b9 req-8854e8c6-1df8-4c74-ae6a-51062feebea7 None None] Starting request: 10.222.0.74 "GET /placement/resource_providers?in_tree=721fd54f-c914-4f7c-99e7-f9c88ba454e6" {{(pid=105178) __call__ /opt/stack/placement/placement/requestlog.py:55}}
Jul 21 20:37:16.182736 dv-neutron-841838-25-hyperv devstack@placement-api.service[105178]: DEBUG dbcounter [-] [105178] Writing DB stats placement:SELECT=36 {{(pid=105178) stat_writer /usr/local/lib/python3.8/dist-packages/dbcounter.py:114}}
Jul 21 20:37:16.188995 dv-neutron-841838-25-hyperv devstack@placement-api.service[105178]: INFO placement.requestlog [req-85942209-9b85-4e2d-86f5-4aa4ebc053b9 req-8854e8c6-1df8-4c74-ae6a-51062feebea7 service placement] 10.222.0.74 "GET /placement/resource_providers?in_tree=721fd54f-c914-4f7c-99e7-f9c88ba454e6" status: 200 len: 865 microversion: 1.14
Jul 21 20:37:16.189473 dv-neutron-841838-25-hyperv devstack@placement-api.service[105178]: [pid: 105178|app: 0|req: 167/333] 10.222.0.74 () {60 vars in 1376 bytes} [Thu Jul 21 20:37:16 2022] GET /placement/resource_providers?in_tree=721fd54f-c914-4f7c-99e7-f9c88ba454e6 => generated 865 bytes in 18 msecs (HTTP/1.1 200) 6 headers in 225 bytes (1 switches on core 0)
Jul 21 20:37:16.199109 dv-neutron-841838-25-hyperv devstack@placement-api.service[105179]: DEBUG placement.requestlog [req-85942209-9b85-4e2d-86f5-4aa4ebc053b9 req-9b56ea78-529b-46c6-960c-6fe36f07a506 None None] Starting request: 10.222.0.74 "GET /placement/resource_providers/721fd54f-c914-4f7c-99e7-f9c88ba454e6/inventories" {{(pid=105179) __call__ /opt/stack/placement/placement/requestlog.py:55}}
Jul 21 20:37:16.220704 dv-neutron-841838-25-hyperv devstack@placement-api.service[105179]: INFO placement.requestlog [req-85942209-9b85-4e2d-86f5-4aa4ebc053b9 req-9b56ea78-529b-46c6-960c-6fe36f07a506 service placement] 10.222.0.74 "GET /placement/resource_providers/721fd54f-c914-4f7c-99e7-f9c88ba454e6/inventories" status: 200 len: 398 microversion: 1.0
Jul 21 20:37:16.221273 dv-neutron-841838-25-hyperv devstack@placement-api.service[105179]: [pid: 105179|app: 0|req: 167/334] 10.222.0.74 () {58 vars in 1390 bytes} [Thu Jul 21 20:37:16 2022] GET /placement/resource_providers/721fd54f-c914-4f7c-99e7-f9c88ba454e6/inventories => generated 398 bytes in 22 msecs (HTTP/1.1 200) 6 headers in 224 bytes (1 switches on core 0)
Jul 21 20:37:16.232209 dv-neutron-841838-25-hyperv devstack@placement-api.service[105178]: DEBUG placement.requestlog [req-85942209-9b85-4e2d-86f5-4aa4ebc053b9 req-41e8d4c8-cfad-4b96-b5b8-771ffb386dda None None] Starting request: 10.222.0.74 "GET /placement/resource_providers/721fd54f-c914-4f7c-99e7-f9c88ba454e6/aggregates" {{(pid=105178) __call__ /opt/stack/placement/placement/requestlog.py:55}}
Jul 21 20:37:16.246174 dv-neutron-841838-25-hyperv devstack@placement-api.service[105178]: INFO placement.requestlog [req-85942209-9b85-4e2d-86f5-4aa4ebc053b9 req-41e8d4c8-cfad-4b96-b5b8-771ffb386dda service placement] 10.222.0.74 "GET /placement/resource_providers/721fd54f-c914-4f7c-99e7-f9c88ba454e6/aggregates" status: 200 len: 54 microversion: 1.19
Jul 21 20:37:16.246530 dv-neutron-841838-25-hyperv devstack@placement-api.service[105178]: [pid: 105178|app: 0|req: 168/335] 10.222.0.74 () {60 vars in 1431 bytes} [Thu Jul 21 20:37:16 2022] GET /placement/resource_providers/721fd54f-c914-4f7c-99e7-f9c88ba454e6/aggregates => generated 54 bytes in 15 msecs (HTTP/1.1 200) 8 headers in 295 bytes (1 switches on core 0)
Jul 21 20:37:16.256258 dv-neutron-841838-25-hyperv devstack@placement-api.service[105179]: DEBUG placement.requestlog [req-85942209-9b85-4e2d-86f5-4aa4ebc053b9 req-2fa57db1-66a4-4e2b-91f2-d3d887e0f9a6 None None] Starting request: 10.222.0.74 "GET /placement/resource_providers/721fd54f-c914-4f7c-99e7-f9c88ba454e6/traits" {{(pid=105179) __call__ /opt/stack/placement/placement/requestlog.py:55}}
Jul 21 20:37:16.290055 dv-neutron-841838-25-hyperv devstack@placement-api.service[105179]: INFO placement.requestlog [req-85942209-9b85-4e2d-86f5-4aa4ebc053b9 req-2fa57db1-66a4-4e2b-91f2-d3d887e0f9a6 service placement] 10.222.0.74 "GET /placement/resource_providers/721fd54f-c914-4f7c-99e7-f9c88ba454e6/traits" status: 200 len: 300 microversion: 1.6
Jul 21 20:37:16.290570 dv-neutron-841838-25-hyperv devstack@placement-api.service[105179]: [pid: 105179|app: 0|req: 168/336] 10.222.0.74 () {60 vars in 1418 bytes} [Thu Jul 21 20:37:16 2022] GET /placement/resource_providers/721fd54f-c914-4f7c-99e7-f9c88ba454e6/traits => generated 300 bytes in 34 msecs (HTTP/1.1 200) 6 headers in 224 bytes (2 switches on core 0)
Jul 21 20:37:26.244801 dv-neutron-841838-25-hyperv devstack@placement-api.service[105178]: DEBUG dbcounter [-] [105178] Writing DB stats placement:SELECT=6 {{(pid=105178) stat_writer /usr/local/lib/python3.8/dist-packages/dbcounter.py:114}}
Jul 21 20:37:26.268625 dv-neutron-841838-25-hyperv devstack@placement-api.service[105179]: DEBUG dbcounter [-] [105179] Writing DB stats placement:SELECT=36 {{(pid=105179) stat_writer /usr/local/lib/python3.8/dist-packages/dbcounter.py:114}}
Jul 21 20:37:40.116498 dv-neutron-841838-25-hyperv devstack@placement-api.service[105178]: DEBUG placement.requestlog [req-6db02773-8951-44c4-b943-066c5fff23bd req-90dde0d9-f075-4212-9da5-e8216912466c None None] Starting request: 10.222.0.74 "DELETE /placement/allocations/9f8be208-6d1e-4ba1-a066-927dba627553" {{(pid=105178) __call__ /opt/stack/placement/placement/requestlog.py:55}}
Jul 21 20:37:40.144327 dv-neutron-841838-25-hyperv devstack@placement-api.service[105178]: DEBUG placement.handlers.allocation [req-6db02773-8951-44c4-b943-066c5fff23bd req-90dde0d9-f075-4212-9da5-e8216912466c service placement] Successfully deleted allocations [, , ] {{(pid=105178) delete_allocations /opt/stack/placement/placement/handlers/allocation.py:627}}
Jul 21 20:37:40.144881 dv-neutron-841838-25-hyperv devstack@placement-api.service[105178]: INFO placement.requestlog [req-6db02773-8951-44c4-b943-066c5fff23bd req-90dde0d9-f075-4212-9da5-e8216912466c service placement] 10.222.0.74 "DELETE /placement/allocations/9f8be208-6d1e-4ba1-a066-927dba627553" status: 204 len: 0 microversion: 1.0
Jul 21 20:37:40.145266 dv-neutron-841838-25-hyperv devstack@placement-api.service[105178]: [pid: 105178|app: 0|req: 169/337] 10.222.0.74 () {60 vars in 1355 bytes} [Thu Jul 21 20:37:40 2022] DELETE /placement/allocations/9f8be208-6d1e-4ba1-a066-927dba627553 => generated 0 bytes in 29 msecs (HTTP/1.1 204) 5 headers in 198 bytes (1 switches on core 0)
Jul 21 20:37:43.948453 dv-neutron-841838-25-hyperv devstack@placement-api.service[105179]: DEBUG placement.requestlog [req-d5978529-8888-4928-9f2b-ec70296c4a1b req-827d091e-2b3b-4486-8a58-3a456cff82d7 None None] Starting request: 10.222.0.74 "DELETE /placement/allocations/e2372947-9727-4d9d-b3c7-b0e6d5af05ce" {{(pid=105179) __call__ /opt/stack/placement/placement/requestlog.py:55}}
Jul 21 20:37:43.979802 dv-neutron-841838-25-hyperv devstack@placement-api.service[105179]: DEBUG placement.handlers.allocation [req-d5978529-8888-4928-9f2b-ec70296c4a1b req-827d091e-2b3b-4486-8a58-3a456cff82d7 service placement] Successfully deleted allocations [, , ] {{(pid=105179) delete_allocations /opt/stack/placement/placement/handlers/allocation.py:627}}
Jul 21 20:37:43.980419 dv-neutron-841838-25-hyperv devstack@placement-api.service[105179]: INFO placement.requestlog [req-d5978529-8888-4928-9f2b-ec70296c4a1b req-827d091e-2b3b-4486-8a58-3a456cff82d7 service placement] 10.222.0.74 "DELETE /placement/allocations/e2372947-9727-4d9d-b3c7-b0e6d5af05ce" status: 204 len: 0 microversion: 1.0
Jul 21 20:37:43.981028 dv-neutron-841838-25-hyperv devstack@placement-api.service[105179]: [pid: 105179|app: 0|req: 169/338] 10.222.0.74 () {60 vars in 1355 bytes} [Thu Jul 21 20:37:43 2022] DELETE /placement/allocations/e2372947-9727-4d9d-b3c7-b0e6d5af05ce => generated 0 bytes in 33 msecs (HTTP/1.1 204) 5 headers in 198 bytes (2 switches on core 0)
Jul 21 20:37:47.282130 dv-neutron-841838-25-hyperv devstack@placement-api.service[105178]: DEBUG placement.requestlog [None req-3b1a4c26-42ea-4426-a2c9-8c74000d53d8 None None] Starting request: 10.222.0.70 "GET /placement/resource_providers/240ce26e-130d-4ba3-900a-e3cfc418bc98/aggregates" {{(pid=105178) __call__ /opt/stack/placement/placement/requestlog.py:55}}
Jul 21 20:37:47.293062 dv-neutron-841838-25-hyperv devstack@placement-api.service[105178]: INFO placement.requestlog [None req-3b1a4c26-42ea-4426-a2c9-8c74000d53d8 service placement] 10.222.0.70 "GET /placement/resource_providers/240ce26e-130d-4ba3-900a-e3cfc418bc98/aggregates" status: 404 len: 235 microversion: 1.1
Jul 21 20:37:47.294039 dv-neutron-841838-25-hyperv devstack@placement-api.service[105178]: [pid: 105178|app: 0|req: 170/339] 10.222.0.70 () {58 vars in 1362 bytes} [Thu Jul 21 20:37:47 2022] GET /placement/resource_providers/240ce26e-130d-4ba3-900a-e3cfc418bc98/aggregates => generated 235 bytes in 12 msecs (HTTP/1.1 404) 5 headers in 202 bytes (1 switches on core 0)
Jul 21 20:37:47.335055 dv-neutron-841838-25-hyperv devstack@placement-api.service[105179]: DEBUG placement.requestlog [None req-d4097534-ea3b-41f7-b4f1-08fbe7355256 None None] Starting request: 10.222.0.70 "DELETE /placement/resource_providers/240ce26e-130d-4ba3-900a-e3cfc418bc98" {{(pid=105179) __call__ /opt/stack/placement/placement/requestlog.py:55}}
Jul 21 20:37:47.346913 dv-neutron-841838-25-hyperv devstack@placement-api.service[105179]: DEBUG placement.wsgi_wrapper [None req-d4097534-ea3b-41f7-b4f1-08fbe7355256 service placement] Placement API returning an error response: No resource provider with uuid 240ce26e-130d-4ba3-900a-e3cfc418bc98 found for delete {{(pid=105179) call_func /opt/stack/placement/placement/wsgi_wrapper.py:31}}
Jul 21 20:37:47.347926 dv-neutron-841838-25-hyperv devstack@placement-api.service[105179]: INFO placement.requestlog [None req-d4097534-ea3b-41f7-b4f1-08fbe7355256 service placement] 10.222.0.70 "DELETE /placement/resource_providers/240ce26e-130d-4ba3-900a-e3cfc418bc98" status: 404 len: 246 microversion: 1.1
Jul 21 20:37:47.348291 dv-neutron-841838-25-hyperv devstack@placement-api.service[105179]: [pid: 105179|app: 0|req: 170/340] 10.222.0.70 () {60 vars in 1351 bytes} [Thu Jul 21 20:37:47 2022] DELETE /placement/resource_providers/240ce26e-130d-4ba3-900a-e3cfc418bc98 => generated 246 bytes in 14 msecs (HTTP/1.1 404) 6 headers in 231 bytes (1 switches on core 0)
Jul 21 20:37:55.934439 dv-neutron-841838-25-hyperv devstack@placement-api.service[105178]: DEBUG placement.requestlog [req-753571d4-ca81-4327-88a1-8abe4eebe380 req-0383e2fd-5343-4642-96a8-f8d81f81b073 None None] Starting request: 10.222.0.70 "GET /placement/allocation_candidates?limit=1000&resources=DISK_GB%3A1%2CMEMORY_MB%3A1024%2CVCPU%3A1&root_required=%21COMPUTE_STATUS_DISABLED" {{(pid=105178) __call__ /opt/stack/placement/placement/requestlog.py:55}}
Jul 21 20:37:55.967214 dv-neutron-841838-25-hyperv devstack@placement-api.service[105178]: DEBUG placement.objects.research_context [req-753571d4-ca81-4327-88a1-8abe4eebe380 req-0383e2fd-5343-4642-96a8-f8d81f81b073 service placement] getting providers with 1 DISK_GB {{(pid=105178) __init__ /opt/stack/placement/placement/objects/research_context.py:136}}
Jul 21 20:37:55.973288 dv-neutron-841838-25-hyperv devstack@placement-api.service[105178]: DEBUG placement.objects.research_context [req-753571d4-ca81-4327-88a1-8abe4eebe380 req-0383e2fd-5343-4642-96a8-f8d81f81b073 service placement] getting providers with 1024 MEMORY_MB {{(pid=105178) __init__ /opt/stack/placement/placement/objects/research_context.py:136}}
Jul 21 20:37:55.980259 dv-neutron-841838-25-hyperv devstack@placement-api.service[105178]: DEBUG placement.objects.research_context [req-753571d4-ca81-4327-88a1-8abe4eebe380 req-0383e2fd-5343-4642-96a8-f8d81f81b073 service placement] getting providers with 1 VCPU {{(pid=105178) __init__ /opt/stack/placement/placement/objects/research_context.py:136}}
Jul 21 20:37:55.985416 dv-neutron-841838-25-hyperv devstack@placement-api.service[105178]: DEBUG placement.objects.research_context [req-753571d4-ca81-4327-88a1-8abe4eebe380 req-0383e2fd-5343-4642-96a8-f8d81f81b073 service placement] found 1 providers with available 1 DISK_GB {{(pid=105178) get_provider_ids_matching /opt/stack/placement/placement/objects/research_context.py:563}}
Jul 21 20:37:55.985823 dv-neutron-841838-25-hyperv devstack@placement-api.service[105178]: DEBUG placement.objects.research_context [req-753571d4-ca81-4327-88a1-8abe4eebe380 req-0383e2fd-5343-4642-96a8-f8d81f81b073 service placement] found 1 providers with available 1024 MEMORY_MB {{(pid=105178) get_provider_ids_matching /opt/stack/placement/placement/objects/research_context.py:563}}
Jul 21 20:37:55.986216 dv-neutron-841838-25-hyperv devstack@placement-api.service[105178]: DEBUG placement.objects.research_context [req-753571d4-ca81-4327-88a1-8abe4eebe380 req-0383e2fd-5343-4642-96a8-f8d81f81b073 service placement] found 1 providers after filtering by previous result {{(pid=105178) get_provider_ids_matching /opt/stack/placement/placement/objects/research_context.py:594}}
Jul 21 20:37:55.986480 dv-neutron-841838-25-hyperv devstack@placement-api.service[105178]: DEBUG placement.objects.research_context [req-753571d4-ca81-4327-88a1-8abe4eebe380 req-0383e2fd-5343-4642-96a8-f8d81f81b073 service placement] found 1 providers with available 1 VCPU {{(pid=105178) get_provider_ids_matching /opt/stack/placement/placement/objects/research_context.py:563}}
Jul 21 20:37:55.986742 dv-neutron-841838-25-hyperv devstack@placement-api.service[105178]: DEBUG placement.objects.research_context [req-753571d4-ca81-4327-88a1-8abe4eebe380 req-0383e2fd-5343-4642-96a8-f8d81f81b073 service placement] found 1 providers after filtering by previous result {{(pid=105178) get_provider_ids_matching /opt/stack/placement/placement/objects/research_context.py:594}}
Jul 21 20:37:55.996716 dv-neutron-841838-25-hyperv devstack@placement-api.service[105178]: DEBUG placement.objects.allocation_candidate [req-753571d4-ca81-4327-88a1-8abe4eebe380 req-0383e2fd-5343-4642-96a8-f8d81f81b073 service placement] RequestGroup(use_same_provider=False, resources={DISK_GB:1, MEMORY_MB:1024, VCPU:1}, traits=(), aggregates=[]) (suffix '') returned 1 matches {{(pid=105178) _get_by_requests /opt/stack/placement/placement/objects/allocation_candidate.py:156}}
Jul 21 20:37:55.997014 dv-neutron-841838-25-hyperv devstack@placement-api.service[105178]: DEBUG placement.objects.allocation_candidate [req-753571d4-ca81-4327-88a1-8abe4eebe380 req-0383e2fd-5343-4642-96a8-f8d81f81b073 service placement] Merging candidates yields 1 allocation requests and 1 provider summaries {{(pid=105178) _merge_candidates /opt/stack/placement/placement/objects/allocation_candidate.py:809}}
Jul 21 20:37:55.998360 dv-neutron-841838-25-hyperv devstack@placement-api.service[105178]: INFO placement.requestlog [req-753571d4-ca81-4327-88a1-8abe4eebe380 req-0383e2fd-5343-4642-96a8-f8d81f81b073 service placement] 10.222.0.70 "GET /placement/allocation_candidates?limit=1000&resources=DISK_GB%3A1%2CMEMORY_MB%3A1024%2CVCPU%3A1&root_required=%21COMPUTE_STATUS_DISABLED" status: 200 len: 767 microversion: 1.36
Jul 21 20:37:55.998715 dv-neutron-841838-25-hyperv devstack@placement-api.service[105178]: [pid: 105178|app: 0|req: 171/341] 10.222.0.70 () {60 vars in 1506 bytes} [Thu Jul 21 20:37:55 2022] GET /placement/allocation_candidates?limit=1000&resources=DISK_GB%3A1%2CMEMORY_MB%3A1024%2CVCPU%3A1&root_required=%21COMPUTE_STATUS_DISABLED => generated 767 bytes in 65 msecs (HTTP/1.1 200) 8 headers in 296 bytes (1 switches on core 0)
Jul 21 20:37:56.034414 dv-neutron-841838-25-hyperv devstack@placement-api.service[105179]: DEBUG placement.requestlog [req-753571d4-ca81-4327-88a1-8abe4eebe380 req-e36199e5-7391-4981-95a9-515c268e4113 None None] Starting request: 10.222.0.70 "GET /placement/allocations/4e01ad31-9b2f-4e1a-a2fb-33434671ef19" {{(pid=105179) __call__ /opt/stack/placement/placement/requestlog.py:55}}
Jul 21 20:37:56.045001 dv-neutron-841838-25-hyperv devstack@placement-api.service[105179]: INFO placement.requestlog [req-753571d4-ca81-4327-88a1-8abe4eebe380 req-e36199e5-7391-4981-95a9-515c268e4113 service placement] 10.222.0.70 "GET /placement/allocations/4e01ad31-9b2f-4e1a-a2fb-33434671ef19" status: 200 len: 19 microversion: 1.28
Jul 21 20:37:56.045321 dv-neutron-841838-25-hyperv devstack@placement-api.service[105179]: [pid: 105179|app: 0|req: 171/342] 10.222.0.70 () {60 vars in 1380 bytes} [Thu Jul 21 20:37:56 2022] GET /placement/allocations/4e01ad31-9b2f-4e1a-a2fb-33434671ef19 => generated 19 bytes in 11 msecs (HTTP/1.1 200) 8 headers in 295 bytes (1 switches on core 0)
Jul 21 20:37:56.050799 dv-neutron-841838-25-hyperv devstack@placement-api.service[105178]: DEBUG placement.requestlog [req-753571d4-ca81-4327-88a1-8abe4eebe380 req-f69d56c6-8ec5-4ba2-af17-1f92f814af23 None None] Starting request: 10.222.0.70 "PUT /placement/allocations/4e01ad31-9b2f-4e1a-a2fb-33434671ef19" {{(pid=105178) __call__ /opt/stack/placement/placement/requestlog.py:55}}
Jul 21 20:37:56.099546 dv-neutron-841838-25-hyperv devstack@placement-api.service[105178]: DEBUG placement.handlers.allocation [req-753571d4-ca81-4327-88a1-8abe4eebe380 req-f69d56c6-8ec5-4ba2-af17-1f92f814af23 service placement] Successfully wrote allocations [, , ] {{(pid=105178) _update_consumers_and_create_allocations /opt/stack/placement/placement/handlers/allocation.py:462}}
Jul 21 20:37:56.102906 dv-neutron-841838-25-hyperv devstack@placement-api.service[105178]: INFO placement.requestlog [req-753571d4-ca81-4327-88a1-8abe4eebe380 req-f69d56c6-8ec5-4ba2-af17-1f92f814af23 service placement] 10.222.0.70 "PUT /placement/allocations/4e01ad31-9b2f-4e1a-a2fb-33434671ef19" status: 204 len: 0 microversion: 1.36
Jul 21 20:37:56.103323 dv-neutron-841838-25-hyperv devstack@placement-api.service[105178]: [pid: 105178|app: 0|req: 172/343] 10.222.0.70 () {64 vars in 1433 bytes} [Thu Jul 21 20:37:56 2022] PUT /placement/allocations/4e01ad31-9b2f-4e1a-a2fb-33434671ef19 => generated 0 bytes in 53 msecs (HTTP/1.1 204) 5 headers in 199 bytes (1 switches on core 0)
Jul 21 20:37:56.350806 dv-neutron-841838-25-hyperv devstack@placement-api.service[105179]: DEBUG placement.requestlog [req-753571d4-ca81-4327-88a1-8abe4eebe380 req-0f0d2e17-1420-4667-84d4-3f0d9c26dfb0 None None] Starting request: 10.222.0.74 "GET /placement/allocations/4e01ad31-9b2f-4e1a-a2fb-33434671ef19" {{(pid=105179) __call__ /opt/stack/placement/placement/requestlog.py:55}}
Jul 21 20:37:56.366603 dv-neutron-841838-25-hyperv devstack@placement-api.service[105179]: INFO placement.requestlog [req-753571d4-ca81-4327-88a1-8abe4eebe380 req-0f0d2e17-1420-4667-84d4-3f0d9c26dfb0 service placement] 10.222.0.74 "GET /placement/allocations/4e01ad31-9b2f-4e1a-a2fb-33434671ef19" status: 200 len: 259 microversion: 1.28
Jul 21 20:37:56.366988 dv-neutron-841838-25-hyperv devstack@placement-api.service[105179]: [pid: 105179|app: 0|req: 172/344] 10.222.0.74 () {60 vars in 1377 bytes} [Thu Jul 21 20:37:56 2022] GET /placement/allocations/4e01ad31-9b2f-4e1a-a2fb-33434671ef19 => generated 259 bytes in 17 msecs (HTTP/1.1 200) 8 headers in 296 bytes (1 switches on core 0)
Jul 21 20:38:06.099340 dv-neutron-841838-25-hyperv devstack@placement-api.service[105178]: DEBUG dbcounter [-] [105178] Writing DB stats placement:SELECT=34,placement:DELETE=4,placement:INSERT=4,placement:UPDATE=2 {{(pid=105178) stat_writer /usr/local/lib/python3.8/dist-packages/dbcounter.py:114}}
Jul 21 20:38:06.364389 dv-neutron-841838-25-hyperv devstack@placement-api.service[105179]: DEBUG dbcounter [-] [105179] Writing DB stats placement:SELECT=15,placement:DELETE=2 {{(pid=105179) stat_writer /usr/local/lib/python3.8/dist-packages/dbcounter.py:114}}
Jul 21 20:38:10.207488 dv-neutron-841838-25-hyperv devstack@placement-api.service[105178]: DEBUG placement.requestlog [req-a134c9fb-640e-48dc-9a58-c257effe0bd5 req-b1305462-8849-442c-bfa5-e403ad353cc3 None None] Starting request: 10.222.0.74 "DELETE /placement/allocations/4e01ad31-9b2f-4e1a-a2fb-33434671ef19" {{(pid=105178) __call__ /opt/stack/placement/placement/requestlog.py:55}}
Jul 21 20:38:10.234397 dv-neutron-841838-25-hyperv devstack@placement-api.service[105178]: DEBUG placement.handlers.allocation [req-a134c9fb-640e-48dc-9a58-c257effe0bd5 req-b1305462-8849-442c-bfa5-e403ad353cc3 service placement] Successfully deleted allocations [, , ] {{(pid=105178) delete_allocations /opt/stack/placement/placement/handlers/allocation.py:627}}
Jul 21 20:38:10.235539 dv-neutron-841838-25-hyperv devstack@placement-api.service[105178]: INFO placement.requestlog [req-a134c9fb-640e-48dc-9a58-c257effe0bd5 req-b1305462-8849-442c-bfa5-e403ad353cc3 service placement] 10.222.0.74 "DELETE /placement/allocations/4e01ad31-9b2f-4e1a-a2fb-33434671ef19" status: 204 len: 0 microversion: 1.0
Jul 21 20:38:10.235976 dv-neutron-841838-25-hyperv devstack@placement-api.service[105178]: [pid: 105178|app: 0|req: 173/345] 10.222.0.74 () {60 vars in 1355 bytes} [Thu Jul 21 20:38:10 2022] DELETE /placement/allocations/4e01ad31-9b2f-4e1a-a2fb-33434671ef19 => generated 0 bytes in 29 msecs (HTTP/1.1 204) 5 headers in 198 bytes (1 switches on core 0)
Jul 21 20:38:13.037691 dv-neutron-841838-25-hyperv devstack@placement-api.service[105179]: DEBUG placement.requestlog [req-6285b088-1edb-401b-b4f0-9ccf6798620e req-4303d501-3e2b-464c-ae45-fb18ac311a40 None None] Starting request: 10.222.0.70 "GET /placement/allocation_candidates?limit=1000&resources=DISK_GB%3A1%2CMEMORY_MB%3A1024%2CVCPU%3A1&root_required=%21COMPUTE_STATUS_DISABLED" {{(pid=105179) __call__ /opt/stack/placement/placement/requestlog.py:55}}
Jul 21 20:38:13.069171 dv-neutron-841838-25-hyperv devstack@placement-api.service[105179]: DEBUG placement.objects.research_context [req-6285b088-1edb-401b-b4f0-9ccf6798620e req-4303d501-3e2b-464c-ae45-fb18ac311a40 service placement] getting providers with 1 DISK_GB {{(pid=105179) __init__ /opt/stack/placement/placement/objects/research_context.py:136}}
