Jul 21 13:14:55.362941 dv-neutron-841838-23-hyperv neutron-server[105139]: DEBUG neutron.plugins.ml2.drivers.mech_agent [None req-3ef0c8c6-7f2c-414d-8972-66fab6a7f4b3 None None] Attempting to bind port 72e9fe1e-6f22-4ed0-81f1-e337c52da6be on network 31bed99c-81b8-49ab-aa8b-5b7c4afc87fc {{(pid=105139) bind_port /opt/stack/neutron/neutron/plugins/ml2/drivers/mech_agent.py:91}}
Jul 21 13:14:55.368897 dv-neutron-841838-23-hyperv neutron-server[105139]: DEBUG neutron.plugins.ml2.drivers.mech_agent [None req-3ef0c8c6-7f2c-414d-8972-66fab6a7f4b3 None None] Checking agent: {'id': '2818b42f-8cbc-4cdc-ab45-0c37fa47452c', 'agent_type': 'Open vSwitch agent', 'binary': 'neutron-openvswitch-agent', 'topic': 'N/A', 'host': 'dv-neutron-841838-23-hyperv', 'admin_state_up': True, 'created_at': datetime.datetime(2022, 7, 21, 13, 6, 27), 'started_at': datetime.datetime(2022, 7, 21, 13, 6, 57), 'heartbeat_timestamp': datetime.datetime(2022, 7, 21, 13, 14, 27), 'description': None, 'resources_synced': None, 'availability_zone': None, 'alive': True, 'configurations': {'arp_responder_enabled': False, 'baremetal_smartnic': False, 'bridge_mappings': {'physnet1': 'br-data'}, 'datapath_type': 'system', 'devices': 0, 'enable_distributed_routing': False, 'extensions': [], 'in_distributed_mode': False, 'integration_bridge': 'br-int', 'l2_population': False, 'log_agent_heartbeats': False, 'ovs_capabilities': {'datapath_types': ['netdev', 'system'], 'iface_types': ['erspan', 'geneve', 'gre', 'internal', 'ip6erspan', 'ip6gre', 'lisp', 'patch', 'stt', 'system', 'tap', 'vxlan']}, 'ovs_hybrid_plug': False, 'resource_provider_bandwidths': {}, 'resource_provider_hypervisors': {'br-data': 'dv-neutron-841838-23-hyperv'}, 'resource_provider_inventory_defaults': {'allocation_ratio': 1.0, 'min_unit': 1, 'step_size': 1, 'reserved': 0}, 'resource_provider_packet_processing_inventory_defaults': {'allocation_ratio': 1.0, 'min_unit': 1, 'step_size': 1, 'reserved': 0}, 'resource_provider_packet_processing_with_direction': {}, 'resource_provider_packet_processing_without_direction': {}, 'tunnel_types': [], 'tunneling_ip': None, 'vhostuser_socket_dir': '/var/run/openvswitch'}, 'resource_versions': {'AddressGroup': '1.2', 'Agent': '1.1', 'ConntrackHelper': '1.0', 'LocalIPAssociation': '1.0', 'Log': '1.0', 'NDPProxy': '1.0', 'Network': '1.1', 'Port': '1.7', 'PortForwarding': '1.3', 'QosPolicy': '1.10', 'SecurityGroup': '1.5', 'SecurityGroupRule': '1.2', 'SubPort': '1.0', 'Subnet': '1.1', 'Trunk': '1.1'}} {{(pid=105139) bind_port /opt/stack/neutron/neutron/plugins/ml2/drivers/mech_agent.py:110}}
Jul 21 13:14:55.375985 dv-neutron-841838-23-hyperv neutron-server[105139]: DEBUG neutron.plugins.ml2.drivers.mech_agent [None req-3ef0c8c6-7f2c-414d-8972-66fab6a7f4b3 None None] Checking segment: {'id': '0a898c8a-782a-497d-ad28-528e019930fc', 'network_type': 'vlan', 'physical_network': 'physnet1', 'segmentation_id': 904, 'network_id': '31bed99c-81b8-49ab-aa8b-5b7c4afc87fc'} for mappings: {'physnet1': 'br-data'} with network types: ['local', 'flat', 'vlan'] {{(pid=105139) check_segment_for_agent /opt/stack/neutron/neutron/plugins/ml2/drivers/mech_agent.py:373}}
Jul 21 13:14:55.375985 dv-neutron-841838-23-hyperv neutron-server[105139]: DEBUG neutron_lib.callbacks.manager [None req-3ef0c8c6-7f2c-414d-8972-66fab6a7f4b3 None None] Publish callbacks [] for ovs_bridge_name (None), before_read {{(pid=105139) _notify_loop /usr/local/lib/python3.8/dist-packages/neutron_lib/callbacks/manager.py:176}}
Jul 21 13:14:55.375985 dv-neutron-841838-23-hyperv neutron-server[105139]: DEBUG neutron.plugins.ml2.drivers.mech_agent [None req-3ef0c8c6-7f2c-414d-8972-66fab6a7f4b3 None None] Bound using segment: {'id': '0a898c8a-782a-497d-ad28-528e019930fc', 'network_type': 'vlan', 'physical_network': 'physnet1', 'segmentation_id': 904, 'network_id': '31bed99c-81b8-49ab-aa8b-5b7c4afc87fc'} {{(pid=105139) bind_port /opt/stack/neutron/neutron/plugins/ml2/drivers/mech_agent.py:120}}
Jul 21 13:14:55.375985 dv-neutron-841838-23-hyperv neutron-server[105139]: DEBUG neutron.plugins.ml2.managers [None req-3ef0c8c6-7f2c-414d-8972-66fab6a7f4b3 None None] Bound port: 72e9fe1e-6f22-4ed0-81f1-e337c52da6be, host: dv-neutron-841838-23-hyperv, vif_type: ovs, vif_details: {"connectivity": "l2", "port_filter": true, "ovs_hybrid_plug": false, "datapath_type": "system", "bridge_name": "br-int"}, binding_levels: [{'bound_driver': 'openvswitch', 'bound_segment': {'id': '0a898c8a-782a-497d-ad28-528e019930fc', 'network_type': 'vlan', 'physical_network': 'physnet1', 'segmentation_id': 904, 'network_id': '31bed99c-81b8-49ab-aa8b-5b7c4afc87fc'}}] {{(pid=105139) _bind_port_level /opt/stack/neutron/neutron/plugins/ml2/managers.py:947}}
Jul 21 13:14:55.375985 dv-neutron-841838-23-hyperv neutron-server[105139]: DEBUG neutron_lib.callbacks.manager [None req-3ef0c8c6-7f2c-414d-8972-66fab6a7f4b3 None None] Publish callbacks ['neutron.plugins.ml2.plugin.SecurityGroupDbMixin._ensure_default_security_group_handler-3567622'] for port (72e9fe1e-6f22-4ed0-81f1-e337c52da6be), before_update {{(pid=105139) _notify_loop /usr/local/lib/python3.8/dist-packages/neutron_lib/callbacks/manager.py:176}}
Jul 21 13:14:55.447936 dv-neutron-841838-23-hyperv neutron-server[105139]: DEBUG neutron.plugins.ml2.db [None req-3ef0c8c6-7f2c-414d-8972-66fab6a7f4b3 None None] For port 72e9fe1e-6f22-4ed0-81f1-e337c52da6be, host dv-neutron-841838-23-hyperv, cleared binding levels {{(pid=105139) clear_binding_levels /opt/stack/neutron/neutron/plugins/ml2/db.py:87}}
Jul 21 13:14:55.451767 dv-neutron-841838-23-hyperv neutron-server[105139]: DEBUG neutron.plugins.ml2.db [None req-3ef0c8c6-7f2c-414d-8972-66fab6a7f4b3 None None] For port 72e9fe1e-6f22-4ed0-81f1-e337c52da6be, host dv-neutron-841838-23-hyperv, set binding levels [PortBindingLevel(driver='openvswitch',host='dv-neutron-841838-23-hyperv',level=0,port_id=72e9fe1e-6f22-4ed0-81f1-e337c52da6be,segment=NetworkSegment(0a898c8a-782a-497d-ad28-528e019930fc),segment_id=0a898c8a-782a-497d-ad28-528e019930fc)] {{(pid=105139) set_binding_levels /opt/stack/neutron/neutron/plugins/ml2/db.py:59}}
Jul 21 13:14:55.460004 dv-neutron-841838-23-hyperv neutron-server[105137]: DEBUG neutron_lib.callbacks.manager [None req-18ecc3f1-23a6-482f-96ed-cea0b8840f15 tempest-RoutersAdminTest-579005000 tempest-RoutersAdminTest-579005000-project] Publish callbacks [] for router_gateway (1b526d27-dcc3-48d2-bd25-2875e52430f9), before_create {{(pid=105137) _notify_loop /usr/local/lib/python3.8/dist-packages/neutron_lib/callbacks/manager.py:176}}
Jul 21 13:14:55.482044 dv-neutron-841838-23-hyperv neutron-server[105137]: DEBUG neutron_lib.callbacks.manager [None req-18ecc3f1-23a6-482f-96ed-cea0b8840f15 tempest-RoutersAdminTest-579005000 tempest-RoutersAdminTest-579005000-project] Publish callbacks ['neutron.plugins.ml2.plugin.SecurityGroupDbMixin._ensure_default_security_group_handler-3567622'] for port (None), before_create {{(pid=105137) _notify_loop /usr/local/lib/python3.8/dist-packages/neutron_lib/callbacks/manager.py:176}}
Jul 21 13:14:55.515491 dv-neutron-841838-23-hyperv neutron-server[105139]: DEBUG neutron_lib.callbacks.manager [None req-3ef0c8c6-7f2c-414d-8972-66fab6a7f4b3 None None] Publish callbacks ['neutron.plugins.ml2.plugin.SecurityGroupServerNotifierRpcMixin._notify_sg_on_port_change-3567687', 'neutron.plugins.ml2.ovo_rpc._ObjectChangeHandler.handle_event-959381', 'neutron.api.rpc.agentnotifiers.dhcp_rpc_agent_api.DhcpAgentNotifyAPI._native_event_send_dhcp_notification-619747', 'neutron.db.l3_db.L3RpcNotifierMixin._notify_gateway_port_ip_changed-8780957357258', 'neutron.db.l3_dvrscheduler_db._notify_l3_agent_port_update-8780956915204', 'neutron.db.l3_hascheduler_db._notify_l3_agent_ha_port_update-8780956915222'] for port (72e9fe1e-6f22-4ed0-81f1-e337c52da6be), after_update {{(pid=105139) _notify_loop /usr/local/lib/python3.8/dist-packages/neutron_lib/callbacks/manager.py:176}}
Jul 21 13:14:55.607005 dv-neutron-841838-23-hyperv neutron-server[105139]: DEBUG neutron.api.rpc.handlers.resources_rpc [None req-3ef0c8c6-7f2c-414d-8972-66fab6a7f4b3 None None] Pushing event updated for resources: {'Port': ['ID=72e9fe1e-6f22-4ed0-81f1-e337c52da6be,revision_number=2']} {{(pid=105139) push /opt/stack/neutron/neutron/api/rpc/handlers/resources_rpc.py:237}}
Jul 21 13:14:55.624761 dv-neutron-841838-23-hyperv neutron-server[105137]: DEBUG neutron.db.db_base_plugin_common [None req-18ecc3f1-23a6-482f-96ed-cea0b8840f15 tempest-RoutersAdminTest-579005000 tempest-RoutersAdminTest-579005000-project] Allocated IP 172.26.1.74 (d8ace0aa-09a7-4f56-9649-9e63541bd4b4/a69f2a07-3a9d-4ae4-bf09-1f37c17c5e5d/5273efd0-7b2e-4bcc-ad57-83c20f8d9da0) {{(pid=105137) _store_ip_allocation /opt/stack/neutron/neutron/db/db_base_plugin_common.py:131}}
Jul 21 13:14:55.696423 dv-neutron-841838-23-hyperv neutron-server[105138]: INFO neutron.wsgi [None req-628a8613-8d0d-4395-b666-0dc58930d587 tempest-QuotasTest-1841325664 tempest-QuotasTest-1841325664-project-admin] 10.222.0.64 "GET /v2.0/quotas/f5c3f713a7a04e798e7608abaef374de HTTP/1.1" status: 200 len: 370 time: 0.3442409
Jul 21 13:14:55.703736 dv-neutron-841838-23-hyperv neutron-server[105137]: DEBUG neutron.wsgi [-] (105137) accepted ('10.222.0.64', 54762) {{(pid=105137) server /usr/local/lib/python3.8/dist-packages/eventlet/wsgi.py:1004}}
Jul 21 13:14:55.711432 dv-neutron-841838-23-hyperv neutron-server[105137]: INFO neutron.wsgi [None req-0ccdf447-e692-4a50-a899-74b52fdb2e6d tempest-QuotasTest-1841325664 tempest-QuotasTest-1841325664-project-admin] 10.222.0.64 "GET /v2.0/quotas/f5c3f713a7a04e798e7608abaef374de/default HTTP/1.1" status: 200 len: 370 time: 0.0039172
Jul 21 13:14:55.712405 dv-neutron-841838-23-hyperv neutron-server[105137]: DEBUG neutron.wsgi [-] (105137) accepted ('10.222.0.64', 54764) {{(pid=105137) server /usr/local/lib/python3.8/dist-packages/eventlet/wsgi.py:1004}}
Jul 21 13:14:55.723826 dv-neutron-841838-23-hyperv neutron-server[105137]: INFO neutron.api.v2.resource [None req-85f15b1d-942a-4e6f-bc55-b5acc5c52491 tempest-QuotasTest-1841325664 tempest-QuotasTest-1841325664-project-admin] delete failed (client error): The resource could not be found.
Jul 21 13:14:55.724853 dv-neutron-841838-23-hyperv neutron-server[105137]: INFO neutron.wsgi [None req-85f15b1d-942a-4e6f-bc55-b5acc5c52491 tempest-QuotasTest-1841325664 tempest-QuotasTest-1841325664-project-admin] 10.222.0.64 "DELETE /v2.0/quotas/f5c3f713a7a04e798e7608abaef374de HTTP/1.1" status: 404 len: 348 time: 0.0122912
Jul 21 13:14:55.725144 dv-neutron-841838-23-hyperv neutron-server[105138]: DEBUG neutron.pecan_wsgi.hooks.quota_enforcement [None req-5c0bf8a1-081e-4497-9b8c-63273c87fdbe tempest-NetworksTestDHCPv6-1984643746 tempest-NetworksTestDHCPv6-1984643746-project] Made reservation on behalf of 029394a22f5d43389744ab57b44b4f37 for: {'port': 1} {{(pid=105138) before /opt/stack/neutron/neutron/pecan_wsgi/hooks/quota_enforcement.py:53}}
Jul 21 13:14:55.728877 dv-neutron-841838-23-hyperv neutron-server[105138]: DEBUG neutron_lib.callbacks.manager [None req-5c0bf8a1-081e-4497-9b8c-63273c87fdbe tempest-NetworksTestDHCPv6-1984643746 tempest-NetworksTestDHCPv6-1984643746-project] Publish callbacks ['neutron.plugins.ml2.plugin.SecurityGroupDbMixin._ensure_default_security_group_handler-3567622'] for port (None), before_create {{(pid=105138) _notify_loop /usr/local/lib/python3.8/dist-packages/neutron_lib/callbacks/manager.py:176}}
Jul 21 13:14:55.742256 dv-neutron-841838-23-hyperv neutron-server[105138]: DEBUG neutron_lib.callbacks.manager [None req-05e365d3-3be0-451e-ad77-8df231c88806 tempest-BulkNetworkOpsIpV6Test-67408818 tempest-BulkNetworkOpsIpV6Test-67408818-project] Publish callbacks ['neutron.plugins.ml2.plugin.Ml2Plugin._network_delete_precommit_handler-3622582', 'neutron.services.segments.db._delete_segments_for_network-8780957381708'] for network (8d117fa5-373b-4ddf-8cec-ad51cdd69b22), precommit_delete {{(pid=105138) _notify_loop /usr/local/lib/python3.8/dist-packages/neutron_lib/callbacks/manager.py:176}}
Jul 21 13:14:55.771375 dv-neutron-841838-23-hyperv neutron-server[105137]: DEBUG neutron.wsgi [-] (105137) accepted ('10.222.0.64', 54768) {{(pid=105137) server /usr/local/lib/python3.8/dist-packages/eventlet/wsgi.py:1004}}
Jul 21 13:14:55.791444 dv-neutron-841838-23-hyperv neutron-server[105137]: DEBUG neutron_lib.callbacks.manager [None req-18ecc3f1-23a6-482f-96ed-cea0b8840f15 tempest-RoutersAdminTest-579005000 tempest-RoutersAdminTest-579005000-project] Publish callbacks [] for port (5273efd0-7b2e-4bcc-ad57-83c20f8d9da0), precommit_create {{(pid=105137) _notify_loop /usr/local/lib/python3.8/dist-packages/neutron_lib/callbacks/manager.py:176}}
Jul 21 13:14:55.794192 dv-neutron-841838-23-hyperv neutron-server[105138]: DEBUG neutron_lib.callbacks.manager [None req-aec5e03a-cfa8-41f8-b8b1-b7e4930d1573 tempest-FloatingIPAdminTestJSON-1118960669 tempest-FloatingIPAdminTestJSON-1118960669-project] Publish callbacks [] for port (44d43c57-3292-412c-9160-9b686bfcf571), precommit_create {{(pid=105138) _notify_loop /usr/local/lib/python3.8/dist-packages/neutron_lib/callbacks/manager.py:176}}
Jul 21 13:14:55.872909 dv-neutron-841838-23-hyperv neutron-server[105138]: DEBUG neutron.notifiers.nova [None req-5c0bf8a1-081e-4497-9b8c-63273c87fdbe tempest-NetworksTestDHCPv6-1984643746 tempest-NetworksTestDHCPv6-1984643746-project] device_id is not set on port 3938c701-beec-4699-9eaa-a2614300ff1f yet. {{(pid=105138) _can_notify /opt/stack/neutron/neutron/notifiers/nova.py:199}}
Jul 21 13:14:55.877859 dv-neutron-841838-23-hyperv neutron-server[105137]: DEBUG dbcounter [-] [105137] Writing DB stats neutron:SELECT=83,neutron:DELETE=12,neutron:UPDATE=3,neutron:INSERT=2 {{(pid=105137) stat_writer /usr/local/lib/python3.8/dist-packages/dbcounter.py:114}}
Jul 21 13:14:55.923546 dv-neutron-841838-23-hyperv neutron-server[105139]: DEBUG neutron_lib.callbacks.manager [None req-85262dd6-98fa-44a9-85e9-79c66dbf977c None None] Publish callbacks ['neutron.services.segments.db._update_segment_host_mapping_for_agent-8780957381690', 'neutron.plugins.ml2.plugin.Ml2Plugin._retry_binding_revived_agents-3625077'] for agent (bb2d6d01-a088-42f6-8dfd-8f5fa76bfcf3), after_update {{(pid=105139) _notify_loop /usr/local/lib/python3.8/dist-packages/neutron_lib/callbacks/manager.py:176}}
Jul 21 13:14:55.925052 dv-neutron-841838-23-hyperv neutron-server[105138]: DEBUG neutron.services.segments.db [None req-05e365d3-3be0-451e-ad77-8df231c88806 tempest-BulkNetworkOpsIpV6Test-67408818 tempest-BulkNetworkOpsIpV6Test-67408818-project] neutron.services.segments.plugin.Plugin method get_segments called with arguments (,) {'filters': {'network_id': ['8d117fa5-373b-4ddf-8cec-ad51cdd69b22']}} {{(pid=105138) wrapper /usr/local/lib/python3.8/dist-packages/oslo_log/helpers.py:65}}
Jul 21 13:14:55.976262 dv-neutron-841838-23-hyperv neutron-server[105138]: INFO neutron.wsgi [req-80587428-bb65-40b8-9b46-18641b77e376 req-b4c4f138-55f7-4cac-86ce-ffdf17c7d95b service neutron] 10.222.0.64 "GET /v2.0/networks/0098a9f0-564d-4920-b498-2930ccbec31b?fields=provider%3Aphysical_network&fields=provider%3Anetwork_type HTTP/1.1" status: 200 len: 281 time: 0.6846137
Jul 21 13:14:55.978114 dv-neutron-841838-23-hyperv neutron-server[105138]: DEBUG neutron.services.segments.db [None req-05e365d3-3be0-451e-ad77-8df231c88806 tempest-BulkNetworkOpsIpV6Test-67408818 tempest-BulkNetworkOpsIpV6Test-67408818-project] neutron.services.segments.plugin.Plugin method delete_segment called with arguments (, 'f96cc4cb-6c25-4a52-8b58-e064fc8e4a77') {'for_net_delete': True} {{(pid=105138) wrapper /usr/local/lib/python3.8/dist-packages/oslo_log/helpers.py:65}}
Jul 21 13:14:55.978464 dv-neutron-841838-23-hyperv neutron-server[105138]: DEBUG neutron.services.segments.db [None req-05e365d3-3be0-451e-ad77-8df231c88806 tempest-BulkNetworkOpsIpV6Test-67408818 tempest-BulkNetworkOpsIpV6Test-67408818-project] neutron.services.segments.plugin.Plugin method get_segment called with arguments (, 'f96cc4cb-6c25-4a52-8b58-e064fc8e4a77') {} {{(pid=105138) wrapper /usr/local/lib/python3.8/dist-packages/oslo_log/helpers.py:65}}
Jul 21 13:14:56.004322 dv-neutron-841838-23-hyperv neutron-server[105138]: DEBUG neutron_lib.callbacks.manager [None req-05e365d3-3be0-451e-ad77-8df231c88806 tempest-BulkNetworkOpsIpV6Test-67408818 tempest-BulkNetworkOpsIpV6Test-67408818-project] Publish callbacks ['neutron.plugins.ml2.db._prevent_segment_delete_with_port_bound-8780957380581', 'neutron.services.segments.plugin.Plugin._prevent_segment_delete_with_subnet_associated-4934828'] for segment (f96cc4cb-6c25-4a52-8b58-e064fc8e4a77), before_delete {{(pid=105138) _notify_loop /usr/local/lib/python3.8/dist-packages/neutron_lib/callbacks/manager.py:176}}
Jul 21 13:14:56.007586 dv-neutron-841838-23-hyperv neutron-server[105137]: INFO neutron.wsgi [None req-c245cdd9-1ec0-4473-aeae-2468b34b81f2 admin admin] 10.222.0.64 "GET /v2.0/security-groups?tenant_id=c645d25c49544bcd87a2ac5a4767b301&name=default HTTP/1.1" status: 200 len: 2992 time: 0.2324324
Jul 21 13:14:56.009342 dv-neutron-841838-23-hyperv neutron-server[105137]: DEBUG neutron_lib.callbacks.manager [None req-18ecc3f1-23a6-482f-96ed-cea0b8840f15 tempest-RoutersAdminTest-579005000 tempest-RoutersAdminTest-579005000-project] Publish callbacks ['neutron.plugins.ml2.plugin.SecurityGroupServerNotifierRpcMixin._notify_sg_on_port_change-3567687', 'neutron.plugins.ml2.ovo_rpc._ObjectChangeHandler.handle_event-959381', 'neutron.api.rpc.agentnotifiers.dhcp_rpc_agent_api.DhcpAgentNotifyAPI._native_event_send_dhcp_notification-619747', 'neutron.db.l3_dvrscheduler_db._notify_l3_agent_new_port-8780956914926', 'neutron.services.segments.plugin.NovaSegmentNotifier._notify_port_created_or_deleted-10791283'] for port (5273efd0-7b2e-4bcc-ad57-83c20f8d9da0), after_create {{(pid=105137) _notify_loop /usr/local/lib/python3.8/dist-packages/neutron_lib/callbacks/manager.py:176}}
Jul 21 13:14:56.011456 dv-neutron-841838-23-hyperv neutron-server[105137]: DEBUG neutron.wsgi [-] (105137) accepted ('10.222.0.64', 54772) {{(pid=105137) server /usr/local/lib/python3.8/dist-packages/eventlet/wsgi.py:1004}}
Jul 21 13:14:56.057269 dv-neutron-841838-23-hyperv neutron-server[105138]: DEBUG neutron_lib.callbacks.manager [None req-05e365d3-3be0-451e-ad77-8df231c88806 tempest-BulkNetworkOpsIpV6Test-67408818 tempest-BulkNetworkOpsIpV6Test-67408818-project] Publish callbacks ['neutron.plugins.ml2.plugin.Ml2Plugin._handle_segment_change-3555836'] for segment (f96cc4cb-6c25-4a52-8b58-e064fc8e4a77), precommit_delete {{(pid=105138) _notify_loop /usr/local/lib/python3.8/dist-packages/neutron_lib/callbacks/manager.py:176}}
Jul 21 13:14:56.089018 dv-neutron-841838-23-hyperv neutron-server[105137]: DEBUG neutron.scheduler.dhcp_agent_scheduler [None req-18ecc3f1-23a6-482f-96ed-cea0b8840f15 tempest-RoutersAdminTest-579005000 tempest-RoutersAdminTest-579005000-project] Network d8ace0aa-09a7-4f56-9649-9e63541bd4b4 is already hosted by enough agents. {{(pid=105137) _get_dhcp_agents_hosting_network /opt/stack/neutron/neutron/scheduler/dhcp_agent_scheduler.py:275}}
Jul 21 13:14:56.105132 dv-neutron-841838-23-hyperv neutron-server[105137]: DEBUG neutron.scheduler.base_scheduler [None req-18ecc3f1-23a6-482f-96ed-cea0b8840f15 tempest-RoutersAdminTest-579005000 tempest-RoutersAdminTest-579005000-project] Resources bound (agent type, host, resource id): {{(pid=105137) schedule /opt/stack/neutron/neutron/scheduler/base_scheduler.py:57}}
Jul 21 13:14:56.114212 dv-neutron-841838-23-hyperv neutron-server[105138]: DEBUG neutron.plugins.ml2.drivers.type_vlan [None req-05e365d3-3be0-451e-ad77-8df231c88806 tempest-BulkNetworkOpsIpV6Test-67408818 tempest-BulkNetworkOpsIpV6Test-67408818-project] Releasing vlan 941 on physical network physnet1 to pool {{(pid=105138) release_segment /opt/stack/neutron/neutron/plugins/ml2/drivers/type_vlan.py:304}}
Jul 21 13:14:56.115086 dv-neutron-841838-23-hyperv neutron-server[105138]: DEBUG neutron_lib.callbacks.manager [None req-05e365d3-3be0-451e-ad77-8df231c88806 tempest-BulkNetworkOpsIpV6Test-67408818 tempest-BulkNetworkOpsIpV6Test-67408818-project] Publish callbacks ['neutron.plugins.ml2.plugin.Ml2Plugin._handle_segment_change-3555836', 'neutron.services.segments.plugin.NovaSegmentNotifier._notify_segment_deleted-4887723'] for segment (f96cc4cb-6c25-4a52-8b58-e064fc8e4a77), after_delete {{(pid=105138) _notify_loop /usr/local/lib/python3.8/dist-packages/neutron_lib/callbacks/manager.py:176}}
Jul 21 13:14:56.115206 dv-neutron-841838-23-hyperv neutron-server[105137]: DEBUG neutron.db.l3_dvrscheduler_db [None req-18ecc3f1-23a6-482f-96ed-cea0b8840f15 tempest-RoutersAdminTest-579005000 tempest-RoutersAdminTest-579005000-project] Received port after_create {{(pid=105137) _notify_l3_agent_new_port /opt/stack/neutron/neutron/db/l3_dvrscheduler_db.py:542}}
Jul 21 13:14:56.117282 dv-neutron-841838-23-hyperv neutron-server[105137]: DEBUG dbcounter [-] [105137] Writing DB stats neutron:SELECT=90,neutron:INSERT=5,neutron:UPDATE=3,neutron:DELETE=2 {{(pid=105137) stat_writer /usr/local/lib/python3.8/dist-packages/dbcounter.py:114}}
Jul 21 13:14:56.142402 dv-neutron-841838-23-hyperv neutron-server[105137]: DEBUG neutron.api.rpc.handlers.resources_rpc [None req-18ecc3f1-23a6-482f-96ed-cea0b8840f15 tempest-RoutersAdminTest-579005000 tempest-RoutersAdminTest-579005000-project] Pushing event updated for resources: {'Port': ['ID=5273efd0-7b2e-4bcc-ad57-83c20f8d9da0,revision_number=1']} {{(pid=105137) push /opt/stack/neutron/neutron/api/rpc/handlers/resources_rpc.py:237}}
Jul 21 13:14:56.161176 dv-neutron-841838-23-hyperv neutron-server[105137]: DEBUG neutron_lib.callbacks.manager [None req-3834c277-9bd2-4690-8125-aa6c329d867a admin admin] Publish callbacks [] for security_group (0280f9c5-bfd6-4cce-a2c8-a191b5659d33), before_delete {{(pid=105137) _notify_loop /usr/local/lib/python3.8/dist-packages/neutron_lib/callbacks/manager.py:176}}
Jul 21 13:14:56.194964 dv-neutron-841838-23-hyperv neutron-server[105138]: DEBUG dbcounter [-] [105138] Writing DB stats neutron:SELECT=98,neutron:INSERT=2 {{(pid=105138) stat_writer /usr/local/lib/python3.8/dist-packages/dbcounter.py:114}}
Jul 21 13:14:56.199636 dv-neutron-841838-23-hyperv neutron-server[105138]: DEBUG neutron_lib.callbacks.manager [None req-aec5e03a-cfa8-41f8-b8b1-b7e4930d1573 tempest-FloatingIPAdminTestJSON-1118960669 tempest-FloatingIPAdminTestJSON-1118960669-project] Publish callbacks ['neutron.plugins.ml2.plugin.SecurityGroupServerNotifierRpcMixin._notify_sg_on_port_change-3567687', 'neutron.plugins.ml2.ovo_rpc._ObjectChangeHandler.handle_event-959381', 'neutron.api.rpc.agentnotifiers.dhcp_rpc_agent_api.DhcpAgentNotifyAPI._native_event_send_dhcp_notification-619747', 'neutron.db.l3_dvrscheduler_db._notify_l3_agent_new_port-8780956914926', 'neutron.services.segments.plugin.NovaSegmentNotifier._notify_port_created_or_deleted-4887804'] for port (44d43c57-3292-412c-9160-9b686bfcf571), after_create {{(pid=105138) _notify_loop /usr/local/lib/python3.8/dist-packages/neutron_lib/callbacks/manager.py:176}}
Jul 21 13:14:56.216480 dv-neutron-841838-23-hyperv neutron-server[105138]: DEBUG neutron.wsgi [-] (105138) accepted ('10.222.0.64', 54774) {{(pid=105138) server /usr/local/lib/python3.8/dist-packages/eventlet/wsgi.py:1004}}
Jul 21 13:14:56.286258 dv-neutron-841838-23-hyperv neutron-server[105138]: DEBUG neutron.db.db_base_plugin_common [None req-5c0bf8a1-081e-4497-9b8c-63273c87fdbe tempest-NetworksTestDHCPv6-1984643746 tempest-NetworksTestDHCPv6-1984643746-project] Allocated IP 2001:db8::2c2 (31bed99c-81b8-49ab-aa8b-5b7c4afc87fc/74b91f7b-7aaa-4483-8f60-9c1bda035366/3938c701-beec-4699-9eaa-a2614300ff1f) {{(pid=105138) _store_ip_allocation /opt/stack/neutron/neutron/db/db_base_plugin_common.py:131}}
Jul 21 13:14:56.291502 dv-neutron-841838-23-hyperv neutron-server[105137]: DEBUG neutron_lib.callbacks.manager [None req-3834c277-9bd2-4690-8125-aa6c329d867a admin admin] Publish callbacks [] for security_group (0280f9c5-bfd6-4cce-a2c8-a191b5659d33), precommit_delete {{(pid=105137) _notify_loop /usr/local/lib/python3.8/dist-packages/neutron_lib/callbacks/manager.py:176}}
Jul 21 13:14:56.318716 dv-neutron-841838-23-hyperv neutron-server[105138]: DEBUG neutron.scheduler.dhcp_agent_scheduler [None req-aec5e03a-cfa8-41f8-b8b1-b7e4930d1573 tempest-FloatingIPAdminTestJSON-1118960669 tempest-FloatingIPAdminTestJSON-1118960669-project] Network f9eec42c-7ee1-40df-9eab-6493a6fa79e2 is already hosted by enough agents. {{(pid=105138) _get_dhcp_agents_hosting_network /opt/stack/neutron/neutron/scheduler/dhcp_agent_scheduler.py:275}}
Jul 21 13:14:56.346944 dv-neutron-841838-23-hyperv neutron-server[105138]: DEBUG neutron_lib.callbacks.manager [None req-5abca61a-cb3b-44d8-8ab9-26a130575cef tempest-FloatingIPNegativeTestJSON-544536117 tempest-FloatingIPNegativeTestJSON-544536117-project] Publish callbacks [] for port (7bb9b1d2-a4ab-4109-b624-d487c04590ce), precommit_update {{(pid=105138) _notify_loop /usr/local/lib/python3.8/dist-packages/neutron_lib/callbacks/manager.py:176}}
Jul 21 13:14:56.352814 dv-neutron-841838-23-hyperv neutron-server[105138]: DEBUG neutron.scheduler.base_scheduler [None req-aec5e03a-cfa8-41f8-b8b1-b7e4930d1573 tempest-FloatingIPAdminTestJSON-1118960669 tempest-FloatingIPAdminTestJSON-1118960669-project] Resources bound (agent type, host, resource id): {{(pid=105138) schedule /opt/stack/neutron/neutron/scheduler/base_scheduler.py:57}}
Jul 21 13:14:56.356393 dv-neutron-841838-23-hyperv neutron-server[105138]: DEBUG neutron.quota.resource [None req-170c7ee9-4477-43fe-8149-8d8624a62bef tempest-QuotasTest-1841325664 tempest-QuotasTest-1841325664-project-admin] Usage tracker for resource:network and project:5507d63debe04a3ba92e1a8731e43602 is out of sync, need to count used quota {{(pid=105138) count_used /opt/stack/neutron/neutron/quota/resource.py:292}}
Jul 21 13:14:56.367858 dv-neutron-841838-23-hyperv neutron-server[105138]: DEBUG neutron.db.l3_dvrscheduler_db [None req-aec5e03a-cfa8-41f8-b8b1-b7e4930d1573 tempest-FloatingIPAdminTestJSON-1118960669 tempest-FloatingIPAdminTestJSON-1118960669-project] Received port after_create {{(pid=105138) _notify_l3_agent_new_port /opt/stack/neutron/neutron/db/l3_dvrscheduler_db.py:542}}
Jul 21 13:14:56.367858 dv-neutron-841838-23-hyperv neutron-server[105138]: DEBUG neutron.quota.resource [None req-170c7ee9-4477-43fe-8149-8d8624a62bef tempest-QuotasTest-1841325664 tempest-QuotasTest-1841325664-project-admin] Quota usage for network was recalculated. Used quota:0. {{(pid=105138) count_used /opt/stack/neutron/neutron/quota/resource.py:313}}
Jul 21 13:14:56.379084 dv-neutron-841838-23-hyperv neutron-server[105138]: DEBUG neutron_lib.callbacks.manager [None req-05e365d3-3be0-451e-ad77-8df231c88806 tempest-BulkNetworkOpsIpV6Test-67408818 tempest-BulkNetworkOpsIpV6Test-67408818-project] Publish callbacks ['neutron.plugins.ml2.plugin.Ml2Plugin._network_delete_after_delete_handler-3622529', 'neutron.plugins.ml2.ovo_rpc._ObjectChangeHandler.handle_event-425056', 'neutron.api.rpc.agentnotifiers.dhcp_rpc_agent_api.DhcpAgentNotifyAPI._native_event_send_dhcp_notification-619747', 'neutron.services.l3_router.l3_router_plugin.DVRResourceOperationHandler.delete_fip_namespaces_for_ext_net-582242'] for network (8d117fa5-373b-4ddf-8cec-ad51cdd69b22), after_delete {{(pid=105138) _notify_loop /usr/local/lib/python3.8/dist-packages/neutron_lib/callbacks/manager.py:176}}
Jul 21 13:14:56.431405 dv-neutron-841838-23-hyperv neutron-server[105138]: DEBUG neutron_lib.callbacks.manager [None req-05e365d3-3be0-451e-ad77-8df231c88806 tempest-BulkNetworkOpsIpV6Test-67408818 tempest-BulkNetworkOpsIpV6Test-67408818-project] Publish callbacks ['neutron.api.rpc.agentnotifiers.dhcp_rpc_agent_api.DhcpAgentNotifyAPI._send_dhcp_notification-619761'] for network (None), before_response {{(pid=105138) _notify_loop /usr/local/lib/python3.8/dist-packages/neutron_lib/callbacks/manager.py:176}}
Jul 21 13:14:56.452869 dv-neutron-841838-23-hyperv neutron-server[105138]: INFO neutron.wsgi [None req-05e365d3-3be0-451e-ad77-8df231c88806 tempest-BulkNetworkOpsIpV6Test-67408818 tempest-BulkNetworkOpsIpV6Test-67408818-project] 10.222.0.64 "DELETE /v2.0/networks/8d117fa5-373b-4ddf-8cec-ad51cdd69b22 HTTP/1.1" status: 204 len: 168 time: 1.6492562
Jul 21 13:14:56.464847 dv-neutron-841838-23-hyperv neutron-server[105138]: DEBUG neutron_lib.callbacks.manager [None req-5abca61a-cb3b-44d8-8ab9-26a130575cef tempest-FloatingIPNegativeTestJSON-544536117 tempest-FloatingIPNegativeTestJSON-544536117-project] Publish callbacks ['neutron.plugins.ml2.plugin.SecurityGroupServerNotifierRpcMixin._notify_sg_on_port_change-3567687', 'neutron.plugins.ml2.ovo_rpc._ObjectChangeHandler.handle_event-959381', 'neutron.api.rpc.agentnotifiers.dhcp_rpc_agent_api.DhcpAgentNotifyAPI._native_event_send_dhcp_notification-619747', 'neutron.db.l3_db.L3RpcNotifierMixin._notify_gateway_port_ip_changed-8780957357258', 'neutron.db.l3_dvrscheduler_db._notify_l3_agent_port_update-8780956915204', 'neutron.db.l3_hascheduler_db._notify_l3_agent_ha_port_update-8780956915222', 'neutron.services.segments.plugin.NovaSegmentNotifier._notify_port_updated-4887751'] for port (7bb9b1d2-a4ab-4109-b624-d487c04590ce), after_update {{(pid=105138) _notify_loop /usr/local/lib/python3.8/dist-packages/neutron_lib/callbacks/manager.py:176}}
Jul 21 13:14:56.475363 dv-neutron-841838-23-hyperv neutron-server[105138]: DEBUG neutron.wsgi [-] (105138) accepted ('10.222.0.64', 54798) {{(pid=105138) server /usr/local/lib/python3.8/dist-packages/eventlet/wsgi.py:1004}}
Jul 21 13:14:56.506864 dv-neutron-841838-23-hyperv neutron-server[105138]: DEBUG neutron.api.rpc.handlers.resources_rpc [None req-aec5e03a-cfa8-41f8-b8b1-b7e4930d1573 tempest-FloatingIPAdminTestJSON-1118960669 tempest-FloatingIPAdminTestJSON-1118960669-project] Pushing event updated for resources: {'Port': ['ID=44d43c57-3292-412c-9160-9b686bfcf571,revision_number=1']} {{(pid=105138) push /opt/stack/neutron/neutron/api/rpc/handlers/resources_rpc.py:237}}
Jul 21 13:14:56.526060 dv-neutron-841838-23-hyperv neutron-server[105138]: DEBUG neutron.api.rpc.handlers.resources_rpc [None req-05e365d3-3be0-451e-ad77-8df231c88806 tempest-BulkNetworkOpsIpV6Test-67408818 tempest-BulkNetworkOpsIpV6Test-67408818-project] Pushing event deleted for resources: {'Network': ['ID=8d117fa5-373b-4ddf-8cec-ad51cdd69b22,revision_number=None']} {{(pid=105138) push /opt/stack/neutron/neutron/api/rpc/handlers/resources_rpc.py:237}}
Jul 21 13:14:56.574118 dv-neutron-841838-23-hyperv neutron-server[105138]: DEBUG neutron.quota.resource [None req-170c7ee9-4477-43fe-8149-8d8624a62bef tempest-QuotasTest-1841325664 tempest-QuotasTest-1841325664-project-admin] Usage tracker for resource:subnet and project:5507d63debe04a3ba92e1a8731e43602 is out of sync, need to count used quota {{(pid=105138) count_used /opt/stack/neutron/neutron/quota/resource.py:292}}
Jul 21 13:14:56.577660 dv-neutron-841838-23-hyperv neutron-server[105138]: DEBUG neutron.quota.resource [None req-170c7ee9-4477-43fe-8149-8d8624a62bef tempest-QuotasTest-1841325664 tempest-QuotasTest-1841325664-project-admin] Quota usage for subnet was recalculated. Used quota:0. {{(pid=105138) count_used /opt/stack/neutron/neutron/quota/resource.py:313}}
Jul 21 13:14:56.609006 dv-neutron-841838-23-hyperv neutron-server[105138]: DEBUG neutron.wsgi [-] (105138) accepted ('10.222.0.64', 54800) {{(pid=105138) server /usr/local/lib/python3.8/dist-packages/eventlet/wsgi.py:1004}}
Jul 21 13:14:56.741744 dv-neutron-841838-23-hyperv neutron-server[105138]: DEBUG neutron.quota.resource [None req-170c7ee9-4477-43fe-8149-8d8624a62bef tempest-QuotasTest-1841325664 tempest-QuotasTest-1841325664-project-admin] Usage tracker for resource:subnetpool and project:5507d63debe04a3ba92e1a8731e43602 is out of sync, need to count used quota {{(pid=105138) count_used /opt/stack/neutron/neutron/quota/resource.py:292}}
Jul 21 13:14:56.751322 dv-neutron-841838-23-hyperv neutron-server[105138]: DEBUG neutron.pecan_wsgi.hooks.policy_enforcement [None req-aec5e03a-cfa8-41f8-b8b1-b7e4930d1573 tempest-FloatingIPAdminTestJSON-1118960669 tempest-FloatingIPAdminTestJSON-1118960669-project] Attributes excluded by policy engine: ['standard_attr_id', 'binding:profile', 'binding:host_id', 'binding:vif_type', 'binding:vif_details', 'network'] {{(pid=105138) _exclude_attributes_by_policy /opt/stack/neutron/neutron/pecan_wsgi/hooks/policy_enforcement.py:259}}
Jul 21 13:14:56.752011 dv-neutron-841838-23-hyperv neutron-server[105138]: DEBUG neutron_lib.callbacks.manager [None req-aec5e03a-cfa8-41f8-b8b1-b7e4930d1573 tempest-FloatingIPAdminTestJSON-1118960669 tempest-FloatingIPAdminTestJSON-1118960669-project] Publish callbacks ['neutron.notifiers.nova.Notifier._send_nova_notification-1016258'] for port (None), before_response {{(pid=105138) _notify_loop /usr/local/lib/python3.8/dist-packages/neutron_lib/callbacks/manager.py:176}}
Jul 21 13:14:56.767777 dv-neutron-841838-23-hyperv neutron-server[105138]: DEBUG neutron.quota.resource [None req-170c7ee9-4477-43fe-8149-8d8624a62bef tempest-QuotasTest-1841325664 tempest-QuotasTest-1841325664-project-admin] Quota usage for subnetpool was recalculated. Used quota:0. {{(pid=105138) count_used /opt/stack/neutron/neutron/quota/resource.py:313}}
Jul 21 13:14:56.820159 dv-neutron-841838-23-hyperv neutron-server[105139]: DEBUG neutron.db.provisioning_blocks [None req-b31d5440-2758-4f89-a8e0-c35491bc992e None None] Provisioning complete for port 44d43c57-3292-412c-9160-9b686bfcf571 triggered by entity DHCP. {{(pid=105139) provisioning_complete /opt/stack/neutron/neutron/db/provisioning_blocks.py:145}}
Jul 21 13:14:56.826996 dv-neutron-841838-23-hyperv neutron-server[105139]: DEBUG neutron_lib.callbacks.manager [None req-b31d5440-2758-4f89-a8e0-c35491bc992e None None] Publish callbacks ['neutron.plugins.ml2.plugin.Ml2Plugin._port_provisioned-3625003'] for port (44d43c57-3292-412c-9160-9b686bfcf571), provisioning_complete {{(pid=105139) _notify_loop /usr/local/lib/python3.8/dist-packages/neutron_lib/callbacks/manager.py:176}}
Jul 21 13:14:56.889331 dv-neutron-841838-23-hyperv neutron-server[105138]: DEBUG neutron.quota.resource [None req-170c7ee9-4477-43fe-8149-8d8624a62bef tempest-QuotasTest-1841325664 tempest-QuotasTest-1841325664-project-admin] Usage tracker for resource:port and project:5507d63debe04a3ba92e1a8731e43602 is out of sync, need to count used quota {{(pid=105138) count_used /opt/stack/neutron/neutron/quota/resource.py:292}}
Jul 21 13:14:56.891851 dv-neutron-841838-23-hyperv neutron-server[105138]: DEBUG neutron.quota.resource [None req-170c7ee9-4477-43fe-8149-8d8624a62bef tempest-QuotasTest-1841325664 tempest-QuotasTest-1841325664-project-admin] Quota usage for port was recalculated. Used quota:0. {{(pid=105138) count_used /opt/stack/neutron/neutron/quota/resource.py:313}}
Jul 21 13:14:56.893916 dv-neutron-841838-23-hyperv neutron-server[105138]: INFO neutron.services.segments.plugin [-] Segment f96cc4cb-6c25-4a52-8b58-e064fc8e4a77 resource provider aggregate not found
Jul 21 13:14:56.904119 dv-neutron-841838-23-hyperv neutron-server[105139]: DEBUG neutron.plugins.ml2.plugin [None req-b31d5440-2758-4f89-a8e0-c35491bc992e None None] Port 44d43c57-3292-412c-9160-9b686bfcf571 cannot update to ACTIVE because it is not bound. {{(pid=105139) _port_provisioned /opt/stack/neutron/neutron/plugins/ml2/plugin.py:348}}
Jul 21 13:14:56.910652 dv-neutron-841838-23-hyperv neutron-server[105137]: DEBUG neutron_lib.callbacks.manager [None req-3834c277-9bd2-4690-8125-aa6c329d867a admin admin] Publish callbacks ['neutron.plugins.ml2.ovo_rpc._ObjectChangeHandler.handle_event-425011'] for security_group (0280f9c5-bfd6-4cce-a2c8-a191b5659d33), after_delete {{(pid=105137) _notify_loop /usr/local/lib/python3.8/dist-packages/neutron_lib/callbacks/manager.py:176}}
Jul 21 13:14:56.913923 dv-neutron-841838-23-hyperv neutron-server[105137]: DEBUG neutron_lib.callbacks.manager [None req-3834c277-9bd2-4690-8125-aa6c329d867a admin admin] Publish callbacks [] for security_group (None), before_response {{(pid=105137) _notify_loop /usr/local/lib/python3.8/dist-packages/neutron_lib/callbacks/manager.py:176}}
Jul 21 13:14:56.914785 dv-neutron-841838-23-hyperv neutron-server[105138]: DEBUG neutron.api.rpc.handlers.resources_rpc [None req-5abca61a-cb3b-44d8-8ab9-26a130575cef tempest-FloatingIPNegativeTestJSON-544536117 tempest-FloatingIPNegativeTestJSON-544536117-project] Pushing event updated for resources: {'Port': ['ID=7bb9b1d2-a4ab-4109-b624-d487c04590ce,revision_number=2']} {{(pid=105138) push /opt/stack/neutron/neutron/api/rpc/handlers/resources_rpc.py:237}}
Jul 21 13:14:56.915091 dv-neutron-841838-23-hyperv neutron-server[105137]: INFO neutron.wsgi [None req-3834c277-9bd2-4690-8125-aa6c329d867a admin admin] 10.222.0.64 "DELETE /v2.0/security-groups/0280f9c5-bfd6-4cce-a2c8-a191b5659d33 HTTP/1.1" status: 204 len: 168 time: 0.9012947
Jul 21 13:14:56.951625 dv-neutron-841838-23-hyperv neutron-server[105138]: DEBUG neutron_lib.callbacks.manager [None req-5ede6451-fc9b-4a7c-b832-1ae4704e6e3f tempest-BulkNetworkOpsIpV6Test-67408818 tempest-BulkNetworkOpsIpV6Test-67408818-project] Publish callbacks ['neutron.plugins.ml2.plugin.External_net_db_mixin._before_network_delete_handler-3736116'] for network (4c056d63-4dcd-4765-9843-983e13a8779d), before_delete {{(pid=105138) _notify_loop /usr/local/lib/python3.8/dist-packages/neutron_lib/callbacks/manager.py:176}}
Jul 21 13:14:56.980827 dv-neutron-841838-23-hyperv neutron-server[105137]: DEBUG neutron.api.rpc.handlers.resources_rpc [None req-3834c277-9bd2-4690-8125-aa6c329d867a admin admin] Pushing event deleted for resources: {'SecurityGroup': ['ID=0280f9c5-bfd6-4cce-a2c8-a191b5659d33,revision_number=None']} {{(pid=105137) push /opt/stack/neutron/neutron/api/rpc/handlers/resources_rpc.py:237}}
Jul 21 13:14:56.990005 dv-neutron-841838-23-hyperv neutron-server[105138]: INFO neutron.services.segments.plugin [-] Segment f96cc4cb-6c25-4a52-8b58-e064fc8e4a77 resource provider not found; error: Placement Client Error (4xx): {"errors": [{"status": 404, "title": "Not Found", "detail": "The resource could not be found.\n\n No resource provider with uuid f96cc4cb-6c25-4a52-8b58-e064fc8e4a77 found for delete ", "request_id": "req-7483d17d-a853-414a-ae6d-1462537cf9f2"}]}
Jul 21 13:14:56.993938 dv-neutron-841838-23-hyperv neutron-server[105138]: DEBUG neutron.quota.resource [None req-170c7ee9-4477-43fe-8149-8d8624a62bef tempest-QuotasTest-1841325664 tempest-QuotasTest-1841325664-project-admin] Usage tracker for resource:router and project:5507d63debe04a3ba92e1a8731e43602 is out of sync, need to count used quota {{(pid=105138) count_used /opt/stack/neutron/neutron/quota/resource.py:292}}
Jul 21 13:14:56.995990 dv-neutron-841838-23-hyperv neutron-server[105138]: DEBUG neutron_lib.callbacks.manager [None req-5abca61a-cb3b-44d8-8ab9-26a130575cef tempest-FloatingIPNegativeTestJSON-544536117 tempest-FloatingIPNegativeTestJSON-544536117-project] Publish callbacks ['neutron.services.l3_router.l3_router_plugin.DVRResourceOperationHandler._create_dvr_floating_gw_port-582151'] for floatingip (9c249460-8589-4f83-9631-4b294b9d8a08), after_create {{(pid=105138) _notify_loop /usr/local/lib/python3.8/dist-packages/neutron_lib/callbacks/manager.py:176}}
Jul 21 13:14:57.003308 dv-neutron-841838-23-hyperv neutron-server[105138]: DEBUG neutron.quota.resource [None req-170c7ee9-4477-43fe-8149-8d8624a62bef tempest-QuotasTest-1841325664 tempest-QuotasTest-1841325664-project-admin] Quota usage for router was recalculated. Used quota:0. {{(pid=105138) count_used /opt/stack/neutron/neutron/quota/resource.py:313}}
Jul 21 13:14:57.035799 dv-neutron-841838-23-hyperv neutron-server[105137]: DEBUG neutron_lib.callbacks.manager [None req-18ecc3f1-23a6-482f-96ed-cea0b8840f15 tempest-RoutersAdminTest-579005000 tempest-RoutersAdminTest-579005000-project] Publish callbacks [] for router_gateway (1b526d27-dcc3-48d2-bd25-2875e52430f9), after_create {{(pid=105137) _notify_loop /usr/local/lib/python3.8/dist-packages/neutron_lib/callbacks/manager.py:176}}
Jul 21 13:14:57.042211 dv-neutron-841838-23-hyperv neutron-server[105139]: DEBUG neutron.db.provisioning_blocks [None req-9c3c185e-0234-434e-83db-04a3a2fd8a59 None None] Provisioning complete for port 72e9fe1e-6f22-4ed0-81f1-e337c52da6be triggered by entity DHCP. {{(pid=105139) provisioning_complete /opt/stack/neutron/neutron/db/provisioning_blocks.py:145}}
Jul 21 13:14:57.042602 dv-neutron-841838-23-hyperv neutron-server[105139]: DEBUG neutron_lib.callbacks.manager [None req-9c3c185e-0234-434e-83db-04a3a2fd8a59 None None] Publish callbacks ['neutron.plugins.ml2.plugin.Ml2Plugin._port_provisioned-3625003'] for port (72e9fe1e-6f22-4ed0-81f1-e337c52da6be), provisioning_complete {{(pid=105139) _notify_loop /usr/local/lib/python3.8/dist-packages/neutron_lib/callbacks/manager.py:176}}
Jul 21 13:14:57.054493 dv-neutron-841838-23-hyperv neutron-server[105138]: INFO neutron.wsgi [None req-aec5e03a-cfa8-41f8-b8b1-b7e4930d1573 tempest-FloatingIPAdminTestJSON-1118960669 tempest-FloatingIPAdminTestJSON-1118960669-project] 10.222.0.64 "POST /v2.0/ports HTTP/1.1" status: 201 len: 933 time: 4.6775873
Jul 21 13:14:57.056692 dv-neutron-841838-23-hyperv neutron-server[105138]: DEBUG dbcounter [-] [105138] Writing DB stats neutron:SELECT=93,neutron:INSERT=1,neutron:UPDATE=2,neutron:DELETE=4 {{(pid=105138) stat_writer /usr/local/lib/python3.8/dist-packages/dbcounter.py:114}}
Jul 21 13:14:57.061769 dv-neutron-841838-23-hyperv neutron-server[105138]: DEBUG neutron.wsgi [-] (105138) accepted ('10.222.0.64', 54820) {{(pid=105138) server /usr/local/lib/python3.8/dist-packages/eventlet/wsgi.py:1004}}
Jul 21 13:14:57.068587 dv-neutron-841838-23-hyperv neutron-server[105138]: INFO neutron.wsgi [req-e06ea740-eb1c-4060-9c18-d3962b4eaf61 req-0a2c01ae-2898-4ddb-bf44-859270436f76 tempest-ServersTestJSON-1193722756 tempest-ServersTestJSON-1193722756-project] 10.222.0.64 "GET /v2.0/ports?device_id=776ce42a-fcab-486f-a968-7bc4dd35de2f HTTP/1.1" status: 200 len: 210 time: 0.4296136
Jul 21 13:14:57.089240 dv-neutron-841838-23-hyperv neutron-server[105139]: DEBUG neutron_lib.callbacks.manager [None req-f37096e1-5720-4a13-853b-53673f8ff3c1 None None] Publish callbacks ['neutron.services.segments.db._update_segment_host_mapping_for_agent-8780957381690', 'neutron.plugins.ml2.plugin.Ml2Plugin._retry_binding_revived_agents-3625077'] for agent (9799cbe7-1798-4313-9972-9a5ccd954e02), after_update {{(pid=105139) _notify_loop /usr/local/lib/python3.8/dist-packages/neutron_lib/callbacks/manager.py:176}}
Jul 21 13:14:57.091666 dv-neutron-841838-23-hyperv neutron-server[105139]: DEBUG dbcounter [-] [105139] Writing DB stats neutron:INSERT=2,neutron:SELECT=93,neutron:UPDATE=5 {{(pid=105139) stat_writer /usr/local/lib/python3.8/dist-packages/dbcounter.py:114}}
Jul 21 13:14:57.098220 dv-neutron-841838-23-hyperv neutron-server[105138]: DEBUG neutron.quota.resource [None req-170c7ee9-4477-43fe-8149-8d8624a62bef tempest-QuotasTest-1841325664 tempest-QuotasTest-1841325664-project-admin] Usage tracker for resource:floatingip and project:5507d63debe04a3ba92e1a8731e43602 is out of sync, need to count used quota {{(pid=105138) count_used /opt/stack/neutron/neutron/quota/resource.py:292}}
Jul 21 13:14:57.107021 dv-neutron-841838-23-hyperv neutron-server[105138]: DEBUG neutron.quota.resource [None req-170c7ee9-4477-43fe-8149-8d8624a62bef tempest-QuotasTest-1841325664 tempest-QuotasTest-1841325664-project-admin] Quota usage for floatingip was recalculated. Used quota:0. {{(pid=105138) count_used /opt/stack/neutron/neutron/quota/resource.py:313}}
Jul 21 13:14:57.142430 dv-neutron-841838-23-hyperv neutron-server[105138]: DEBUG dbcounter [-] [105138] Writing DB stats neutron:SELECT=76,neutron:DELETE=8,neutron:INSERT=13,neutron:UPDATE=3 {{(pid=105138) stat_writer /usr/local/lib/python3.8/dist-packages/dbcounter.py:114}}
Jul 21 13:14:57.147118 dv-neutron-841838-23-hyperv neutron-server[105139]: DEBUG neutron.plugins.ml2.plugin [None req-9c3c185e-0234-434e-83db-04a3a2fd8a59 None None] Current status of the port 72e9fe1e-6f22-4ed0-81f1-e337c52da6be is: DOWN; New status is: ACTIVE {{(pid=105139) _update_individual_port_db_status /opt/stack/neutron/neutron/plugins/ml2/plugin.py:2292}}
Jul 21 13:14:57.148276 dv-neutron-841838-23-hyperv neutron-server[105139]: DEBUG neutron_lib.callbacks.manager [None req-9c3c185e-0234-434e-83db-04a3a2fd8a59 None None] Publish callbacks ['neutron.plugins.ml2.plugin.SecurityGroupDbMixin._ensure_default_security_group_handler-3567622'] for port (72e9fe1e-6f22-4ed0-81f1-e337c52da6be), before_update {{(pid=105139) _notify_loop /usr/local/lib/python3.8/dist-packages/neutron_lib/callbacks/manager.py:176}}
Jul 21 13:14:57.189111 dv-neutron-841838-23-hyperv neutron-server[105139]: DEBUG neutron.plugins.ml2.db [None req-9c3c185e-0234-434e-83db-04a3a2fd8a59 None None] For port 72e9fe1e-6f22-4ed0-81f1-e337c52da6be, host dv-neutron-841838-23-hyperv, got binding levels [PortBindingLevel(driver='openvswitch',host='dv-neutron-841838-23-hyperv',level=0,port_id=72e9fe1e-6f22-4ed0-81f1-e337c52da6be,segment=NetworkSegment(0a898c8a-782a-497d-ad28-528e019930fc),segment_id=0a898c8a-782a-497d-ad28-528e019930fc)] {{(pid=105139) get_binding_level_objs /opt/stack/neutron/neutron/plugins/ml2/db.py:74}}
Jul 21 13:14:57.190774 dv-neutron-841838-23-hyperv neutron-server[105138]: DEBUG neutron_lib.callbacks.manager [None req-5abca61a-cb3b-44d8-8ab9-26a130575cef tempest-FloatingIPNegativeTestJSON-544536117 tempest-FloatingIPNegativeTestJSON-544536117-project] Publish callbacks ['neutron.notifiers.nova.Notifier._send_nova_notification-1016258'] for floatingip (None), before_response {{(pid=105138) _notify_loop /usr/local/lib/python3.8/dist-packages/neutron_lib/callbacks/manager.py:176}}
Jul 21 13:14:57.192868 dv-neutron-841838-23-hyperv neutron-server[105138]: INFO neutron.wsgi [None req-5abca61a-cb3b-44d8-8ab9-26a130575cef tempest-FloatingIPNegativeTestJSON-544536117 tempest-FloatingIPNegativeTestJSON-544536117-project] 10.222.0.64 "POST /v2.0/floatingips HTTP/1.1" status: 201 len: 692 time: 5.2268405
Jul 21 13:14:57.197437 dv-neutron-841838-23-hyperv neutron-server[105137]: DEBUG neutron.wsgi [-] (105137) accepted ('10.222.0.64', 54826) {{(pid=105137) server /usr/local/lib/python3.8/dist-packages/eventlet/wsgi.py:1004}}
Jul 21 13:14:57.202932 dv-neutron-841838-23-hyperv neutron-server[105137]: DEBUG neutron.api.v2.base [None req-f420e624-eece-4766-9293-24ad3ec56774 tempest-FloatingIPNegativeTestJSON-544536117 tempest-FloatingIPNegativeTestJSON-544536117-project] Request body: {'floatingip': {'port_id': '2f6500d2-2d52-4921-af41-71580db595d6', 'fixed_ip_address': '172.20.0.9'}} {{(pid=105137) prepare_request_body /opt/stack/neutron/neutron/api/v2/base.py:730}}
Jul 21 13:14:57.205591 dv-neutron-841838-23-hyperv neutron-server[105138]: DEBUG neutron_lib.callbacks.manager [None req-5c0bf8a1-081e-4497-9b8c-63273c87fdbe tempest-NetworksTestDHCPv6-1984643746 tempest-NetworksTestDHCPv6-1984643746-project] Publish callbacks [] for port (3938c701-beec-4699-9eaa-a2614300ff1f), precommit_create {{(pid=105138) _notify_loop /usr/local/lib/python3.8/dist-packages/neutron_lib/callbacks/manager.py:176}}
Jul 21 13:14:57.254429 dv-neutron-841838-23-hyperv neutron-server[105138]: DEBUG neutron_lib.callbacks.manager [None req-5ede6451-fc9b-4a7c-b832-1ae4704e6e3f tempest-BulkNetworkOpsIpV6Test-67408818 tempest-BulkNetworkOpsIpV6Test-67408818-project] Publish callbacks ['neutron.plugins.ml2.plugin.Ml2Plugin._network_delete_precommit_handler-3622582', 'neutron.services.segments.db._delete_segments_for_network-8780957381708'] for network (4c056d63-4dcd-4765-9843-983e13a8779d), precommit_delete {{(pid=105138) _notify_loop /usr/local/lib/python3.8/dist-packages/neutron_lib/callbacks/manager.py:176}}
Jul 21 13:14:57.291528 dv-neutron-841838-23-hyperv neutron-server[105139]: DEBUG neutron_lib.callbacks.manager [None req-9c3c185e-0234-434e-83db-04a3a2fd8a59 None None] Publish callbacks ['neutron.plugins.ml2.plugin.SecurityGroupServerNotifierRpcMixin._notify_sg_on_port_change-3567687', 'neutron.plugins.ml2.ovo_rpc._ObjectChangeHandler.handle_event-959381', 'neutron.api.rpc.agentnotifiers.dhcp_rpc_agent_api.DhcpAgentNotifyAPI._native_event_send_dhcp_notification-619747', 'neutron.db.l3_db.L3RpcNotifierMixin._notify_gateway_port_ip_changed-8780957357258', 'neutron.db.l3_dvrscheduler_db._notify_l3_agent_port_update-8780956915204', 'neutron.db.l3_hascheduler_db._notify_l3_agent_ha_port_update-8780956915222'] for port (72e9fe1e-6f22-4ed0-81f1-e337c52da6be), after_update {{(pid=105139) _notify_loop /usr/local/lib/python3.8/dist-packages/neutron_lib/callbacks/manager.py:176}}
Jul 21 13:14:57.292113 dv-neutron-841838-23-hyperv neutron-server[105138]: DEBUG neutron.services.segments.db [None req-5ede6451-fc9b-4a7c-b832-1ae4704e6e3f tempest-BulkNetworkOpsIpV6Test-67408818 tempest-BulkNetworkOpsIpV6Test-67408818-project] neutron.services.segments.plugin.Plugin method get_segments called with arguments (,) {'filters': {'network_id': ['4c056d63-4dcd-4765-9843-983e13a8779d']}} {{(pid=105138) wrapper /usr/local/lib/python3.8/dist-packages/oslo_log/helpers.py:65}}
Jul 21 13:14:57.301300 dv-neutron-841838-23-hyperv neutron-server[105138]: DEBUG neutron.api.v2.base [None req-3c77c38d-c1ea-46e5-b5f1-b442482b6be8 tempest-FloatingIPAdminTestJSON-2075261881 tempest-FloatingIPAdminTestJSON-2075261881-project-admin] Request body: {'floatingip': {'floating_network_id': 'd8ace0aa-09a7-4f56-9649-9e63541bd4b4', 'project_id': '9d3de9e36ac848baa623b0aac37548ad', 'port_id': '44d43c57-3292-412c-9160-9b686bfcf571'}} {{(pid=105138) prepare_request_body /opt/stack/neutron/neutron/api/v2/base.py:730}}
