May 16 09:32:40.875470 dv-neutron-841823-5-hyperv devstack@keystone.service[86842]: DEBUG keystone.server.flask.request_processing.middleware.auth_context [None req-eaa6f2e0-2641-4bdd-8d38-290df59de652 None admin] Authenticating user token {{(pid=86842) process_request /usr/local/lib/python3.8/dist-packages/keystonemiddleware/auth_token/__init__.py:407}}
May 16 09:32:40.941597 dv-neutron-841823-5-hyperv devstack@keystone.service[86843]: DEBUG keystone.server.flask.request_processing.middleware.auth_context [None req-f147f909-51e3-49af-ac63-35b5f3d6b3be None None] Validating token access rules against request {{(pid=86843) validate_allowed_request /usr/local/lib/python3.8/dist-packages/keystonemiddleware/auth_token/__init__.py:545}}
May 16 09:32:40.967281 dv-neutron-841823-5-hyperv devstack@keystone.service[86842]: DEBUG keystone.server.flask.request_processing.middleware.auth_context [None req-eaa6f2e0-2641-4bdd-8d38-290df59de652 None admin] Validating token access rules against request {{(pid=86842) validate_allowed_request /usr/local/lib/python3.8/dist-packages/keystonemiddleware/auth_token/__init__.py:545}}
May 16 09:32:40.973338 dv-neutron-841823-5-hyperv devstack@keystone.service[86843]: DEBUG keystone.server.flask.request_processing.middleware.auth_context [None req-38bd6bbd-7981-4e92-b0a5-19b86265a20b None admin] RBAC: auth_context: {'token': , 'domain_id': None, 'trust_id': None, 'trustor_id': None, 'trustee_id': None, 'domain_name': None, 'group_ids': [], 'user_id': 'b11c80a7485e4194bacd8cc0aa1bacd1', 'user_domain_id': 'default', 'system_scope': 'all', 'project_id': None, 'project_domain_id': None, 'roles': ['admin', 'member', 'reader'], 'is_admin_project': True, 'service_user_id': None, 'service_user_domain_id': None, 'service_project_id': None, 'service_project_domain_id': None, 'service_roles': []} {{(pid=86843) fill_context /opt/stack/keystone/keystone/server/flask/request_processing/middleware/auth_context.py:478}}
May 16 09:32:40.974139 dv-neutron-841823-5-hyperv devstack@keystone.service[86843]: DEBUG keystone.server.flask.request_processing.req_logging [None req-38bd6bbd-7981-4e92-b0a5-19b86265a20b None admin] REQUEST_METHOD: `GET` {{(pid=86843) log_request_info /opt/stack/keystone/keystone/server/flask/request_processing/req_logging.py:27}}
May 16 09:32:40.974421 dv-neutron-841823-5-hyperv devstack@keystone.service[86843]: DEBUG keystone.server.flask.request_processing.req_logging [None req-38bd6bbd-7981-4e92-b0a5-19b86265a20b None admin] SCRIPT_NAME: `/identity` {{(pid=86843) log_request_info /opt/stack/keystone/keystone/server/flask/request_processing/req_logging.py:28}}
May 16 09:32:40.974696 dv-neutron-841823-5-hyperv devstack@keystone.service[86843]: DEBUG keystone.server.flask.request_processing.req_logging [None req-38bd6bbd-7981-4e92-b0a5-19b86265a20b None admin] PATH_INFO: `/v3/roles/anotherrole` {{(pid=86843) log_request_info /opt/stack/keystone/keystone/server/flask/request_processing/req_logging.py:29}}
May 16 09:32:40.984240 dv-neutron-841823-5-hyperv devstack@keystone.service[86843]: DEBUG keystone.common.rbac_enforcer.enforcer [None req-38bd6bbd-7981-4e92-b0a5-19b86265a20b None admin] Extracting inferred target data resulted in "NOT FOUND (404)". {{(pid=86843) enforce_call /opt/stack/keystone/keystone/common/rbac_enforcer/enforcer.py:409}}
May 16 09:32:40.992263 dv-neutron-841823-5-hyperv devstack@keystone.service[86843]: ERROR keystone.server.flask.application [None req-38bd6bbd-7981-4e92-b0a5-19b86265a20b None admin] Could not find role: anotherrole.: keystone.exception.RoleNotFound: Could not find role: anotherrole.
May 16 09:32:40.992263 dv-neutron-841823-5-hyperv devstack@keystone.service[86843]: ERROR keystone.server.flask.application
Traceback (most recent call last):
May 16 09:32:40.992263 dv-neutron-841823-5-hyperv devstack@keystone.service[86843]: ERROR keystone.server.flask.application
File "/usr/local/lib/python3.8/dist-packages/flask/app.py", line 1523, in full_dispatch_request
May 16 09:32:40.992263 dv-neutron-841823-5-hyperv devstack@keystone.service[86843]: ERROR keystone.server.flask.application rv = self.dispatch_request()
May 16 09:32:40.992263 dv-neutron-841823-5-hyperv devstack@keystone.service[86843]: ERROR keystone.server.flask.application
File "/usr/local/lib/python3.8/dist-packages/flask/app.py", line 1509, in dispatch_request
May 16 09:32:40.992263 dv-neutron-841823-5-hyperv devstack@keystone.service[86843]: ERROR keystone.server.flask.application return self.ensure_sync(self.view_functions[rule.endpoint])(**req.view_args)
May 16 09:32:40.992263 dv-neutron-841823-5-hyperv devstack@keystone.service[86843]: ERROR keystone.server.flask.application
File "/usr/local/lib/python3.8/dist-packages/flask_restful/__init__.py", line 467, in wrapper
May 16 09:32:40.992263 dv-neutron-841823-5-hyperv devstack@keystone.service[86843]: ERROR keystone.server.flask.application resp = resource(*args, **kwargs)
May 16 09:32:40.992263 dv-neutron-841823-5-hyperv devstack@keystone.service[86843]: ERROR keystone.server.flask.application
File "/usr/local/lib/python3.8/dist-packages/flask/views.py", line 84, in view
May 16 09:32:40.992263 dv-neutron-841823-5-hyperv devstack@keystone.service[86843]: ERROR keystone.server.flask.application return current_app.ensure_sync(self.dispatch_request)(*args, **kwargs)
May 16 09:32:40.992263 dv-neutron-841823-5-hyperv devstack@keystone.service[86843]: ERROR keystone.server.flask.application
File "/usr/local/lib/python3.8/dist-packages/flask_restful/__init__.py", line 582, in dispatch_request
May 16 09:32:40.992263 dv-neutron-841823-5-hyperv devstack@keystone.service[86843]: ERROR keystone.server.flask.application resp = meth(*args, **kwargs)
May 16 09:32:40.992263 dv-neutron-841823-5-hyperv devstack@keystone.service[86843]: ERROR keystone.server.flask.application
File "/opt/stack/keystone/keystone/api/roles.py", line 50, in get
May 16 09:32:40.992263 dv-neutron-841823-5-hyperv devstack@keystone.service[86843]: ERROR keystone.server.flask.application return self._get_role(role_id)
May 16 09:32:40.992263 dv-neutron-841823-5-hyperv devstack@keystone.service[86843]: ERROR keystone.server.flask.application
File "/opt/stack/keystone/keystone/api/roles.py", line 70, in _get_role
May 16 09:32:40.992263 dv-neutron-841823-5-hyperv devstack@keystone.service[86843]: ERROR keystone.server.flask.application ENFORCER.enforce_call(action='identity:get_role')
May 16 09:32:40.993313 dv-neutron-841823-5-hyperv devstack@keystone.service[86843]: ERROR keystone.server.flask.application
File "/opt/stack/keystone/keystone/common/rbac_enforcer/enforcer.py", line 402, in enforce_call
May 16 09:32:40.993313 dv-neutron-841823-5-hyperv devstack@keystone.service[86843]: ERROR keystone.server.flask.application policy_dict.update(cls._extract_member_target_data(
May 16 09:32:40.993313 dv-neutron-841823-5-hyperv devstack@keystone.service[86843]: ERROR keystone.server.flask.application
File "/opt/stack/keystone/keystone/common/rbac_enforcer/enforcer.py", line 234, in _extract_member_target_data
May 16 09:32:40.993313 dv-neutron-841823-5-hyperv devstack@keystone.service[86843]: ERROR keystone.server.flask.application member_name: func(flask.request.view_args[key])
May 16 09:32:40.993313 dv-neutron-841823-5-hyperv devstack@keystone.service[86843]: ERROR keystone.server.flask.application
File "/opt/stack/keystone/keystone/common/manager.py", line 115, in wrapped
May 16 09:32:40.993313 dv-neutron-841823-5-hyperv devstack@keystone.service[86843]: ERROR keystone.server.flask.application __ret_val = __f(*args, **kwargs)
May 16 09:32:40.993313 dv-neutron-841823-5-hyperv devstack@keystone.service[86843]: ERROR keystone.server.flask.application
File "/usr/local/lib/python3.8/dist-packages/decorator.py", line 232, in fun
May 16 09:32:40.993313 dv-neutron-841823-5-hyperv devstack@keystone.service[86843]: ERROR keystone.server.flask.application return caller(func, *(extras + args), **kw)
May 16 09:32:40.993313 dv-neutron-841823-5-hyperv devstack@keystone.service[86843]: ERROR keystone.server.flask.application
File "/usr/local/lib/python3.8/dist-packages/dogpile/cache/region.py", line 1577, in get_or_create_for_user_func
May 16 09:32:40.993313 dv-neutron-841823-5-hyperv devstack@keystone.service[86843]: ERROR keystone.server.flask.application return self.get_or_create(
May 16 09:32:40.993313 dv-neutron-841823-5-hyperv devstack@keystone.service[86843]: ERROR keystone.server.flask.application
File "/usr/local/lib/python3.8/dist-packages/dogpile/cache/region.py", line 1042, in get_or_create
May 16 09:32:40.993313 dv-neutron-841823-5-hyperv devstack@keystone.service[86843]: ERROR keystone.server.flask.application with Lock(
May 16 09:32:40.993313 dv-neutron-841823-5-hyperv devstack@keystone.service[86843]: ERROR keystone.server.flask.application
File "/usr/local/lib/python3.8/dist-packages/dogpile/lock.py", line 185, in __enter__
May 16 09:32:40.993313 dv-neutron-841823-5-hyperv devstack@keystone.service[86843]: ERROR keystone.server.flask.application return self._enter()
May 16 09:32:40.993313 dv-neutron-841823-5-hyperv devstack@keystone.service[86843]: ERROR keystone.server.flask.application
File "/usr/local/lib/python3.8/dist-packages/dogpile/lock.py", line 94, in _enter
May 16 09:32:40.993313 dv-neutron-841823-5-hyperv devstack@keystone.service[86843]: ERROR keystone.server.flask.application generated = self._enter_create(value, createdtime)
May 16 09:32:40.994291 dv-neutron-841823-5-hyperv devstack@keystone.service[86843]: ERROR keystone.server.flask.application
File "/usr/local/lib/python3.8/dist-packages/dogpile/lock.py", line 178, in _enter_create
May 16 09:32:40.994291 dv-neutron-841823-5-hyperv devstack@keystone.service[86843]: ERROR keystone.server.flask.application return self.creator()
May 16 09:32:40.994291 dv-neutron-841823-5-hyperv devstack@keystone.service[86843]: ERROR keystone.server.flask.application
File "/usr/local/lib/python3.8/dist-packages/dogpile/cache/region.py", line 995, in gen_value
May 16 09:32:40.994291 dv-neutron-841823-5-hyperv devstack@keystone.service[86843]: ERROR keystone.server.flask.application created_value = creator(
May 16 09:32:40.994291 dv-neutron-841823-5-hyperv devstack@keystone.service[86843]: ERROR keystone.server.flask.application
File "/opt/stack/keystone/keystone/assignment/core.py", line 1276, in get_role
May 16 09:32:40.994291 dv-neutron-841823-5-hyperv devstack@keystone.service[86843]: ERROR keystone.server.flask.application return self.driver.get_role(role_id)
May 16 09:32:40.994291 dv-neutron-841823-5-hyperv devstack@keystone.service[86843]: ERROR keystone.server.flask.application
File "/opt/stack/keystone/keystone/assignment/role_backends/sql.py", line 70, in get_role
May 16 09:32:40.994291 dv-neutron-841823-5-hyperv devstack@keystone.service[86843]: ERROR keystone.server.flask.application return self._get_role(session, role_id).to_dict()
May 16 09:32:40.994291 dv-neutron-841823-5-hyperv devstack@keystone.service[86843]: ERROR keystone.server.flask.application
File "/opt/stack/keystone/keystone/assignment/role_backends/sql.py", line 65, in _get_role
May 16 09:32:40.994291 dv-neutron-841823-5-hyperv devstack@keystone.service[86843]: ERROR keystone.server.flask.application raise exception.RoleNotFound(role_id=role_id)
May 16 09:32:40.994291 dv-neutron-841823-5-hyperv devstack@keystone.service[86843]: ERROR keystone.server.flask.application keystone.exception.RoleNotFound: Could not find role: anotherrole.
May 16 09:32:40.994291 dv-neutron-841823-5-hyperv devstack@keystone.service[86843]: ERROR keystone.server.flask.application
May 16 09:32:40.994291 dv-neutron-841823-5-hyperv devstack@keystone.service[86843]: [pid: 86843|app: 0|req: 98/193] 10.222.0.76 () {56 vars in 1114 bytes} [Mon May 16 09:32:40 2022] GET /identity/v3/roles/anotherrole => generated 89 bytes in 147 msecs (HTTP/1.1 404) 5 headers in 183 bytes (1 switches on core 0)
May 16 09:32:40.994291 dv-neutron-841823-5-hyperv devstack@keystone.service[86843]: DEBUG keystone.server.flask.request_processing.middleware.auth_context [None req-38bd6bbd-7981-4e92-b0a5-19b86265a20b None admin] Authenticating user token {{(pid=86843) process_request /usr/local/lib/python3.8/dist-packages/keystonemiddleware/auth_token/__init__.py:407}}
May 16 09:32:41.002248 dv-neutron-841823-5-hyperv devstack@keystone.service[86842]: DEBUG keystone.server.flask.request_processing.middleware.auth_context [None req-f1502805-a187-4491-b987-b0fa3f578292 None admin] RBAC: auth_context: {'token': , 'domain_id': None, 'trust_id': None, 'trustor_id': None, 'trustee_id': None, 'domain_name': None, 'group_ids': [], 'user_id': 'b11c80a7485e4194bacd8cc0aa1bacd1', 'user_domain_id': 'default', 'system_scope': 'all', 'project_id': None, 'project_domain_id': None, 'roles': ['admin', 'member', 'reader'], 'is_admin_project': True, 'service_user_id': None, 'service_user_domain_id': None, 'service_project_id': None, 'service_project_domain_id': None, 'service_roles': []} {{(pid=86842) fill_context /opt/stack/keystone/keystone/server/flask/request_processing/middleware/auth_context.py:478}}
May 16 09:32:41.002888 dv-neutron-841823-5-hyperv devstack@keystone.service[86842]: DEBUG keystone.server.flask.request_processing.req_logging [None req-f1502805-a187-4491-b987-b0fa3f578292 None admin] REQUEST_METHOD: `GET` {{(pid=86842) log_request_info /opt/stack/keystone/keystone/server/flask/request_processing/req_logging.py:27}}
May 16 09:32:41.003171 dv-neutron-841823-5-hyperv devstack@keystone.service[86842]: DEBUG keystone.server.flask.request_processing.req_logging [None req-f1502805-a187-4491-b987-b0fa3f578292 None admin] SCRIPT_NAME: `/identity` {{(pid=86842) log_request_info /opt/stack/keystone/keystone/server/flask/request_processing/req_logging.py:28}}
May 16 09:32:41.003447 dv-neutron-841823-5-hyperv devstack@keystone.service[86842]: DEBUG keystone.server.flask.request_processing.req_logging [None req-f1502805-a187-4491-b987-b0fa3f578292 None admin] PATH_INFO: `/v3/auth/tokens` {{(pid=86842) log_request_info /opt/stack/keystone/keystone/server/flask/request_processing/req_logging.py:29}}
May 16 09:32:41.066196 dv-neutron-841823-5-hyperv devstack@keystone.service[86842]: DEBUG keystone.common.rbac_enforcer.enforcer [None req-f1502805-a187-4491-b987-b0fa3f578292 None admin] RBAC: Authorizing `identity:validate_token()` {{(pid=86842) enforce_call /opt/stack/keystone/keystone/common/rbac_enforcer/enforcer.py:449}}
May 16 09:32:41.067576 dv-neutron-841823-5-hyperv devstack@keystone.service[86842]: DEBUG keystone.common.rbac_enforcer.enforcer [None req-f1502805-a187-4491-b987-b0fa3f578292 None admin] RBAC: Authorization granted {{(pid=86842) enforce_call /opt/stack/keystone/keystone/common/rbac_enforcer/enforcer.py:457}}
May 16 09:32:41.087594 dv-neutron-841823-5-hyperv devstack@keystone.service[86843]: DEBUG keystone.server.flask.request_processing.middleware.auth_context [None req-38bd6bbd-7981-4e92-b0a5-19b86265a20b None admin] Validating token access rules against request {{(pid=86843) validate_allowed_request /usr/local/lib/python3.8/dist-packages/keystonemiddleware/auth_token/__init__.py:545}}
May 16 09:32:41.119357 dv-neutron-841823-5-hyperv devstack@keystone.service[86843]: DEBUG keystone.server.flask.request_processing.middleware.auth_context [None req-1620f480-20fb-4375-88b8-721c4c60618b None admin] RBAC: auth_context: {'token': , 'domain_id': None, 'trust_id': None, 'trustor_id': None, 'trustee_id': None, 'domain_name': None, 'group_ids': [], 'user_id': 'b11c80a7485e4194bacd8cc0aa1bacd1', 'user_domain_id': 'default', 'system_scope': 'all', 'project_id': None, 'project_domain_id': None, 'roles': ['admin', 'member', 'reader'], 'is_admin_project': True, 'service_user_id': None, 'service_user_domain_id': None, 'service_project_id': None, 'service_project_domain_id': None, 'service_roles': []} {{(pid=86843) fill_context /opt/stack/keystone/keystone/server/flask/request_processing/middleware/auth_context.py:478}}
May 16 09:32:41.120162 dv-neutron-841823-5-hyperv devstack@keystone.service[86843]: DEBUG keystone.server.flask.request_processing.req_logging [None req-1620f480-20fb-4375-88b8-721c4c60618b None admin] REQUEST_METHOD: `GET` {{(pid=86843) log_request_info /opt/stack/keystone/keystone/server/flask/request_processing/req_logging.py:27}}
May 16 09:32:41.120447 dv-neutron-841823-5-hyperv devstack@keystone.service[86843]: DEBUG keystone.server.flask.request_processing.req_logging [None req-1620f480-20fb-4375-88b8-721c4c60618b None admin] SCRIPT_NAME: `/identity` {{(pid=86843) log_request_info /opt/stack/keystone/keystone/server/flask/request_processing/req_logging.py:28}}
May 16 09:32:41.120727 dv-neutron-841823-5-hyperv devstack@keystone.service[86843]: DEBUG keystone.server.flask.request_processing.req_logging [None req-1620f480-20fb-4375-88b8-721c4c60618b None admin] PATH_INFO: `/v3/domains/default` {{(pid=86843) log_request_info /opt/stack/keystone/keystone/server/flask/request_processing/req_logging.py:29}}
May 16 09:32:41.121921 dv-neutron-841823-5-hyperv devstack@keystone.service[86843]: DEBUG keystone.common.rbac_enforcer.enforcer [None req-1620f480-20fb-4375-88b8-721c4c60618b None admin] RBAC: Authorizing `identity:get_domain(domain_id=default)` {{(pid=86843) enforce_call /opt/stack/keystone/keystone/common/rbac_enforcer/enforcer.py:449}}
May 16 09:32:41.123352 dv-neutron-841823-5-hyperv devstack@keystone.service[86843]: DEBUG keystone.common.rbac_enforcer.enforcer [None req-1620f480-20fb-4375-88b8-721c4c60618b None admin] RBAC: Authorization granted {{(pid=86843) enforce_call /opt/stack/keystone/keystone/common/rbac_enforcer/enforcer.py:457}}
May 16 09:32:41.125000 dv-neutron-841823-5-hyperv devstack@keystone.service[86843]: [pid: 86843|app: 0|req: 99/194] 10.222.0.76 () {56 vars in 1108 bytes} [Mon May 16 09:32:40 2022] GET /identity/v3/domains/default => generated 199 bytes in 131 msecs (HTTP/1.1 200) 5 headers in 177 bytes (1 switches on core 0)
May 16 09:32:41.125748 dv-neutron-841823-5-hyperv devstack@keystone.service[86843]: DEBUG keystone.server.flask.request_processing.middleware.auth_context [None req-1620f480-20fb-4375-88b8-721c4c60618b None admin] Authenticating user token {{(pid=86843) process_request /usr/local/lib/python3.8/dist-packages/keystonemiddleware/auth_token/__init__.py:407}}
May 16 09:32:41.159190 dv-neutron-841823-5-hyperv devstack@keystone.service[86842]: [pid: 86842|app: 0|req: 96/195] 10.222.0.76 () {58 vars in 1282 bytes} [Mon May 16 09:32:40 2022] GET /identity/v3/auth/tokens => generated 799 bytes in 284 msecs (HTTP/1.1 200) 6 headers in 358 bytes (1 switches on core 0)
May 16 09:32:41.160971 dv-neutron-841823-5-hyperv devstack@keystone.service[86842]: DEBUG keystone.server.flask.request_processing.middleware.auth_context [None req-f1502805-a187-4491-b987-b0fa3f578292 None admin] Authenticating user token {{(pid=86842) process_request /usr/local/lib/python3.8/dist-packages/keystonemiddleware/auth_token/__init__.py:407}}
May 16 09:32:41.219692 dv-neutron-841823-5-hyperv devstack@keystone.service[86843]: DEBUG keystone.server.flask.request_processing.middleware.auth_context [None req-1620f480-20fb-4375-88b8-721c4c60618b None admin] Validating token access rules against request {{(pid=86843) validate_allowed_request /usr/local/lib/python3.8/dist-packages/keystonemiddleware/auth_token/__init__.py:545}}
May 16 09:32:41.250201 dv-neutron-841823-5-hyperv devstack@keystone.service[86843]: DEBUG keystone.server.flask.request_processing.middleware.auth_context [None req-664a0a7c-f5a0-4482-bba4-bc9094ed1cfa None admin] RBAC: auth_context: {'token': , 'domain_id': None, 'trust_id': None, 'trustor_id': None, 'trustee_id': None, 'domain_name': None, 'group_ids': [], 'user_id': 'b11c80a7485e4194bacd8cc0aa1bacd1', 'user_domain_id': 'default', 'system_scope': 'all', 'project_id': None, 'project_domain_id': None, 'roles': ['admin', 'member', 'reader'], 'is_admin_project': True, 'service_user_id': None, 'service_user_domain_id': None, 'service_project_id': None, 'service_project_domain_id': None, 'service_roles': []} {{(pid=86843) fill_context /opt/stack/keystone/keystone/server/flask/request_processing/middleware/auth_context.py:478}}
May 16 09:32:41.250850 dv-neutron-841823-5-hyperv devstack@keystone.service[86843]: DEBUG keystone.server.flask.request_processing.req_logging [None req-664a0a7c-f5a0-4482-bba4-bc9094ed1cfa None admin] REQUEST_METHOD: `GET` {{(pid=86843) log_request_info /opt/stack/keystone/keystone/server/flask/request_processing/req_logging.py:27}}
May 16 09:32:41.251129 dv-neutron-841823-5-hyperv devstack@keystone.service[86843]: DEBUG keystone.server.flask.request_processing.req_logging [None req-664a0a7c-f5a0-4482-bba4-bc9094ed1cfa None admin] SCRIPT_NAME: `/identity` {{(pid=86843) log_request_info /opt/stack/keystone/keystone/server/flask/request_processing/req_logging.py:28}}
May 16 09:32:41.252057 dv-neutron-841823-5-hyperv devstack@keystone.service[86843]: DEBUG keystone.server.flask.request_processing.req_logging [None req-664a0a7c-f5a0-4482-bba4-bc9094ed1cfa None admin] PATH_INFO: `/v3/roles` {{(pid=86843) log_request_info /opt/stack/keystone/keystone/server/flask/request_processing/req_logging.py:29}}
May 16 09:32:41.252789 dv-neutron-841823-5-hyperv devstack@keystone.service[86843]: DEBUG keystone.common.rbac_enforcer.enforcer [None req-664a0a7c-f5a0-4482-bba4-bc9094ed1cfa None admin] RBAC: Adding query filter params (name=reader) {{(pid=86843) _extract_filter_values /opt/stack/keystone/keystone/common/rbac_enforcer/enforcer.py:167}}
May 16 09:32:41.253093 dv-neutron-841823-5-hyperv devstack@keystone.service[86843]: DEBUG keystone.common.rbac_enforcer.enforcer [None req-664a0a7c-f5a0-4482-bba4-bc9094ed1cfa None admin] RBAC: Authorizing `identity:list_roles()` {{(pid=86843) enforce_call /opt/stack/keystone/keystone/common/rbac_enforcer/enforcer.py:449}}
May 16 09:32:41.253674 dv-neutron-841823-5-hyperv devstack@keystone.service[86842]: DEBUG keystone.server.flask.request_processing.middleware.auth_context [None req-f1502805-a187-4491-b987-b0fa3f578292 None admin] Validating token access rules against request {{(pid=86842) validate_allowed_request /usr/local/lib/python3.8/dist-packages/keystonemiddleware/auth_token/__init__.py:545}}
May 16 09:32:41.254437 dv-neutron-841823-5-hyperv devstack@keystone.service[86843]: DEBUG keystone.common.rbac_enforcer.enforcer [None req-664a0a7c-f5a0-4482-bba4-bc9094ed1cfa None admin] RBAC: Authorization granted {{(pid=86843) enforce_call /opt/stack/keystone/keystone/common/rbac_enforcer/enforcer.py:457}}
May 16 09:32:41.261978 dv-neutron-841823-5-hyperv devstack@keystone.service[86843]: [pid: 86843|app: 0|req: 100/196] 10.222.0.76 () {56 vars in 1101 bytes} [Mon May 16 09:32:41 2022] GET /identity/v3/roles?name=reader => generated 341 bytes in 136 msecs (HTTP/1.1 200) 5 headers in 177 bytes (1 switches on core 0)
May 16 09:32:41.262726 dv-neutron-841823-5-hyperv devstack@keystone.service[86843]: DEBUG keystone.server.flask.request_processing.middleware.auth_context [None req-664a0a7c-f5a0-4482-bba4-bc9094ed1cfa None admin] Authenticating user token {{(pid=86843) process_request /usr/local/lib/python3.8/dist-packages/keystonemiddleware/auth_token/__init__.py:407}}
May 16 09:32:41.288826 dv-neutron-841823-5-hyperv devstack@keystone.service[86842]: DEBUG keystone.server.flask.request_processing.middleware.auth_context [None req-20baa96c-fb95-4890-8fcf-004f6ca99ff4 None admin] RBAC: auth_context: {'token': , 'domain_id': None, 'trust_id': None, 'trustor_id': None, 'trustee_id': None, 'domain_name': None, 'group_ids': [], 'user_id': 'b11c80a7485e4194bacd8cc0aa1bacd1', 'user_domain_id': 'default', 'system_scope': 'all', 'project_id': None, 'project_domain_id': None, 'roles': ['admin', 'member', 'reader'], 'is_admin_project': True, 'service_user_id': None, 'service_user_domain_id': None, 'service_project_id': None, 'service_project_domain_id': None, 'service_roles': []} {{(pid=86842) fill_context /opt/stack/keystone/keystone/server/flask/request_processing/middleware/auth_context.py:478}}
May 16 09:32:41.289480 dv-neutron-841823-5-hyperv devstack@keystone.service[86842]: DEBUG keystone.server.flask.request_processing.req_logging [None req-20baa96c-fb95-4890-8fcf-004f6ca99ff4 None admin] REQUEST_METHOD: `GET` {{(pid=86842) log_request_info /opt/stack/keystone/keystone/server/flask/request_processing/req_logging.py:27}}
May 16 09:32:41.289759 dv-neutron-841823-5-hyperv devstack@keystone.service[86842]: DEBUG keystone.server.flask.request_processing.req_logging [None req-20baa96c-fb95-4890-8fcf-004f6ca99ff4 None admin] SCRIPT_NAME: `/identity` {{(pid=86842) log_request_info /opt/stack/keystone/keystone/server/flask/request_processing/req_logging.py:28}}
May 16 09:32:41.290031 dv-neutron-841823-5-hyperv devstack@keystone.service[86842]: DEBUG keystone.server.flask.request_processing.req_logging [None req-20baa96c-fb95-4890-8fcf-004f6ca99ff4 None admin] PATH_INFO: `/v3/roles` {{(pid=86842) log_request_info /opt/stack/keystone/keystone/server/flask/request_processing/req_logging.py:29}}
May 16 09:32:41.290771 dv-neutron-841823-5-hyperv devstack@keystone.service[86842]: DEBUG keystone.common.rbac_enforcer.enforcer [None req-20baa96c-fb95-4890-8fcf-004f6ca99ff4 None admin] RBAC: Adding query filter params (name=anotherrole) {{(pid=86842) _extract_filter_values /opt/stack/keystone/keystone/common/rbac_enforcer/enforcer.py:167}}
May 16 09:32:41.291077 dv-neutron-841823-5-hyperv devstack@keystone.service[86842]: DEBUG keystone.common.rbac_enforcer.enforcer [None req-20baa96c-fb95-4890-8fcf-004f6ca99ff4 None admin] RBAC: Authorizing `identity:list_roles()` {{(pid=86842) enforce_call /opt/stack/keystone/keystone/common/rbac_enforcer/enforcer.py:449}}
May 16 09:32:41.292466 dv-neutron-841823-5-hyperv devstack@keystone.service[86842]: DEBUG keystone.common.rbac_enforcer.enforcer [None req-20baa96c-fb95-4890-8fcf-004f6ca99ff4 None admin] RBAC: Authorization granted {{(pid=86842) enforce_call /opt/stack/keystone/keystone/common/rbac_enforcer/enforcer.py:457}}
May 16 09:32:41.300229 dv-neutron-841823-5-hyperv devstack@keystone.service[86842]: [pid: 86842|app: 0|req: 97/197] 10.222.0.76 () {56 vars in 1111 bytes} [Mon May 16 09:32:41 2022] GET /identity/v3/roles?name=anotherrole => generated 334 bytes in 140 msecs (HTTP/1.1 200) 5 headers in 177 bytes (1 switches on core 0)
May 16 09:32:41.301165 dv-neutron-841823-5-hyperv devstack@keystone.service[86842]: DEBUG keystone.server.flask.request_processing.middleware.auth_context [None req-20baa96c-fb95-4890-8fcf-004f6ca99ff4 None admin] Authenticating user token {{(pid=86842) process_request /usr/local/lib/python3.8/dist-packages/keystonemiddleware/auth_token/__init__.py:407}}
May 16 09:32:41.356065 dv-neutron-841823-5-hyperv devstack@keystone.service[86843]: DEBUG keystone.server.flask.request_processing.middleware.auth_context [None req-664a0a7c-f5a0-4482-bba4-bc9094ed1cfa None admin] Validating token access rules against request {{(pid=86843) validate_allowed_request /usr/local/lib/python3.8/dist-packages/keystonemiddleware/auth_token/__init__.py:545}}
May 16 09:32:41.386559 dv-neutron-841823-5-hyperv devstack@keystone.service[86843]: DEBUG keystone.server.flask.request_processing.middleware.auth_context [None req-6c32a35b-dae9-419f-b0aa-6179c8d0803e None admin] RBAC: auth_context: {'token': , 'domain_id': None, 'trust_id': None, 'trustor_id': None, 'trustee_id': None, 'domain_name': None, 'group_ids': [], 'user_id': 'b11c80a7485e4194bacd8cc0aa1bacd1', 'user_domain_id': 'default', 'system_scope': 'all', 'project_id': None, 'project_domain_id': None, 'roles': ['admin', 'member', 'reader'], 'is_admin_project': True, 'service_user_id': None, 'service_user_domain_id': None, 'service_project_id': None, 'service_project_domain_id': None, 'service_roles': []} {{(pid=86843) fill_context /opt/stack/keystone/keystone/server/flask/request_processing/middleware/auth_context.py:478}}
May 16 09:32:41.387211 dv-neutron-841823-5-hyperv devstack@keystone.service[86843]: DEBUG keystone.server.flask.request_processing.req_logging [None req-6c32a35b-dae9-419f-b0aa-6179c8d0803e None admin] REQUEST_METHOD: `POST` {{(pid=86843) log_request_info /opt/stack/keystone/keystone/server/flask/request_processing/req_logging.py:27}}
May 16 09:32:41.387489 dv-neutron-841823-5-hyperv devstack@keystone.service[86843]: DEBUG keystone.server.flask.request_processing.req_logging [None req-6c32a35b-dae9-419f-b0aa-6179c8d0803e None admin] SCRIPT_NAME: `/identity` {{(pid=86843) log_request_info /opt/stack/keystone/keystone/server/flask/request_processing/req_logging.py:28}}
May 16 09:32:41.387768 dv-neutron-841823-5-hyperv devstack@keystone.service[86843]: DEBUG keystone.server.flask.request_processing.req_logging [None req-6c32a35b-dae9-419f-b0aa-6179c8d0803e None admin] PATH_INFO: `/v3/users` {{(pid=86843) log_request_info /opt/stack/keystone/keystone/server/flask/request_processing/req_logging.py:29}}
May 16 09:32:41.388499 dv-neutron-841823-5-hyperv devstack@keystone.service[86843]: DEBUG keystone.common.rbac_enforcer.enforcer [None req-6c32a35b-dae9-419f-b0aa-6179c8d0803e None admin] RBAC: Authorizing `identity:create_user()` {{(pid=86843) enforce_call /opt/stack/keystone/keystone/common/rbac_enforcer/enforcer.py:449}}
May 16 09:32:41.389918 dv-neutron-841823-5-hyperv devstack@keystone.service[86843]: DEBUG keystone.common.rbac_enforcer.enforcer [None req-6c32a35b-dae9-419f-b0aa-6179c8d0803e None admin] RBAC: Authorization granted {{(pid=86843) enforce_call /opt/stack/keystone/keystone/common/rbac_enforcer/enforcer.py:457}}
May 16 09:32:41.393997 dv-neutron-841823-5-hyperv devstack@keystone.service[86842]: DEBUG keystone.server.flask.request_processing.middleware.auth_context [None req-20baa96c-fb95-4890-8fcf-004f6ca99ff4 None admin] Validating token access rules against request {{(pid=86842) validate_allowed_request /usr/local/lib/python3.8/dist-packages/keystonemiddleware/auth_token/__init__.py:545}}
May 16 09:32:41.409266 dv-neutron-841823-5-hyperv devstack@keystone.service[86843]: [pid: 86843|app: 0|req: 101/198] 10.222.0.76 () {60 vars in 1132 bytes} [Mon May 16 09:32:41 2022] POST /identity/v3/users => generated 297 bytes in 147 msecs (HTTP/1.1 201) 5 headers in 182 bytes (1 switches on core 0)
May 16 09:32:41.410076 dv-neutron-841823-5-hyperv devstack@keystone.service[86843]: DEBUG keystone.server.flask.request_processing.middleware.auth_context [None req-6c32a35b-dae9-419f-b0aa-6179c8d0803e None admin] Authenticating user token {{(pid=86843) process_request /usr/local/lib/python3.8/dist-packages/keystonemiddleware/auth_token/__init__.py:407}}
May 16 09:32:41.429960 dv-neutron-841823-5-hyperv devstack@keystone.service[86842]: DEBUG keystone.server.flask.request_processing.middleware.auth_context [None req-de0f7736-4072-4b1a-ba3b-fca6bcf01d88 None admin] RBAC: auth_context: {'token': , 'domain_id': None, 'trust_id': None, 'trustor_id': None, 'trustee_id': None, 'domain_name': None, 'group_ids': [], 'user_id': 'b11c80a7485e4194bacd8cc0aa1bacd1', 'user_domain_id': 'default', 'system_scope': 'all', 'project_id': None, 'project_domain_id': None, 'roles': ['admin', 'member', 'reader'], 'is_admin_project': True, 'service_user_id': None, 'service_user_domain_id': None, 'service_project_id': None, 'service_project_domain_id': None, 'service_roles': []} {{(pid=86842) fill_context /opt/stack/keystone/keystone/server/flask/request_processing/middleware/auth_context.py:478}}
May 16 09:32:41.430859 dv-neutron-841823-5-hyperv devstack@keystone.service[86842]: DEBUG keystone.server.flask.request_processing.req_logging [None req-de0f7736-4072-4b1a-ba3b-fca6bcf01d88 None admin] REQUEST_METHOD: `GET` {{(pid=86842) log_request_info /opt/stack/keystone/keystone/server/flask/request_processing/req_logging.py:27}}
May 16 09:32:41.431142 dv-neutron-841823-5-hyperv devstack@keystone.service[86842]: DEBUG keystone.server.flask.request_processing.req_logging [None req-de0f7736-4072-4b1a-ba3b-fca6bcf01d88 None admin] SCRIPT_NAME: `/identity` {{(pid=86842) log_request_info /opt/stack/keystone/keystone/server/flask/request_processing/req_logging.py:28}}
May 16 09:32:41.431426 dv-neutron-841823-5-hyperv devstack@keystone.service[86842]: DEBUG keystone.server.flask.request_processing.req_logging [None req-de0f7736-4072-4b1a-ba3b-fca6bcf01d88 None admin] PATH_INFO: `/v3/projects/3bad73c6b0074484b63a4b9bc12f558d` {{(pid=86842) log_request_info /opt/stack/keystone/keystone/server/flask/request_processing/req_logging.py:29}}
May 16 09:32:41.432741 dv-neutron-841823-5-hyperv devstack@keystone.service[86842]: DEBUG keystone.common.rbac_enforcer.enforcer [None req-de0f7736-4072-4b1a-ba3b-fca6bcf01d88 None admin] RBAC: Authorizing `identity:get_project(project_id=3bad73c6b0074484b63a4b9bc12f558d)` {{(pid=86842) enforce_call /opt/stack/keystone/keystone/common/rbac_enforcer/enforcer.py:449}}
May 16 09:32:41.434228 dv-neutron-841823-5-hyperv devstack@keystone.service[86842]: DEBUG keystone.common.rbac_enforcer.enforcer [None req-de0f7736-4072-4b1a-ba3b-fca6bcf01d88 None admin] RBAC: Authorization granted {{(pid=86842) enforce_call /opt/stack/keystone/keystone/common/rbac_enforcer/enforcer.py:457}}
May 16 09:32:41.436360 dv-neutron-841823-5-hyperv devstack@keystone.service[86842]: [pid: 86842|app: 0|req: 98/199] 10.222.0.76 () {56 vars in 1186 bytes} [Mon May 16 09:32:41 2022] GET /identity/v3/projects/3bad73c6b0074484b63a4b9bc12f558d => generated 302 bytes in 136 msecs (HTTP/1.1 200) 5 headers in 177 bytes (1 switches on core 0)
May 16 09:32:41.437171 dv-neutron-841823-5-hyperv devstack@keystone.service[86842]: DEBUG keystone.server.flask.request_processing.middleware.auth_context [None req-de0f7736-4072-4b1a-ba3b-fca6bcf01d88 None admin] Authenticating user token {{(pid=86842) process_request /usr/local/lib/python3.8/dist-packages/keystonemiddleware/auth_token/__init__.py:407}}
May 16 09:32:41.527419 dv-neutron-841823-5-hyperv devstack@keystone.service[86843]: DEBUG keystone.server.flask.request_processing.middleware.auth_context [None req-6c32a35b-dae9-419f-b0aa-6179c8d0803e None admin] Validating token access rules against request {{(pid=86843) validate_allowed_request /usr/local/lib/python3.8/dist-packages/keystonemiddleware/auth_token/__init__.py:545}}
May 16 09:32:41.539485 dv-neutron-841823-5-hyperv devstack@keystone.service[86842]: DEBUG keystone.server.flask.request_processing.middleware.auth_context [None req-de0f7736-4072-4b1a-ba3b-fca6bcf01d88 None admin] Validating token access rules against request {{(pid=86842) validate_allowed_request /usr/local/lib/python3.8/dist-packages/keystonemiddleware/auth_token/__init__.py:545}}
May 16 09:32:41.571686 dv-neutron-841823-5-hyperv devstack@keystone.service[86843]: DEBUG keystone.server.flask.request_processing.middleware.auth_context [None req-1e7c6e65-e94e-4535-b8f3-3adb3f7bd1f9 None admin] RBAC: auth_context: {'token': , 'domain_id': None, 'trust_id': None, 'trustor_id': None, 'trustee_id': None, 'domain_name': None, 'group_ids': [], 'user_id': 'b11c80a7485e4194bacd8cc0aa1bacd1', 'user_domain_id': 'default', 'system_scope': 'all', 'project_id': None, 'project_domain_id': None, 'roles': ['admin', 'member', 'reader'], 'is_admin_project': True, 'service_user_id': None, 'service_user_domain_id': None, 'service_project_id': None, 'service_project_domain_id': None, 'service_roles': []} {{(pid=86843) fill_context /opt/stack/keystone/keystone/server/flask/request_processing/middleware/auth_context.py:478}}
May 16 09:32:41.572911 dv-neutron-841823-5-hyperv devstack@keystone.service[86843]: DEBUG keystone.server.flask.request_processing.req_logging [None req-1e7c6e65-e94e-4535-b8f3-3adb3f7bd1f9 None admin] REQUEST_METHOD: `GET` {{(pid=86843) log_request_info /opt/stack/keystone/keystone/server/flask/request_processing/req_logging.py:27}}
May 16 09:32:41.573344 dv-neutron-841823-5-hyperv devstack@keystone.service[86843]: DEBUG keystone.server.flask.request_processing.req_logging [None req-1e7c6e65-e94e-4535-b8f3-3adb3f7bd1f9 None admin] SCRIPT_NAME: `/identity` {{(pid=86843) log_request_info /opt/stack/keystone/keystone/server/flask/request_processing/req_logging.py:28}}
May 16 09:32:41.573768 dv-neutron-841823-5-hyperv devstack@keystone.service[86843]: DEBUG keystone.server.flask.request_processing.req_logging [None req-1e7c6e65-e94e-4535-b8f3-3adb3f7bd1f9 None admin] PATH_INFO: `/v3/users/8cfcd6ff142347a3a97c3536f3ef65bb` {{(pid=86843) log_request_info /opt/stack/keystone/keystone/server/flask/request_processing/req_logging.py:29}}
May 16 09:32:41.574277 dv-neutron-841823-5-hyperv devstack@keystone.service[86842]: DEBUG keystone.server.flask.request_processing.middleware.auth_context [None req-016733f0-08c7-4aa3-beef-37da40bd76de None admin] RBAC: auth_context: {'token': , 'domain_id': None, 'trust_id': None, 'trustor_id': None, 'trustee_id': None, 'domain_name': None, 'group_ids': [], 'user_id': 'b11c80a7485e4194bacd8cc0aa1bacd1', 'user_domain_id': 'default', 'system_scope': 'all', 'project_id': None, 'project_domain_id': None, 'roles': ['admin', 'member', 'reader'], 'is_admin_project': True, 'service_user_id': None, 'service_user_domain_id': None, 'service_project_id': None, 'service_project_domain_id': None, 'service_roles': []} {{(pid=86842) fill_context /opt/stack/keystone/keystone/server/flask/request_processing/middleware/auth_context.py:478}}
May 16 09:32:41.575162 dv-neutron-841823-5-hyperv devstack@keystone.service[86842]: DEBUG keystone.server.flask.request_processing.req_logging [None req-016733f0-08c7-4aa3-beef-37da40bd76de None admin] REQUEST_METHOD: `GET` {{(pid=86842) log_request_info /opt/stack/keystone/keystone/server/flask/request_processing/req_logging.py:27}}
May 16 09:32:41.575448 dv-neutron-841823-5-hyperv devstack@keystone.service[86842]: DEBUG keystone.server.flask.request_processing.req_logging [None req-016733f0-08c7-4aa3-beef-37da40bd76de None admin] SCRIPT_NAME: `/identity` {{(pid=86842) log_request_info /opt/stack/keystone/keystone/server/flask/request_processing/req_logging.py:28}}
May 16 09:32:41.575659 dv-neutron-841823-5-hyperv devstack@keystone.service[86843]: DEBUG keystone.common.rbac_enforcer.enforcer [None req-1e7c6e65-e94e-4535-b8f3-3adb3f7bd1f9 None admin] RBAC: Authorizing `identity:get_user(user_id=8cfcd6ff142347a3a97c3536f3ef65bb)` {{(pid=86843) enforce_call /opt/stack/keystone/keystone/common/rbac_enforcer/enforcer.py:449}}
May 16 09:32:41.575767 dv-neutron-841823-5-hyperv devstack@keystone.service[86842]: DEBUG keystone.server.flask.request_processing.req_logging [None req-016733f0-08c7-4aa3-beef-37da40bd76de None admin] PATH_INFO: `/v3/users/33cdb87ec74941368f3472d357c0abb4` {{(pid=86842) log_request_info /opt/stack/keystone/keystone/server/flask/request_processing/req_logging.py:29}}
May 16 09:32:41.576976 dv-neutron-841823-5-hyperv devstack@keystone.service[86842]: DEBUG keystone.common.rbac_enforcer.enforcer [None req-016733f0-08c7-4aa3-beef-37da40bd76de None admin] RBAC: Authorizing `identity:get_user(user_id=33cdb87ec74941368f3472d357c0abb4)` {{(pid=86842) enforce_call /opt/stack/keystone/keystone/common/rbac_enforcer/enforcer.py:449}}
May 16 09:32:41.577628 dv-neutron-841823-5-hyperv devstack@keystone.service[86843]: DEBUG keystone.common.rbac_enforcer.enforcer [None req-1e7c6e65-e94e-4535-b8f3-3adb3f7bd1f9 None admin] RBAC: Authorization granted {{(pid=86843) enforce_call /opt/stack/keystone/keystone/common/rbac_enforcer/enforcer.py:457}}
May 16 09:32:41.578416 dv-neutron-841823-5-hyperv devstack@keystone.service[86842]: DEBUG keystone.common.rbac_enforcer.enforcer [None req-016733f0-08c7-4aa3-beef-37da40bd76de None admin] RBAC: Authorization granted {{(pid=86842) enforce_call /opt/stack/keystone/keystone/common/rbac_enforcer/enforcer.py:457}}
May 16 09:32:41.579706 dv-neutron-841823-5-hyperv devstack@keystone.service[86843]: [pid: 86843|app: 0|req: 102/200] 10.222.0.76 () {56 vars in 1177 bytes} [Mon May 16 09:32:41 2022] GET /identity/v3/users/8cfcd6ff142347a3a97c3536f3ef65bb => generated 289 bytes in 170 msecs (HTTP/1.1 200) 5 headers in 177 bytes (1 switches on core 0)
May 16 09:32:41.583099 dv-neutron-841823-5-hyperv devstack@keystone.service[86842]: [pid: 86842|app: 0|req: 99/201] 10.222.0.76 () {56 vars in 1177 bytes} [Mon May 16 09:32:41 2022] GET /identity/v3/users/33cdb87ec74941368f3472d357c0abb4 => generated 283 bytes in 143 msecs (HTTP/1.1 200) 5 headers in 177 bytes (1 switches on core 0)
May 16 09:32:41.583099 dv-neutron-841823-5-hyperv devstack@keystone.service[86842]: DEBUG keystone.server.flask.request_processing.middleware.auth_context [None req-016733f0-08c7-4aa3-beef-37da40bd76de None admin] Authenticating user token {{(pid=86842) process_request /usr/local/lib/python3.8/dist-packages/keystonemiddleware/auth_token/__init__.py:407}}
May 16 09:32:41.586238 dv-neutron-841823-5-hyperv devstack@keystone.service[86843]: DEBUG keystone.server.flask.request_processing.middleware.auth_context [None req-1e7c6e65-e94e-4535-b8f3-3adb3f7bd1f9 None admin] Authenticating user token {{(pid=86843) process_request /usr/local/lib/python3.8/dist-packages/keystonemiddleware/auth_token/__init__.py:407}}
May 16 09:32:41.684255 dv-neutron-841823-5-hyperv devstack@keystone.service[86842]: DEBUG keystone.server.flask.request_processing.middleware.auth_context [None req-016733f0-08c7-4aa3-beef-37da40bd76de None admin] Validating token access rules against request {{(pid=86842) validate_allowed_request /usr/local/lib/python3.8/dist-packages/keystonemiddleware/auth_token/__init__.py:545}}
May 16 09:32:41.706411 dv-neutron-841823-5-hyperv devstack@keystone.service[86843]: DEBUG keystone.server.flask.request_processing.middleware.auth_context [None req-1e7c6e65-e94e-4535-b8f3-3adb3f7bd1f9 None admin] Validating token access rules against request {{(pid=86843) validate_allowed_request /usr/local/lib/python3.8/dist-packages/keystonemiddleware/auth_token/__init__.py:545}}
May 16 09:32:41.722420 dv-neutron-841823-5-hyperv devstack@keystone.service[86842]: DEBUG keystone.server.flask.request_processing.middleware.auth_context [None req-dc3e558b-6b9f-41e7-b884-142813c5bf83 None admin] RBAC: auth_context: {'token': , 'domain_id': None, 'trust_id': None, 'trustor_id': None, 'trustee_id': None, 'domain_name': None, 'group_ids': [], 'user_id': 'b11c80a7485e4194bacd8cc0aa1bacd1', 'user_domain_id': 'default', 'system_scope': 'all', 'project_id': None, 'project_domain_id': None, 'roles': ['admin', 'member', 'reader'], 'is_admin_project': True, 'service_user_id': None, 'service_user_domain_id': None, 'service_project_id': None, 'service_project_domain_id': None, 'service_roles': []} {{(pid=86842) fill_context /opt/stack/keystone/keystone/server/flask/request_processing/middleware/auth_context.py:478}}
May 16 09:32:41.723264 dv-neutron-841823-5-hyperv devstack@keystone.service[86842]: DEBUG keystone.server.flask.request_processing.req_logging [None req-dc3e558b-6b9f-41e7-b884-142813c5bf83 None admin] REQUEST_METHOD: `GET` {{(pid=86842) log_request_info /opt/stack/keystone/keystone/server/flask/request_processing/req_logging.py:27}}
May 16 09:32:41.723371 dv-neutron-841823-5-hyperv devstack@keystone.service[86842]: DEBUG keystone.server.flask.request_processing.req_logging [None req-dc3e558b-6b9f-41e7-b884-142813c5bf83 None admin] SCRIPT_NAME: `/identity` {{(pid=86842) log_request_info /opt/stack/keystone/keystone/server/flask/request_processing/req_logging.py:28}}
May 16 09:32:41.723641 dv-neutron-841823-5-hyperv devstack@keystone.service[86842]: DEBUG keystone.server.flask.request_processing.req_logging [None req-dc3e558b-6b9f-41e7-b884-142813c5bf83 None admin] PATH_INFO: `/v3/role_assignments` {{(pid=86842) log_request_info /opt/stack/keystone/keystone/server/flask/request_processing/req_logging.py:29}}
May 16 09:32:41.724838 dv-neutron-841823-5-hyperv devstack@keystone.service[86842]: DEBUG keystone.common.rbac_enforcer.enforcer [None req-dc3e558b-6b9f-41e7-b884-142813c5bf83 None admin] RBAC: Adding query filter params (role.id=7d822f51fcc34079ab2505fc8f525a2c, scope.project.id=3bad73c6b0074484b63a4b9bc12f558d, user.id=33cdb87ec74941368f3472d357c0abb4) {{(pid=86842) _extract_filter_values /opt/stack/keystone/keystone/common/rbac_enforcer/enforcer.py:167}}
May 16 09:32:41.724838 dv-neutron-841823-5-hyperv devstack@keystone.service[86842]: DEBUG keystone.common.rbac_enforcer.enforcer [None req-dc3e558b-6b9f-41e7-b884-142813c5bf83 None admin] RBAC: Authorizing `identity:list_role_assignments()` {{(pid=86842) enforce_call /opt/stack/keystone/keystone/common/rbac_enforcer/enforcer.py:449}}
May 16 09:32:41.726278 dv-neutron-841823-5-hyperv devstack@keystone.service[86842]: DEBUG keystone.common.rbac_enforcer.enforcer [None req-dc3e558b-6b9f-41e7-b884-142813c5bf83 None admin] RBAC: Authorization granted {{(pid=86842) enforce_call /opt/stack/keystone/keystone/common/rbac_enforcer/enforcer.py:457}}
May 16 09:32:41.732307 dv-neutron-841823-5-hyperv devstack@keystone.service[86842]: [pid: 86842|app: 0|req: 100/202] 10.222.0.76 () {56 vars in 1374 bytes} [Mon May 16 09:32:41 2022] GET /identity/v3/role_assignments?user.id=33cdb87ec74941368f3472d357c0abb4&scope.project.id=3bad73c6b0074484b63a4b9bc12f558d&role.id=7d822f51fcc34079ab2505fc8f525a2c => generated 259 bytes in 152 msecs (HTTP/1.1 200) 5 headers in 177 bytes (1 switches on core 0)
May 16 09:32:41.733122 dv-neutron-841823-5-hyperv devstack@keystone.service[86842]: DEBUG keystone.server.flask.request_processing.middleware.auth_context [None req-dc3e558b-6b9f-41e7-b884-142813c5bf83 None admin] Authenticating user token {{(pid=86842) process_request /usr/local/lib/python3.8/dist-packages/keystonemiddleware/auth_token/__init__.py:407}}
May 16 09:32:41.745745 dv-neutron-841823-5-hyperv devstack@keystone.service[86843]: DEBUG keystone.server.flask.request_processing.middleware.auth_context [None req-b42e77f4-869c-46a4-ac75-8687d5671d45 None admin] RBAC: auth_context: {'token': , 'domain_id': None, 'trust_id': None, 'trustor_id': None, 'trustee_id': None, 'domain_name': None, 'group_ids': [], 'user_id': 'b11c80a7485e4194bacd8cc0aa1bacd1', 'user_domain_id': 'default', 'system_scope': 'all', 'project_id': None, 'project_domain_id': None, 'roles': ['admin', 'member', 'reader'], 'is_admin_project': True, 'service_user_id': None, 'service_user_domain_id': None, 'service_project_id': None, 'service_project_domain_id': None, 'service_roles': []} {{(pid=86843) fill_context /opt/stack/keystone/keystone/server/flask/request_processing/middleware/auth_context.py:478}}
May 16 09:32:41.746420 dv-neutron-841823-5-hyperv devstack@keystone.service[86843]: DEBUG keystone.server.flask.request_processing.req_logging [None req-b42e77f4-869c-46a4-ac75-8687d5671d45 None admin] REQUEST_METHOD: `GET` {{(pid=86843) log_request_info /opt/stack/keystone/keystone/server/flask/request_processing/req_logging.py:27}}
May 16 09:32:41.746705 dv-neutron-841823-5-hyperv devstack@keystone.service[86843]: DEBUG keystone.server.flask.request_processing.req_logging [None req-b42e77f4-869c-46a4-ac75-8687d5671d45 None admin] SCRIPT_NAME: `/identity` {{(pid=86843) log_request_info /opt/stack/keystone/keystone/server/flask/request_processing/req_logging.py:28}}
May 16 09:32:41.746983 dv-neutron-841823-5-hyperv devstack@keystone.service[86843]: DEBUG keystone.server.flask.request_processing.req_logging [None req-b42e77f4-869c-46a4-ac75-8687d5671d45 None admin] PATH_INFO: `/v3/auth/tokens` {{(pid=86843) log_request_info /opt/stack/keystone/keystone/server/flask/request_processing/req_logging.py:29}}
May 16 09:32:41.821037 dv-neutron-841823-5-hyperv devstack@keystone.service[86843]: DEBUG keystone.common.rbac_enforcer.enforcer [None req-b42e77f4-869c-46a4-ac75-8687d5671d45 None admin] RBAC: Authorizing `identity:validate_token()` {{(pid=86843) enforce_call /opt/stack/keystone/keystone/common/rbac_enforcer/enforcer.py:449}}
May 16 09:32:41.822539 dv-neutron-841823-5-hyperv devstack@keystone.service[86843]: DEBUG keystone.common.rbac_enforcer.enforcer [None req-b42e77f4-869c-46a4-ac75-8687d5671d45 None admin] RBAC: Authorization granted {{(pid=86843) enforce_call /opt/stack/keystone/keystone/common/rbac_enforcer/enforcer.py:457}}
May 16 09:32:41.852688 dv-neutron-841823-5-hyperv devstack@keystone.service[86842]: DEBUG keystone.server.flask.request_processing.middleware.auth_context [None req-dc3e558b-6b9f-41e7-b884-142813c5bf83 None admin] Validating token access rules against request {{(pid=86842) validate_allowed_request /usr/local/lib/python3.8/dist-packages/keystonemiddleware/auth_token/__init__.py:545}}
May 16 09:32:41.888925 dv-neutron-841823-5-hyperv devstack@keystone.service[86842]: DEBUG keystone.server.flask.request_processing.middleware.auth_context [None req-8d6c1638-7cd1-41fa-9979-99a49695030f None admin] RBAC: auth_context: {'token': , 'domain_id': None, 'trust_id': None, 'trustor_id': None, 'trustee_id': None, 'domain_name': None, 'group_ids': [], 'user_id': 'b11c80a7485e4194bacd8cc0aa1bacd1', 'user_domain_id': 'default', 'system_scope': 'all', 'project_id': None, 'project_domain_id': None, 'roles': ['admin', 'member', 'reader'], 'is_admin_project': True, 'service_user_id': None, 'service_user_domain_id': None, 'service_project_id': None, 'service_project_domain_id': None, 'service_roles': []} {{(pid=86842) fill_context /opt/stack/keystone/keystone/server/flask/request_processing/middleware/auth_context.py:478}}
May 16 09:32:41.889594 dv-neutron-841823-5-hyperv devstack@keystone.service[86842]: DEBUG keystone.server.flask.request_processing.req_logging [None req-8d6c1638-7cd1-41fa-9979-99a49695030f None admin] REQUEST_METHOD: `GET` {{(pid=86842) log_request_info /opt/stack/keystone/keystone/server/flask/request_processing/req_logging.py:27}}
