May 16 09:32:50.694648 dv-neutron-841823-5-hyperv devstack@keystone.service[86842]: DEBUG keystone.server.flask.request_processing.req_logging [None req-949979c5-5dcf-408a-a124-a5c2975a8299 None admin] REQUEST_METHOD: `GET` {{(pid=86842) log_request_info /opt/stack/keystone/keystone/server/flask/request_processing/req_logging.py:27}}
May 16 09:32:50.694932 dv-neutron-841823-5-hyperv devstack@keystone.service[86842]: DEBUG keystone.server.flask.request_processing.req_logging [None req-949979c5-5dcf-408a-a124-a5c2975a8299 None admin] SCRIPT_NAME: `/identity` {{(pid=86842) log_request_info /opt/stack/keystone/keystone/server/flask/request_processing/req_logging.py:28}}
May 16 09:32:50.695213 dv-neutron-841823-5-hyperv devstack@keystone.service[86842]: DEBUG keystone.server.flask.request_processing.req_logging [None req-949979c5-5dcf-408a-a124-a5c2975a8299 None admin] PATH_INFO: `/v3/projects/3bad73c6b0074484b63a4b9bc12f558d` {{(pid=86842) log_request_info /opt/stack/keystone/keystone/server/flask/request_processing/req_logging.py:29}}
May 16 09:32:50.696588 dv-neutron-841823-5-hyperv devstack@keystone.service[86842]: DEBUG keystone.common.rbac_enforcer.enforcer [None req-949979c5-5dcf-408a-a124-a5c2975a8299 None admin] RBAC: Authorizing `identity:get_project(project_id=3bad73c6b0074484b63a4b9bc12f558d)` {{(pid=86842) enforce_call /opt/stack/keystone/keystone/common/rbac_enforcer/enforcer.py:449}}
May 16 09:32:50.698204 dv-neutron-841823-5-hyperv devstack@keystone.service[86842]: DEBUG keystone.common.rbac_enforcer.enforcer [None req-949979c5-5dcf-408a-a124-a5c2975a8299 None admin] RBAC: Authorization granted {{(pid=86842) enforce_call /opt/stack/keystone/keystone/common/rbac_enforcer/enforcer.py:457}}
May 16 09:32:50.700300 dv-neutron-841823-5-hyperv devstack@keystone.service[86842]: [pid: 86842|app: 0|req: 133/265] 10.222.0.76 () {56 vars in 1186 bytes} [Mon May 16 09:32:50 2022] GET /identity/v3/projects/3bad73c6b0074484b63a4b9bc12f558d => generated 302 bytes in 246 msecs (HTTP/1.1 200) 5 headers in 177 bytes (2 switches on core 0)
May 16 09:32:50.707066 dv-neutron-841823-5-hyperv devstack@keystone.service[86842]: DEBUG keystone.server.flask.request_processing.middleware.auth_context [None req-949979c5-5dcf-408a-a124-a5c2975a8299 None admin] Authenticating user token {{(pid=86842) process_request /usr/local/lib/python3.8/dist-packages/keystonemiddleware/auth_token/__init__.py:407}}
May 16 09:32:50.718344 dv-neutron-841823-5-hyperv devstack@keystone.service[86843]: DEBUG keystone.common.rbac_enforcer.enforcer [None req-44d61e90-df9c-4f3a-b8ee-10a6b8b97220 None admin] RBAC: Authorizing `identity:validate_token()` {{(pid=86843) enforce_call /opt/stack/keystone/keystone/common/rbac_enforcer/enforcer.py:449}}
May 16 09:32:50.718344 dv-neutron-841823-5-hyperv devstack@keystone.service[86843]: DEBUG keystone.common.rbac_enforcer.enforcer [None req-44d61e90-df9c-4f3a-b8ee-10a6b8b97220 None admin] RBAC: Authorization granted {{(pid=86843) enforce_call /opt/stack/keystone/keystone/common/rbac_enforcer/enforcer.py:457}}
May 16 09:32:50.898024 dv-neutron-841823-5-hyperv devstack@keystone.service[86843]: [pid: 86843|app: 0|req: 133/266] 10.222.0.76 () {58 vars in 1282 bytes} [Mon May 16 09:32:50 2022] GET /identity/v3/auth/tokens => generated 799 bytes in 515 msecs (HTTP/1.1 200) 6 headers in 358 bytes (2 switches on core 0)
May 16 09:32:50.904480 dv-neutron-841823-5-hyperv devstack@keystone.service[86843]: DEBUG keystone.server.flask.request_processing.middleware.auth_context [None req-44d61e90-df9c-4f3a-b8ee-10a6b8b97220 None admin] Authenticating user token {{(pid=86843) process_request /usr/local/lib/python3.8/dist-packages/keystonemiddleware/auth_token/__init__.py:407}}
May 16 09:32:50.905495 dv-neutron-841823-5-hyperv devstack@keystone.service[86842]: DEBUG keystone.server.flask.request_processing.middleware.auth_context [None req-949979c5-5dcf-408a-a124-a5c2975a8299 None admin] Validating token access rules against request {{(pid=86842) validate_allowed_request /usr/local/lib/python3.8/dist-packages/keystonemiddleware/auth_token/__init__.py:545}}
May 16 09:32:50.988722 dv-neutron-841823-5-hyperv devstack@keystone.service[86842]: DEBUG keystone.server.flask.request_processing.middleware.auth_context [None req-a4acb4e2-f72c-4566-8876-3f7b54724db8 None admin] RBAC: auth_context: {'token': , 'domain_id': None, 'trust_id': None, 'trustor_id': None, 'trustee_id': None, 'domain_name': None, 'group_ids': [], 'user_id': 'b11c80a7485e4194bacd8cc0aa1bacd1', 'user_domain_id': 'default', 'system_scope': 'all', 'project_id': None, 'project_domain_id': None, 'roles': ['admin', 'member', 'reader'], 'is_admin_project': True, 'service_user_id': None, 'service_user_domain_id': None, 'service_project_id': None, 'service_project_domain_id': None, 'service_roles': []} {{(pid=86842) fill_context /opt/stack/keystone/keystone/server/flask/request_processing/middleware/auth_context.py:478}}
May 16 09:32:50.989401 dv-neutron-841823-5-hyperv devstack@keystone.service[86842]: DEBUG keystone.server.flask.request_processing.req_logging [None req-a4acb4e2-f72c-4566-8876-3f7b54724db8 None admin] REQUEST_METHOD: `GET` {{(pid=86842) log_request_info /opt/stack/keystone/keystone/server/flask/request_processing/req_logging.py:27}}
May 16 09:32:50.989690 dv-neutron-841823-5-hyperv devstack@keystone.service[86842]: DEBUG keystone.server.flask.request_processing.req_logging [None req-a4acb4e2-f72c-4566-8876-3f7b54724db8 None admin] SCRIPT_NAME: `/identity` {{(pid=86842) log_request_info /opt/stack/keystone/keystone/server/flask/request_processing/req_logging.py:28}}
May 16 09:32:50.989972 dv-neutron-841823-5-hyperv devstack@keystone.service[86842]: DEBUG keystone.server.flask.request_processing.req_logging [None req-a4acb4e2-f72c-4566-8876-3f7b54724db8 None admin] PATH_INFO: `/v3/role_assignments` {{(pid=86842) log_request_info /opt/stack/keystone/keystone/server/flask/request_processing/req_logging.py:29}}
May 16 09:32:50.990826 dv-neutron-841823-5-hyperv devstack@keystone.service[86842]: DEBUG keystone.common.rbac_enforcer.enforcer [None req-a4acb4e2-f72c-4566-8876-3f7b54724db8 None admin] RBAC: Adding query filter params (role.id=7d822f51fcc34079ab2505fc8f525a2c, scope.project.id=3bad73c6b0074484b63a4b9bc12f558d, user.id=33cdb87ec74941368f3472d357c0abb4) {{(pid=86842) _extract_filter_values /opt/stack/keystone/keystone/common/rbac_enforcer/enforcer.py:167}}
May 16 09:32:50.991144 dv-neutron-841823-5-hyperv devstack@keystone.service[86842]: DEBUG keystone.common.rbac_enforcer.enforcer [None req-a4acb4e2-f72c-4566-8876-3f7b54724db8 None admin] RBAC: Authorizing `identity:list_role_assignments()` {{(pid=86842) enforce_call /opt/stack/keystone/keystone/common/rbac_enforcer/enforcer.py:449}}
May 16 09:32:50.992643 dv-neutron-841823-5-hyperv devstack@keystone.service[86842]: DEBUG keystone.common.rbac_enforcer.enforcer [None req-a4acb4e2-f72c-4566-8876-3f7b54724db8 None admin] RBAC: Authorization granted {{(pid=86842) enforce_call /opt/stack/keystone/keystone/common/rbac_enforcer/enforcer.py:457}}
May 16 09:32:50.999160 dv-neutron-841823-5-hyperv devstack@keystone.service[86842]: [pid: 86842|app: 0|req: 134/267] 10.222.0.76 () {56 vars in 1374 bytes} [Mon May 16 09:32:50 2022] GET /identity/v3/role_assignments?user.id=33cdb87ec74941368f3472d357c0abb4&scope.project.id=3bad73c6b0074484b63a4b9bc12f558d&role.id=7d822f51fcc34079ab2505fc8f525a2c => generated 608 bytes in 292 msecs (HTTP/1.1 200) 5 headers in 177 bytes (1 switches on core 0)
May 16 09:32:51.093550 dv-neutron-841823-5-hyperv devstack@keystone.service[86843]: DEBUG keystone.server.flask.request_processing.middleware.auth_context [None req-44d61e90-df9c-4f3a-b8ee-10a6b8b97220 None admin] Validating token access rules against request {{(pid=86843) validate_allowed_request /usr/local/lib/python3.8/dist-packages/keystonemiddleware/auth_token/__init__.py:545}}
May 16 09:32:51.158213 dv-neutron-841823-5-hyperv devstack@keystone.service[86843]: DEBUG keystone.server.flask.request_processing.middleware.auth_context [None req-ffa4317d-e845-4d6f-9b32-6deb7c395b85 None admin] RBAC: auth_context: {'token': , 'domain_id': None, 'trust_id': None, 'trustor_id': None, 'trustee_id': None, 'domain_name': None, 'group_ids': [], 'user_id': 'b11c80a7485e4194bacd8cc0aa1bacd1', 'user_domain_id': 'default', 'system_scope': 'all', 'project_id': None, 'project_domain_id': None, 'roles': ['admin', 'member', 'reader'], 'is_admin_project': True, 'service_user_id': None, 'service_user_domain_id': None, 'service_project_id': None, 'service_project_domain_id': None, 'service_roles': []} {{(pid=86843) fill_context /opt/stack/keystone/keystone/server/flask/request_processing/middleware/auth_context.py:478}}
May 16 09:32:51.159438 dv-neutron-841823-5-hyperv devstack@keystone.service[86843]: DEBUG keystone.server.flask.request_processing.req_logging [None req-ffa4317d-e845-4d6f-9b32-6deb7c395b85 None admin] REQUEST_METHOD: `GET` {{(pid=86843) log_request_info /opt/stack/keystone/keystone/server/flask/request_processing/req_logging.py:27}}
May 16 09:32:51.159914 dv-neutron-841823-5-hyperv devstack@keystone.service[86843]: DEBUG keystone.server.flask.request_processing.req_logging [None req-ffa4317d-e845-4d6f-9b32-6deb7c395b85 None admin] SCRIPT_NAME: `/identity` {{(pid=86843) log_request_info /opt/stack/keystone/keystone/server/flask/request_processing/req_logging.py:28}}
May 16 09:32:51.160404 dv-neutron-841823-5-hyperv devstack@keystone.service[86843]: DEBUG keystone.server.flask.request_processing.req_logging [None req-ffa4317d-e845-4d6f-9b32-6deb7c395b85 None admin] PATH_INFO: `/v3/projects/3bad73c6b0074484b63a4b9bc12f558d` {{(pid=86843) log_request_info /opt/stack/keystone/keystone/server/flask/request_processing/req_logging.py:29}}
May 16 09:32:51.164914 dv-neutron-841823-5-hyperv devstack@keystone.service[86843]: DEBUG keystone.common.rbac_enforcer.enforcer [None req-ffa4317d-e845-4d6f-9b32-6deb7c395b85 None admin] RBAC: Authorizing `identity:get_project(project_id=3bad73c6b0074484b63a4b9bc12f558d)` {{(pid=86843) enforce_call /opt/stack/keystone/keystone/common/rbac_enforcer/enforcer.py:449}}
May 16 09:32:51.166698 dv-neutron-841823-5-hyperv devstack@keystone.service[86843]: DEBUG keystone.common.rbac_enforcer.enforcer [None req-ffa4317d-e845-4d6f-9b32-6deb7c395b85 None admin] RBAC: Authorization granted {{(pid=86843) enforce_call /opt/stack/keystone/keystone/common/rbac_enforcer/enforcer.py:457}}
May 16 09:32:51.168820 dv-neutron-841823-5-hyperv devstack@keystone.service[86843]: [pid: 86843|app: 0|req: 134/268] 10.222.0.76 () {56 vars in 1186 bytes} [Mon May 16 09:32:50 2022] GET /identity/v3/projects/3bad73c6b0074484b63a4b9bc12f558d => generated 302 bytes in 265 msecs (HTTP/1.1 200) 5 headers in 177 bytes (2 switches on core 0)
May 16 09:32:51.175410 dv-neutron-841823-5-hyperv devstack@keystone.service[86842]: DEBUG keystone.server.flask.request_processing.middleware.auth_context [None req-a4acb4e2-f72c-4566-8876-3f7b54724db8 None admin] Authenticating user token {{(pid=86842) process_request /usr/local/lib/python3.8/dist-packages/keystonemiddleware/auth_token/__init__.py:407}}
May 16 09:32:51.331551 dv-neutron-841823-5-hyperv devstack@keystone.service[86842]: DEBUG keystone.server.flask.request_processing.middleware.auth_context [None req-a4acb4e2-f72c-4566-8876-3f7b54724db8 None admin] Validating token access rules against request {{(pid=86842) validate_allowed_request /usr/local/lib/python3.8/dist-packages/keystonemiddleware/auth_token/__init__.py:545}}
May 16 09:32:51.376681 dv-neutron-841823-5-hyperv devstack@keystone.service[86842]: DEBUG keystone.server.flask.request_processing.middleware.auth_context [None req-0a3e6f12-6c49-4898-807f-ba71a8906081 None admin] RBAC: auth_context: {'token': , 'domain_id': None, 'trust_id': None, 'trustor_id': None, 'trustee_id': None, 'domain_name': None, 'group_ids': [], 'user_id': 'b11c80a7485e4194bacd8cc0aa1bacd1', 'user_domain_id': 'default', 'system_scope': 'all', 'project_id': None, 'project_domain_id': None, 'roles': ['admin', 'member', 'reader'], 'is_admin_project': True, 'service_user_id': None, 'service_user_domain_id': None, 'service_project_id': None, 'service_project_domain_id': None, 'service_roles': []} {{(pid=86842) fill_context /opt/stack/keystone/keystone/server/flask/request_processing/middleware/auth_context.py:478}}
May 16 09:32:51.377351 dv-neutron-841823-5-hyperv devstack@keystone.service[86842]: DEBUG keystone.server.flask.request_processing.req_logging [None req-0a3e6f12-6c49-4898-807f-ba71a8906081 None admin] REQUEST_METHOD: `GET` {{(pid=86842) log_request_info /opt/stack/keystone/keystone/server/flask/request_processing/req_logging.py:27}}
May 16 09:32:51.377636 dv-neutron-841823-5-hyperv devstack@keystone.service[86842]: DEBUG keystone.server.flask.request_processing.req_logging [None req-0a3e6f12-6c49-4898-807f-ba71a8906081 None admin] SCRIPT_NAME: `/identity` {{(pid=86842) log_request_info /opt/stack/keystone/keystone/server/flask/request_processing/req_logging.py:28}}
May 16 09:32:51.377916 dv-neutron-841823-5-hyperv devstack@keystone.service[86842]: DEBUG keystone.server.flask.request_processing.req_logging [None req-0a3e6f12-6c49-4898-807f-ba71a8906081 None admin] PATH_INFO: `/v3/role_assignments` {{(pid=86842) log_request_info /opt/stack/keystone/keystone/server/flask/request_processing/req_logging.py:29}}
May 16 09:32:51.378757 dv-neutron-841823-5-hyperv devstack@keystone.service[86842]: DEBUG keystone.common.rbac_enforcer.enforcer [None req-0a3e6f12-6c49-4898-807f-ba71a8906081 None admin] RBAC: Adding query filter params (role.id=9c3e113420a740859c253deabb54ec44, scope.project.id=3bad73c6b0074484b63a4b9bc12f558d, user.id=33cdb87ec74941368f3472d357c0abb4) {{(pid=86842) _extract_filter_values /opt/stack/keystone/keystone/common/rbac_enforcer/enforcer.py:167}}
May 16 09:32:51.379073 dv-neutron-841823-5-hyperv devstack@keystone.service[86842]: DEBUG keystone.common.rbac_enforcer.enforcer [None req-0a3e6f12-6c49-4898-807f-ba71a8906081 None admin] RBAC: Authorizing `identity:list_role_assignments()` {{(pid=86842) enforce_call /opt/stack/keystone/keystone/common/rbac_enforcer/enforcer.py:449}}
May 16 09:32:51.380563 dv-neutron-841823-5-hyperv devstack@keystone.service[86842]: DEBUG keystone.common.rbac_enforcer.enforcer [None req-0a3e6f12-6c49-4898-807f-ba71a8906081 None admin] RBAC: Authorization granted {{(pid=86842) enforce_call /opt/stack/keystone/keystone/common/rbac_enforcer/enforcer.py:457}}
May 16 09:32:51.387043 dv-neutron-841823-5-hyperv devstack@keystone.service[86842]: [pid: 86842|app: 0|req: 135/269] 10.222.0.76 () {56 vars in 1374 bytes} [Mon May 16 09:32:51 2022] GET /identity/v3/role_assignments?user.id=33cdb87ec74941368f3472d357c0abb4&scope.project.id=3bad73c6b0074484b63a4b9bc12f558d&role.id=9c3e113420a740859c253deabb54ec44 => generated 608 bytes in 212 msecs (HTTP/1.1 200) 5 headers in 177 bytes (1 switches on core 0)
May 16 09:32:51.486285 dv-neutron-841823-5-hyperv devstack@keystone.service[86843]: DEBUG keystone.server.flask.request_processing.req_logging [None req-f9c23ac5-db6a-462c-90d1-fdfa683302bf None None] REQUEST_METHOD: `GET` {{(pid=86843) log_request_info /opt/stack/keystone/keystone/server/flask/request_processing/req_logging.py:27}}
May 16 09:32:51.486570 dv-neutron-841823-5-hyperv devstack@keystone.service[86843]: DEBUG keystone.server.flask.request_processing.req_logging [None req-f9c23ac5-db6a-462c-90d1-fdfa683302bf None None] SCRIPT_NAME: `/identity` {{(pid=86843) log_request_info /opt/stack/keystone/keystone/server/flask/request_processing/req_logging.py:28}}
May 16 09:32:51.486765 dv-neutron-841823-5-hyperv devstack@keystone.service[86843]: DEBUG keystone.server.flask.request_processing.req_logging [None req-f9c23ac5-db6a-462c-90d1-fdfa683302bf None None] PATH_INFO: `/` {{(pid=86843) log_request_info /opt/stack/keystone/keystone/server/flask/request_processing/req_logging.py:29}}
May 16 09:32:51.488472 dv-neutron-841823-5-hyperv devstack@keystone.service[86843]: [pid: 86843|app: 0|req: 135/270] 10.222.0.76 () {54 vars in 926 bytes} [Mon May 16 09:32:51 2022] GET /identity => generated 270 bytes in 4 msecs (HTTP/1.1 300) 6 headers in 234 bytes (1 switches on core 0)
May 16 09:32:51.494583 dv-neutron-841823-5-hyperv devstack@keystone.service[86842]: DEBUG keystone.server.flask.request_processing.req_logging [None req-cb17d7d9-5544-4c7e-9272-cef0d17ca8b2 None None] REQUEST_METHOD: `POST` {{(pid=86842) log_request_info /opt/stack/keystone/keystone/server/flask/request_processing/req_logging.py:27}}
May 16 09:32:51.495085 dv-neutron-841823-5-hyperv devstack@keystone.service[86842]: DEBUG keystone.server.flask.request_processing.req_logging [None req-cb17d7d9-5544-4c7e-9272-cef0d17ca8b2 None None] SCRIPT_NAME: `/identity` {{(pid=86842) log_request_info /opt/stack/keystone/keystone/server/flask/request_processing/req_logging.py:28}}
May 16 09:32:51.495158 dv-neutron-841823-5-hyperv devstack@keystone.service[86842]: DEBUG keystone.server.flask.request_processing.req_logging [None req-cb17d7d9-5544-4c7e-9272-cef0d17ca8b2 None None] PATH_INFO: `/v3/auth/tokens` {{(pid=86842) log_request_info /opt/stack/keystone/keystone/server/flask/request_processing/req_logging.py:29}}
May 16 09:32:51.517086 dv-neutron-841823-5-hyperv devstack@keystone.service[86842]: DEBUG keystone.auth.core [None req-cb17d7d9-5544-4c7e-9272-cef0d17ca8b2 None None] MFA Rules not processed for user `b11c80a7485e4194bacd8cc0aa1bacd1`. Rule list: `[]` (Enabled: `True`). {{(pid=86842) check_auth_methods_against_rules /opt/stack/keystone/keystone/auth/core.py:438}}
May 16 09:32:51.518327 dv-neutron-841823-5-hyperv devstack@keystone.service[86842]: DEBUG keystone.common.fernet_utils [None req-cb17d7d9-5544-4c7e-9272-cef0d17ca8b2 None None] Loaded 2 Fernet keys from /etc/keystone/fernet-keys/, but `[fernet_tokens] max_active_keys = 3`; perhaps there have not been enough key rotations to reach `max_active_keys` yet? {{(pid=86842) load_keys /opt/stack/keystone/keystone/common/fernet_utils.py:286}}
May 16 09:32:51.582986 dv-neutron-841823-5-hyperv devstack@keystone.service[86843]: DEBUG keystone.server.flask.request_processing.req_logging [None req-d41f024d-f3ab-405f-bb57-48460317e513 None None] REQUEST_METHOD: `GET` {{(pid=86843) log_request_info /opt/stack/keystone/keystone/server/flask/request_processing/req_logging.py:27}}
May 16 09:32:51.583523 dv-neutron-841823-5-hyperv devstack@keystone.service[86843]: DEBUG keystone.server.flask.request_processing.req_logging [None req-d41f024d-f3ab-405f-bb57-48460317e513 None None] SCRIPT_NAME: `/identity` {{(pid=86843) log_request_info /opt/stack/keystone/keystone/server/flask/request_processing/req_logging.py:28}}
May 16 09:32:51.583523 dv-neutron-841823-5-hyperv devstack@keystone.service[86843]: DEBUG keystone.server.flask.request_processing.req_logging [None req-d41f024d-f3ab-405f-bb57-48460317e513 None None] PATH_INFO: `/` {{(pid=86843) log_request_info /opt/stack/keystone/keystone/server/flask/request_processing/req_logging.py:29}}
May 16 09:32:51.585220 dv-neutron-841823-5-hyperv devstack@keystone.service[86843]: [pid: 86843|app: 0|req: 136/271] 10.222.0.76 () {54 vars in 926 bytes} [Mon May 16 09:32:51 2022] GET /identity => generated 270 bytes in 3 msecs (HTTP/1.1 300) 6 headers in 234 bytes (1 switches on core 0)
May 16 09:32:51.591137 dv-neutron-841823-5-hyperv devstack@keystone.service[86843]: DEBUG keystone.server.flask.request_processing.req_logging [None req-73c9b2b8-b626-4728-8fa7-a7087d320199 None None] REQUEST_METHOD: `POST` {{(pid=86843) log_request_info /opt/stack/keystone/keystone/server/flask/request_processing/req_logging.py:27}}
May 16 09:32:51.591429 dv-neutron-841823-5-hyperv devstack@keystone.service[86843]: DEBUG keystone.server.flask.request_processing.req_logging [None req-73c9b2b8-b626-4728-8fa7-a7087d320199 None None] SCRIPT_NAME: `/identity` {{(pid=86843) log_request_info /opt/stack/keystone/keystone/server/flask/request_processing/req_logging.py:28}}
May 16 09:32:51.591706 dv-neutron-841823-5-hyperv devstack@keystone.service[86843]: DEBUG keystone.server.flask.request_processing.req_logging [None req-73c9b2b8-b626-4728-8fa7-a7087d320199 None None] PATH_INFO: `/v3/auth/tokens` {{(pid=86843) log_request_info /opt/stack/keystone/keystone/server/flask/request_processing/req_logging.py:29}}
May 16 09:32:51.603339 dv-neutron-841823-5-hyperv devstack@keystone.service[86842]: [pid: 86842|app: 0|req: 136/272] 10.222.0.76 () {58 vars in 1023 bytes} [Mon May 16 09:32:51 2022] POST /identity/v3/auth/tokens => generated 799 bytes in 110 msecs (HTTP/1.1 201) 6 headers in 363 bytes (1 switches on core 0)
May 16 09:32:51.629144 dv-neutron-841823-5-hyperv devstack@keystone.service[86842]: DEBUG keystone.server.flask.request_processing.middleware.auth_context [None req-cb17d7d9-5544-4c7e-9272-cef0d17ca8b2 None None] Authenticating user token {{(pid=86842) process_request /usr/local/lib/python3.8/dist-packages/keystonemiddleware/auth_token/__init__.py:407}}
May 16 09:32:51.637162 dv-neutron-841823-5-hyperv devstack@keystone.service[86843]: DEBUG keystone.auth.core [None req-73c9b2b8-b626-4728-8fa7-a7087d320199 None None] MFA Rules not processed for user `b11c80a7485e4194bacd8cc0aa1bacd1`. Rule list: `[]` (Enabled: `True`). {{(pid=86843) check_auth_methods_against_rules /opt/stack/keystone/keystone/auth/core.py:438}}
May 16 09:32:51.638394 dv-neutron-841823-5-hyperv devstack@keystone.service[86843]: DEBUG keystone.common.fernet_utils [None req-73c9b2b8-b626-4728-8fa7-a7087d320199 None None] Loaded 2 Fernet keys from /etc/keystone/fernet-keys/, but `[fernet_tokens] max_active_keys = 3`; perhaps there have not been enough key rotations to reach `max_active_keys` yet? {{(pid=86843) load_keys /opt/stack/keystone/keystone/common/fernet_utils.py:286}}
May 16 09:32:51.736537 dv-neutron-841823-5-hyperv devstack@keystone.service[86842]: DEBUG keystone.server.flask.request_processing.middleware.auth_context [None req-cb17d7d9-5544-4c7e-9272-cef0d17ca8b2 None None] Validating token access rules against request {{(pid=86842) validate_allowed_request /usr/local/lib/python3.8/dist-packages/keystonemiddleware/auth_token/__init__.py:545}}
May 16 09:32:51.762983 dv-neutron-841823-5-hyperv devstack@keystone.service[86843]: [pid: 86843|app: 0|req: 137/273] 10.222.0.76 () {58 vars in 1023 bytes} [Mon May 16 09:32:51 2022] POST /identity/v3/auth/tokens => generated 799 bytes in 173 msecs (HTTP/1.1 201) 6 headers in 363 bytes (2 switches on core 0)
May 16 09:32:51.789812 dv-neutron-841823-5-hyperv devstack@keystone.service[86842]: DEBUG keystone.server.flask.request_processing.middleware.auth_context [None req-bd06bbec-9d3f-4761-bcc9-9eab21e84330 None admin] RBAC: auth_context: {'token': , 'domain_id': None, 'trust_id': None, 'trustor_id': None, 'trustee_id': None, 'domain_name': None, 'group_ids': [], 'user_id': 'b11c80a7485e4194bacd8cc0aa1bacd1', 'user_domain_id': 'default', 'system_scope': 'all', 'project_id': None, 'project_domain_id': None, 'roles': ['admin', 'member', 'reader'], 'is_admin_project': True, 'service_user_id': None, 'service_user_domain_id': None, 'service_project_id': None, 'service_project_domain_id': None, 'service_roles': []} {{(pid=86842) fill_context /opt/stack/keystone/keystone/server/flask/request_processing/middleware/auth_context.py:478}}
May 16 09:32:51.790480 dv-neutron-841823-5-hyperv devstack@keystone.service[86843]: DEBUG keystone.server.flask.request_processing.middleware.auth_context [None req-73c9b2b8-b626-4728-8fa7-a7087d320199 None None] Authenticating user token {{(pid=86843) process_request /usr/local/lib/python3.8/dist-packages/keystonemiddleware/auth_token/__init__.py:407}}
May 16 09:32:51.790598 dv-neutron-841823-5-hyperv devstack@keystone.service[86842]: DEBUG keystone.server.flask.request_processing.req_logging [None req-bd06bbec-9d3f-4761-bcc9-9eab21e84330 None admin] REQUEST_METHOD: `GET` {{(pid=86842) log_request_info /opt/stack/keystone/keystone/server/flask/request_processing/req_logging.py:27}}
May 16 09:32:51.790897 dv-neutron-841823-5-hyperv devstack@keystone.service[86842]: DEBUG keystone.server.flask.request_processing.req_logging [None req-bd06bbec-9d3f-4761-bcc9-9eab21e84330 None admin] SCRIPT_NAME: `/identity` {{(pid=86842) log_request_info /opt/stack/keystone/keystone/server/flask/request_processing/req_logging.py:28}}
May 16 09:32:51.791231 dv-neutron-841823-5-hyperv devstack@keystone.service[86842]: DEBUG keystone.server.flask.request_processing.req_logging [None req-bd06bbec-9d3f-4761-bcc9-9eab21e84330 None admin] PATH_INFO: `/v3/roles/member` {{(pid=86842) log_request_info /opt/stack/keystone/keystone/server/flask/request_processing/req_logging.py:29}}
May 16 09:32:51.812009 dv-neutron-841823-5-hyperv devstack@keystone.service[86842]: DEBUG keystone.common.rbac_enforcer.enforcer [None req-bd06bbec-9d3f-4761-bcc9-9eab21e84330 None admin] Extracting inferred target data resulted in "NOT FOUND (404)". {{(pid=86842) enforce_call /opt/stack/keystone/keystone/common/rbac_enforcer/enforcer.py:409}}
May 16 09:32:51.815948 dv-neutron-841823-5-hyperv devstack@keystone.service[86842]: ERROR keystone.server.flask.application [None req-bd06bbec-9d3f-4761-bcc9-9eab21e84330 None admin] Could not find role: member.: keystone.exception.RoleNotFound: Could not find role: member.
May 16 09:32:51.815948 dv-neutron-841823-5-hyperv devstack@keystone.service[86842]: ERROR keystone.server.flask.application
Traceback (most recent call last):
May 16 09:32:51.815948 dv-neutron-841823-5-hyperv devstack@keystone.service[86842]: ERROR keystone.server.flask.application
File "/usr/local/lib/python3.8/dist-packages/flask/app.py", line 1523, in full_dispatch_request
May 16 09:32:51.815948 dv-neutron-841823-5-hyperv devstack@keystone.service[86842]: ERROR keystone.server.flask.application rv = self.dispatch_request()
May 16 09:32:51.815948 dv-neutron-841823-5-hyperv devstack@keystone.service[86842]: ERROR keystone.server.flask.application
File "/usr/local/lib/python3.8/dist-packages/flask/app.py", line 1509, in dispatch_request
May 16 09:32:51.815948 dv-neutron-841823-5-hyperv devstack@keystone.service[86842]: ERROR keystone.server.flask.application return self.ensure_sync(self.view_functions[rule.endpoint])(**req.view_args)
May 16 09:32:51.815948 dv-neutron-841823-5-hyperv devstack@keystone.service[86842]: ERROR keystone.server.flask.application
File "/usr/local/lib/python3.8/dist-packages/flask_restful/__init__.py", line 467, in wrapper
May 16 09:32:51.815948 dv-neutron-841823-5-hyperv devstack@keystone.service[86842]: ERROR keystone.server.flask.application resp = resource(*args, **kwargs)
May 16 09:32:51.815948 dv-neutron-841823-5-hyperv devstack@keystone.service[86842]: ERROR keystone.server.flask.application
File "/usr/local/lib/python3.8/dist-packages/flask/views.py", line 84, in view
May 16 09:32:51.815948 dv-neutron-841823-5-hyperv devstack@keystone.service[86842]: ERROR keystone.server.flask.application return current_app.ensure_sync(self.dispatch_request)(*args, **kwargs)
May 16 09:32:51.815948 dv-neutron-841823-5-hyperv devstack@keystone.service[86842]: ERROR keystone.server.flask.application
File "/usr/local/lib/python3.8/dist-packages/flask_restful/__init__.py", line 582, in dispatch_request
May 16 09:32:51.815948 dv-neutron-841823-5-hyperv devstack@keystone.service[86842]: ERROR keystone.server.flask.application resp = meth(*args, **kwargs)
May 16 09:32:51.815948 dv-neutron-841823-5-hyperv devstack@keystone.service[86842]: ERROR keystone.server.flask.application
File "/opt/stack/keystone/keystone/api/roles.py", line 50, in get
May 16 09:32:51.815948 dv-neutron-841823-5-hyperv devstack@keystone.service[86842]: ERROR keystone.server.flask.application return self._get_role(role_id)
May 16 09:32:51.815948 dv-neutron-841823-5-hyperv devstack@keystone.service[86842]: ERROR keystone.server.flask.application
File "/opt/stack/keystone/keystone/api/roles.py", line 70, in _get_role
May 16 09:32:51.815948 dv-neutron-841823-5-hyperv devstack@keystone.service[86842]: ERROR keystone.server.flask.application ENFORCER.enforce_call(action='identity:get_role')
May 16 09:32:51.816807 dv-neutron-841823-5-hyperv devstack@keystone.service[86842]: ERROR keystone.server.flask.application
File "/opt/stack/keystone/keystone/common/rbac_enforcer/enforcer.py", line 402, in enforce_call
May 16 09:32:51.816807 dv-neutron-841823-5-hyperv devstack@keystone.service[86842]: ERROR keystone.server.flask.application policy_dict.update(cls._extract_member_target_data(
May 16 09:32:51.816807 dv-neutron-841823-5-hyperv devstack@keystone.service[86842]: ERROR keystone.server.flask.application
File "/opt/stack/keystone/keystone/common/rbac_enforcer/enforcer.py", line 234, in _extract_member_target_data
May 16 09:32:51.816807 dv-neutron-841823-5-hyperv devstack@keystone.service[86842]: ERROR keystone.server.flask.application member_name: func(flask.request.view_args[key])
May 16 09:32:51.816807 dv-neutron-841823-5-hyperv devstack@keystone.service[86842]: ERROR keystone.server.flask.application
File "/opt/stack/keystone/keystone/common/manager.py", line 115, in wrapped
May 16 09:32:51.816807 dv-neutron-841823-5-hyperv devstack@keystone.service[86842]: ERROR keystone.server.flask.application __ret_val = __f(*args, **kwargs)
May 16 09:32:51.816807 dv-neutron-841823-5-hyperv devstack@keystone.service[86842]: ERROR keystone.server.flask.application
File "/usr/local/lib/python3.8/dist-packages/decorator.py", line 232, in fun
May 16 09:32:51.816807 dv-neutron-841823-5-hyperv devstack@keystone.service[86842]: ERROR keystone.server.flask.application return caller(func, *(extras + args), **kw)
May 16 09:32:51.816807 dv-neutron-841823-5-hyperv devstack@keystone.service[86842]: ERROR keystone.server.flask.application
File "/usr/local/lib/python3.8/dist-packages/dogpile/cache/region.py", line 1577, in get_or_create_for_user_func
May 16 09:32:51.816807 dv-neutron-841823-5-hyperv devstack@keystone.service[86842]: ERROR keystone.server.flask.application return self.get_or_create(
May 16 09:32:51.816807 dv-neutron-841823-5-hyperv devstack@keystone.service[86842]: ERROR keystone.server.flask.application
File "/usr/local/lib/python3.8/dist-packages/dogpile/cache/region.py", line 1042, in get_or_create
May 16 09:32:51.816807 dv-neutron-841823-5-hyperv devstack@keystone.service[86842]: ERROR keystone.server.flask.application with Lock(
May 16 09:32:51.816807 dv-neutron-841823-5-hyperv devstack@keystone.service[86842]: ERROR keystone.server.flask.application
File "/usr/local/lib/python3.8/dist-packages/dogpile/lock.py", line 185, in __enter__
May 16 09:32:51.816807 dv-neutron-841823-5-hyperv devstack@keystone.service[86842]: ERROR keystone.server.flask.application return self._enter()
May 16 09:32:51.816807 dv-neutron-841823-5-hyperv devstack@keystone.service[86842]: ERROR keystone.server.flask.application
File "/usr/local/lib/python3.8/dist-packages/dogpile/lock.py", line 94, in _enter
May 16 09:32:51.816807 dv-neutron-841823-5-hyperv devstack@keystone.service[86842]: ERROR keystone.server.flask.application generated = self._enter_create(value, createdtime)
May 16 09:32:51.817583 dv-neutron-841823-5-hyperv devstack@keystone.service[86842]: ERROR keystone.server.flask.application
File "/usr/local/lib/python3.8/dist-packages/dogpile/lock.py", line 178, in _enter_create
May 16 09:32:51.817583 dv-neutron-841823-5-hyperv devstack@keystone.service[86842]: ERROR keystone.server.flask.application return self.creator()
May 16 09:32:51.817583 dv-neutron-841823-5-hyperv devstack@keystone.service[86842]: ERROR keystone.server.flask.application
File "/usr/local/lib/python3.8/dist-packages/dogpile/cache/region.py", line 995, in gen_value
May 16 09:32:51.817583 dv-neutron-841823-5-hyperv devstack@keystone.service[86842]: ERROR keystone.server.flask.application created_value = creator(
May 16 09:32:51.817583 dv-neutron-841823-5-hyperv devstack@keystone.service[86842]: ERROR keystone.server.flask.application
File "/opt/stack/keystone/keystone/assignment/core.py", line 1276, in get_role
May 16 09:32:51.817583 dv-neutron-841823-5-hyperv devstack@keystone.service[86842]: ERROR keystone.server.flask.application return self.driver.get_role(role_id)
May 16 09:32:51.817583 dv-neutron-841823-5-hyperv devstack@keystone.service[86842]: ERROR keystone.server.flask.application
File "/opt/stack/keystone/keystone/assignment/role_backends/sql.py", line 70, in get_role
May 16 09:32:51.817583 dv-neutron-841823-5-hyperv devstack@keystone.service[86842]: ERROR keystone.server.flask.application return self._get_role(session, role_id).to_dict()
May 16 09:32:51.817583 dv-neutron-841823-5-hyperv devstack@keystone.service[86842]: ERROR keystone.server.flask.application
File "/opt/stack/keystone/keystone/assignment/role_backends/sql.py", line 65, in _get_role
May 16 09:32:51.817583 dv-neutron-841823-5-hyperv devstack@keystone.service[86842]: ERROR keystone.server.flask.application raise exception.RoleNotFound(role_id=role_id)
May 16 09:32:51.817583 dv-neutron-841823-5-hyperv devstack@keystone.service[86842]: ERROR keystone.server.flask.application keystone.exception.RoleNotFound: Could not find role: member.
May 16 09:32:51.817583 dv-neutron-841823-5-hyperv devstack@keystone.service[86842]: ERROR keystone.server.flask.application
May 16 09:32:51.817583 dv-neutron-841823-5-hyperv devstack@keystone.service[86842]: [pid: 86842|app: 0|req: 137/274] 10.222.0.76 () {56 vars in 1099 bytes} [Mon May 16 09:32:51 2022] GET /identity/v3/roles/member => generated 84 bytes in 189 msecs (HTTP/1.1 404) 5 headers in 183 bytes (2 switches on core 0)
May 16 09:32:51.824408 dv-neutron-841823-5-hyperv devstack@keystone.service[86842]: DEBUG keystone.server.flask.request_processing.middleware.auth_context [None req-bd06bbec-9d3f-4761-bcc9-9eab21e84330 None admin] Authenticating user token {{(pid=86842) process_request /usr/local/lib/python3.8/dist-packages/keystonemiddleware/auth_token/__init__.py:407}}
May 16 09:32:51.916422 dv-neutron-841823-5-hyperv devstack@keystone.service[86843]: DEBUG keystone.server.flask.request_processing.middleware.auth_context [None req-73c9b2b8-b626-4728-8fa7-a7087d320199 None None] Validating token access rules against request {{(pid=86843) validate_allowed_request /usr/local/lib/python3.8/dist-packages/keystonemiddleware/auth_token/__init__.py:545}}
May 16 09:32:51.949976 dv-neutron-841823-5-hyperv devstack@keystone.service[86843]: DEBUG keystone.server.flask.request_processing.middleware.auth_context [None req-4d8f7340-665f-40f4-8c3e-fd65dec46fff None admin] RBAC: auth_context: {'token': , 'domain_id': None, 'trust_id': None, 'trustor_id': None, 'trustee_id': None, 'domain_name': None, 'group_ids': [], 'user_id': 'b11c80a7485e4194bacd8cc0aa1bacd1', 'user_domain_id': 'default', 'system_scope': 'all', 'project_id': None, 'project_domain_id': None, 'roles': ['admin', 'member', 'reader'], 'is_admin_project': True, 'service_user_id': None, 'service_user_domain_id': None, 'service_project_id': None, 'service_project_domain_id': None, 'service_roles': []} {{(pid=86843) fill_context /opt/stack/keystone/keystone/server/flask/request_processing/middleware/auth_context.py:478}}
May 16 09:32:51.950832 dv-neutron-841823-5-hyperv devstack@keystone.service[86843]: DEBUG keystone.server.flask.request_processing.req_logging [None req-4d8f7340-665f-40f4-8c3e-fd65dec46fff None admin] REQUEST_METHOD: `GET` {{(pid=86843) log_request_info /opt/stack/keystone/keystone/server/flask/request_processing/req_logging.py:27}}
May 16 09:32:51.950956 dv-neutron-841823-5-hyperv devstack@keystone.service[86842]: DEBUG keystone.server.flask.request_processing.middleware.auth_context [None req-bd06bbec-9d3f-4761-bcc9-9eab21e84330 None admin] Validating token access rules against request {{(pid=86842) validate_allowed_request /usr/local/lib/python3.8/dist-packages/keystonemiddleware/auth_token/__init__.py:545}}
May 16 09:32:51.951122 dv-neutron-841823-5-hyperv devstack@keystone.service[86843]: DEBUG keystone.server.flask.request_processing.req_logging [None req-4d8f7340-665f-40f4-8c3e-fd65dec46fff None admin] SCRIPT_NAME: `/identity` {{(pid=86843) log_request_info /opt/stack/keystone/keystone/server/flask/request_processing/req_logging.py:28}}
May 16 09:32:51.951438 dv-neutron-841823-5-hyperv devstack@keystone.service[86843]: DEBUG keystone.server.flask.request_processing.req_logging [None req-4d8f7340-665f-40f4-8c3e-fd65dec46fff None admin] PATH_INFO: `/v3/domains/default` {{(pid=86843) log_request_info /opt/stack/keystone/keystone/server/flask/request_processing/req_logging.py:29}}
May 16 09:32:51.952624 dv-neutron-841823-5-hyperv devstack@keystone.service[86843]: DEBUG keystone.common.rbac_enforcer.enforcer [None req-4d8f7340-665f-40f4-8c3e-fd65dec46fff None admin] RBAC: Authorizing `identity:get_domain(domain_id=default)` {{(pid=86843) enforce_call /opt/stack/keystone/keystone/common/rbac_enforcer/enforcer.py:449}}
May 16 09:32:51.954195 dv-neutron-841823-5-hyperv devstack@keystone.service[86843]: DEBUG keystone.common.rbac_enforcer.enforcer [None req-4d8f7340-665f-40f4-8c3e-fd65dec46fff None admin] RBAC: Authorization granted {{(pid=86843) enforce_call /opt/stack/keystone/keystone/common/rbac_enforcer/enforcer.py:457}}
May 16 09:32:51.956128 dv-neutron-841823-5-hyperv devstack@keystone.service[86843]: [pid: 86843|app: 0|req: 138/275] 10.222.0.76 () {56 vars in 1108 bytes} [Mon May 16 09:32:51 2022] GET /identity/v3/domains/default => generated 199 bytes in 166 msecs (HTTP/1.1 200) 5 headers in 177 bytes (2 switches on core 0)
May 16 09:32:51.961471 dv-neutron-841823-5-hyperv devstack@keystone.service[86843]: DEBUG keystone.server.flask.request_processing.middleware.auth_context [None req-4d8f7340-665f-40f4-8c3e-fd65dec46fff None admin] Authenticating user token {{(pid=86843) process_request /usr/local/lib/python3.8/dist-packages/keystonemiddleware/auth_token/__init__.py:407}}
May 16 09:32:51.991440 dv-neutron-841823-5-hyperv devstack@keystone.service[86842]: DEBUG keystone.server.flask.request_processing.middleware.auth_context [None req-18f42b9a-b356-445c-9527-25007d29513e None admin] RBAC: auth_context: {'token': , 'domain_id': None, 'trust_id': None, 'trustor_id': None, 'trustee_id': None, 'domain_name': None, 'group_ids': [], 'user_id': 'b11c80a7485e4194bacd8cc0aa1bacd1', 'user_domain_id': 'default', 'system_scope': 'all', 'project_id': None, 'project_domain_id': None, 'roles': ['admin', 'member', 'reader'], 'is_admin_project': True, 'service_user_id': None, 'service_user_domain_id': None, 'service_project_id': None, 'service_project_domain_id': None, 'service_roles': []} {{(pid=86842) fill_context /opt/stack/keystone/keystone/server/flask/request_processing/middleware/auth_context.py:478}}
May 16 09:32:51.992510 dv-neutron-841823-5-hyperv devstack@keystone.service[86842]: DEBUG keystone.server.flask.request_processing.req_logging [None req-18f42b9a-b356-445c-9527-25007d29513e None admin] REQUEST_METHOD: `GET` {{(pid=86842) log_request_info /opt/stack/keystone/keystone/server/flask/request_processing/req_logging.py:27}}
May 16 09:32:51.992805 dv-neutron-841823-5-hyperv devstack@keystone.service[86842]: DEBUG keystone.server.flask.request_processing.req_logging [None req-18f42b9a-b356-445c-9527-25007d29513e None admin] SCRIPT_NAME: `/identity` {{(pid=86842) log_request_info /opt/stack/keystone/keystone/server/flask/request_processing/req_logging.py:28}}
May 16 09:32:51.993352 dv-neutron-841823-5-hyperv devstack@keystone.service[86842]: DEBUG keystone.server.flask.request_processing.req_logging [None req-18f42b9a-b356-445c-9527-25007d29513e None admin] PATH_INFO: `/v3/roles` {{(pid=86842) log_request_info /opt/stack/keystone/keystone/server/flask/request_processing/req_logging.py:29}}
May 16 09:32:51.994114 dv-neutron-841823-5-hyperv devstack@keystone.service[86842]: DEBUG keystone.common.rbac_enforcer.enforcer [None req-18f42b9a-b356-445c-9527-25007d29513e None admin] RBAC: Adding query filter params (name=member) {{(pid=86842) _extract_filter_values /opt/stack/keystone/keystone/common/rbac_enforcer/enforcer.py:167}}
May 16 09:32:51.994429 dv-neutron-841823-5-hyperv devstack@keystone.service[86842]: DEBUG keystone.common.rbac_enforcer.enforcer [None req-18f42b9a-b356-445c-9527-25007d29513e None admin] RBAC: Authorizing `identity:list_roles()` {{(pid=86842) enforce_call /opt/stack/keystone/keystone/common/rbac_enforcer/enforcer.py:449}}
May 16 09:32:51.996299 dv-neutron-841823-5-hyperv devstack@keystone.service[86842]: DEBUG keystone.common.rbac_enforcer.enforcer [None req-18f42b9a-b356-445c-9527-25007d29513e None admin] RBAC: Authorization granted {{(pid=86842) enforce_call /opt/stack/keystone/keystone/common/rbac_enforcer/enforcer.py:457}}
May 16 09:32:52.005280 dv-neutron-841823-5-hyperv devstack@keystone.service[86842]: [pid: 86842|app: 0|req: 138/276] 10.222.0.76 () {56 vars in 1101 bytes} [Mon May 16 09:32:51 2022] GET /identity/v3/roles?name=member => generated 341 bytes in 181 msecs (HTTP/1.1 200) 5 headers in 177 bytes (2 switches on core 0)
May 16 09:32:52.011193 dv-neutron-841823-5-hyperv devstack@keystone.service[86842]: DEBUG keystone.server.flask.request_processing.middleware.auth_context [None req-18f42b9a-b356-445c-9527-25007d29513e None admin] Authenticating user token {{(pid=86842) process_request /usr/local/lib/python3.8/dist-packages/keystonemiddleware/auth_token/__init__.py:407}}
May 16 09:32:52.065273 dv-neutron-841823-5-hyperv devstack@keystone.service[86843]: DEBUG keystone.server.flask.request_processing.middleware.auth_context [None req-4d8f7340-665f-40f4-8c3e-fd65dec46fff None admin] Validating token access rules against request {{(pid=86843) validate_allowed_request /usr/local/lib/python3.8/dist-packages/keystonemiddleware/auth_token/__init__.py:545}}
May 16 09:32:52.098633 dv-neutron-841823-5-hyperv devstack@keystone.service[86843]: DEBUG keystone.server.flask.request_processing.middleware.auth_context [None req-1fbd90b4-04e3-44f0-9604-05053244468b None admin] RBAC: auth_context: {'token': , 'domain_id': None, 'trust_id': None, 'trustor_id': None, 'trustee_id': None, 'domain_name': None, 'group_ids': [], 'user_id': 'b11c80a7485e4194bacd8cc0aa1bacd1', 'user_domain_id': 'default', 'system_scope': 'all', 'project_id': None, 'project_domain_id': None, 'roles': ['admin', 'member', 'reader'], 'is_admin_project': True, 'service_user_id': None, 'service_user_domain_id': None, 'service_project_id': None, 'service_project_domain_id': None, 'service_roles': []} {{(pid=86843) fill_context /opt/stack/keystone/keystone/server/flask/request_processing/middleware/auth_context.py:478}}
May 16 09:32:52.099306 dv-neutron-841823-5-hyperv devstack@keystone.service[86843]: DEBUG keystone.server.flask.request_processing.req_logging [None req-1fbd90b4-04e3-44f0-9604-05053244468b None admin] REQUEST_METHOD: `POST` {{(pid=86843) log_request_info /opt/stack/keystone/keystone/server/flask/request_processing/req_logging.py:27}}
May 16 09:32:52.099593 dv-neutron-841823-5-hyperv devstack@keystone.service[86843]: DEBUG keystone.server.flask.request_processing.req_logging [None req-1fbd90b4-04e3-44f0-9604-05053244468b None admin] SCRIPT_NAME: `/identity` {{(pid=86843) log_request_info /opt/stack/keystone/keystone/server/flask/request_processing/req_logging.py:28}}
May 16 09:32:52.099870 dv-neutron-841823-5-hyperv devstack@keystone.service[86843]: DEBUG keystone.server.flask.request_processing.req_logging [None req-1fbd90b4-04e3-44f0-9604-05053244468b None admin] PATH_INFO: `/v3/users` {{(pid=86843) log_request_info /opt/stack/keystone/keystone/server/flask/request_processing/req_logging.py:29}}
May 16 09:32:52.100708 dv-neutron-841823-5-hyperv devstack@keystone.service[86843]: DEBUG keystone.common.rbac_enforcer.enforcer [None req-1fbd90b4-04e3-44f0-9604-05053244468b None admin] RBAC: Authorizing `identity:create_user()` {{(pid=86843) enforce_call /opt/stack/keystone/keystone/common/rbac_enforcer/enforcer.py:449}}
May 16 09:32:52.102145 dv-neutron-841823-5-hyperv devstack@keystone.service[86843]: DEBUG keystone.common.rbac_enforcer.enforcer [None req-1fbd90b4-04e3-44f0-9604-05053244468b None admin] RBAC: Authorization granted {{(pid=86843) enforce_call /opt/stack/keystone/keystone/common/rbac_enforcer/enforcer.py:457}}
May 16 09:32:52.116500 dv-neutron-841823-5-hyperv devstack@keystone.service[86842]: DEBUG keystone.server.flask.request_processing.middleware.auth_context [None req-18f42b9a-b356-445c-9527-25007d29513e None admin] Validating token access rules against request {{(pid=86842) validate_allowed_request /usr/local/lib/python3.8/dist-packages/keystonemiddleware/auth_token/__init__.py:545}}
May 16 09:32:52.124017 dv-neutron-841823-5-hyperv devstack@keystone.service[86843]: [pid: 86843|app: 0|req: 139/277] 10.222.0.76 () {60 vars in 1132 bytes} [Mon May 16 09:32:51 2022] POST /identity/v3/users => generated 293 bytes in 163 msecs (HTTP/1.1 201) 5 headers in 182 bytes (2 switches on core 0)
May 16 09:32:52.133732 dv-neutron-841823-5-hyperv devstack@keystone.service[86843]: DEBUG keystone.server.flask.request_processing.req_logging [None req-b35f1638-9dcc-4576-9b28-3db24bfe3457 None None] REQUEST_METHOD: `GET` {{(pid=86843) log_request_info /opt/stack/keystone/keystone/server/flask/request_processing/req_logging.py:27}}
May 16 09:32:52.134053 dv-neutron-841823-5-hyperv devstack@keystone.service[86843]: DEBUG keystone.server.flask.request_processing.req_logging [None req-b35f1638-9dcc-4576-9b28-3db24bfe3457 None None] SCRIPT_NAME: `/identity` {{(pid=86843) log_request_info /opt/stack/keystone/keystone/server/flask/request_processing/req_logging.py:28}}
May 16 09:32:52.134303 dv-neutron-841823-5-hyperv devstack@keystone.service[86843]: DEBUG keystone.server.flask.request_processing.req_logging [None req-b35f1638-9dcc-4576-9b28-3db24bfe3457 None None] PATH_INFO: `/` {{(pid=86843) log_request_info /opt/stack/keystone/keystone/server/flask/request_processing/req_logging.py:29}}
May 16 09:32:52.139862 dv-neutron-841823-5-hyperv devstack@keystone.service[86843]: [pid: 86843|app: 0|req: 140/278] 10.222.0.76 () {54 vars in 926 bytes} [Mon May 16 09:32:52 2022] GET /identity => generated 270 bytes in 3 msecs (HTTP/1.1 300) 6 headers in 234 bytes (1 switches on core 0)
May 16 09:32:52.148122 dv-neutron-841823-5-hyperv devstack@keystone.service[86843]: DEBUG keystone.server.flask.request_processing.req_logging [None req-c5c0cbfa-bae7-499e-aa88-112a52253779 None None] REQUEST_METHOD: `POST` {{(pid=86843) log_request_info /opt/stack/keystone/keystone/server/flask/request_processing/req_logging.py:27}}
May 16 09:32:52.148122 dv-neutron-841823-5-hyperv devstack@keystone.service[86843]: DEBUG keystone.server.flask.request_processing.req_logging [None req-c5c0cbfa-bae7-499e-aa88-112a52253779 None None] SCRIPT_NAME: `/identity` {{(pid=86843) log_request_info /opt/stack/keystone/keystone/server/flask/request_processing/req_logging.py:28}}
May 16 09:32:52.148122 dv-neutron-841823-5-hyperv devstack@keystone.service[86843]: DEBUG keystone.server.flask.request_processing.req_logging [None req-c5c0cbfa-bae7-499e-aa88-112a52253779 None None] PATH_INFO: `/v3/auth/tokens` {{(pid=86843) log_request_info /opt/stack/keystone/keystone/server/flask/request_processing/req_logging.py:29}}
May 16 09:32:52.167748 dv-neutron-841823-5-hyperv devstack@keystone.service[86842]: DEBUG keystone.server.flask.request_processing.middleware.auth_context [None req-d5599dcf-11c4-4d3f-aeec-920dcff8a031 None admin] RBAC: auth_context: {'token': , 'domain_id': None, 'trust_id': None, 'trustor_id': None, 'trustee_id': None, 'domain_name': None, 'group_ids': [], 'user_id': 'b11c80a7485e4194bacd8cc0aa1bacd1', 'user_domain_id': 'default', 'system_scope': 'all', 'project_id': None, 'project_domain_id': None, 'roles': ['admin', 'member', 'reader'], 'is_admin_project': True, 'service_user_id': None, 'service_user_domain_id': None, 'service_project_id': None, 'service_project_domain_id': None, 'service_roles': []} {{(pid=86842) fill_context /opt/stack/keystone/keystone/server/flask/request_processing/middleware/auth_context.py:478}}
May 16 09:32:52.168248 dv-neutron-841823-5-hyperv devstack@keystone.service[86843]: DEBUG keystone.auth.core [None req-c5c0cbfa-bae7-499e-aa88-112a52253779 None None] MFA Rules not processed for user `b11c80a7485e4194bacd8cc0aa1bacd1`. Rule list: `[]` (Enabled: `True`). {{(pid=86843) check_auth_methods_against_rules /opt/stack/keystone/keystone/auth/core.py:438}}
May 16 09:32:52.168884 dv-neutron-841823-5-hyperv devstack@keystone.service[86842]: DEBUG keystone.server.flask.request_processing.req_logging [None req-d5599dcf-11c4-4d3f-aeec-920dcff8a031 None admin] REQUEST_METHOD: `GET` {{(pid=86842) log_request_info /opt/stack/keystone/keystone/server/flask/request_processing/req_logging.py:27}}
May 16 09:32:52.169233 dv-neutron-841823-5-hyperv devstack@keystone.service[86842]: DEBUG keystone.server.flask.request_processing.req_logging [None req-d5599dcf-11c4-4d3f-aeec-920dcff8a031 None admin] SCRIPT_NAME: `/identity` {{(pid=86842) log_request_info /opt/stack/keystone/keystone/server/flask/request_processing/req_logging.py:28}}
May 16 09:32:52.169539 dv-neutron-841823-5-hyperv devstack@keystone.service[86843]: DEBUG keystone.common.fernet_utils [None req-c5c0cbfa-bae7-499e-aa88-112a52253779 None None] Loaded 2 Fernet keys from /etc/keystone/fernet-keys/, but `[fernet_tokens] max_active_keys = 3`; perhaps there have not been enough key rotations to reach `max_active_keys` yet? {{(pid=86843) load_keys /opt/stack/keystone/keystone/common/fernet_utils.py:286}}
