May 17 11:03:38.559653 dv-neutron-841748-2-hyperv neutron-server[104561]: DEBUG neutron_lib.callbacks.manager [None req-32dfe58b-80bd-4003-a32f-93d71a846214 tempest-PortsAdminExtendedAttrsTestJSON-1017451308 tempest-PortsAdminExtendedAttrsTestJSON-1017451308-project] Publish callbacks ['neutron.services.segments.db._add_segment_host_mapping_for_segment-8776412132621', 'neutron.plugins.ml2.plugin.Ml2Plugin._handle_segment_change-1701900'] for segment (825a7a82-1e0f-4824-add6-439ee9747557), precommit_create {{(pid=104561) _notify_loop /usr/local/lib/python3.8/dist-packages/neutron_lib/callbacks/manager.py:176}}
May 17 11:03:38.560344 dv-neutron-841748-2-hyperv neutron-server[104561]: INFO neutron.db.segments_db [None req-32dfe58b-80bd-4003-a32f-93d71a846214 tempest-PortsAdminExtendedAttrsTestJSON-1017451308 tempest-PortsAdminExtendedAttrsTestJSON-1017451308-project] Added segment 825a7a82-1e0f-4824-add6-439ee9747557 of type vlan for network e205daa8-60c0-4616-ae40-64fc1257e485
May 17 11:03:38.644681 dv-neutron-841748-2-hyperv neutron-server[104562]: DEBUG neutron.scheduler.dhcp_agent_scheduler [None req-36ff8c24-d002-4e08-b68c-c55e4f2d322c tempest-DHCPAgentSchedulersTestJSON-157088879 tempest-DHCPAgentSchedulersTestJSON-157088879-project] Network cb4c2f30-31c5-4d46-b65e-488f979f1a71 is scheduled to be hosted by DHCP agent e0f5107f-d951-4d01-89bf-15192bc1e718 with binding_index 1 {{(pid=104562) bind /opt/stack/neutron/neutron/scheduler/dhcp_agent_scheduler.py:227}}
May 17 11:03:38.710537 dv-neutron-841748-2-hyperv neutron-server[104561]: DEBUG neutron.api.v2.base [None req-cf25a95a-3b4c-4dcf-8cfa-39be9922e727 tempest-FloatingIPAdminTestJSON-801808235 tempest-FloatingIPAdminTestJSON-801808235-project] Request body: {'floatingip': {'floating_network_id': 'cbb03226-157e-4a86-afaa-0c24f40669c9'}} {{(pid=104561) prepare_request_body /opt/stack/neutron/neutron/api/v2/base.py:730}}
May 17 11:03:38.720447 dv-neutron-841748-2-hyperv neutron-server[104561]: DEBUG neutron.api.rpc.handlers.resources_rpc [None req-32dfe58b-80bd-4003-a32f-93d71a846214 tempest-PortsAdminExtendedAttrsTestJSON-1017451308 tempest-PortsAdminExtendedAttrsTestJSON-1017451308-project] Pushing event updated for resources: {'SecurityGroup': ['ID=c29d4997-fbc3-437f-b82a-fd82565202e7,revision_number=1']} {{(pid=104561) push /opt/stack/neutron/neutron/api/rpc/handlers/resources_rpc.py:237}}
May 17 11:03:38.753243 dv-neutron-841748-2-hyperv neutron-server[104562]: DEBUG neutron.scheduler.base_scheduler [None req-36ff8c24-d002-4e08-b68c-c55e4f2d322c tempest-DHCPAgentSchedulersTestJSON-157088879 tempest-DHCPAgentSchedulersTestJSON-157088879-project] Resources bound (agent type, host, resource id): (DHCP agent, dv-neutron-841748-2-hyperv, cb4c2f30-31c5-4d46-b65e-488f979f1a71) {{(pid=104562) schedule /opt/stack/neutron/neutron/scheduler/base_scheduler.py:57}}
May 17 11:03:38.758057 dv-neutron-841748-2-hyperv neutron-server[104562]: DEBUG neutron.pecan_wsgi.hooks.policy_enforcement [None req-36ff8c24-d002-4e08-b68c-c55e4f2d322c tempest-DHCPAgentSchedulersTestJSON-157088879 tempest-DHCPAgentSchedulersTestJSON-157088879-project] Attributes excluded by policy engine: ['standard_attr_id', 'shared', 'network'] {{(pid=104562) _exclude_attributes_by_policy /opt/stack/neutron/neutron/pecan_wsgi/hooks/policy_enforcement.py:259}}
May 17 11:03:38.758738 dv-neutron-841748-2-hyperv neutron-server[104562]: DEBUG neutron_lib.callbacks.manager [None req-36ff8c24-d002-4e08-b68c-c55e4f2d322c tempest-DHCPAgentSchedulersTestJSON-157088879 tempest-DHCPAgentSchedulersTestJSON-157088879-project] Publish callbacks ['neutron.api.rpc.agentnotifiers.dhcp_rpc_agent_api.DhcpAgentNotifyAPI._send_dhcp_notification-629603'] for subnet (None), before_response {{(pid=104562) _notify_loop /usr/local/lib/python3.8/dist-packages/neutron_lib/callbacks/manager.py:176}}
May 17 11:03:38.762548 dv-neutron-841748-2-hyperv neutron-server[104563]: DEBUG neutron.api.rpc.handlers.dhcp_rpc [None req-72c0da2f-bd6b-4c22-b16f-f2f6ab863b38 None None] Network cb4c2f30-31c5-4d46-b65e-488f979f1a71 requested from dv-neutron-841748-2-hyperv {{(pid=104563) get_network_info /opt/stack/neutron/neutron/api/rpc/handlers/dhcp_rpc.py:191}}
May 17 11:03:38.804872 dv-neutron-841748-2-hyperv neutron-server[104562]: DEBUG neutron.pecan_wsgi.hooks.quota_enforcement [None req-3d7bafd0-65ff-4f30-906c-848a7ccfd63b tempest-QuotasNegativeTest-1075592190 tempest-QuotasNegativeTest-1075592190-project-admin] Made reservation on behalf of fa3a1ffa6ffe4a4cb314b1369357d4e5 for: {'network': 1} {{(pid=104562) before /opt/stack/neutron/neutron/pecan_wsgi/hooks/quota_enforcement.py:53}}
May 17 11:03:38.807334 dv-neutron-841748-2-hyperv neutron-server[104562]: DEBUG neutron_lib.callbacks.manager [None req-3d7bafd0-65ff-4f30-906c-848a7ccfd63b tempest-QuotasNegativeTest-1075592190 tempest-QuotasNegativeTest-1075592190-project-admin] Publish callbacks ['neutron.plugins.ml2.plugin.SecurityGroupDbMixin._ensure_default_security_group_handler-2013771'] for network (None), before_create {{(pid=104562) _notify_loop /usr/local/lib/python3.8/dist-packages/neutron_lib/callbacks/manager.py:176}}
May 17 11:03:38.831259 dv-neutron-841748-2-hyperv neutron-server[104563]: DEBUG neutron_lib.callbacks.manager [None req-51c3f21f-c447-4f8f-a404-678c9403a1f7 None None] Publish callbacks ['neutron.services.segments.db._update_segment_host_mapping_for_agent-8776412132612', 'neutron.plugins.ml2.plugin.Ml2Plugin._retry_binding_revived_agents-2048641'] for agent (a756fce7-95ae-4ea5-b9bb-1f2801811a87), after_update {{(pid=104563) _notify_loop /usr/local/lib/python3.8/dist-packages/neutron_lib/callbacks/manager.py:176}}
May 17 11:03:38.873447 dv-neutron-841748-2-hyperv neutron-server[104561]: DEBUG neutron_lib.callbacks.manager [None req-cbaf5569-af86-42fd-9a38-ab5e35b3edc3 tempest-MeteringIpV6TestJSON-1290069331 tempest-MeteringIpV6TestJSON-1290069331-project-admin] Publish callbacks [] for metering_label_rule (None), before_response {{(pid=104561) _notify_loop /usr/local/lib/python3.8/dist-packages/neutron_lib/callbacks/manager.py:176}}
May 17 11:03:38.878115 dv-neutron-841748-2-hyperv neutron-server[104561]: INFO neutron.wsgi [None req-cbaf5569-af86-42fd-9a38-ab5e35b3edc3 tempest-MeteringIpV6TestJSON-1290069331 tempest-MeteringIpV6TestJSON-1290069331-project-admin] 10.222.0.60 "POST /v2.0/metering/metering-label-rules HTTP/1.1" status: 201 len: 464 time: 0.6780040
May 17 11:03:38.881794 dv-neutron-841748-2-hyperv neutron-server[104562]: INFO neutron.wsgi [None req-36ff8c24-d002-4e08-b68c-c55e4f2d322c tempest-DHCPAgentSchedulersTestJSON-157088879 tempest-DHCPAgentSchedulersTestJSON-157088879-project] 10.222.0.60 "POST /v2.0/subnets HTTP/1.1" status: 201 len: 801 time: 1.7730908
May 17 11:03:38.885277 dv-neutron-841748-2-hyperv neutron-server[104562]: DEBUG neutron.wsgi [-] (104562) accepted ('10.222.0.60', 43822) {{(pid=104562) server /usr/local/lib/python3.8/dist-packages/eventlet/wsgi.py:1004}}
May 17 11:03:38.885537 dv-neutron-841748-2-hyperv neutron-server[104562]: DEBUG neutron.wsgi [-] (104562) accepted ('10.222.0.60', 43824) {{(pid=104562) server /usr/local/lib/python3.8/dist-packages/eventlet/wsgi.py:1004}}
May 17 11:03:38.891129 dv-neutron-841748-2-hyperv neutron-server[104562]: DEBUG neutron.api.v2.base [None req-8e9ab716-073f-45f3-8889-4a7577a33a0f tempest-MeteringIpV6TestJSON-1290069331 tempest-MeteringIpV6TestJSON-1290069331-project-admin] Request body: {'metering_label_rule': {'remote_ip_prefix': 'fd03::/64', 'direction': 'ingress', 'metering_label_id': 'ef728859-5b88-4566-9e1c-34a1b3da0601'}} {{(pid=104562) prepare_request_body /opt/stack/neutron/neutron/api/v2/base.py:730}}
May 17 11:03:38.891716 dv-neutron-841748-2-hyperv neutron-server[104562]: DEBUG neutron.api.v2.base [None req-8e9ab716-073f-45f3-8889-4a7577a33a0f tempest-MeteringIpV6TestJSON-1290069331 tempest-MeteringIpV6TestJSON-1290069331-project-admin] Unknown quota resources ['metering_label_rule']. {{(pid=104562) _create /opt/stack/neutron/neutron/api/v2/base.py:497}}
May 17 11:03:38.898347 dv-neutron-841748-2-hyperv neutron-server[104563]: DEBUG neutron.api.rpc.handlers.dhcp_rpc [None req-886a4c81-03b2-4161-bede-ecb9717fca6b None None] Create dhcp port {'port': {'name': '', 'admin_state_up': True, 'device_id': 'dhcp6877f47b-bfb8-54ba-b656-5cb7367521a3-cb4c2f30-31c5-4d46-b65e-488f979f1a71', 'network_id': 'cb4c2f30-31c5-4d46-b65e-488f979f1a71', 'project_id': 'ef6fee82487f44b98df0ec0b982dfa00', 'fixed_ips': [{'subnet_id': '41d0823a-32ec-40e2-b6ab-0c5455b333d7'}]}} from dv-neutron-841748-2-hyperv. {{(pid=104563) create_dhcp_port /opt/stack/neutron/neutron/api/rpc/handlers/dhcp_rpc.py:268}}
May 17 11:03:38.899631 dv-neutron-841748-2-hyperv neutron-server[104563]: DEBUG neutron_lib.callbacks.manager [None req-886a4c81-03b2-4161-bede-ecb9717fca6b None None] Publish callbacks ['neutron.plugins.ml2.plugin.SecurityGroupDbMixin._ensure_default_security_group_handler-2013771'] for port (None), before_create {{(pid=104563) _notify_loop /usr/local/lib/python3.8/dist-packages/neutron_lib/callbacks/manager.py:176}}
May 17 11:03:38.907932 dv-neutron-841748-2-hyperv neutron-server[104561]: DEBUG neutron_lib.callbacks.manager [None req-ba0b345f-e2ec-4220-b875-11d36c670102 tempest-MeteringTestJSON-1735817394 tempest-MeteringTestJSON-1735817394-project-admin] Publish callbacks [] for metering_label_rule (None), before_response {{(pid=104561) _notify_loop /usr/local/lib/python3.8/dist-packages/neutron_lib/callbacks/manager.py:176}}
May 17 11:03:38.907932 dv-neutron-841748-2-hyperv neutron-server[104561]: INFO neutron.wsgi [None req-ba0b345f-e2ec-4220-b875-11d36c670102 tempest-MeteringTestJSON-1735817394 tempest-MeteringTestJSON-1735817394-project-admin] 10.222.0.60 "POST /v2.0/metering/metering-label-rules HTTP/1.1" status: 201 len: 466 time: 0.6865013
May 17 11:03:38.908106 dv-neutron-841748-2-hyperv neutron-server[104562]: DEBUG neutron.api.v2.base [None req-9ef41df5-bc35-4e52-bb7b-f5959ff9170d tempest-DHCPAgentSchedulersTestJSON-157088879 tempest-DHCPAgentSchedulersTestJSON-157088879-project] Request body: {'port': {'network_id': 'cb4c2f30-31c5-4d46-b65e-488f979f1a71', 'name': 'tempest-DHCPAgentSchedulersTestJSON-401139588'}} {{(pid=104562) prepare_request_body /opt/stack/neutron/neutron/api/v2/base.py:730}}
May 17 11:03:38.913703 dv-neutron-841748-2-hyperv neutron-server[104561]: DEBUG neutron.wsgi [-] (104561) accepted ('10.222.0.60', 43826) {{(pid=104561) server /usr/local/lib/python3.8/dist-packages/eventlet/wsgi.py:1004}}
May 17 11:03:38.919362 dv-neutron-841748-2-hyperv neutron-server[104561]: DEBUG neutron.api.v2.base [None req-84b74fbb-772f-402c-bd62-0227ce7fdf56 tempest-MeteringTestJSON-1735817394 tempest-MeteringTestJSON-1735817394-project-admin] Request body: {'metering_label_rule': {'remote_ip_prefix': '10.0.1.0/24', 'direction': 'ingress', 'metering_label_id': '4f8d46e7-0fb1-471e-ad5d-430618b56875'}} {{(pid=104561) prepare_request_body /opt/stack/neutron/neutron/api/v2/base.py:730}}
May 17 11:03:38.919926 dv-neutron-841748-2-hyperv neutron-server[104561]: DEBUG neutron.api.v2.base [None req-84b74fbb-772f-402c-bd62-0227ce7fdf56 tempest-MeteringTestJSON-1735817394 tempest-MeteringTestJSON-1735817394-project-admin] Unknown quota resources ['metering_label_rule']. {{(pid=104561) _create /opt/stack/neutron/neutron/api/v2/base.py:497}}
May 17 11:03:38.923195 dv-neutron-841748-2-hyperv neutron-server[104561]: DEBUG neutron_lib.callbacks.manager [None req-32dfe58b-80bd-4003-a32f-93d71a846214 tempest-PortsAdminExtendedAttrsTestJSON-1017451308 tempest-PortsAdminExtendedAttrsTestJSON-1017451308-project] Publish callbacks ['neutron.services.auto_allocate.db._ensure_external_network_default_value_callback-8776411559060'] for network (e205daa8-60c0-4616-ae40-64fc1257e485), precommit_create {{(pid=104561) _notify_loop /usr/local/lib/python3.8/dist-packages/neutron_lib/callbacks/manager.py:176}}
May 17 11:03:38.954944 dv-neutron-841748-2-hyperv neutron-server[104562]: DEBUG neutron.plugins.ml2.drivers.helpers [None req-3d7bafd0-65ff-4f30-906c-848a7ccfd63b tempest-QuotasNegativeTest-1075592190 tempest-QuotasNegativeTest-1075592190-project-admin] vlan segment allocate from pool success with {'physical_network': 'physnet1', 'vlan_id': 133} {{(pid=104562) allocate_partially_specified_segment /opt/stack/neutron/neutron/plugins/ml2/drivers/helpers.py:153}}
May 17 11:03:38.985111 dv-neutron-841748-2-hyperv neutron-server[104561]: DEBUG neutron_lib.callbacks.manager [None req-cf25a95a-3b4c-4dcf-8cfa-39be9922e727 tempest-FloatingIPAdminTestJSON-801808235 tempest-FloatingIPAdminTestJSON-801808235-project] Publish callbacks [] for floatingip (None), before_create {{(pid=104561) _notify_loop /usr/local/lib/python3.8/dist-packages/neutron_lib/callbacks/manager.py:176}}
May 17 11:03:39.057726 dv-neutron-841748-2-hyperv neutron-server[104563]: DEBUG neutron.db.db_base_plugin_common [None req-886a4c81-03b2-4161-bede-ecb9717fca6b None None] Allocated IP 172.20.0.2 (cb4c2f30-31c5-4d46-b65e-488f979f1a71/41d0823a-32ec-40e2-b6ab-0c5455b333d7/bdcda2b3-2a7d-458b-9aac-65ca49bd3924) {{(pid=104563) _store_ip_allocation /opt/stack/neutron/neutron/db/db_base_plugin_common.py:131}}
May 17 11:03:39.103525 dv-neutron-841748-2-hyperv neutron-server[104561]: WARNING neutron.services.metering.metering_plugin [None req-84b74fbb-772f-402c-bd62-0227ce7fdf56 tempest-MeteringTestJSON-1735817394 tempest-MeteringTestJSON-1735817394-project-admin] The use of 'remote_ip_prefix' in metering label rules is deprecated and will be removed in future releases. One should use instead the 'source_ip_prefix' and/or 'destination_ip_prefix' parameters. For more details, you can check the spec: https://review.opendev.org/#/c/744702/.
May 17 11:03:39.119254 dv-neutron-841748-2-hyperv neutron-server[104562]: DEBUG neutron_lib.callbacks.manager [None req-3d7bafd0-65ff-4f30-906c-848a7ccfd63b tempest-QuotasNegativeTest-1075592190 tempest-QuotasNegativeTest-1075592190-project-admin] Publish callbacks ['neutron.services.segments.db._add_segment_host_mapping_for_segment-8776412132621', 'neutron.plugins.ml2.plugin.Ml2Plugin._handle_segment_change-1701900'] for segment (07568060-6aa8-4578-b9d2-c224d2f106d8), precommit_create {{(pid=104562) _notify_loop /usr/local/lib/python3.8/dist-packages/neutron_lib/callbacks/manager.py:176}}
May 17 11:03:39.119455 dv-neutron-841748-2-hyperv neutron-server[104562]: INFO neutron.db.segments_db [None req-3d7bafd0-65ff-4f30-906c-848a7ccfd63b tempest-QuotasNegativeTest-1075592190 tempest-QuotasNegativeTest-1075592190-project-admin] Added segment 07568060-6aa8-4578-b9d2-c224d2f106d8 of type vlan for network 394f1563-4da8-4e22-8e70-4880672321cf
May 17 11:03:39.138035 dv-neutron-841748-2-hyperv neutron-server[104562]: WARNING neutron.services.metering.metering_plugin [None req-8e9ab716-073f-45f3-8889-4a7577a33a0f tempest-MeteringIpV6TestJSON-1290069331 tempest-MeteringIpV6TestJSON-1290069331-project-admin] The use of 'remote_ip_prefix' in metering label rules is deprecated and will be removed in future releases. One should use instead the 'source_ip_prefix' and/or 'destination_ip_prefix' parameters. For more details, you can check the spec: https://review.opendev.org/#/c/744702/.
May 17 11:03:39.180453 dv-neutron-841748-2-hyperv neutron-server[104561]: DEBUG neutron_lib.callbacks.manager [None req-588b0d85-2f6d-4cc8-a67a-9f3d198d93c5 admin admin] Publish callbacks [] for port (4fc0143c-4f3b-4a39-af07-df6167bf5228), precommit_create {{(pid=104561) _notify_loop /usr/local/lib/python3.8/dist-packages/neutron_lib/callbacks/manager.py:176}}
May 17 11:03:39.182165 dv-neutron-841748-2-hyperv neutron-server[104561]: DEBUG neutron_lib.callbacks.manager [None req-32dfe58b-80bd-4003-a32f-93d71a846214 tempest-PortsAdminExtendedAttrsTestJSON-1017451308 tempest-PortsAdminExtendedAttrsTestJSON-1017451308-project] Publish callbacks ['neutron.plugins.ml2.ovo_rpc._ObjectChangeHandler.handle_event-548260', 'neutron.api.rpc.agentnotifiers.dhcp_rpc_agent_api.DhcpAgentNotifyAPI._native_event_send_dhcp_notification-629581'] for network (e205daa8-60c0-4616-ae40-64fc1257e485), after_create {{(pid=104561) _notify_loop /usr/local/lib/python3.8/dist-packages/neutron_lib/callbacks/manager.py:176}}
May 17 11:03:39.187826 dv-neutron-841748-2-hyperv neutron-server[104561]: DEBUG neutron.pecan_wsgi.hooks.policy_enforcement [None req-32dfe58b-80bd-4003-a32f-93d71a846214 tempest-PortsAdminExtendedAttrsTestJSON-1017451308 tempest-PortsAdminExtendedAttrsTestJSON-1017451308-project] Attributes excluded by policy engine: ['standard_attr_id', 'provider:network_type', 'provider:physical_network', 'provider:segmentation_id', 'vlan_transparent'] {{(pid=104561) _exclude_attributes_by_policy /opt/stack/neutron/neutron/pecan_wsgi/hooks/policy_enforcement.py:259}}
May 17 11:03:39.188446 dv-neutron-841748-2-hyperv neutron-server[104561]: DEBUG neutron_lib.callbacks.manager [None req-32dfe58b-80bd-4003-a32f-93d71a846214 tempest-PortsAdminExtendedAttrsTestJSON-1017451308 tempest-PortsAdminExtendedAttrsTestJSON-1017451308-project] Publish callbacks ['neutron.api.rpc.agentnotifiers.dhcp_rpc_agent_api.DhcpAgentNotifyAPI._send_dhcp_notification-629603'] for network (None), before_response {{(pid=104561) _notify_loop /usr/local/lib/python3.8/dist-packages/neutron_lib/callbacks/manager.py:176}}
May 17 11:03:39.274198 dv-neutron-841748-2-hyperv neutron-server[104563]: DEBUG neutron_lib.callbacks.manager [None req-886a4c81-03b2-4161-bede-ecb9717fca6b None None] Publish callbacks [] for port (bdcda2b3-2a7d-458b-9aac-65ca49bd3924), precommit_create {{(pid=104563) _notify_loop /usr/local/lib/python3.8/dist-packages/neutron_lib/callbacks/manager.py:176}}
May 17 11:03:39.320073 dv-neutron-841748-2-hyperv neutron-server[104562]: DEBUG neutron_lib.callbacks.manager [None req-b4224add-2251-4aad-821c-eca4643b0202 admin admin] Publish callbacks [] for router_gateway (171964e9-45c7-4d68-81e8-c65075fd4ca6), after_create {{(pid=104562) _notify_loop /usr/local/lib/python3.8/dist-packages/neutron_lib/callbacks/manager.py:176}}
May 17 11:03:39.360293 dv-neutron-841748-2-hyperv neutron-server[104562]: DEBUG neutron_lib.callbacks.manager [None req-3d7bafd0-65ff-4f30-906c-848a7ccfd63b tempest-QuotasNegativeTest-1075592190 tempest-QuotasNegativeTest-1075592190-project-admin] Publish callbacks ['neutron.services.auto_allocate.db._ensure_external_network_default_value_callback-8776411559060'] for network (394f1563-4da8-4e22-8e70-4880672321cf), precommit_create {{(pid=104562) _notify_loop /usr/local/lib/python3.8/dist-packages/neutron_lib/callbacks/manager.py:176}}
May 17 11:03:39.367907 dv-neutron-841748-2-hyperv neutron-server[104563]: DEBUG neutron_lib.callbacks.manager [None req-886a4c81-03b2-4161-bede-ecb9717fca6b None None] Publish callbacks ['neutron.plugins.ml2.plugin.SecurityGroupServerNotifierRpcMixin._notify_sg_on_port_change-2013925', 'neutron.plugins.ml2.ovo_rpc._ObjectChangeHandler.handle_event-449649', 'neutron.api.rpc.agentnotifiers.dhcp_rpc_agent_api.DhcpAgentNotifyAPI._native_event_send_dhcp_notification-629581', 'neutron.db.l3_dvrscheduler_db._notify_l3_agent_new_port-8776411570773'] for port (bdcda2b3-2a7d-458b-9aac-65ca49bd3924), after_create {{(pid=104563) _notify_loop /usr/local/lib/python3.8/dist-packages/neutron_lib/callbacks/manager.py:176}}
May 17 11:03:39.383405 dv-neutron-841748-2-hyperv neutron-server[104561]: DEBUG neutron_lib.callbacks.manager [None req-84b74fbb-772f-402c-bd62-0227ce7fdf56 tempest-MeteringTestJSON-1735817394 tempest-MeteringTestJSON-1735817394-project-admin] Publish callbacks [] for metering_label_rule (None), before_response {{(pid=104561) _notify_loop /usr/local/lib/python3.8/dist-packages/neutron_lib/callbacks/manager.py:176}}
May 17 11:03:39.386944 dv-neutron-841748-2-hyperv neutron-server[104561]: INFO neutron.wsgi [None req-84b74fbb-772f-402c-bd62-0227ce7fdf56 tempest-MeteringTestJSON-1735817394 tempest-MeteringTestJSON-1735817394-project-admin] 10.222.0.60 "POST /v2.0/metering/metering-label-rules HTTP/1.1" status: 201 len: 466 time: 0.4682670
May 17 11:03:39.402724 dv-neutron-841748-2-hyperv neutron-server[104561]: DEBUG neutron.wsgi [-] (104561) accepted ('10.222.0.60', 43828) {{(pid=104561) server /usr/local/lib/python3.8/dist-packages/eventlet/wsgi.py:1004}}
May 17 11:03:39.429814 dv-neutron-841748-2-hyperv neutron-server[104563]: DEBUG neutron.api.rpc.handlers.resources_rpc [None req-886a4c81-03b2-4161-bede-ecb9717fca6b None None] Pushing event updated for resources: {'Port': ['ID=bdcda2b3-2a7d-458b-9aac-65ca49bd3924,revision_number=1']} {{(pid=104563) push /opt/stack/neutron/neutron/api/rpc/handlers/resources_rpc.py:237}}
May 17 11:03:39.433750 dv-neutron-841748-2-hyperv neutron-server[104561]: DEBUG neutron_lib.callbacks.manager [None req-cf25a95a-3b4c-4dcf-8cfa-39be9922e727 tempest-FloatingIPAdminTestJSON-801808235 tempest-FloatingIPAdminTestJSON-801808235-project] Publish callbacks ['neutron.plugins.ml2.plugin.SecurityGroupDbMixin._ensure_default_security_group_handler-2013771'] for port (None), before_create {{(pid=104561) _notify_loop /usr/local/lib/python3.8/dist-packages/neutron_lib/callbacks/manager.py:176}}
May 17 11:03:39.441851 dv-neutron-841748-2-hyperv neutron-server[104561]: INFO neutron.wsgi [None req-32dfe58b-80bd-4003-a32f-93d71a846214 tempest-PortsAdminExtendedAttrsTestJSON-1017451308 tempest-PortsAdminExtendedAttrsTestJSON-1017451308-project] 10.222.0.60 "POST /v2.0/networks HTTP/1.1" status: 201 len: 780 time: 2.5043225
May 17 11:03:39.454140 dv-neutron-841748-2-hyperv neutron-server[104563]: DEBUG neutron.scheduler.dhcp_agent_scheduler [None req-886a4c81-03b2-4161-bede-ecb9717fca6b None None] Network cb4c2f30-31c5-4d46-b65e-488f979f1a71 is already hosted by enough agents. {{(pid=104563) _get_dhcp_agents_hosting_network /opt/stack/neutron/neutron/scheduler/dhcp_agent_scheduler.py:275}}
May 17 11:03:39.456567 dv-neutron-841748-2-hyperv neutron-server[104563]: DEBUG neutron.scheduler.base_scheduler [None req-886a4c81-03b2-4161-bede-ecb9717fca6b None None] Resources bound (agent type, host, resource id): {{(pid=104563) schedule /opt/stack/neutron/neutron/scheduler/base_scheduler.py:57}}
May 17 11:03:39.459553 dv-neutron-841748-2-hyperv neutron-server[104563]: DEBUG neutron.db.l3_dvrscheduler_db [None req-886a4c81-03b2-4161-bede-ecb9717fca6b None None] Received port after_create {{(pid=104563) _notify_l3_agent_new_port /opt/stack/neutron/neutron/db/l3_dvrscheduler_db.py:536}}
May 17 11:03:39.481307 dv-neutron-841748-2-hyperv neutron-server[104562]: DEBUG neutron_lib.db.resource_extend [None req-3d7bafd0-65ff-4f30-906c-848a7ccfd63b tempest-QuotasNegativeTest-1075592190 tempest-QuotasNegativeTest-1075592190-project-admin] It took 0.12 seconds to run function 'neutron_lib.db.resource_extend.apply_funcs' {{(pid=104562) wrapper /usr/local/lib/python3.8/dist-packages/oslo_utils/timeutils.py:386}}
May 17 11:03:39.489248 dv-neutron-841748-2-hyperv neutron-server[104562]: DEBUG neutron_lib.callbacks.manager [None req-8e9ab716-073f-45f3-8889-4a7577a33a0f tempest-MeteringIpV6TestJSON-1290069331 tempest-MeteringIpV6TestJSON-1290069331-project-admin] Publish callbacks [] for metering_label_rule (None), before_response {{(pid=104562) _notify_loop /usr/local/lib/python3.8/dist-packages/neutron_lib/callbacks/manager.py:176}}
May 17 11:03:39.493423 dv-neutron-841748-2-hyperv neutron-server[104562]: INFO neutron.wsgi [None req-8e9ab716-073f-45f3-8889-4a7577a33a0f tempest-MeteringIpV6TestJSON-1290069331 tempest-MeteringIpV6TestJSON-1290069331-project-admin] 10.222.0.60 "POST /v2.0/metering/metering-label-rules HTTP/1.1" status: 201 len: 464 time: 0.6067963
May 17 11:03:39.507483 dv-neutron-841748-2-hyperv neutron-server[104562]: DEBUG neutron.wsgi [-] (104562) accepted ('10.222.0.60', 43838) {{(pid=104562) server /usr/local/lib/python3.8/dist-packages/eventlet/wsgi.py:1004}}
May 17 11:03:39.519259 dv-neutron-841748-2-hyperv neutron-server[104561]: INFO neutron.wsgi [None req-fa38c2b3-5d2e-4083-96d4-363aae9c1fab tempest-MeteringTestJSON-1735817394 tempest-MeteringTestJSON-1735817394-project-admin] 10.222.0.60 "GET /v2.0/metering/metering-label-rules?id=61649bb6-75bc-402c-82a9-44e606697b2c HTTP/1.1" status: 200 len: 464 time: 0.1084471
May 17 11:03:39.519947 dv-neutron-841748-2-hyperv neutron-server[104561]: DEBUG neutron.api.rpc.handlers.resources_rpc [None req-32dfe58b-80bd-4003-a32f-93d71a846214 tempest-PortsAdminExtendedAttrsTestJSON-1017451308 tempest-PortsAdminExtendedAttrsTestJSON-1017451308-project] Pushing event updated for resources: {'Network': ['ID=e205daa8-60c0-4616-ae40-64fc1257e485,revision_number=1']} {{(pid=104561) push /opt/stack/neutron/neutron/api/rpc/handlers/resources_rpc.py:237}}
May 17 11:03:39.541405 dv-neutron-841748-2-hyperv neutron-server[104562]: INFO neutron.wsgi [None req-773845fa-ccb9-47ea-b069-4fa8ee847cd6 tempest-MeteringIpV6TestJSON-1290069331 tempest-MeteringIpV6TestJSON-1290069331-project-admin] 10.222.0.60 "GET /v2.0/metering/metering-label-rules?id=348231a6-ffc9-4c75-92e9-be13bcec89e6 HTTP/1.1" status: 200 len: 462 time: 0.0308564
May 17 11:03:39.547297 dv-neutron-841748-2-hyperv neutron-server[104562]: DEBUG neutron.wsgi [-] (104562) accepted ('10.222.0.60', 43840) {{(pid=104562) server /usr/local/lib/python3.8/dist-packages/eventlet/wsgi.py:1004}}
May 17 11:03:39.547891 dv-neutron-841748-2-hyperv neutron-server[104562]: DEBUG neutron.wsgi [-] (104562) accepted ('10.222.0.60', 43842) {{(pid=104562) server /usr/local/lib/python3.8/dist-packages/eventlet/wsgi.py:1004}}
May 17 11:03:39.548747 dv-neutron-841748-2-hyperv neutron-server[104563]: DEBUG neutron.plugins.ml2.rpc [None req-51c3f21f-c447-4f8f-a404-678c9403a1f7 None None] Network e205daa8-60c0-4616-ae40-64fc1257e485 details requested by agent ovs-agent-dv-neutron-841748-2-hyperv with host dv-neutron-841748-2-hyperv {{(pid=104563) get_network_details /opt/stack/neutron/neutron/plugins/ml2/rpc.py:248}}
May 17 11:03:39.633268 dv-neutron-841748-2-hyperv neutron-server[104563]: DEBUG neutron.api.rpc.handlers.dhcp_rpc [None req-7d6d72c5-1dd0-40f3-9fe9-8fb382cb0288 None None] Network 8e700f1a-4c3b-4399-8713-cca37a52c349 requested from dv-neutron-841748-2-hyperv {{(pid=104563) get_network_info /opt/stack/neutron/neutron/api/rpc/handlers/dhcp_rpc.py:191}}
May 17 11:03:39.673923 dv-neutron-841748-2-hyperv neutron-server[104563]: DEBUG neutron.db.provisioning_blocks [None req-8b6da0a5-a967-48ea-9f8a-19e38a9be980 None None] Provisioning complete for port edc85fcd-0d4e-4331-9bbc-fe502cfae4f9 triggered by entity DHCP. {{(pid=104563) provisioning_complete /opt/stack/neutron/neutron/db/provisioning_blocks.py:145}}
May 17 11:03:39.674531 dv-neutron-841748-2-hyperv neutron-server[104563]: DEBUG neutron_lib.callbacks.manager [None req-8b6da0a5-a967-48ea-9f8a-19e38a9be980 None None] Publish callbacks ['neutron.plugins.ml2.plugin.Ml2Plugin._port_provisioned-2048731'] for port (edc85fcd-0d4e-4331-9bbc-fe502cfae4f9), provisioning_complete {{(pid=104563) _notify_loop /usr/local/lib/python3.8/dist-packages/neutron_lib/callbacks/manager.py:176}}
May 17 11:03:39.713196 dv-neutron-841748-2-hyperv neutron-server[104562]: DEBUG neutron_lib.callbacks.manager [None req-3d7bafd0-65ff-4f30-906c-848a7ccfd63b tempest-QuotasNegativeTest-1075592190 tempest-QuotasNegativeTest-1075592190-project-admin] Publish callbacks ['neutron.plugins.ml2.ovo_rpc._ObjectChangeHandler.handle_event-548260', 'neutron.api.rpc.agentnotifiers.dhcp_rpc_agent_api.DhcpAgentNotifyAPI._native_event_send_dhcp_notification-629581'] for network (394f1563-4da8-4e22-8e70-4880672321cf), after_create {{(pid=104562) _notify_loop /usr/local/lib/python3.8/dist-packages/neutron_lib/callbacks/manager.py:176}}
May 17 11:03:39.714491 dv-neutron-841748-2-hyperv neutron-server[104562]: DEBUG neutron.pecan_wsgi.hooks.policy_enforcement [None req-3d7bafd0-65ff-4f30-906c-848a7ccfd63b tempest-QuotasNegativeTest-1075592190 tempest-QuotasNegativeTest-1075592190-project-admin] Attributes excluded by policy engine: ['standard_attr_id', 'vlan_transparent'] {{(pid=104562) _exclude_attributes_by_policy /opt/stack/neutron/neutron/pecan_wsgi/hooks/policy_enforcement.py:259}}
May 17 11:03:39.715392 dv-neutron-841748-2-hyperv neutron-server[104562]: DEBUG neutron_lib.callbacks.manager [None req-3d7bafd0-65ff-4f30-906c-848a7ccfd63b tempest-QuotasNegativeTest-1075592190 tempest-QuotasNegativeTest-1075592190-project-admin] Publish callbacks ['neutron.api.rpc.agentnotifiers.dhcp_rpc_agent_api.DhcpAgentNotifyAPI._send_dhcp_notification-629603'] for network (None), before_response {{(pid=104562) _notify_loop /usr/local/lib/python3.8/dist-packages/neutron_lib/callbacks/manager.py:176}}
May 17 11:03:39.718419 dv-neutron-841748-2-hyperv neutron-server[104562]: DEBUG neutron.pecan_wsgi.hooks.quota_enforcement [None req-9ef41df5-bc35-4e52-bb7b-f5959ff9170d tempest-DHCPAgentSchedulersTestJSON-157088879 tempest-DHCPAgentSchedulersTestJSON-157088879-project] Made reservation on behalf of ef6fee82487f44b98df0ec0b982dfa00 for: {'port': 1} {{(pid=104562) before /opt/stack/neutron/neutron/pecan_wsgi/hooks/quota_enforcement.py:53}}
May 17 11:03:39.723037 dv-neutron-841748-2-hyperv neutron-server[104562]: DEBUG neutron_lib.callbacks.manager [None req-9ef41df5-bc35-4e52-bb7b-f5959ff9170d tempest-DHCPAgentSchedulersTestJSON-157088879 tempest-DHCPAgentSchedulersTestJSON-157088879-project] Publish callbacks ['neutron.plugins.ml2.plugin.SecurityGroupDbMixin._ensure_default_security_group_handler-2013771'] for port (None), before_create {{(pid=104562) _notify_loop /usr/local/lib/python3.8/dist-packages/neutron_lib/callbacks/manager.py:176}}
May 17 11:03:39.726751 dv-neutron-841748-2-hyperv neutron-server[104563]: DEBUG neutron.plugins.ml2.managers [None req-886a4c81-03b2-4161-bede-ecb9717fca6b None None] Attempting to bind port bdcda2b3-2a7d-458b-9aac-65ca49bd3924 on host dv-neutron-841748-2-hyperv for vnic_type normal with profile {{(pid=104563) bind_port /opt/stack/neutron/neutron/plugins/ml2/managers.py:795}}
May 17 11:03:39.727484 dv-neutron-841748-2-hyperv neutron-server[104563]: DEBUG neutron.plugins.ml2.managers [None req-886a4c81-03b2-4161-bede-ecb9717fca6b None None] Attempting to bind port bdcda2b3-2a7d-458b-9aac-65ca49bd3924 by drivers openvswitch,hyperv on host dv-neutron-841748-2-hyperv at level 0 using segments [{'id': '5d31cdc3-445d-4892-9d3d-86e36bf49c5a', 'network_type': 'vlan', 'physical_network': 'physnet1', 'segmentation_id': 112, 'network_id': 'cb4c2f30-31c5-4d46-b65e-488f979f1a71'}] {{(pid=104563) _bind_port_level /opt/stack/neutron/neutron/plugins/ml2/managers.py:820}}
May 17 11:03:39.728304 dv-neutron-841748-2-hyperv neutron-server[104563]: DEBUG neutron.plugins.ml2.drivers.mech_agent [None req-886a4c81-03b2-4161-bede-ecb9717fca6b None None] Attempting to bind port bdcda2b3-2a7d-458b-9aac-65ca49bd3924 on network cb4c2f30-31c5-4d46-b65e-488f979f1a71 {{(pid=104563) bind_port /opt/stack/neutron/neutron/plugins/ml2/drivers/mech_agent.py:91}}
May 17 11:03:39.744872 dv-neutron-841748-2-hyperv neutron-server[104563]: DEBUG neutron.plugins.ml2.drivers.mech_agent [None req-886a4c81-03b2-4161-bede-ecb9717fca6b None None] Checking agent: {'id': 'a756fce7-95ae-4ea5-b9bb-1f2801811a87', 'agent_type': 'Open vSwitch agent', 'binary': 'neutron-openvswitch-agent', 'topic': 'N/A', 'host': 'dv-neutron-841748-2-hyperv', 'admin_state_up': True, 'created_at': datetime.datetime(2022, 5, 17, 10, 55, 39), 'started_at': datetime.datetime(2022, 5, 17, 10, 56, 9), 'heartbeat_timestamp': datetime.datetime(2022, 5, 17, 11, 3, 39), 'description': None, 'resources_synced': None, 'availability_zone': None, 'alive': True, 'configurations': {'arp_responder_enabled': False, 'baremetal_smartnic': False, 'bridge_mappings': {'physnet1': 'br-data'}, 'datapath_type': 'system', 'devices': 0, 'enable_distributed_routing': False, 'extensions': [], 'in_distributed_mode': False, 'integration_bridge': 'br-int', 'l2_population': False, 'log_agent_heartbeats': False, 'ovs_capabilities': {'datapath_types': ['netdev', 'system'], 'iface_types': ['erspan', 'geneve', 'gre', 'internal', 'ip6erspan', 'ip6gre', 'lisp', 'patch', 'stt', 'system', 'tap', 'vxlan']}, 'ovs_hybrid_plug': False, 'resource_provider_bandwidths': {}, 'resource_provider_hypervisors': {'br-data': 'dv-neutron-841748-2-hyperv'}, 'resource_provider_inventory_defaults': {'allocation_ratio': 1.0, 'min_unit': 1, 'step_size': 1, 'reserved': 0}, 'resource_provider_packet_processing_inventory_defaults': {'allocation_ratio': 1.0, 'min_unit': 1, 'step_size': 1, 'reserved': 0}, 'resource_provider_packet_processing_with_direction': {}, 'resource_provider_packet_processing_without_direction': {}, 'tunnel_types': [], 'tunneling_ip': None, 'vhostuser_socket_dir': '/var/run/openvswitch'}, 'resource_versions': {'AddressGroup': '1.2', 'Agent': '1.1', 'ConntrackHelper': '1.0', 'LocalIPAssociation': '1.0', 'Log': '1.0', 'NDPProxy': '1.0', 'Network': '1.1', 'Port': '1.7', 'PortForwarding': '1.3', 'QosPolicy': '1.10', 'SecurityGroup': '1.5', 'SecurityGroupRule': '1.2', 'SubPort': '1.0', 'Subnet': '1.1', 'Trunk': '1.1'}} {{(pid=104563) bind_port /opt/stack/neutron/neutron/plugins/ml2/drivers/mech_agent.py:110}}
May 17 11:03:39.744872 dv-neutron-841748-2-hyperv neutron-server[104563]: DEBUG neutron.plugins.ml2.drivers.mech_agent [None req-886a4c81-03b2-4161-bede-ecb9717fca6b None None] Checking segment: {'id': '5d31cdc3-445d-4892-9d3d-86e36bf49c5a', 'network_type': 'vlan', 'physical_network': 'physnet1', 'segmentation_id': 112, 'network_id': 'cb4c2f30-31c5-4d46-b65e-488f979f1a71'} for mappings: {'physnet1': 'br-data'} with network types: ['local', 'flat', 'vlan'] {{(pid=104563) check_segment_for_agent /opt/stack/neutron/neutron/plugins/ml2/drivers/mech_agent.py:373}}
May 17 11:03:39.744872 dv-neutron-841748-2-hyperv neutron-server[104563]: DEBUG neutron_lib.callbacks.manager [None req-886a4c81-03b2-4161-bede-ecb9717fca6b None None] Publish callbacks [] for ovs_bridge_name (None), before_read {{(pid=104563) _notify_loop /usr/local/lib/python3.8/dist-packages/neutron_lib/callbacks/manager.py:176}}
May 17 11:03:39.744872 dv-neutron-841748-2-hyperv neutron-server[104563]: DEBUG neutron.plugins.ml2.drivers.mech_agent [None req-886a4c81-03b2-4161-bede-ecb9717fca6b None None] Bound using segment: {'id': '5d31cdc3-445d-4892-9d3d-86e36bf49c5a', 'network_type': 'vlan', 'physical_network': 'physnet1', 'segmentation_id': 112, 'network_id': 'cb4c2f30-31c5-4d46-b65e-488f979f1a71'} {{(pid=104563) bind_port /opt/stack/neutron/neutron/plugins/ml2/drivers/mech_agent.py:120}}
May 17 11:03:39.744872 dv-neutron-841748-2-hyperv neutron-server[104563]: DEBUG neutron.plugins.ml2.managers [None req-886a4c81-03b2-4161-bede-ecb9717fca6b None None] Bound port: bdcda2b3-2a7d-458b-9aac-65ca49bd3924, host: dv-neutron-841748-2-hyperv, vif_type: ovs, vif_details: {"connectivity": "l2", "port_filter": true, "ovs_hybrid_plug": false, "datapath_type": "system", "bridge_name": "br-int"}, binding_levels: [{'bound_driver': 'openvswitch', 'bound_segment': {'id': '5d31cdc3-445d-4892-9d3d-86e36bf49c5a', 'network_type': 'vlan', 'physical_network': 'physnet1', 'segmentation_id': 112, 'network_id': 'cb4c2f30-31c5-4d46-b65e-488f979f1a71'}}] {{(pid=104563) _bind_port_level /opt/stack/neutron/neutron/plugins/ml2/managers.py:932}}
May 17 11:03:39.745903 dv-neutron-841748-2-hyperv neutron-server[104563]: DEBUG neutron_lib.callbacks.manager [None req-886a4c81-03b2-4161-bede-ecb9717fca6b None None] Publish callbacks ['neutron.plugins.ml2.plugin.SecurityGroupDbMixin._ensure_default_security_group_handler-2013771'] for port (bdcda2b3-2a7d-458b-9aac-65ca49bd3924), before_update {{(pid=104563) _notify_loop /usr/local/lib/python3.8/dist-packages/neutron_lib/callbacks/manager.py:176}}
May 17 11:03:39.795847 dv-neutron-841748-2-hyperv neutron-server[104561]: DEBUG neutron.db.db_base_plugin_common [None req-cf25a95a-3b4c-4dcf-8cfa-39be9922e727 tempest-FloatingIPAdminTestJSON-801808235 tempest-FloatingIPAdminTestJSON-801808235-project] Allocated IP 172.26.0.166 (cbb03226-157e-4a86-afaa-0c24f40669c9/290424af-75de-4306-af06-a359481c79cc/720254d3-8c53-448c-8e1a-7c6c7de5d9af) {{(pid=104561) _store_ip_allocation /opt/stack/neutron/neutron/db/db_base_plugin_common.py:131}}
May 17 11:03:39.879809 dv-neutron-841748-2-hyperv neutron-server[104563]: DEBUG neutron.plugins.ml2.rpc [None req-51c3f21f-c447-4f8f-a404-678c9403a1f7 None None] Device 8532ac61-0ea8-437d-824a-dceaff97a5a6 up at agent ovs-agent-dv-neutron-841748-2-hyperv {{(pid=104563) update_device_up /opt/stack/neutron/neutron/plugins/ml2/rpc.py:296}}
May 17 11:03:39.994159 dv-neutron-841748-2-hyperv neutron-server[104563]: DEBUG neutron.plugins.ml2.db [None req-886a4c81-03b2-4161-bede-ecb9717fca6b None None] For port bdcda2b3-2a7d-458b-9aac-65ca49bd3924, host dv-neutron-841748-2-hyperv, cleared binding levels {{(pid=104563) clear_binding_levels /opt/stack/neutron/neutron/plugins/ml2/db.py:87}}
May 17 11:03:40.031820 dv-neutron-841748-2-hyperv neutron-server[104563]: DEBUG neutron.plugins.ml2.db [None req-886a4c81-03b2-4161-bede-ecb9717fca6b None None] For port bdcda2b3-2a7d-458b-9aac-65ca49bd3924, host dv-neutron-841748-2-hyperv, set binding levels [PortBindingLevel(driver='openvswitch',host='dv-neutron-841748-2-hyperv',level=0,port_id=bdcda2b3-2a7d-458b-9aac-65ca49bd3924,segment=NetworkSegment(5d31cdc3-445d-4892-9d3d-86e36bf49c5a),segment_id=5d31cdc3-445d-4892-9d3d-86e36bf49c5a)] {{(pid=104563) set_binding_levels /opt/stack/neutron/neutron/plugins/ml2/db.py:59}}
May 17 11:03:40.033065 dv-neutron-841748-2-hyperv neutron-server[104561]: DEBUG neutron_lib.callbacks.manager [None req-cf25a95a-3b4c-4dcf-8cfa-39be9922e727 tempest-FloatingIPAdminTestJSON-801808235 tempest-FloatingIPAdminTestJSON-801808235-project] Publish callbacks [] for port (720254d3-8c53-448c-8e1a-7c6c7de5d9af), precommit_create {{(pid=104561) _notify_loop /usr/local/lib/python3.8/dist-packages/neutron_lib/callbacks/manager.py:176}}
May 17 11:03:40.046484 dv-neutron-841748-2-hyperv neutron-server[104563]: DEBUG neutron.plugins.ml2.plugin [None req-8b6da0a5-a967-48ea-9f8a-19e38a9be980 None None] Current status of the port edc85fcd-0d4e-4331-9bbc-fe502cfae4f9 is: DOWN; New status is: ACTIVE {{(pid=104563) _update_individual_port_db_status /opt/stack/neutron/neutron/plugins/ml2/plugin.py:2296}}
May 17 11:03:40.046875 dv-neutron-841748-2-hyperv neutron-server[104563]: DEBUG neutron_lib.callbacks.manager [None req-8b6da0a5-a967-48ea-9f8a-19e38a9be980 None None] Publish callbacks ['neutron.plugins.ml2.plugin.SecurityGroupDbMixin._ensure_default_security_group_handler-2013771'] for port (edc85fcd-0d4e-4331-9bbc-fe502cfae4f9), before_update {{(pid=104563) _notify_loop /usr/local/lib/python3.8/dist-packages/neutron_lib/callbacks/manager.py:176}}
May 17 11:03:40.064405 dv-neutron-841748-2-hyperv neutron-server[104563]: DEBUG neutron.db.provisioning_blocks [None req-51c3f21f-c447-4f8f-a404-678c9403a1f7 None None] Provisioning complete for port 8532ac61-0ea8-437d-824a-dceaff97a5a6 triggered by entity L2. {{(pid=104563) provisioning_complete /opt/stack/neutron/neutron/db/provisioning_blocks.py:145}}
May 17 11:03:40.064985 dv-neutron-841748-2-hyperv neutron-server[104563]: DEBUG neutron_lib.callbacks.manager [None req-51c3f21f-c447-4f8f-a404-678c9403a1f7 None None] Publish callbacks ['neutron.plugins.ml2.plugin.Ml2Plugin._port_provisioned-2048731'] for port (8532ac61-0ea8-437d-824a-dceaff97a5a6), provisioning_complete {{(pid=104563) _notify_loop /usr/local/lib/python3.8/dist-packages/neutron_lib/callbacks/manager.py:176}}
May 17 11:03:40.072365 dv-neutron-841748-2-hyperv neutron-server[104561]: DEBUG neutron_lib.callbacks.manager [None req-588b0d85-2f6d-4cc8-a67a-9f3d198d93c5 admin admin] Publish callbacks ['neutron.plugins.ml2.plugin.SecurityGroupServerNotifierRpcMixin._notify_sg_on_port_change-2013925', 'neutron.plugins.ml2.ovo_rpc._ObjectChangeHandler.handle_event-449649', 'neutron.api.rpc.agentnotifiers.dhcp_rpc_agent_api.DhcpAgentNotifyAPI._native_event_send_dhcp_notification-629581', 'neutron.db.l3_dvrscheduler_db._notify_l3_agent_new_port-8776411570773'] for port (4fc0143c-4f3b-4a39-af07-df6167bf5228), after_create {{(pid=104561) _notify_loop /usr/local/lib/python3.8/dist-packages/neutron_lib/callbacks/manager.py:176}}
May 17 11:03:40.090535 dv-neutron-841748-2-hyperv neutron-server[104563]: DEBUG neutron.api.rpc.handlers.dhcp_rpc [None req-45d6daaa-a378-46bd-9439-5e8fff0362bb None None] Network 51d397a9-9a13-4277-bb2d-7e36ce2d30cb requested from dv-neutron-841748-2-hyperv {{(pid=104563) get_network_info /opt/stack/neutron/neutron/api/rpc/handlers/dhcp_rpc.py:191}}
May 17 11:03:40.126171 dv-neutron-841748-2-hyperv neutron-server[104562]: DEBUG neutron.api.rpc.handlers.resources_rpc [None req-3d7bafd0-65ff-4f30-906c-848a7ccfd63b tempest-QuotasNegativeTest-1075592190 tempest-QuotasNegativeTest-1075592190-project-admin] Pushing event updated for resources: {'Network': ['ID=394f1563-4da8-4e22-8e70-4880672321cf,revision_number=1']} {{(pid=104562) push /opt/stack/neutron/neutron/api/rpc/handlers/resources_rpc.py:237}}
May 17 11:03:40.131516 dv-neutron-841748-2-hyperv neutron-server[104563]: DEBUG neutron_lib.callbacks.manager [None req-886a4c81-03b2-4161-bede-ecb9717fca6b None None] Publish callbacks ['neutron.plugins.ml2.plugin.SecurityGroupServerNotifierRpcMixin._notify_sg_on_port_change-2013925', 'neutron.plugins.ml2.ovo_rpc._ObjectChangeHandler.handle_event-449649', 'neutron.api.rpc.agentnotifiers.dhcp_rpc_agent_api.DhcpAgentNotifyAPI._native_event_send_dhcp_notification-629581', 'neutron.db.l3_db.L3RpcNotifierMixin._notify_gateway_port_ip_changed-8776412013963', 'neutron.db.l3_dvrscheduler_db._notify_l3_agent_port_update-8776411570791', 'neutron.db.l3_hascheduler_db._notify_l3_agent_ha_port_update-8776411570809'] for port (bdcda2b3-2a7d-458b-9aac-65ca49bd3924), after_update {{(pid=104563) _notify_loop /usr/local/lib/python3.8/dist-packages/neutron_lib/callbacks/manager.py:176}}
May 17 11:03:40.155931 dv-neutron-841748-2-hyperv neutron-server[104563]: DEBUG neutron.plugins.ml2.rpc [None req-51c3f21f-c447-4f8f-a404-678c9403a1f7 None None] Network 394f1563-4da8-4e22-8e70-4880672321cf details requested by agent ovs-agent-dv-neutron-841748-2-hyperv with host dv-neutron-841748-2-hyperv {{(pid=104563) get_network_details /opt/stack/neutron/neutron/plugins/ml2/rpc.py:248}}
May 17 11:03:40.157183 dv-neutron-841748-2-hyperv neutron-server[104561]: DEBUG neutron_lib.callbacks.manager [None req-cf25a95a-3b4c-4dcf-8cfa-39be9922e727 tempest-FloatingIPAdminTestJSON-801808235 tempest-FloatingIPAdminTestJSON-801808235-project] Publish callbacks ['neutron.plugins.ml2.plugin.SecurityGroupServerNotifierRpcMixin._notify_sg_on_port_change-2013925', 'neutron.plugins.ml2.ovo_rpc._ObjectChangeHandler.handle_event-449649', 'neutron.api.rpc.agentnotifiers.dhcp_rpc_agent_api.DhcpAgentNotifyAPI._native_event_send_dhcp_notification-629581', 'neutron.db.l3_dvrscheduler_db._notify_l3_agent_new_port-8776411570773'] for port (720254d3-8c53-448c-8e1a-7c6c7de5d9af), after_create {{(pid=104561) _notify_loop /usr/local/lib/python3.8/dist-packages/neutron_lib/callbacks/manager.py:176}}
May 17 11:03:40.188692 dv-neutron-841748-2-hyperv neutron-server[104561]: DEBUG neutron.scheduler.dhcp_agent_scheduler [None req-588b0d85-2f6d-4cc8-a67a-9f3d198d93c5 admin admin] Network cbb03226-157e-4a86-afaa-0c24f40669c9 is already hosted by enough agents. {{(pid=104561) _get_dhcp_agents_hosting_network /opt/stack/neutron/neutron/scheduler/dhcp_agent_scheduler.py:275}}
May 17 11:03:40.199042 dv-neutron-841748-2-hyperv neutron-server[104561]: DEBUG neutron.scheduler.dhcp_agent_scheduler [None req-cf25a95a-3b4c-4dcf-8cfa-39be9922e727 tempest-FloatingIPAdminTestJSON-801808235 tempest-FloatingIPAdminTestJSON-801808235-project] Network cbb03226-157e-4a86-afaa-0c24f40669c9 is already hosted by enough agents. {{(pid=104561) _get_dhcp_agents_hosting_network /opt/stack/neutron/neutron/scheduler/dhcp_agent_scheduler.py:275}}
May 17 11:03:40.206926 dv-neutron-841748-2-hyperv neutron-server[104561]: DEBUG neutron.scheduler.base_scheduler [None req-588b0d85-2f6d-4cc8-a67a-9f3d198d93c5 admin admin] Resources bound (agent type, host, resource id): {{(pid=104561) schedule /opt/stack/neutron/neutron/scheduler/base_scheduler.py:57}}
May 17 11:03:40.217330 dv-neutron-841748-2-hyperv neutron-server[104561]: DEBUG neutron.scheduler.base_scheduler [None req-cf25a95a-3b4c-4dcf-8cfa-39be9922e727 tempest-FloatingIPAdminTestJSON-801808235 tempest-FloatingIPAdminTestJSON-801808235-project] Resources bound (agent type, host, resource id): {{(pid=104561) schedule /opt/stack/neutron/neutron/scheduler/base_scheduler.py:57}}
May 17 11:03:40.224078 dv-neutron-841748-2-hyperv neutron-server[104561]: DEBUG neutron.db.l3_dvrscheduler_db [None req-588b0d85-2f6d-4cc8-a67a-9f3d198d93c5 admin admin] Received port after_create {{(pid=104561) _notify_l3_agent_new_port /opt/stack/neutron/neutron/db/l3_dvrscheduler_db.py:536}}
May 17 11:03:40.226778 dv-neutron-841748-2-hyperv neutron-server[104563]: DEBUG neutron.plugins.ml2.db [None req-8b6da0a5-a967-48ea-9f8a-19e38a9be980 None None] For port edc85fcd-0d4e-4331-9bbc-fe502cfae4f9, host dv-neutron-841748-2-hyperv, got binding levels [PortBindingLevel(driver='openvswitch',host='dv-neutron-841748-2-hyperv',level=0,port_id=edc85fcd-0d4e-4331-9bbc-fe502cfae4f9,segment=NetworkSegment(b13e4f9d-c524-47d0-90e7-18044b58db35),segment_id=b13e4f9d-c524-47d0-90e7-18044b58db35)] {{(pid=104563) get_binding_level_objs /opt/stack/neutron/neutron/plugins/ml2/db.py:74}}
May 17 11:03:40.322678 dv-neutron-841748-2-hyperv neutron-server[104562]: DEBUG neutron.notifiers.nova [None req-9ef41df5-bc35-4e52-bb7b-f5959ff9170d tempest-DHCPAgentSchedulersTestJSON-157088879 tempest-DHCPAgentSchedulersTestJSON-157088879-project] device_id is not set on port f9f2bb38-278b-46e5-b5b3-88a1b0a16cdc yet. {{(pid=104562) _can_notify /opt/stack/neutron/neutron/notifiers/nova.py:199}}
May 17 11:03:40.358910 dv-neutron-841748-2-hyperv neutron-server[104563]: DEBUG neutron_lib.callbacks.manager [None req-8b6da0a5-a967-48ea-9f8a-19e38a9be980 None None] Publish callbacks ['neutron.plugins.ml2.plugin.SecurityGroupServerNotifierRpcMixin._notify_sg_on_port_change-2013925', 'neutron.plugins.ml2.ovo_rpc._ObjectChangeHandler.handle_event-449649', 'neutron.api.rpc.agentnotifiers.dhcp_rpc_agent_api.DhcpAgentNotifyAPI._native_event_send_dhcp_notification-629581', 'neutron.db.l3_db.L3RpcNotifierMixin._notify_gateway_port_ip_changed-8776412013963', 'neutron.db.l3_dvrscheduler_db._notify_l3_agent_port_update-8776411570791', 'neutron.db.l3_hascheduler_db._notify_l3_agent_ha_port_update-8776411570809'] for port (edc85fcd-0d4e-4331-9bbc-fe502cfae4f9), after_update {{(pid=104563) _notify_loop /usr/local/lib/python3.8/dist-packages/neutron_lib/callbacks/manager.py:176}}
May 17 11:03:40.383489 dv-neutron-841748-2-hyperv neutron-server[104561]: DEBUG neutron.wsgi [-] (104561) accepted ('10.222.0.60', 43852) {{(pid=104561) server /usr/local/lib/python3.8/dist-packages/eventlet/wsgi.py:1004}}
May 17 11:03:40.388979 dv-neutron-841748-2-hyperv neutron-server[104561]: DEBUG neutron.api.rpc.handlers.resources_rpc [None req-588b0d85-2f6d-4cc8-a67a-9f3d198d93c5 admin admin] Pushing event updated for resources: {'Port': ['ID=4fc0143c-4f3b-4a39-af07-df6167bf5228,revision_number=1']} {{(pid=104561) push /opt/stack/neutron/neutron/api/rpc/handlers/resources_rpc.py:237}}
May 17 11:03:40.394305 dv-neutron-841748-2-hyperv neutron-server[104561]: DEBUG neutron.api.v2.base [None req-bc9707ab-0e05-484d-9de9-bed9c5afde69 tempest-PortsAdminExtendedAttrsTestJSON-182855895 tempest-PortsAdminExtendedAttrsTestJSON-182855895-project-admin] Request body: {'port': {'network_id': 'e205daa8-60c0-4616-ae40-64fc1257e485', 'binding:host_id': 'hv-neutron-8417', 'name': 'tempest-PortsAdminExtendedAttrsTestJSON-1678400174'}} {{(pid=104561) prepare_request_body /opt/stack/neutron/neutron/api/v2/base.py:730}}
May 17 11:03:40.448273 dv-neutron-841748-2-hyperv neutron-server[104563]: DEBUG neutron.api.rpc.handlers.resources_rpc [None req-886a4c81-03b2-4161-bede-ecb9717fca6b None None] Pushing event updated for resources: {'Port': ['ID=bdcda2b3-2a7d-458b-9aac-65ca49bd3924,revision_number=2']} {{(pid=104563) push /opt/stack/neutron/neutron/api/rpc/handlers/resources_rpc.py:237}}
May 17 11:03:40.465638 dv-neutron-841748-2-hyperv neutron-server[104562]: DEBUG neutron_lib.callbacks.manager [None req-1f169c0a-7f0a-4186-b740-7228b6e23667 tempest-MeteringIpV6TestJSON-1290069331 tempest-MeteringIpV6TestJSON-1290069331-project-admin] Publish callbacks [] for metering_label_rule (None), before_response {{(pid=104562) _notify_loop /usr/local/lib/python3.8/dist-packages/neutron_lib/callbacks/manager.py:176}}
May 17 11:03:40.466912 dv-neutron-841748-2-hyperv neutron-server[104562]: INFO neutron.wsgi [None req-1f169c0a-7f0a-4186-b740-7228b6e23667 tempest-MeteringIpV6TestJSON-1290069331 tempest-MeteringIpV6TestJSON-1290069331-project-admin] 10.222.0.60 "DELETE /v2.0/metering/metering-label-rules/348231a6-ffc9-4c75-92e9-be13bcec89e6 HTTP/1.1" status: 204 len: 168 time: 0.8920045
May 17 11:03:40.479158 dv-neutron-841748-2-hyperv neutron-server[104561]: DEBUG neutron.wsgi [-] (104561) accepted ('10.222.0.60', 43854) {{(pid=104561) server /usr/local/lib/python3.8/dist-packages/eventlet/wsgi.py:1004}}
May 17 11:03:40.487728 dv-neutron-841748-2-hyperv neutron-server[104561]: DEBUG neutron.db.l3_dvrscheduler_db [None req-cf25a95a-3b4c-4dcf-8cfa-39be9922e727 tempest-FloatingIPAdminTestJSON-801808235 tempest-FloatingIPAdminTestJSON-801808235-project] Received port after_create {{(pid=104561) _notify_l3_agent_new_port /opt/stack/neutron/neutron/db/l3_dvrscheduler_db.py:536}}
