May 17 10:40:33.891863 dv-neutron-841711-3-hyperv devstack@keystone.service[80168]: DEBUG keystone.common.fernet_utils [None req-5593a3f3-0af0-4a8c-a794-6e455aa2a269 None None] Loaded 2 Fernet keys from /etc/keystone/fernet-keys/, but `[fernet_tokens] max_active_keys = 3`; perhaps there have not been enough key rotations to reach `max_active_keys` yet? {{(pid=80168) load_keys /opt/stack/keystone/keystone/common/fernet_utils.py:286}}
May 17 10:40:33.898131 dv-neutron-841711-3-hyperv devstack@keystone.service[80169]: DEBUG keystone.server.flask.request_processing.middleware.auth_context [None req-83f7fd9e-3f7c-499a-b2d7-7d2512f96757 None admin] Authenticating user token {{(pid=80169) process_request /usr/local/lib/python3.8/dist-packages/keystonemiddleware/auth_token/__init__.py:407}}
May 17 10:40:34.011596 dv-neutron-841711-3-hyperv devstack@keystone.service[80169]: DEBUG keystone.server.flask.request_processing.middleware.auth_context [None req-83f7fd9e-3f7c-499a-b2d7-7d2512f96757 None admin] Validating token access rules against request {{(pid=80169) validate_allowed_request /usr/local/lib/python3.8/dist-packages/keystonemiddleware/auth_token/__init__.py:545}}
May 17 10:40:34.049919 dv-neutron-841711-3-hyperv devstack@keystone.service[80169]: DEBUG keystone.server.flask.request_processing.middleware.auth_context [None req-61aa178c-4338-4d66-97d1-faccc4f5ebca None admin] RBAC: auth_context: {'token': , 'domain_id': None, 'trust_id': None, 'trustor_id': None, 'trustee_id': None, 'domain_name': None, 'group_ids': [], 'user_id': '78707549e2d841a1981336b188e8ae3c', 'user_domain_id': 'default', 'system_scope': 'all', 'project_id': None, 'project_domain_id': None, 'roles': ['admin', 'member', 'reader'], 'is_admin_project': True, 'service_user_id': None, 'service_user_domain_id': None, 'service_project_id': None, 'service_project_domain_id': None, 'service_roles': []} {{(pid=80169) fill_context /opt/stack/keystone/keystone/server/flask/request_processing/middleware/auth_context.py:478}}
May 17 10:40:34.050971 dv-neutron-841711-3-hyperv devstack@keystone.service[80169]: DEBUG keystone.server.flask.request_processing.req_logging [None req-61aa178c-4338-4d66-97d1-faccc4f5ebca None admin] REQUEST_METHOD: `GET` {{(pid=80169) log_request_info /opt/stack/keystone/keystone/server/flask/request_processing/req_logging.py:27}}
May 17 10:40:34.051484 dv-neutron-841711-3-hyperv devstack@keystone.service[80169]: DEBUG keystone.server.flask.request_processing.req_logging [None req-61aa178c-4338-4d66-97d1-faccc4f5ebca None admin] SCRIPT_NAME: `/identity` {{(pid=80169) log_request_info /opt/stack/keystone/keystone/server/flask/request_processing/req_logging.py:28}}
May 17 10:40:34.052026 dv-neutron-841711-3-hyperv devstack@keystone.service[80169]: DEBUG keystone.server.flask.request_processing.req_logging [None req-61aa178c-4338-4d66-97d1-faccc4f5ebca None admin] PATH_INFO: `/v3/domains` {{(pid=80169) log_request_info /opt/stack/keystone/keystone/server/flask/request_processing/req_logging.py:29}}
May 17 10:40:34.053059 dv-neutron-841711-3-hyperv devstack@keystone.service[80169]: DEBUG keystone.common.rbac_enforcer.enforcer [None req-61aa178c-4338-4d66-97d1-faccc4f5ebca None admin] RBAC: Adding query filter params (name=Default) {{(pid=80169) _extract_filter_values /opt/stack/keystone/keystone/common/rbac_enforcer/enforcer.py:167}}
May 17 10:40:34.053579 dv-neutron-841711-3-hyperv devstack@keystone.service[80169]: DEBUG keystone.common.rbac_enforcer.enforcer [None req-61aa178c-4338-4d66-97d1-faccc4f5ebca None admin] RBAC: Authorizing `identity:list_domains()` {{(pid=80169) enforce_call /opt/stack/keystone/keystone/common/rbac_enforcer/enforcer.py:449}}
May 17 10:40:34.054029 dv-neutron-841711-3-hyperv devstack@keystone.service[80168]: [pid: 80168|app: 0|req: 13/26] 10.222.0.25 () {58 vars in 1023 bytes} [Tue May 17 10:40:33 2022] POST /identity/v3/auth/tokens => generated 799 bytes in 210 msecs (HTTP/1.1 201) 6 headers in 363 bytes (1 switches on core 0)
May 17 10:40:34.055989 dv-neutron-841711-3-hyperv devstack@keystone.service[80169]: DEBUG keystone.common.rbac_enforcer.enforcer [None req-61aa178c-4338-4d66-97d1-faccc4f5ebca None admin] RBAC: Authorization granted {{(pid=80169) enforce_call /opt/stack/keystone/keystone/common/rbac_enforcer/enforcer.py:457}}
May 17 10:40:34.056096 dv-neutron-841711-3-hyperv devstack@keystone.service[80168]: DEBUG keystone.server.flask.request_processing.req_logging [None req-dbb15669-67b4-44c8-811d-dad039aaa89c None None] REQUEST_METHOD: `GET` {{(pid=80168) log_request_info /opt/stack/keystone/keystone/server/flask/request_processing/req_logging.py:27}}
May 17 10:40:34.056360 dv-neutron-841711-3-hyperv devstack@keystone.service[80168]: DEBUG keystone.server.flask.request_processing.req_logging [None req-dbb15669-67b4-44c8-811d-dad039aaa89c None None] SCRIPT_NAME: `/identity` {{(pid=80168) log_request_info /opt/stack/keystone/keystone/server/flask/request_processing/req_logging.py:28}}
May 17 10:40:34.056646 dv-neutron-841711-3-hyperv devstack@keystone.service[80168]: DEBUG keystone.server.flask.request_processing.req_logging [None req-dbb15669-67b4-44c8-811d-dad039aaa89c None None] PATH_INFO: `/` {{(pid=80168) log_request_info /opt/stack/keystone/keystone/server/flask/request_processing/req_logging.py:29}}
May 17 10:40:34.058248 dv-neutron-841711-3-hyperv devstack@keystone.service[80168]: [pid: 80168|app: 0|req: 14/27] 10.222.0.25 () {54 vars in 926 bytes} [Tue May 17 10:40:34 2022] GET /identity => generated 270 bytes in 3 msecs (HTTP/1.1 300) 6 headers in 234 bytes (1 switches on core 0)
May 17 10:40:34.063339 dv-neutron-841711-3-hyperv devstack@keystone.service[80168]: DEBUG keystone.server.flask.request_processing.req_logging [None req-b8a5384b-35e0-4686-a827-7644dc155280 None None] REQUEST_METHOD: `POST` {{(pid=80168) log_request_info /opt/stack/keystone/keystone/server/flask/request_processing/req_logging.py:27}}
May 17 10:40:34.063627 dv-neutron-841711-3-hyperv devstack@keystone.service[80168]: DEBUG keystone.server.flask.request_processing.req_logging [None req-b8a5384b-35e0-4686-a827-7644dc155280 None None] SCRIPT_NAME: `/identity` {{(pid=80168) log_request_info /opt/stack/keystone/keystone/server/flask/request_processing/req_logging.py:28}}
May 17 10:40:34.063909 dv-neutron-841711-3-hyperv devstack@keystone.service[80168]: DEBUG keystone.server.flask.request_processing.req_logging [None req-b8a5384b-35e0-4686-a827-7644dc155280 None None] PATH_INFO: `/v3/auth/tokens` {{(pid=80168) log_request_info /opt/stack/keystone/keystone/server/flask/request_processing/req_logging.py:29}}
May 17 10:40:34.077161 dv-neutron-841711-3-hyperv devstack@keystone.service[80169]: [pid: 80169|app: 0|req: 14/28] 10.222.0.25 () {56 vars in 1109 bytes} [Tue May 17 10:40:33 2022] GET /identity/v3/domains?name=Default => generated 308 bytes in 179 msecs (HTTP/1.1 200) 5 headers in 177 bytes (2 switches on core 0)
May 17 10:40:34.084159 dv-neutron-841711-3-hyperv devstack@keystone.service[80169]: DEBUG keystone.server.flask.request_processing.middleware.auth_context [None req-61aa178c-4338-4d66-97d1-faccc4f5ebca None admin] Authenticating user token {{(pid=80169) process_request /usr/local/lib/python3.8/dist-packages/keystonemiddleware/auth_token/__init__.py:407}}
May 17 10:40:34.110672 dv-neutron-841711-3-hyperv devstack@keystone.service[80168]: DEBUG keystone.auth.core [None req-b8a5384b-35e0-4686-a827-7644dc155280 None None] MFA Rules not processed for user `78707549e2d841a1981336b188e8ae3c`. Rule list: `[]` (Enabled: `True`). {{(pid=80168) check_auth_methods_against_rules /opt/stack/keystone/keystone/auth/core.py:438}}
May 17 10:40:34.113033 dv-neutron-841711-3-hyperv devstack@keystone.service[80168]: DEBUG keystone.common.fernet_utils [None req-b8a5384b-35e0-4686-a827-7644dc155280 None None] Loaded 2 Fernet keys from /etc/keystone/fernet-keys/, but `[fernet_tokens] max_active_keys = 3`; perhaps there have not been enough key rotations to reach `max_active_keys` yet? {{(pid=80168) load_keys /opt/stack/keystone/keystone/common/fernet_utils.py:286}}
May 17 10:40:34.246894 dv-neutron-841711-3-hyperv devstack@keystone.service[80168]: [pid: 80168|app: 0|req: 15/29] 10.222.0.25 () {58 vars in 1023 bytes} [Tue May 17 10:40:34 2022] POST /identity/v3/auth/tokens => generated 799 bytes in 184 msecs (HTTP/1.1 201) 6 headers in 363 bytes (1 switches on core 0)
May 17 10:40:34.250474 dv-neutron-841711-3-hyperv devstack@keystone.service[80168]: DEBUG keystone.server.flask.request_processing.middleware.auth_context [None req-b8a5384b-35e0-4686-a827-7644dc155280 None None] Authenticating user token {{(pid=80168) process_request /usr/local/lib/python3.8/dist-packages/keystonemiddleware/auth_token/__init__.py:407}}
May 17 10:40:34.275905 dv-neutron-841711-3-hyperv devstack@keystone.service[80169]: DEBUG keystone.server.flask.request_processing.middleware.auth_context [None req-61aa178c-4338-4d66-97d1-faccc4f5ebca None admin] Validating token access rules against request {{(pid=80169) validate_allowed_request /usr/local/lib/python3.8/dist-packages/keystonemiddleware/auth_token/__init__.py:545}}
May 17 10:40:34.315073 dv-neutron-841711-3-hyperv devstack@keystone.service[80169]: DEBUG keystone.server.flask.request_processing.middleware.auth_context [None req-3af97375-adf8-4872-a736-28406fce5d6a None admin] RBAC: auth_context: {'token': , 'domain_id': None, 'trust_id': None, 'trustor_id': None, 'trustee_id': None, 'domain_name': None, 'group_ids': [], 'user_id': '78707549e2d841a1981336b188e8ae3c', 'user_domain_id': 'default', 'system_scope': 'all', 'project_id': None, 'project_domain_id': None, 'roles': ['admin', 'member', 'reader'], 'is_admin_project': True, 'service_user_id': None, 'service_user_domain_id': None, 'service_project_id': None, 'service_project_domain_id': None, 'service_roles': []} {{(pid=80169) fill_context /opt/stack/keystone/keystone/server/flask/request_processing/middleware/auth_context.py:478}}
May 17 10:40:34.316237 dv-neutron-841711-3-hyperv devstack@keystone.service[80169]: DEBUG keystone.server.flask.request_processing.req_logging [None req-3af97375-adf8-4872-a736-28406fce5d6a None admin] REQUEST_METHOD: `POST` {{(pid=80169) log_request_info /opt/stack/keystone/keystone/server/flask/request_processing/req_logging.py:27}}
May 17 10:40:34.316746 dv-neutron-841711-3-hyperv devstack@keystone.service[80169]: DEBUG keystone.server.flask.request_processing.req_logging [None req-3af97375-adf8-4872-a736-28406fce5d6a None admin] SCRIPT_NAME: `/identity` {{(pid=80169) log_request_info /opt/stack/keystone/keystone/server/flask/request_processing/req_logging.py:28}}
May 17 10:40:34.317312 dv-neutron-841711-3-hyperv devstack@keystone.service[80169]: DEBUG keystone.server.flask.request_processing.req_logging [None req-3af97375-adf8-4872-a736-28406fce5d6a None admin] PATH_INFO: `/v3/projects` {{(pid=80169) log_request_info /opt/stack/keystone/keystone/server/flask/request_processing/req_logging.py:29}}
May 17 10:40:34.318217 dv-neutron-841711-3-hyperv devstack@keystone.service[80169]: DEBUG keystone.common.rbac_enforcer.enforcer [None req-3af97375-adf8-4872-a736-28406fce5d6a None admin] RBAC: Authorizing `identity:create_project()` {{(pid=80169) enforce_call /opt/stack/keystone/keystone/common/rbac_enforcer/enforcer.py:449}}
May 17 10:40:34.319928 dv-neutron-841711-3-hyperv devstack@keystone.service[80169]: DEBUG keystone.common.rbac_enforcer.enforcer [None req-3af97375-adf8-4872-a736-28406fce5d6a None admin] RBAC: Authorization granted {{(pid=80169) enforce_call /opt/stack/keystone/keystone/common/rbac_enforcer/enforcer.py:457}}
May 17 10:40:34.474964 dv-neutron-841711-3-hyperv devstack@keystone.service[80168]: DEBUG keystone.server.flask.request_processing.middleware.auth_context [None req-b8a5384b-35e0-4686-a827-7644dc155280 None None] Validating token access rules against request {{(pid=80168) validate_allowed_request /usr/local/lib/python3.8/dist-packages/keystonemiddleware/auth_token/__init__.py:545}}
May 17 10:40:34.520244 dv-neutron-841711-3-hyperv devstack@keystone.service[80169]: [pid: 80169|app: 0|req: 15/30] 10.222.0.25 () {60 vars in 1141 bytes} [Tue May 17 10:40:34 2022] POST /identity/v3/projects => generated 301 bytes in 437 msecs (HTTP/1.1 201) 5 headers in 182 bytes (1 switches on core 0)
May 17 10:40:34.521562 dv-neutron-841711-3-hyperv devstack@keystone.service[80169]: DEBUG keystone.server.flask.request_processing.middleware.auth_context [None req-3af97375-adf8-4872-a736-28406fce5d6a None admin] Authenticating user token {{(pid=80169) process_request /usr/local/lib/python3.8/dist-packages/keystonemiddleware/auth_token/__init__.py:407}}
May 17 10:40:34.575930 dv-neutron-841711-3-hyperv devstack@keystone.service[80168]: DEBUG keystone.server.flask.request_processing.middleware.auth_context [None req-146c5a0b-54d1-448d-a5a4-876e100a37fb None admin] RBAC: auth_context: {'token': , 'domain_id': None, 'trust_id': None, 'trustor_id': None, 'trustee_id': None, 'domain_name': None, 'group_ids': [], 'user_id': '78707549e2d841a1981336b188e8ae3c', 'user_domain_id': 'default', 'system_scope': 'all', 'project_id': None, 'project_domain_id': None, 'roles': ['admin', 'member', 'reader'], 'is_admin_project': True, 'service_user_id': None, 'service_user_domain_id': None, 'service_project_id': None, 'service_project_domain_id': None, 'service_roles': []} {{(pid=80168) fill_context /opt/stack/keystone/keystone/server/flask/request_processing/middleware/auth_context.py:478}}
May 17 10:40:34.576767 dv-neutron-841711-3-hyperv devstack@keystone.service[80168]: DEBUG keystone.server.flask.request_processing.req_logging [None req-146c5a0b-54d1-448d-a5a4-876e100a37fb None admin] REQUEST_METHOD: `GET` {{(pid=80168) log_request_info /opt/stack/keystone/keystone/server/flask/request_processing/req_logging.py:27}}
May 17 10:40:34.577054 dv-neutron-841711-3-hyperv devstack@keystone.service[80168]: DEBUG keystone.server.flask.request_processing.req_logging [None req-146c5a0b-54d1-448d-a5a4-876e100a37fb None admin] SCRIPT_NAME: `/identity` {{(pid=80168) log_request_info /opt/stack/keystone/keystone/server/flask/request_processing/req_logging.py:28}}
May 17 10:40:34.577332 dv-neutron-841711-3-hyperv devstack@keystone.service[80168]: DEBUG keystone.server.flask.request_processing.req_logging [None req-146c5a0b-54d1-448d-a5a4-876e100a37fb None admin] PATH_INFO: `/v3/roles/admin` {{(pid=80168) log_request_info /opt/stack/keystone/keystone/server/flask/request_processing/req_logging.py:29}}
May 17 10:40:34.600577 dv-neutron-841711-3-hyperv devstack@keystone.service[80168]: DEBUG keystone.common.rbac_enforcer.enforcer [None req-146c5a0b-54d1-448d-a5a4-876e100a37fb None admin] Extracting inferred target data resulted in "NOT FOUND (404)". {{(pid=80168) enforce_call /opt/stack/keystone/keystone/common/rbac_enforcer/enforcer.py:409}}
May 17 10:40:34.629937 dv-neutron-841711-3-hyperv devstack@keystone.service[80168]: ERROR keystone.server.flask.application [None req-146c5a0b-54d1-448d-a5a4-876e100a37fb None admin] Could not find role: admin.: keystone.exception.RoleNotFound: Could not find role: admin.
May 17 10:40:34.629937 dv-neutron-841711-3-hyperv devstack@keystone.service[80168]: ERROR keystone.server.flask.application
Traceback (most recent call last):
May 17 10:40:34.629937 dv-neutron-841711-3-hyperv devstack@keystone.service[80168]: ERROR keystone.server.flask.application
File "/usr/local/lib/python3.8/dist-packages/flask/app.py", line 1523, in full_dispatch_request
May 17 10:40:34.629937 dv-neutron-841711-3-hyperv devstack@keystone.service[80168]: ERROR keystone.server.flask.application rv = self.dispatch_request()
May 17 10:40:34.629937 dv-neutron-841711-3-hyperv devstack@keystone.service[80168]: ERROR keystone.server.flask.application
File "/usr/local/lib/python3.8/dist-packages/flask/app.py", line 1509, in dispatch_request
May 17 10:40:34.629937 dv-neutron-841711-3-hyperv devstack@keystone.service[80168]: ERROR keystone.server.flask.application return self.ensure_sync(self.view_functions[rule.endpoint])(**req.view_args)
May 17 10:40:34.629937 dv-neutron-841711-3-hyperv devstack@keystone.service[80168]: ERROR keystone.server.flask.application
File "/usr/local/lib/python3.8/dist-packages/flask_restful/__init__.py", line 467, in wrapper
May 17 10:40:34.629937 dv-neutron-841711-3-hyperv devstack@keystone.service[80168]: ERROR keystone.server.flask.application resp = resource(*args, **kwargs)
May 17 10:40:34.629937 dv-neutron-841711-3-hyperv devstack@keystone.service[80168]: ERROR keystone.server.flask.application
File "/usr/local/lib/python3.8/dist-packages/flask/views.py", line 84, in view
May 17 10:40:34.629937 dv-neutron-841711-3-hyperv devstack@keystone.service[80168]: ERROR keystone.server.flask.application return current_app.ensure_sync(self.dispatch_request)(*args, **kwargs)
May 17 10:40:34.629937 dv-neutron-841711-3-hyperv devstack@keystone.service[80168]: ERROR keystone.server.flask.application
File "/usr/local/lib/python3.8/dist-packages/flask_restful/__init__.py", line 582, in dispatch_request
May 17 10:40:34.629937 dv-neutron-841711-3-hyperv devstack@keystone.service[80168]: ERROR keystone.server.flask.application resp = meth(*args, **kwargs)
May 17 10:40:34.629937 dv-neutron-841711-3-hyperv devstack@keystone.service[80168]: ERROR keystone.server.flask.application
File "/opt/stack/keystone/keystone/api/roles.py", line 50, in get
May 17 10:40:34.629937 dv-neutron-841711-3-hyperv devstack@keystone.service[80168]: ERROR keystone.server.flask.application return self._get_role(role_id)
May 17 10:40:34.629937 dv-neutron-841711-3-hyperv devstack@keystone.service[80168]: ERROR keystone.server.flask.application
File "/opt/stack/keystone/keystone/api/roles.py", line 70, in _get_role
May 17 10:40:34.629937 dv-neutron-841711-3-hyperv devstack@keystone.service[80168]: ERROR keystone.server.flask.application ENFORCER.enforce_call(action='identity:get_role')
May 17 10:40:34.630873 dv-neutron-841711-3-hyperv devstack@keystone.service[80168]: ERROR keystone.server.flask.application
File "/opt/stack/keystone/keystone/common/rbac_enforcer/enforcer.py", line 402, in enforce_call
May 17 10:40:34.630873 dv-neutron-841711-3-hyperv devstack@keystone.service[80168]: ERROR keystone.server.flask.application policy_dict.update(cls._extract_member_target_data(
May 17 10:40:34.630873 dv-neutron-841711-3-hyperv devstack@keystone.service[80168]: ERROR keystone.server.flask.application
File "/opt/stack/keystone/keystone/common/rbac_enforcer/enforcer.py", line 234, in _extract_member_target_data
May 17 10:40:34.630873 dv-neutron-841711-3-hyperv devstack@keystone.service[80168]: ERROR keystone.server.flask.application member_name: func(flask.request.view_args[key])
May 17 10:40:34.630873 dv-neutron-841711-3-hyperv devstack@keystone.service[80168]: ERROR keystone.server.flask.application
File "/opt/stack/keystone/keystone/common/manager.py", line 115, in wrapped
May 17 10:40:34.630873 dv-neutron-841711-3-hyperv devstack@keystone.service[80168]: ERROR keystone.server.flask.application __ret_val = __f(*args, **kwargs)
May 17 10:40:34.630873 dv-neutron-841711-3-hyperv devstack@keystone.service[80168]: ERROR keystone.server.flask.application
File "/usr/local/lib/python3.8/dist-packages/decorator.py", line 232, in fun
May 17 10:40:34.630873 dv-neutron-841711-3-hyperv devstack@keystone.service[80168]: ERROR keystone.server.flask.application return caller(func, *(extras + args), **kw)
May 17 10:40:34.630873 dv-neutron-841711-3-hyperv devstack@keystone.service[80168]: ERROR keystone.server.flask.application
File "/usr/local/lib/python3.8/dist-packages/dogpile/cache/region.py", line 1577, in get_or_create_for_user_func
May 17 10:40:34.630873 dv-neutron-841711-3-hyperv devstack@keystone.service[80168]: ERROR keystone.server.flask.application return self.get_or_create(
May 17 10:40:34.630873 dv-neutron-841711-3-hyperv devstack@keystone.service[80168]: ERROR keystone.server.flask.application
File "/usr/local/lib/python3.8/dist-packages/dogpile/cache/region.py", line 1042, in get_or_create
May 17 10:40:34.630873 dv-neutron-841711-3-hyperv devstack@keystone.service[80168]: ERROR keystone.server.flask.application with Lock(
May 17 10:40:34.630873 dv-neutron-841711-3-hyperv devstack@keystone.service[80168]: ERROR keystone.server.flask.application
File "/usr/local/lib/python3.8/dist-packages/dogpile/lock.py", line 185, in __enter__
May 17 10:40:34.630873 dv-neutron-841711-3-hyperv devstack@keystone.service[80168]: ERROR keystone.server.flask.application return self._enter()
May 17 10:40:34.630873 dv-neutron-841711-3-hyperv devstack@keystone.service[80168]: ERROR keystone.server.flask.application
File "/usr/local/lib/python3.8/dist-packages/dogpile/lock.py", line 94, in _enter
May 17 10:40:34.630873 dv-neutron-841711-3-hyperv devstack@keystone.service[80168]: ERROR keystone.server.flask.application generated = self._enter_create(value, createdtime)
May 17 10:40:34.631660 dv-neutron-841711-3-hyperv devstack@keystone.service[80168]: ERROR keystone.server.flask.application
File "/usr/local/lib/python3.8/dist-packages/dogpile/lock.py", line 178, in _enter_create
May 17 10:40:34.631660 dv-neutron-841711-3-hyperv devstack@keystone.service[80168]: ERROR keystone.server.flask.application return self.creator()
May 17 10:40:34.631660 dv-neutron-841711-3-hyperv devstack@keystone.service[80168]: ERROR keystone.server.flask.application
File "/usr/local/lib/python3.8/dist-packages/dogpile/cache/region.py", line 995, in gen_value
May 17 10:40:34.631660 dv-neutron-841711-3-hyperv devstack@keystone.service[80168]: ERROR keystone.server.flask.application created_value = creator(
May 17 10:40:34.631660 dv-neutron-841711-3-hyperv devstack@keystone.service[80168]: ERROR keystone.server.flask.application
File "/opt/stack/keystone/keystone/assignment/core.py", line 1276, in get_role
May 17 10:40:34.631660 dv-neutron-841711-3-hyperv devstack@keystone.service[80168]: ERROR keystone.server.flask.application return self.driver.get_role(role_id)
May 17 10:40:34.631660 dv-neutron-841711-3-hyperv devstack@keystone.service[80168]: ERROR keystone.server.flask.application
File "/opt/stack/keystone/keystone/assignment/role_backends/sql.py", line 70, in get_role
May 17 10:40:34.631660 dv-neutron-841711-3-hyperv devstack@keystone.service[80168]: ERROR keystone.server.flask.application return self._get_role(session, role_id).to_dict()
May 17 10:40:34.631660 dv-neutron-841711-3-hyperv devstack@keystone.service[80168]: ERROR keystone.server.flask.application
File "/opt/stack/keystone/keystone/assignment/role_backends/sql.py", line 65, in _get_role
May 17 10:40:34.631660 dv-neutron-841711-3-hyperv devstack@keystone.service[80168]: ERROR keystone.server.flask.application raise exception.RoleNotFound(role_id=role_id)
May 17 10:40:34.631660 dv-neutron-841711-3-hyperv devstack@keystone.service[80168]: ERROR keystone.server.flask.application keystone.exception.RoleNotFound: Could not find role: admin.
May 17 10:40:34.631660 dv-neutron-841711-3-hyperv devstack@keystone.service[80168]: ERROR keystone.server.flask.application
May 17 10:40:34.631660 dv-neutron-841711-3-hyperv devstack@keystone.service[80168]: [pid: 80168|app: 0|req: 16/31] 10.222.0.25 () {56 vars in 1096 bytes} [Tue May 17 10:40:34 2022] GET /identity/v3/roles/admin => generated 83 bytes in 370 msecs (HTTP/1.1 404) 5 headers in 183 bytes (1 switches on core 0)
May 17 10:40:34.634081 dv-neutron-841711-3-hyperv devstack@keystone.service[80168]: DEBUG keystone.server.flask.request_processing.middleware.auth_context [None req-146c5a0b-54d1-448d-a5a4-876e100a37fb None admin] Authenticating user token {{(pid=80168) process_request /usr/local/lib/python3.8/dist-packages/keystonemiddleware/auth_token/__init__.py:407}}
May 17 10:40:34.684428 dv-neutron-841711-3-hyperv devstack@keystone.service[80169]: DEBUG keystone.server.flask.request_processing.middleware.auth_context [None req-3af97375-adf8-4872-a736-28406fce5d6a None admin] Validating token access rules against request {{(pid=80169) validate_allowed_request /usr/local/lib/python3.8/dist-packages/keystonemiddleware/auth_token/__init__.py:545}}
May 17 10:40:34.723094 dv-neutron-841711-3-hyperv devstack@keystone.service[80169]: DEBUG keystone.server.flask.request_processing.middleware.auth_context [None req-91e7a651-0605-4076-9519-9e4f0497f7dd None admin] RBAC: auth_context: {'token': , 'domain_id': None, 'trust_id': None, 'trustor_id': None, 'trustee_id': None, 'domain_name': None, 'group_ids': [], 'user_id': '78707549e2d841a1981336b188e8ae3c', 'user_domain_id': 'default', 'system_scope': 'all', 'project_id': None, 'project_domain_id': None, 'roles': ['admin', 'member', 'reader'], 'is_admin_project': True, 'service_user_id': None, 'service_user_domain_id': None, 'service_project_id': None, 'service_project_domain_id': None, 'service_roles': []} {{(pid=80169) fill_context /opt/stack/keystone/keystone/server/flask/request_processing/middleware/auth_context.py:478}}
May 17 10:40:34.724266 dv-neutron-841711-3-hyperv devstack@keystone.service[80169]: DEBUG keystone.server.flask.request_processing.req_logging [None req-91e7a651-0605-4076-9519-9e4f0497f7dd None admin] REQUEST_METHOD: `POST` {{(pid=80169) log_request_info /opt/stack/keystone/keystone/server/flask/request_processing/req_logging.py:27}}
May 17 10:40:34.724780 dv-neutron-841711-3-hyperv devstack@keystone.service[80169]: DEBUG keystone.server.flask.request_processing.req_logging [None req-91e7a651-0605-4076-9519-9e4f0497f7dd None admin] SCRIPT_NAME: `/identity` {{(pid=80169) log_request_info /opt/stack/keystone/keystone/server/flask/request_processing/req_logging.py:28}}
May 17 10:40:34.725337 dv-neutron-841711-3-hyperv devstack@keystone.service[80169]: DEBUG keystone.server.flask.request_processing.req_logging [None req-91e7a651-0605-4076-9519-9e4f0497f7dd None admin] PATH_INFO: `/v3/roles` {{(pid=80169) log_request_info /opt/stack/keystone/keystone/server/flask/request_processing/req_logging.py:29}}
May 17 10:40:34.726336 dv-neutron-841711-3-hyperv devstack@keystone.service[80169]: DEBUG keystone.common.rbac_enforcer.enforcer [None req-91e7a651-0605-4076-9519-9e4f0497f7dd None admin] RBAC: Authorizing `identity:create_role()` {{(pid=80169) enforce_call /opt/stack/keystone/keystone/common/rbac_enforcer/enforcer.py:449}}
May 17 10:40:34.733356 dv-neutron-841711-3-hyperv devstack@keystone.service[80169]: DEBUG keystone.common.rbac_enforcer.enforcer [None req-91e7a651-0605-4076-9519-9e4f0497f7dd None admin] RBAC: Authorization granted {{(pid=80169) enforce_call /opt/stack/keystone/keystone/common/rbac_enforcer/enforcer.py:457}}
May 17 10:40:34.764594 dv-neutron-841711-3-hyperv devstack@keystone.service[80169]: [pid: 80169|app: 0|req: 16/32] 10.222.0.25 () {60 vars in 1131 bytes} [Tue May 17 10:40:34 2022] POST /identity/v3/roles => generated 219 bytes in 243 msecs (HTTP/1.1 201) 5 headers in 182 bytes (1 switches on core 0)
May 17 10:40:34.842602 dv-neutron-841711-3-hyperv devstack@keystone.service[80168]: DEBUG keystone.server.flask.request_processing.middleware.auth_context [None req-146c5a0b-54d1-448d-a5a4-876e100a37fb None admin] Validating token access rules against request {{(pid=80168) validate_allowed_request /usr/local/lib/python3.8/dist-packages/keystonemiddleware/auth_token/__init__.py:545}}
May 17 10:40:34.884354 dv-neutron-841711-3-hyperv devstack@keystone.service[80169]: DEBUG keystone.server.flask.request_processing.req_logging [None req-565acc01-075c-4cb5-9f22-03a044fdf5de None None] REQUEST_METHOD: `GET` {{(pid=80169) log_request_info /opt/stack/keystone/keystone/server/flask/request_processing/req_logging.py:27}}
May 17 10:40:34.885092 dv-neutron-841711-3-hyperv devstack@keystone.service[80169]: DEBUG keystone.server.flask.request_processing.req_logging [None req-565acc01-075c-4cb5-9f22-03a044fdf5de None None] SCRIPT_NAME: `/identity` {{(pid=80169) log_request_info /opt/stack/keystone/keystone/server/flask/request_processing/req_logging.py:28}}
May 17 10:40:34.885576 dv-neutron-841711-3-hyperv devstack@keystone.service[80169]: DEBUG keystone.server.flask.request_processing.req_logging [None req-565acc01-075c-4cb5-9f22-03a044fdf5de None None] PATH_INFO: `/` {{(pid=80169) log_request_info /opt/stack/keystone/keystone/server/flask/request_processing/req_logging.py:29}}
May 17 10:40:34.887431 dv-neutron-841711-3-hyperv devstack@keystone.service[80169]: [pid: 80169|app: 0|req: 17/33] 10.222.0.25 () {54 vars in 926 bytes} [Tue May 17 10:40:34 2022] GET /identity => generated 270 bytes in 4 msecs (HTTP/1.1 300) 6 headers in 234 bytes (1 switches on core 0)
May 17 10:40:34.894210 dv-neutron-841711-3-hyperv devstack@keystone.service[80169]: DEBUG keystone.server.flask.request_processing.req_logging [None req-e4f6006f-b715-4adc-9017-444acce47179 None None] REQUEST_METHOD: `POST` {{(pid=80169) log_request_info /opt/stack/keystone/keystone/server/flask/request_processing/req_logging.py:27}}
May 17 10:40:34.894907 dv-neutron-841711-3-hyperv devstack@keystone.service[80169]: DEBUG keystone.server.flask.request_processing.req_logging [None req-e4f6006f-b715-4adc-9017-444acce47179 None None] SCRIPT_NAME: `/identity` {{(pid=80169) log_request_info /opt/stack/keystone/keystone/server/flask/request_processing/req_logging.py:28}}
May 17 10:40:34.895422 dv-neutron-841711-3-hyperv devstack@keystone.service[80169]: DEBUG keystone.server.flask.request_processing.req_logging [None req-e4f6006f-b715-4adc-9017-444acce47179 None None] PATH_INFO: `/v3/auth/tokens` {{(pid=80169) log_request_info /opt/stack/keystone/keystone/server/flask/request_processing/req_logging.py:29}}
May 17 10:40:34.913426 dv-neutron-841711-3-hyperv devstack@keystone.service[80168]: DEBUG keystone.server.flask.request_processing.middleware.auth_context [None req-c8132ef6-f72d-434c-a1d6-be76cd7c8a67 None admin] RBAC: auth_context: {'token': , 'domain_id': None, 'trust_id': None, 'trustor_id': None, 'trustee_id': None, 'domain_name': None, 'group_ids': [], 'user_id': '78707549e2d841a1981336b188e8ae3c', 'user_domain_id': 'default', 'system_scope': 'all', 'project_id': None, 'project_domain_id': None, 'roles': ['admin', 'member', 'reader'], 'is_admin_project': True, 'service_user_id': None, 'service_user_domain_id': None, 'service_project_id': None, 'service_project_domain_id': None, 'service_roles': []} {{(pid=80168) fill_context /opt/stack/keystone/keystone/server/flask/request_processing/middleware/auth_context.py:478}}
May 17 10:40:34.914687 dv-neutron-841711-3-hyperv devstack@keystone.service[80168]: DEBUG keystone.server.flask.request_processing.req_logging [None req-c8132ef6-f72d-434c-a1d6-be76cd7c8a67 None admin] REQUEST_METHOD: `GET` {{(pid=80168) log_request_info /opt/stack/keystone/keystone/server/flask/request_processing/req_logging.py:27}}
May 17 10:40:34.914970 dv-neutron-841711-3-hyperv devstack@keystone.service[80168]: DEBUG keystone.server.flask.request_processing.req_logging [None req-c8132ef6-f72d-434c-a1d6-be76cd7c8a67 None admin] SCRIPT_NAME: `/identity` {{(pid=80168) log_request_info /opt/stack/keystone/keystone/server/flask/request_processing/req_logging.py:28}}
May 17 10:40:34.915272 dv-neutron-841711-3-hyperv devstack@keystone.service[80168]: DEBUG keystone.server.flask.request_processing.req_logging [None req-c8132ef6-f72d-434c-a1d6-be76cd7c8a67 None admin] PATH_INFO: `/v3/roles` {{(pid=80168) log_request_info /opt/stack/keystone/keystone/server/flask/request_processing/req_logging.py:29}}
May 17 10:40:34.916046 dv-neutron-841711-3-hyperv devstack@keystone.service[80168]: DEBUG keystone.common.rbac_enforcer.enforcer [None req-c8132ef6-f72d-434c-a1d6-be76cd7c8a67 None admin] RBAC: Adding query filter params (name=admin) {{(pid=80168) _extract_filter_values /opt/stack/keystone/keystone/common/rbac_enforcer/enforcer.py:167}}
May 17 10:40:34.916350 dv-neutron-841711-3-hyperv devstack@keystone.service[80168]: DEBUG keystone.common.rbac_enforcer.enforcer [None req-c8132ef6-f72d-434c-a1d6-be76cd7c8a67 None admin] RBAC: Authorizing `identity:list_roles()` {{(pid=80168) enforce_call /opt/stack/keystone/keystone/common/rbac_enforcer/enforcer.py:449}}
May 17 10:40:34.917768 dv-neutron-841711-3-hyperv devstack@keystone.service[80168]: DEBUG keystone.common.rbac_enforcer.enforcer [None req-c8132ef6-f72d-434c-a1d6-be76cd7c8a67 None admin] RBAC: Authorization granted {{(pid=80168) enforce_call /opt/stack/keystone/keystone/common/rbac_enforcer/enforcer.py:457}}
May 17 10:40:34.927762 dv-neutron-841711-3-hyperv devstack@keystone.service[80169]: DEBUG keystone.auth.core [None req-e4f6006f-b715-4adc-9017-444acce47179 None None] MFA Rules not processed for user `78707549e2d841a1981336b188e8ae3c`. Rule list: `[]` (Enabled: `True`). {{(pid=80169) check_auth_methods_against_rules /opt/stack/keystone/keystone/auth/core.py:438}}
May 17 10:40:34.930462 dv-neutron-841711-3-hyperv devstack@keystone.service[80169]: DEBUG keystone.common.fernet_utils [None req-e4f6006f-b715-4adc-9017-444acce47179 None None] Loaded 2 Fernet keys from /etc/keystone/fernet-keys/, but `[fernet_tokens] max_active_keys = 3`; perhaps there have not been enough key rotations to reach `max_active_keys` yet? {{(pid=80169) load_keys /opt/stack/keystone/keystone/common/fernet_utils.py:286}}
May 17 10:40:34.943746 dv-neutron-841711-3-hyperv devstack@keystone.service[80168]: [pid: 80168|app: 0|req: 17/34] 10.222.0.25 () {56 vars in 1099 bytes} [Tue May 17 10:40:34 2022] GET /identity/v3/roles?name=admin => generated 339 bytes in 306 msecs (HTTP/1.1 200) 5 headers in 177 bytes (1 switches on core 0)
May 17 10:40:34.945864 dv-neutron-841711-3-hyperv devstack@keystone.service[80168]: DEBUG keystone.server.flask.request_processing.middleware.auth_context [None req-c8132ef6-f72d-434c-a1d6-be76cd7c8a67 None admin] Authenticating user token {{(pid=80168) process_request /usr/local/lib/python3.8/dist-packages/keystonemiddleware/auth_token/__init__.py:407}}
May 17 10:40:35.018471 dv-neutron-841711-3-hyperv devstack@keystone.service[80169]: [pid: 80169|app: 0|req: 18/35] 10.222.0.25 () {58 vars in 1023 bytes} [Tue May 17 10:40:34 2022] POST /identity/v3/auth/tokens => generated 799 bytes in 125 msecs (HTTP/1.1 201) 6 headers in 363 bytes (1 switches on core 0)
May 17 10:40:35.043069 dv-neutron-841711-3-hyperv devstack@keystone.service[80169]: DEBUG keystone.server.flask.request_processing.middleware.auth_context [None req-e4f6006f-b715-4adc-9017-444acce47179 None None] Authenticating user token {{(pid=80169) process_request /usr/local/lib/python3.8/dist-packages/keystonemiddleware/auth_token/__init__.py:407}}
May 17 10:40:35.162916 dv-neutron-841711-3-hyperv devstack@keystone.service[80168]: DEBUG keystone.server.flask.request_processing.middleware.auth_context [None req-c8132ef6-f72d-434c-a1d6-be76cd7c8a67 None admin] Validating token access rules against request {{(pid=80168) validate_allowed_request /usr/local/lib/python3.8/dist-packages/keystonemiddleware/auth_token/__init__.py:545}}
May 17 10:40:35.189272 dv-neutron-841711-3-hyperv devstack@keystone.service[80169]: DEBUG keystone.server.flask.request_processing.middleware.auth_context [None req-e4f6006f-b715-4adc-9017-444acce47179 None None] Validating token access rules against request {{(pid=80169) validate_allowed_request /usr/local/lib/python3.8/dist-packages/keystonemiddleware/auth_token/__init__.py:545}}
May 17 10:40:35.204404 dv-neutron-841711-3-hyperv devstack@keystone.service[80168]: DEBUG keystone.server.flask.request_processing.middleware.auth_context [None req-b7cf0db2-6612-420b-9048-644e4d6c2c96 None admin] RBAC: auth_context: {'token': , 'domain_id': None, 'trust_id': None, 'trustor_id': None, 'trustee_id': None, 'domain_name': None, 'group_ids': [], 'user_id': '78707549e2d841a1981336b188e8ae3c', 'user_domain_id': 'default', 'system_scope': 'all', 'project_id': None, 'project_domain_id': None, 'roles': ['admin', 'member', 'reader'], 'is_admin_project': True, 'service_user_id': None, 'service_user_domain_id': None, 'service_project_id': None, 'service_project_domain_id': None, 'service_roles': []} {{(pid=80168) fill_context /opt/stack/keystone/keystone/server/flask/request_processing/middleware/auth_context.py:478}}
May 17 10:40:35.205515 dv-neutron-841711-3-hyperv devstack@keystone.service[80168]: DEBUG keystone.server.flask.request_processing.req_logging [None req-b7cf0db2-6612-420b-9048-644e4d6c2c96 None admin] REQUEST_METHOD: `GET` {{(pid=80168) log_request_info /opt/stack/keystone/keystone/server/flask/request_processing/req_logging.py:27}}
May 17 10:40:35.206009 dv-neutron-841711-3-hyperv devstack@keystone.service[80168]: DEBUG keystone.server.flask.request_processing.req_logging [None req-b7cf0db2-6612-420b-9048-644e4d6c2c96 None admin] SCRIPT_NAME: `/identity` {{(pid=80168) log_request_info /opt/stack/keystone/keystone/server/flask/request_processing/req_logging.py:28}}
May 17 10:40:35.206422 dv-neutron-841711-3-hyperv devstack@keystone.service[80168]: DEBUG keystone.server.flask.request_processing.req_logging [None req-b7cf0db2-6612-420b-9048-644e4d6c2c96 None admin] PATH_INFO: `/v3/users/78707549e2d841a1981336b188e8ae3c` {{(pid=80168) log_request_info /opt/stack/keystone/keystone/server/flask/request_processing/req_logging.py:29}}
May 17 10:40:35.209366 dv-neutron-841711-3-hyperv devstack@keystone.service[80168]: DEBUG keystone.common.rbac_enforcer.enforcer [None req-b7cf0db2-6612-420b-9048-644e4d6c2c96 None admin] RBAC: Authorizing `identity:get_user(user_id=78707549e2d841a1981336b188e8ae3c)` {{(pid=80168) enforce_call /opt/stack/keystone/keystone/common/rbac_enforcer/enforcer.py:449}}
May 17 10:40:35.211620 dv-neutron-841711-3-hyperv devstack@keystone.service[80168]: DEBUG keystone.common.rbac_enforcer.enforcer [None req-b7cf0db2-6612-420b-9048-644e4d6c2c96 None admin] RBAC: Authorization granted {{(pid=80168) enforce_call /opt/stack/keystone/keystone/common/rbac_enforcer/enforcer.py:457}}
May 17 10:40:35.213720 dv-neutron-841711-3-hyperv devstack@keystone.service[80168]: [pid: 80168|app: 0|req: 18/36] 10.222.0.25 () {56 vars in 1177 bytes} [Tue May 17 10:40:34 2022] GET /identity/v3/users/78707549e2d841a1981336b188e8ae3c => generated 247 bytes in 270 msecs (HTTP/1.1 200) 5 headers in 177 bytes (2 switches on core 0)
May 17 10:40:35.220714 dv-neutron-841711-3-hyperv devstack@keystone.service[80168]: DEBUG keystone.server.flask.request_processing.middleware.auth_context [None req-b7cf0db2-6612-420b-9048-644e4d6c2c96 None admin] Authenticating user token {{(pid=80168) process_request /usr/local/lib/python3.8/dist-packages/keystonemiddleware/auth_token/__init__.py:407}}
May 17 10:40:35.227720 dv-neutron-841711-3-hyperv devstack@keystone.service[80169]: DEBUG keystone.server.flask.request_processing.middleware.auth_context [None req-15c97b72-95e6-477e-98c1-23a1aca4352a None admin] RBAC: auth_context: {'token': , 'domain_id': None, 'trust_id': None, 'trustor_id': None, 'trustee_id': None, 'domain_name': None, 'group_ids': [], 'user_id': '78707549e2d841a1981336b188e8ae3c', 'user_domain_id': 'default', 'system_scope': 'all', 'project_id': None, 'project_domain_id': None, 'roles': ['admin', 'member', 'reader'], 'is_admin_project': True, 'service_user_id': None, 'service_user_domain_id': None, 'service_project_id': None, 'service_project_domain_id': None, 'service_roles': []} {{(pid=80169) fill_context /opt/stack/keystone/keystone/server/flask/request_processing/middleware/auth_context.py:478}}
May 17 10:40:35.228539 dv-neutron-841711-3-hyperv devstack@keystone.service[80169]: DEBUG keystone.server.flask.request_processing.req_logging [None req-15c97b72-95e6-477e-98c1-23a1aca4352a None admin] REQUEST_METHOD: `POST` {{(pid=80169) log_request_info /opt/stack/keystone/keystone/server/flask/request_processing/req_logging.py:27}}
May 17 10:40:35.228930 dv-neutron-841711-3-hyperv devstack@keystone.service[80169]: DEBUG keystone.server.flask.request_processing.req_logging [None req-15c97b72-95e6-477e-98c1-23a1aca4352a None admin] SCRIPT_NAME: `/identity` {{(pid=80169) log_request_info /opt/stack/keystone/keystone/server/flask/request_processing/req_logging.py:28}}
May 17 10:40:35.229310 dv-neutron-841711-3-hyperv devstack@keystone.service[80169]: DEBUG keystone.server.flask.request_processing.req_logging [None req-15c97b72-95e6-477e-98c1-23a1aca4352a None admin] PATH_INFO: `/v3/roles` {{(pid=80169) log_request_info /opt/stack/keystone/keystone/server/flask/request_processing/req_logging.py:29}}
May 17 10:40:35.230188 dv-neutron-841711-3-hyperv devstack@keystone.service[80169]: DEBUG keystone.common.rbac_enforcer.enforcer [None req-15c97b72-95e6-477e-98c1-23a1aca4352a None admin] RBAC: Authorizing `identity:create_role()` {{(pid=80169) enforce_call /opt/stack/keystone/keystone/common/rbac_enforcer/enforcer.py:449}}
May 17 10:40:35.231761 dv-neutron-841711-3-hyperv devstack@keystone.service[80169]: DEBUG keystone.common.rbac_enforcer.enforcer [None req-15c97b72-95e6-477e-98c1-23a1aca4352a None admin] RBAC: Authorization granted {{(pid=80169) enforce_call /opt/stack/keystone/keystone/common/rbac_enforcer/enforcer.py:457}}
May 17 10:40:35.248284 dv-neutron-841711-3-hyperv devstack@keystone.service[80169]: [pid: 80169|app: 0|req: 19/37] 10.222.0.25 () {60 vars in 1131 bytes} [Tue May 17 10:40:35 2022] POST /identity/v3/roles => generated 225 bytes in 206 msecs (HTTP/1.1 201) 5 headers in 182 bytes (1 switches on core 0)
May 17 10:40:35.301274 dv-neutron-841711-3-hyperv devstack@keystone.service[80169]: DEBUG keystone.server.flask.request_processing.req_logging [None req-59ce2767-0781-44cc-a040-91a578850df0 None None] REQUEST_METHOD: `GET` {{(pid=80169) log_request_info /opt/stack/keystone/keystone/server/flask/request_processing/req_logging.py:27}}
May 17 10:40:35.302281 dv-neutron-841711-3-hyperv devstack@keystone.service[80169]: DEBUG keystone.server.flask.request_processing.req_logging [None req-59ce2767-0781-44cc-a040-91a578850df0 None None] SCRIPT_NAME: `/identity` {{(pid=80169) log_request_info /opt/stack/keystone/keystone/server/flask/request_processing/req_logging.py:28}}
May 17 10:40:35.303150 dv-neutron-841711-3-hyperv devstack@keystone.service[80169]: DEBUG keystone.server.flask.request_processing.req_logging [None req-59ce2767-0781-44cc-a040-91a578850df0 None None] PATH_INFO: `/` {{(pid=80169) log_request_info /opt/stack/keystone/keystone/server/flask/request_processing/req_logging.py:29}}
May 17 10:40:35.305304 dv-neutron-841711-3-hyperv devstack@keystone.service[80169]: [pid: 80169|app: 0|req: 20/38] 10.222.0.25 () {54 vars in 926 bytes} [Tue May 17 10:40:35 2022] GET /identity => generated 270 bytes in 5 msecs (HTTP/1.1 300) 6 headers in 234 bytes (2 switches on core 0)
May 17 10:40:35.311816 dv-neutron-841711-3-hyperv devstack@keystone.service[80169]: DEBUG keystone.server.flask.request_processing.req_logging [None req-1a7655f6-5563-4c34-9485-8ed4af560f8a None None] REQUEST_METHOD: `POST` {{(pid=80169) log_request_info /opt/stack/keystone/keystone/server/flask/request_processing/req_logging.py:27}}
May 17 10:40:35.312687 dv-neutron-841711-3-hyperv devstack@keystone.service[80169]: DEBUG keystone.server.flask.request_processing.req_logging [None req-1a7655f6-5563-4c34-9485-8ed4af560f8a None None] SCRIPT_NAME: `/identity` {{(pid=80169) log_request_info /opt/stack/keystone/keystone/server/flask/request_processing/req_logging.py:28}}
May 17 10:40:35.313149 dv-neutron-841711-3-hyperv devstack@keystone.service[80169]: DEBUG keystone.server.flask.request_processing.req_logging [None req-1a7655f6-5563-4c34-9485-8ed4af560f8a None None] PATH_INFO: `/v3/auth/tokens` {{(pid=80169) log_request_info /opt/stack/keystone/keystone/server/flask/request_processing/req_logging.py:29}}
May 17 10:40:35.339038 dv-neutron-841711-3-hyperv devstack@keystone.service[80169]: DEBUG keystone.auth.core [None req-1a7655f6-5563-4c34-9485-8ed4af560f8a None None] MFA Rules not processed for user `78707549e2d841a1981336b188e8ae3c`. Rule list: `[]` (Enabled: `True`). {{(pid=80169) check_auth_methods_against_rules /opt/stack/keystone/keystone/auth/core.py:438}}
May 17 10:40:35.340358 dv-neutron-841711-3-hyperv devstack@keystone.service[80169]: DEBUG keystone.common.fernet_utils [None req-1a7655f6-5563-4c34-9485-8ed4af560f8a None None] Loaded 2 Fernet keys from /etc/keystone/fernet-keys/, but `[fernet_tokens] max_active_keys = 3`; perhaps there have not been enough key rotations to reach `max_active_keys` yet? {{(pid=80169) load_keys /opt/stack/keystone/keystone/common/fernet_utils.py:286}}
May 17 10:40:35.358984 dv-neutron-841711-3-hyperv devstack@keystone.service[80168]: DEBUG keystone.server.flask.request_processing.middleware.auth_context [None req-b7cf0db2-6612-420b-9048-644e4d6c2c96 None admin] Validating token access rules against request {{(pid=80168) validate_allowed_request /usr/local/lib/python3.8/dist-packages/keystonemiddleware/auth_token/__init__.py:545}}
May 17 10:40:35.404925 dv-neutron-841711-3-hyperv devstack@keystone.service[80168]: DEBUG keystone.server.flask.request_processing.middleware.auth_context [None req-e1e0895b-eee6-4ecd-825e-3eee12299c22 None admin] RBAC: auth_context: {'token': , 'domain_id': None, 'trust_id': None, 'trustor_id': None, 'trustee_id': None, 'domain_name': None, 'group_ids': [], 'user_id': '78707549e2d841a1981336b188e8ae3c', 'user_domain_id': 'default', 'system_scope': 'all', 'project_id': None, 'project_domain_id': None, 'roles': ['admin', 'member', 'reader'], 'is_admin_project': True, 'service_user_id': None, 'service_user_domain_id': None, 'service_project_id': None, 'service_project_domain_id': None, 'service_roles': []} {{(pid=80168) fill_context /opt/stack/keystone/keystone/server/flask/request_processing/middleware/auth_context.py:478}}
May 17 10:40:35.405733 dv-neutron-841711-3-hyperv devstack@keystone.service[80168]: DEBUG keystone.server.flask.request_processing.req_logging [None req-e1e0895b-eee6-4ecd-825e-3eee12299c22 None admin] REQUEST_METHOD: `GET` {{(pid=80168) log_request_info /opt/stack/keystone/keystone/server/flask/request_processing/req_logging.py:27}}
May 17 10:40:35.406016 dv-neutron-841711-3-hyperv devstack@keystone.service[80168]: DEBUG keystone.server.flask.request_processing.req_logging [None req-e1e0895b-eee6-4ecd-825e-3eee12299c22 None admin] SCRIPT_NAME: `/identity` {{(pid=80168) log_request_info /opt/stack/keystone/keystone/server/flask/request_processing/req_logging.py:28}}
May 17 10:40:35.406290 dv-neutron-841711-3-hyperv devstack@keystone.service[80168]: DEBUG keystone.server.flask.request_processing.req_logging [None req-e1e0895b-eee6-4ecd-825e-3eee12299c22 None admin] PATH_INFO: `/v3/domains/default` {{(pid=80168) log_request_info /opt/stack/keystone/keystone/server/flask/request_processing/req_logging.py:29}}
May 17 10:40:35.407845 dv-neutron-841711-3-hyperv devstack@keystone.service[80168]: DEBUG keystone.common.rbac_enforcer.enforcer [None req-e1e0895b-eee6-4ecd-825e-3eee12299c22 None admin] RBAC: Authorizing `identity:get_domain(domain_id=default)` {{(pid=80168) enforce_call /opt/stack/keystone/keystone/common/rbac_enforcer/enforcer.py:449}}
May 17 10:40:35.409613 dv-neutron-841711-3-hyperv devstack@keystone.service[80168]: DEBUG keystone.common.rbac_enforcer.enforcer [None req-e1e0895b-eee6-4ecd-825e-3eee12299c22 None admin] RBAC: Authorization granted {{(pid=80168) enforce_call /opt/stack/keystone/keystone/common/rbac_enforcer/enforcer.py:457}}
May 17 10:40:35.411384 dv-neutron-841711-3-hyperv devstack@keystone.service[80168]: [pid: 80168|app: 0|req: 19/39] 10.222.0.25 () {56 vars in 1108 bytes} [Tue May 17 10:40:35 2022] GET /identity/v3/domains/default => generated 199 bytes in 191 msecs (HTTP/1.1 200) 5 headers in 177 bytes (1 switches on core 0)
May 17 10:40:35.417097 dv-neutron-841711-3-hyperv devstack@keystone.service[80168]: DEBUG keystone.server.flask.request_processing.middleware.auth_context [None req-e1e0895b-eee6-4ecd-825e-3eee12299c22 None admin] Authenticating user token {{(pid=80168) process_request /usr/local/lib/python3.8/dist-packages/keystonemiddleware/auth_token/__init__.py:407}}
May 17 10:40:35.425902 dv-neutron-841711-3-hyperv devstack@keystone.service[80169]: [pid: 80169|app: 0|req: 21/40] 10.222.0.25 () {58 vars in 1023 bytes} [Tue May 17 10:40:35 2022] POST /identity/v3/auth/tokens => generated 799 bytes in 115 msecs (HTTP/1.1 201) 6 headers in 363 bytes (1 switches on core 0)
May 17 10:40:35.451757 dv-neutron-841711-3-hyperv devstack@keystone.service[80169]: DEBUG keystone.server.flask.request_processing.middleware.auth_context [None req-1a7655f6-5563-4c34-9485-8ed4af560f8a None None] Authenticating user token {{(pid=80169) process_request /usr/local/lib/python3.8/dist-packages/keystonemiddleware/auth_token/__init__.py:407}}
May 17 10:40:35.549225 dv-neutron-841711-3-hyperv devstack@keystone.service[80168]: DEBUG keystone.server.flask.request_processing.middleware.auth_context [None req-e1e0895b-eee6-4ecd-825e-3eee12299c22 None admin] Validating token access rules against request {{(pid=80168) validate_allowed_request /usr/local/lib/python3.8/dist-packages/keystonemiddleware/auth_token/__init__.py:545}}
May 17 10:40:35.575350 dv-neutron-841711-3-hyperv devstack@keystone.service[80169]: DEBUG keystone.server.flask.request_processing.middleware.auth_context [None req-1a7655f6-5563-4c34-9485-8ed4af560f8a None None] Validating token access rules against request {{(pid=80169) validate_allowed_request /usr/local/lib/python3.8/dist-packages/keystonemiddleware/auth_token/__init__.py:545}}
