May 12 18:46:40.926001 dv-neutron-841622-1-hyperv neutron-server[110687]: DEBUG neutron_lib.callbacks.manager [None req-0075be11-306c-4fdb-a361-6c22a8853ebc admin admin] Publish callbacks [] for port (412b4608-d4d5-4346-b30f-3df5bed4652b), precommit_create {{(pid=110687) _notify_loop /usr/local/lib/python3.8/dist-packages/neutron_lib/callbacks/manager.py:176}}
May 12 18:46:40.936201 dv-neutron-841622-1-hyperv neutron-server[110688]: DEBUG neutron_lib.callbacks.manager [None req-d173ae21-2510-484e-83c5-be08b9826b81 tempest-ExternalNetworksTestJSON-1865498049 tempest-ExternalNetworksTestJSON-1865498049-project-admin] Publish callbacks ['neutron.services.auto_allocate.db._ensure_external_network_default_value_callback-8733444651165'] for network (31b722a5-f94f-4b87-9cff-c8bc2734e1f0), precommit_create {{(pid=110688) _notify_loop /usr/local/lib/python3.8/dist-packages/neutron_lib/callbacks/manager.py:176}}
May 12 18:46:40.962929 dv-neutron-841622-1-hyperv neutron-server[110688]: DEBUG neutron_lib.callbacks.manager [None req-9da7a402-b69d-4f0a-bbcc-1c691db2a02d tempest-ExternalNetworksAdminNegativeTestJSON-1960793307 tempest-ExternalNetworksAdminNegativeTestJSON-1960793307-project-admin] Publish callbacks ['neutron.services.l3_router.l3_router_plugin.DVRResourceOperationHandler._create_dvr_floating_gw_port-3862828'] for floatingip (4a2a316e-f4c6-4f79-8e5e-8ae2347ab5b5), after_create {{(pid=110688) _notify_loop /usr/local/lib/python3.8/dist-packages/neutron_lib/callbacks/manager.py:176}}
May 12 18:46:41.001140 dv-neutron-841622-1-hyperv neutron-server[110689]: DEBUG neutron.plugins.ml2.plugin [None req-b6c6fb41-43ef-4349-8591-90c056b18297 None None] Current status of the port 35b99298-6c6d-490d-9fc6-71af816e415d is: ACTIVE; New status is: ACTIVE {{(pid=110689) _update_individual_port_db_status /opt/stack/neutron/neutron/plugins/ml2/plugin.py:2296}}
May 12 18:46:41.002375 dv-neutron-841622-1-hyperv neutron-server[110689]: DEBUG neutron.plugins.ml2.rpc [None req-b6c6fb41-43ef-4349-8591-90c056b18297 None None] Device bd168337-03ab-41db-ac05-53191c0d1911 up at agent ovs-agent-dv-neutron-841622-1-hyperv {{(pid=110689) update_device_up /opt/stack/neutron/neutron/plugins/ml2/rpc.py:296}}
May 12 18:46:41.016478 dv-neutron-841622-1-hyperv neutron-server[110688]: DEBUG neutron_lib.callbacks.manager [None req-4ef665ca-2aa3-4337-a498-03f50da5ac52 tempest-RoutersAdminNegativeTest-1115385221 tempest-RoutersAdminNegativeTest-1115385221-project-admin] Publish callbacks ['neutron.plugins.ml2.plugin.SecurityGroupServerNotifierRpcMixin._notify_sg_on_port_change-702953', 'neutron.plugins.ml2.ovo_rpc._ObjectChangeHandler.handle_event-512989', 'neutron.api.rpc.agentnotifiers.dhcp_rpc_agent_api.DhcpAgentNotifyAPI._native_event_send_dhcp_notification-3710297', 'neutron.db.l3_dvrscheduler_db._notify_l3_agent_new_port-8733444664679'] for port (fc3ebe7d-289b-421a-a179-4d70718278dd), after_create {{(pid=110688) _notify_loop /usr/local/lib/python3.8/dist-packages/neutron_lib/callbacks/manager.py:176}}
May 12 18:46:41.026075 dv-neutron-841622-1-hyperv neutron-server[110687]: DEBUG neutron_lib.callbacks.manager [None req-0075be11-306c-4fdb-a361-6c22a8853ebc admin admin] Publish callbacks ['neutron.plugins.ml2.plugin.SecurityGroupServerNotifierRpcMixin._notify_sg_on_port_change-702953', 'neutron.plugins.ml2.ovo_rpc._ObjectChangeHandler.handle_event-512989', 'neutron.api.rpc.agentnotifiers.dhcp_rpc_agent_api.DhcpAgentNotifyAPI._native_event_send_dhcp_notification-3710297', 'neutron.db.l3_dvrscheduler_db._notify_l3_agent_new_port-8733444664679'] for port (412b4608-d4d5-4346-b30f-3df5bed4652b), after_create {{(pid=110687) _notify_loop /usr/local/lib/python3.8/dist-packages/neutron_lib/callbacks/manager.py:176}}
May 12 18:46:41.037324 dv-neutron-841622-1-hyperv neutron-server[110688]: DEBUG neutron.scheduler.dhcp_agent_scheduler [None req-4d25d7b8-97b9-4b87-a7ad-06ae1fd649ee tempest-DHCPAgentSchedulersTestJSON-1134284795 tempest-DHCPAgentSchedulersTestJSON-1134284795-project] Network 21d43fcd-b71f-4c47-a36f-58cd374ff443 is scheduled to be hosted by DHCP agent 659a06de-851e-44f3-81c0-679d6524db5a with binding_index 1 {{(pid=110688) bind /opt/stack/neutron/neutron/scheduler/dhcp_agent_scheduler.py:227}}
May 12 18:46:41.049195 dv-neutron-841622-1-hyperv neutron-server[110688]: DEBUG neutron_lib.callbacks.manager [None req-9da7a402-b69d-4f0a-bbcc-1c691db2a02d tempest-ExternalNetworksAdminNegativeTestJSON-1960793307 tempest-ExternalNetworksAdminNegativeTestJSON-1960793307-project-admin] Publish callbacks ['neutron.notifiers.nova.Notifier._send_nova_notification-498881'] for floatingip (None), before_response {{(pid=110688) _notify_loop /usr/local/lib/python3.8/dist-packages/neutron_lib/callbacks/manager.py:176}}
May 12 18:46:41.053212 dv-neutron-841622-1-hyperv neutron-server[110688]: INFO neutron.wsgi [None req-9da7a402-b69d-4f0a-bbcc-1c691db2a02d tempest-ExternalNetworksAdminNegativeTestJSON-1960793307 tempest-ExternalNetworksAdminNegativeTestJSON-1960793307-project-admin] 10.222.0.60 "POST /v2.0/floatingips HTTP/1.1" status: 201 len: 693 time: 4.1051459
May 12 18:46:41.059197 dv-neutron-841622-1-hyperv neutron-server[110689]: DEBUG neutron.db.provisioning_blocks [None req-b6c6fb41-43ef-4349-8591-90c056b18297 None None] Provisioning complete for port bd168337-03ab-41db-ac05-53191c0d1911 triggered by entity L2. {{(pid=110689) provisioning_complete /opt/stack/neutron/neutron/db/provisioning_blocks.py:145}}
May 12 18:46:41.059605 dv-neutron-841622-1-hyperv neutron-server[110689]: DEBUG neutron_lib.callbacks.manager [None req-b6c6fb41-43ef-4349-8591-90c056b18297 None None] Publish callbacks ['neutron.plugins.ml2.plugin.Ml2Plugin._port_provisioned-888791'] for port (bd168337-03ab-41db-ac05-53191c0d1911), provisioning_complete {{(pid=110689) _notify_loop /usr/local/lib/python3.8/dist-packages/neutron_lib/callbacks/manager.py:176}}
May 12 18:46:41.072090 dv-neutron-841622-1-hyperv neutron-server[110688]: DEBUG neutron.wsgi [-] (110688) accepted ('10.222.0.60', 36230) {{(pid=110688) server /usr/local/lib/python3.8/dist-packages/eventlet/wsgi.py:1004}}
May 12 18:46:41.081466 dv-neutron-841622-1-hyperv neutron-server[110688]: DEBUG neutron.api.v2.base [None req-5722d313-13c9-4e12-b246-eada3b29b301 tempest-ExternalNetworksAdminNegativeTestJSON-1960793307 tempest-ExternalNetworksAdminNegativeTestJSON-1960793307-project-admin] Request body: {'port': {'name': 'tempest-ExternalNetworksAdminNegativeTestJSON-351001789', 'network_id': '855580bd-cd05-432c-9fd9-6ee2b9fe501d', 'fixed_ips': [{'ip_address': '172.26.0.203'}]}} {{(pid=110688) prepare_request_body /opt/stack/neutron/neutron/api/v2/base.py:730}}
May 12 18:46:41.091856 dv-neutron-841622-1-hyperv neutron-server[110687]: DEBUG neutron.scheduler.dhcp_agent_scheduler [None req-0075be11-306c-4fdb-a361-6c22a8853ebc admin admin] Network 662e6def-b648-4c2d-b8a1-527ba1f97126 is already hosted by enough agents. {{(pid=110687) _get_dhcp_agents_hosting_network /opt/stack/neutron/neutron/scheduler/dhcp_agent_scheduler.py:275}}
May 12 18:46:41.092660 dv-neutron-841622-1-hyperv neutron-server[110688]: DEBUG neutron_lib.callbacks.manager [None req-d173ae21-2510-484e-83c5-be08b9826b81 tempest-ExternalNetworksTestJSON-1865498049 tempest-ExternalNetworksTestJSON-1865498049-project-admin] Publish callbacks ['neutron.plugins.ml2.ovo_rpc._ObjectChangeHandler.handle_event-3876496', 'neutron.api.rpc.agentnotifiers.dhcp_rpc_agent_api.DhcpAgentNotifyAPI._native_event_send_dhcp_notification-3710297'] for network (31b722a5-f94f-4b87-9cff-c8bc2734e1f0), after_create {{(pid=110688) _notify_loop /usr/local/lib/python3.8/dist-packages/neutron_lib/callbacks/manager.py:176}}
May 12 18:46:41.093659 dv-neutron-841622-1-hyperv neutron-server[110688]: DEBUG neutron.pecan_wsgi.hooks.policy_enforcement [None req-d173ae21-2510-484e-83c5-be08b9826b81 tempest-ExternalNetworksTestJSON-1865498049 tempest-ExternalNetworksTestJSON-1865498049-project-admin] Attributes excluded by policy engine: ['standard_attr_id', 'vlan_transparent'] {{(pid=110688) _exclude_attributes_by_policy /opt/stack/neutron/neutron/pecan_wsgi/hooks/policy_enforcement.py:259}}
May 12 18:46:41.094232 dv-neutron-841622-1-hyperv neutron-server[110688]: DEBUG neutron_lib.callbacks.manager [None req-d173ae21-2510-484e-83c5-be08b9826b81 tempest-ExternalNetworksTestJSON-1865498049 tempest-ExternalNetworksTestJSON-1865498049-project-admin] Publish callbacks ['neutron.api.rpc.agentnotifiers.dhcp_rpc_agent_api.DhcpAgentNotifyAPI._send_dhcp_notification-3710327'] for network (None), before_response {{(pid=110688) _notify_loop /usr/local/lib/python3.8/dist-packages/neutron_lib/callbacks/manager.py:176}}
May 12 18:46:41.100076 dv-neutron-841622-1-hyperv neutron-server[110687]: DEBUG neutron.scheduler.base_scheduler [None req-0075be11-306c-4fdb-a361-6c22a8853ebc admin admin] Resources bound (agent type, host, resource id): {{(pid=110687) schedule /opt/stack/neutron/neutron/scheduler/base_scheduler.py:57}}
May 12 18:46:41.107367 dv-neutron-841622-1-hyperv neutron-server[110688]: DEBUG neutron.scheduler.base_scheduler [None req-4d25d7b8-97b9-4b87-a7ad-06ae1fd649ee tempest-DHCPAgentSchedulersTestJSON-1134284795 tempest-DHCPAgentSchedulersTestJSON-1134284795-project] Resources bound (agent type, host, resource id): (DHCP agent, dv-neutron-841622-1-hyperv, 21d43fcd-b71f-4c47-a36f-58cd374ff443) {{(pid=110688) schedule /opt/stack/neutron/neutron/scheduler/base_scheduler.py:57}}
May 12 18:46:41.107448 dv-neutron-841622-1-hyperv neutron-server[110687]: DEBUG neutron.db.l3_dvrscheduler_db [None req-0075be11-306c-4fdb-a361-6c22a8853ebc admin admin] Received port after_create {{(pid=110687) _notify_l3_agent_new_port /opt/stack/neutron/neutron/db/l3_dvrscheduler_db.py:536}}
May 12 18:46:41.107448 dv-neutron-841622-1-hyperv neutron-server[110687]: DEBUG neutron_lib.callbacks.manager [None req-0075be11-306c-4fdb-a361-6c22a8853ebc admin admin] Publish callbacks ['neutron.services.l3_router.l3_router_plugin.DVRResourceOperationHandler._add_csnat_on_interface_create-3864570'] for router_interface (c5776278-31a4-43bf-ab54-846e2ee6b8cf), before_create {{(pid=110687) _notify_loop /usr/local/lib/python3.8/dist-packages/neutron_lib/callbacks/manager.py:176}}
May 12 18:46:41.119092 dv-neutron-841622-1-hyperv neutron-server[110688]: DEBUG neutron_lib.callbacks.manager [None req-282b5c51-f035-4772-9a97-2c6b230dad03 admin admin] Publish callbacks ['neutron.plugins.ml2.plugin.SecurityGroupDbMixin._ensure_default_security_group_handler-702791'] for port (None), before_create {{(pid=110688) _notify_loop /usr/local/lib/python3.8/dist-packages/neutron_lib/callbacks/manager.py:176}}
May 12 18:46:41.149053 dv-neutron-841622-1-hyperv neutron-server[110689]: DEBUG neutron.api.rpc.handlers.dhcp_rpc [None req-cbc82b89-8a50-4440-b99d-be01f33eb91f None None] Network 21d43fcd-b71f-4c47-a36f-58cd374ff443 requested from dv-neutron-841622-1-hyperv {{(pid=110689) get_network_info /opt/stack/neutron/neutron/api/rpc/handlers/dhcp_rpc.py:191}}
May 12 18:46:41.149339 dv-neutron-841622-1-hyperv neutron-server[110688]: DEBUG neutron.scheduler.dhcp_agent_scheduler [None req-4ef665ca-2aa3-4337-a498-03f50da5ac52 tempest-RoutersAdminNegativeTest-1115385221 tempest-RoutersAdminNegativeTest-1115385221-project-admin] Network 855580bd-cd05-432c-9fd9-6ee2b9fe501d is already hosted by enough agents. {{(pid=110688) _get_dhcp_agents_hosting_network /opt/stack/neutron/neutron/scheduler/dhcp_agent_scheduler.py:275}}
May 12 18:46:41.160082 dv-neutron-841622-1-hyperv neutron-server[110688]: DEBUG neutron.pecan_wsgi.hooks.policy_enforcement [None req-4d25d7b8-97b9-4b87-a7ad-06ae1fd649ee tempest-DHCPAgentSchedulersTestJSON-1134284795 tempest-DHCPAgentSchedulersTestJSON-1134284795-project] Attributes excluded by policy engine: ['standard_attr_id', 'shared', 'network'] {{(pid=110688) _exclude_attributes_by_policy /opt/stack/neutron/neutron/pecan_wsgi/hooks/policy_enforcement.py:259}}
May 12 18:46:41.160082 dv-neutron-841622-1-hyperv neutron-server[110688]: DEBUG neutron_lib.callbacks.manager [None req-4d25d7b8-97b9-4b87-a7ad-06ae1fd649ee tempest-DHCPAgentSchedulersTestJSON-1134284795 tempest-DHCPAgentSchedulersTestJSON-1134284795-project] Publish callbacks ['neutron.api.rpc.agentnotifiers.dhcp_rpc_agent_api.DhcpAgentNotifyAPI._send_dhcp_notification-3710327'] for subnet (None), before_response {{(pid=110688) _notify_loop /usr/local/lib/python3.8/dist-packages/neutron_lib/callbacks/manager.py:176}}
May 12 18:46:41.196723 dv-neutron-841622-1-hyperv neutron-server[110688]: DEBUG neutron.scheduler.base_scheduler [None req-4ef665ca-2aa3-4337-a498-03f50da5ac52 tempest-RoutersAdminNegativeTest-1115385221 tempest-RoutersAdminNegativeTest-1115385221-project-admin] Resources bound (agent type, host, resource id): {{(pid=110688) schedule /opt/stack/neutron/neutron/scheduler/base_scheduler.py:57}}
May 12 18:46:41.214767 dv-neutron-841622-1-hyperv neutron-server[110688]: DEBUG neutron.db.l3_dvrscheduler_db [None req-4ef665ca-2aa3-4337-a498-03f50da5ac52 tempest-RoutersAdminNegativeTest-1115385221 tempest-RoutersAdminNegativeTest-1115385221-project-admin] Received port after_create {{(pid=110688) _notify_l3_agent_new_port /opt/stack/neutron/neutron/db/l3_dvrscheduler_db.py:536}}
May 12 18:46:41.215685 dv-neutron-841622-1-hyperv neutron-server[110688]: DEBUG neutron.pecan_wsgi.hooks.policy_enforcement [None req-4ef665ca-2aa3-4337-a498-03f50da5ac52 tempest-RoutersAdminNegativeTest-1115385221 tempest-RoutersAdminNegativeTest-1115385221-project-admin] Attributes excluded by policy engine: ['standard_attr_id', 'network'] {{(pid=110688) _exclude_attributes_by_policy /opt/stack/neutron/neutron/pecan_wsgi/hooks/policy_enforcement.py:259}}
May 12 18:46:41.216325 dv-neutron-841622-1-hyperv neutron-server[110688]: DEBUG neutron_lib.callbacks.manager [None req-4ef665ca-2aa3-4337-a498-03f50da5ac52 tempest-RoutersAdminNegativeTest-1115385221 tempest-RoutersAdminNegativeTest-1115385221-project-admin] Publish callbacks ['neutron.notifiers.nova.Notifier._send_nova_notification-498881', 'neutron.api.rpc.agentnotifiers.dhcp_rpc_agent_api.DhcpAgentNotifyAPI._send_dhcp_notification-3710327'] for port (None), before_response {{(pid=110688) _notify_loop /usr/local/lib/python3.8/dist-packages/neutron_lib/callbacks/manager.py:176}}
May 12 18:46:41.219161 dv-neutron-841622-1-hyperv neutron-server[110688]: DEBUG neutron.api.rpc.handlers.resources_rpc [None req-4ef665ca-2aa3-4337-a498-03f50da5ac52 tempest-RoutersAdminNegativeTest-1115385221 tempest-RoutersAdminNegativeTest-1115385221-project-admin] Pushing event updated for resources: {'Port': ['ID=fc3ebe7d-289b-421a-a179-4d70718278dd,revision_number=1']} {{(pid=110688) push /opt/stack/neutron/neutron/api/rpc/handlers/resources_rpc.py:237}}
May 12 18:46:41.238113 dv-neutron-841622-1-hyperv neutron-server[110688]: INFO neutron.wsgi [None req-d173ae21-2510-484e-83c5-be08b9826b81 tempest-ExternalNetworksTestJSON-1865498049 tempest-ExternalNetworksTestJSON-1865498049-project-admin] 10.222.0.60 "POST /v2.0/networks HTTP/1.1" status: 201 len: 863 time: 2.1540520
May 12 18:46:41.275061 dv-neutron-841622-1-hyperv neutron-server[110688]: DEBUG neutron.pecan_wsgi.hooks.quota_enforcement [None req-5722d313-13c9-4e12-b246-eada3b29b301 tempest-ExternalNetworksAdminNegativeTestJSON-1960793307 tempest-ExternalNetworksAdminNegativeTestJSON-1960793307-project-admin] Made reservation on behalf of 2e30964ad47c46569acd8fcfc945ae84 for: {'port': 1} {{(pid=110688) before /opt/stack/neutron/neutron/pecan_wsgi/hooks/quota_enforcement.py:53}}
May 12 18:46:41.276870 dv-neutron-841622-1-hyperv neutron-server[110689]: DEBUG neutron.plugins.ml2.plugin [None req-b6c6fb41-43ef-4349-8591-90c056b18297 None None] Current status of the port bd168337-03ab-41db-ac05-53191c0d1911 is: ACTIVE; New status is: ACTIVE {{(pid=110689) _update_individual_port_db_status /opt/stack/neutron/neutron/plugins/ml2/plugin.py:2296}}
May 12 18:46:41.277575 dv-neutron-841622-1-hyperv neutron-server[110688]: DEBUG neutron_lib.callbacks.manager [None req-5722d313-13c9-4e12-b246-eada3b29b301 tempest-ExternalNetworksAdminNegativeTestJSON-1960793307 tempest-ExternalNetworksAdminNegativeTestJSON-1960793307-project-admin] Publish callbacks ['neutron.plugins.ml2.plugin.SecurityGroupDbMixin._ensure_default_security_group_handler-702791'] for port (None), before_create {{(pid=110688) _notify_loop /usr/local/lib/python3.8/dist-packages/neutron_lib/callbacks/manager.py:176}}
May 12 18:46:41.279595 dv-neutron-841622-1-hyperv neutron-server[110688]: DEBUG neutron.wsgi [-] (110688) accepted ('10.222.0.60', 36234) {{(pid=110688) server /usr/local/lib/python3.8/dist-packages/eventlet/wsgi.py:1004}}
May 12 18:46:41.310238 dv-neutron-841622-1-hyperv neutron-server[110688]: DEBUG neutron.api.rpc.handlers.resources_rpc [None req-d173ae21-2510-484e-83c5-be08b9826b81 tempest-ExternalNetworksTestJSON-1865498049 tempest-ExternalNetworksTestJSON-1865498049-project-admin] Pushing event updated for resources: {'Network': ['ID=31b722a5-f94f-4b87-9cff-c8bc2734e1f0,revision_number=1']} {{(pid=110688) push /opt/stack/neutron/neutron/api/rpc/handlers/resources_rpc.py:237}}
May 12 18:46:41.315694 dv-neutron-841622-1-hyperv neutron-server[110688]: INFO neutron.wsgi [None req-4d25d7b8-97b9-4b87-a7ad-06ae1fd649ee tempest-DHCPAgentSchedulersTestJSON-1134284795 tempest-DHCPAgentSchedulersTestJSON-1134284795-project] 10.222.0.60 "POST /v2.0/subnets HTTP/1.1" status: 201 len: 801 time: 2.6806736
May 12 18:46:41.330540 dv-neutron-841622-1-hyperv neutron-server[110688]: DEBUG neutron.wsgi [-] (110688) accepted ('10.222.0.60', 36236) {{(pid=110688) server /usr/local/lib/python3.8/dist-packages/eventlet/wsgi.py:1004}}
May 12 18:46:41.333878 dv-neutron-841622-1-hyperv neutron-server[110689]: DEBUG neutron.plugins.ml2.rpc [None req-b6c6fb41-43ef-4349-8591-90c056b18297 None None] Network 31b722a5-f94f-4b87-9cff-c8bc2734e1f0 details requested by agent ovs-agent-dv-neutron-841622-1-hyperv with host dv-neutron-841622-1-hyperv {{(pid=110689) get_network_details /opt/stack/neutron/neutron/plugins/ml2/rpc.py:248}}
May 12 18:46:41.359329 dv-neutron-841622-1-hyperv neutron-server[110689]: DEBUG neutron.api.rpc.handlers.dhcp_rpc [None req-4ed83b7f-ef96-464e-90d7-c6965f2562f6 None None] Create dhcp port {'port': {'name': '', 'admin_state_up': True, 'device_id': 'dhcpb685b959-2ebd-5dca-83bb-fe900e177f15-21d43fcd-b71f-4c47-a36f-58cd374ff443', 'network_id': '21d43fcd-b71f-4c47-a36f-58cd374ff443', 'project_id': '54b907e332d04ef088b5e4c8dec19b41', 'fixed_ips': [{'subnet_id': '5486dff0-e76b-40b6-9914-3be3c1ace5fd'}]}} from dv-neutron-841622-1-hyperv. {{(pid=110689) create_dhcp_port /opt/stack/neutron/neutron/api/rpc/handlers/dhcp_rpc.py:268}}
May 12 18:46:41.361195 dv-neutron-841622-1-hyperv neutron-server[110689]: DEBUG neutron_lib.callbacks.manager [None req-4ed83b7f-ef96-464e-90d7-c6965f2562f6 None None] Publish callbacks ['neutron.plugins.ml2.plugin.SecurityGroupDbMixin._ensure_default_security_group_handler-702791'] for port (None), before_create {{(pid=110689) _notify_loop /usr/local/lib/python3.8/dist-packages/neutron_lib/callbacks/manager.py:176}}
May 12 18:46:41.377847 dv-neutron-841622-1-hyperv neutron-server[110688]: INFO neutron.wsgi [None req-4ef665ca-2aa3-4337-a498-03f50da5ac52 tempest-RoutersAdminNegativeTest-1115385221 tempest-RoutersAdminNegativeTest-1115385221-project-admin] 10.222.0.60 "POST /v2.0/ports HTTP/1.1" status: 201 len: 1032 time: 4.8065407
May 12 18:46:41.377847 dv-neutron-841622-1-hyperv neutron-server[110688]: DEBUG neutron.wsgi [-] (110688) accepted ('10.222.0.60', 36240) {{(pid=110688) server /usr/local/lib/python3.8/dist-packages/eventlet/wsgi.py:1004}}
May 12 18:46:41.386296 dv-neutron-841622-1-hyperv neutron-server[110688]: DEBUG neutron.api.v2.base [None req-3b335993-96fd-4f86-8527-ef90bbda2116 tempest-DHCPAgentSchedulersTestJSON-1134284795 tempest-DHCPAgentSchedulersTestJSON-1134284795-project] Request body: {'port': {'network_id': '21d43fcd-b71f-4c47-a36f-58cd374ff443', 'name': 'tempest-DHCPAgentSchedulersTestJSON-172234114'}} {{(pid=110688) prepare_request_body /opt/stack/neutron/neutron/api/v2/base.py:730}}
May 12 18:46:41.393677 dv-neutron-841622-1-hyperv neutron-server[110688]: DEBUG neutron_lib.callbacks.manager [None req-5722d313-13c9-4e12-b246-eada3b29b301 tempest-ExternalNetworksAdminNegativeTestJSON-1960793307 tempest-ExternalNetworksAdminNegativeTestJSON-1960793307-project-admin] Publish callbacks [] for security_group (None), before_create {{(pid=110688) _notify_loop /usr/local/lib/python3.8/dist-packages/neutron_lib/callbacks/manager.py:176}}
May 12 18:46:41.404403 dv-neutron-841622-1-hyperv neutron-server[110688]: DEBUG neutron.api.v2.base [None req-6d733874-c59e-4cfd-bd16-8a5fdaf3e77a tempest-RoutersAdminNegativeTest-1115385221 tempest-RoutersAdminNegativeTest-1115385221-project-admin] Request body: {'router': {'external_gateway_info': {'network_id': '855580bd-cd05-432c-9fd9-6ee2b9fe501d', 'external_fixed_ips': [{'subnet_id': '6315b3b2-f906-4b3d-97ac-2aaa54b48524', 'ip_address': '172.26.0.61'}]}}} {{(pid=110688) prepare_request_body /opt/stack/neutron/neutron/api/v2/base.py:730}}
May 12 18:46:41.521561 dv-neutron-841622-1-hyperv neutron-server[110689]: DEBUG neutron.db.provisioning_blocks [None req-878108bd-26f3-4258-9a0b-64e7ee442f4e None None] Provisioning complete for port 412b4608-d4d5-4346-b30f-3df5bed4652b triggered by entity DHCP. {{(pid=110689) provisioning_complete /opt/stack/neutron/neutron/db/provisioning_blocks.py:145}}
May 12 18:46:41.521561 dv-neutron-841622-1-hyperv neutron-server[110689]: DEBUG neutron_lib.callbacks.manager [None req-878108bd-26f3-4258-9a0b-64e7ee442f4e None None] Publish callbacks ['neutron.plugins.ml2.plugin.Ml2Plugin._port_provisioned-888791'] for port (412b4608-d4d5-4346-b30f-3df5bed4652b), provisioning_complete {{(pid=110689) _notify_loop /usr/local/lib/python3.8/dist-packages/neutron_lib/callbacks/manager.py:176}}
May 12 18:46:41.560052 dv-neutron-841622-1-hyperv neutron-server[110689]: DEBUG neutron.plugins.ml2.plugin [None req-878108bd-26f3-4258-9a0b-64e7ee442f4e None None] Port 412b4608-d4d5-4346-b30f-3df5bed4652b cannot update to ACTIVE because it is not bound. {{(pid=110689) _port_provisioned /opt/stack/neutron/neutron/plugins/ml2/plugin.py:352}}
May 12 18:46:41.582146 dv-neutron-841622-1-hyperv neutron-server[110687]: DEBUG neutron.db.db_base_plugin_common [None req-02962faf-06e1-4d19-975b-c04dbf1fa12c tempest-FloatingIPAdminTestJSON-1606465409 tempest-FloatingIPAdminTestJSON-1606465409-project] Allocated IP 172.26.0.106 (855580bd-cd05-432c-9fd9-6ee2b9fe501d/6315b3b2-f906-4b3d-97ac-2aaa54b48524/4d607bee-4b56-4c11-8256-6faf3b694f87) {{(pid=110687) _store_ip_allocation /opt/stack/neutron/neutron/db/db_base_plugin_common.py:131}}
May 12 18:46:41.593598 dv-neutron-841622-1-hyperv neutron-server[110687]: DEBUG neutron.api.rpc.handlers.resources_rpc [None req-0075be11-306c-4fdb-a361-6c22a8853ebc admin admin] Pushing event updated for resources: {'Port': ['ID=412b4608-d4d5-4346-b30f-3df5bed4652b,revision_number=1']} {{(pid=110687) push /opt/stack/neutron/neutron/api/rpc/handlers/resources_rpc.py:237}}
May 12 18:46:41.595531 dv-neutron-841622-1-hyperv neutron-server[110688]: DEBUG neutron_lib.callbacks.manager [None req-187d9534-6e41-4a07-b734-630b528518d8 tempest-ExternalNetworksTestJSON-1865498049 tempest-ExternalNetworksTestJSON-1865498049-project-admin] Publish callbacks ['neutron.plugins.ml2.plugin.External_net_db_mixin._before_network_delete_handler-562468'] for network (31b722a5-f94f-4b87-9cff-c8bc2734e1f0), before_delete {{(pid=110688) _notify_loop /usr/local/lib/python3.8/dist-packages/neutron_lib/callbacks/manager.py:176}}
May 12 18:46:41.617394 dv-neutron-841622-1-hyperv neutron-server[110688]: DEBUG neutron_lib.callbacks.manager [None req-6d733874-c59e-4cfd-bd16-8a5fdaf3e77a tempest-RoutersAdminNegativeTest-1115385221 tempest-RoutersAdminNegativeTest-1115385221-project-admin] Publish callbacks ['neutron.services.l3_router.l3_router_plugin.L3_HA_NAT_db_mixin._before_router_create_handler-3858457', 'neutron.services.l3_router.service_providers.driver_controller.DriverController._check_router_request-10614'] for router (96b7f7cd-3dea-48be-a087-77942b65ebaa), before_create {{(pid=110688) _notify_loop /usr/local/lib/python3.8/dist-packages/neutron_lib/callbacks/manager.py:176}}
May 12 18:46:41.618386 dv-neutron-841622-1-hyperv neutron-server[110688]: DEBUG neutron_lib.callbacks.manager [None req-6d733874-c59e-4cfd-bd16-8a5fdaf3e77a tempest-RoutersAdminNegativeTest-1115385221 tempest-RoutersAdminNegativeTest-1115385221-project-admin] Publish callbacks ['neutron.services.l3_router.l3_router_plugin.L3_HA_NAT_db_mixin._precommit_router_create-3858669', 'neutron.services.l3_router.l3_router_plugin.DVRResourceOperationHandler._set_distributed_flag-3859712', 'neutron.services.l3_router.l3_router_plugin.RouterAvailabilityZoneMixin._process_az_request-4034585', 'neutron.services.l3_router.service_providers.driver_controller.DriverController._set_router_provider-10623'] for router (96b7f7cd-3dea-48be-a087-77942b65ebaa), precommit_create {{(pid=110688) _notify_loop /usr/local/lib/python3.8/dist-packages/neutron_lib/callbacks/manager.py:176}}
May 12 18:46:41.667712 dv-neutron-841622-1-hyperv neutron-server[110689]: DEBUG neutron.db.db_base_plugin_common [None req-4ed83b7f-ef96-464e-90d7-c6965f2562f6 None None] Allocated IP 172.20.0.2 (21d43fcd-b71f-4c47-a36f-58cd374ff443/5486dff0-e76b-40b6-9914-3be3c1ace5fd/d523aab7-2d4a-4fe3-9575-bface9cd083c) {{(pid=110689) _store_ip_allocation /opt/stack/neutron/neutron/db/db_base_plugin_common.py:131}}
May 12 18:46:41.795272 dv-neutron-841622-1-hyperv neutron-server[110687]: DEBUG neutron_lib.callbacks.manager [None req-0075be11-306c-4fdb-a361-6c22a8853ebc admin admin] Publish callbacks ['neutron.plugins.ml2.plugin.SecurityGroupDbMixin._ensure_default_security_group_handler-702791'] for port (412b4608-d4d5-4346-b30f-3df5bed4652b), before_update {{(pid=110687) _notify_loop /usr/local/lib/python3.8/dist-packages/neutron_lib/callbacks/manager.py:176}}
May 12 18:46:41.812775 dv-neutron-841622-1-hyperv neutron-server[110688]: DEBUG neutron_lib.callbacks.manager [None req-6d733874-c59e-4cfd-bd16-8a5fdaf3e77a tempest-RoutersAdminNegativeTest-1115385221 tempest-RoutersAdminNegativeTest-1115385221-project-admin] Publish callbacks [] for router_controller (96b7f7cd-3dea-48be-a087-77942b65ebaa), precommit_add_association {{(pid=110688) _notify_loop /usr/local/lib/python3.8/dist-packages/neutron_lib/callbacks/manager.py:176}}
May 12 18:46:41.868289 dv-neutron-841622-1-hyperv neutron-server[110687]: DEBUG neutron_lib.callbacks.manager [None req-02962faf-06e1-4d19-975b-c04dbf1fa12c tempest-FloatingIPAdminTestJSON-1606465409 tempest-FloatingIPAdminTestJSON-1606465409-project] Publish callbacks [] for port (4d607bee-4b56-4c11-8256-6faf3b694f87), precommit_create {{(pid=110687) _notify_loop /usr/local/lib/python3.8/dist-packages/neutron_lib/callbacks/manager.py:176}}
May 12 18:46:41.886673 dv-neutron-841622-1-hyperv neutron-server[110689]: DEBUG neutron_lib.callbacks.manager [None req-4ed83b7f-ef96-464e-90d7-c6965f2562f6 None None] Publish callbacks [] for port (d523aab7-2d4a-4fe3-9575-bface9cd083c), precommit_create {{(pid=110689) _notify_loop /usr/local/lib/python3.8/dist-packages/neutron_lib/callbacks/manager.py:176}}
May 12 18:46:41.894298 dv-neutron-841622-1-hyperv neutron-server[110689]: DEBUG neutron_lib.callbacks.manager [None req-4ed83b7f-ef96-464e-90d7-c6965f2562f6 None None] Publish callbacks ['neutron.plugins.ml2.plugin.SecurityGroupServerNotifierRpcMixin._notify_sg_on_port_change-702953', 'neutron.plugins.ml2.ovo_rpc._ObjectChangeHandler.handle_event-512989', 'neutron.api.rpc.agentnotifiers.dhcp_rpc_agent_api.DhcpAgentNotifyAPI._native_event_send_dhcp_notification-3710297', 'neutron.db.l3_dvrscheduler_db._notify_l3_agent_new_port-8733444664679'] for port (d523aab7-2d4a-4fe3-9575-bface9cd083c), after_create {{(pid=110689) _notify_loop /usr/local/lib/python3.8/dist-packages/neutron_lib/callbacks/manager.py:176}}
May 12 18:46:41.904331 dv-neutron-841622-1-hyperv neutron-server[110688]: DEBUG neutron.db.db_base_plugin_common [None req-282b5c51-f035-4772-9a97-2c6b230dad03 admin admin] Allocated IP 172.20.0.1 (5d0b6d2e-2a54-4f5c-86af-9e88a4660a98/941f2ec1-b0bd-407e-bf5a-51517f01e087/ddc9c283-d6c1-410e-a04b-3041a151481d) {{(pid=110688) _store_ip_allocation /opt/stack/neutron/neutron/db/db_base_plugin_common.py:131}}
May 12 18:46:41.949254 dv-neutron-841622-1-hyperv neutron-server[110689]: DEBUG neutron.scheduler.dhcp_agent_scheduler [None req-4ed83b7f-ef96-464e-90d7-c6965f2562f6 None None] Network 21d43fcd-b71f-4c47-a36f-58cd374ff443 is already hosted by enough agents. {{(pid=110689) _get_dhcp_agents_hosting_network /opt/stack/neutron/neutron/scheduler/dhcp_agent_scheduler.py:275}}
May 12 18:46:41.953113 dv-neutron-841622-1-hyperv neutron-server[110689]: DEBUG neutron.scheduler.base_scheduler [None req-4ed83b7f-ef96-464e-90d7-c6965f2562f6 None None] Resources bound (agent type, host, resource id): {{(pid=110689) schedule /opt/stack/neutron/neutron/scheduler/base_scheduler.py:57}}
May 12 18:46:41.953992 dv-neutron-841622-1-hyperv neutron-server[110688]: DEBUG neutron_lib.callbacks.manager [None req-187d9534-6e41-4a07-b734-630b528518d8 tempest-ExternalNetworksTestJSON-1865498049 tempest-ExternalNetworksTestJSON-1865498049-project-admin] Publish callbacks ['neutron.plugins.ml2.plugin.Ml2Plugin._network_delete_precommit_handler-915278', 'neutron.services.segments.db._delete_segments_for_network-8733445209622'] for network (31b722a5-f94f-4b87-9cff-c8bc2734e1f0), precommit_delete {{(pid=110688) _notify_loop /usr/local/lib/python3.8/dist-packages/neutron_lib/callbacks/manager.py:176}}
May 12 18:46:41.958778 dv-neutron-841622-1-hyperv neutron-server[110689]: DEBUG neutron.db.l3_dvrscheduler_db [None req-4ed83b7f-ef96-464e-90d7-c6965f2562f6 None None] Received port after_create {{(pid=110689) _notify_l3_agent_new_port /opt/stack/neutron/neutron/db/l3_dvrscheduler_db.py:536}}
May 12 18:46:41.999781 dv-neutron-841622-1-hyperv neutron-server[110688]: DEBUG neutron.pecan_wsgi.hooks.quota_enforcement [None req-3b335993-96fd-4f86-8527-ef90bbda2116 tempest-DHCPAgentSchedulersTestJSON-1134284795 tempest-DHCPAgentSchedulersTestJSON-1134284795-project] Made reservation on behalf of 54b907e332d04ef088b5e4c8dec19b41 for: {'port': 1} {{(pid=110688) before /opt/stack/neutron/neutron/pecan_wsgi/hooks/quota_enforcement.py:53}}
May 12 18:46:42.000827 dv-neutron-841622-1-hyperv neutron-server[110687]: DEBUG neutron_lib.callbacks.manager [None req-02962faf-06e1-4d19-975b-c04dbf1fa12c tempest-FloatingIPAdminTestJSON-1606465409 tempest-FloatingIPAdminTestJSON-1606465409-project] Publish callbacks ['neutron.plugins.ml2.plugin.SecurityGroupServerNotifierRpcMixin._notify_sg_on_port_change-702953', 'neutron.plugins.ml2.ovo_rpc._ObjectChangeHandler.handle_event-512989', 'neutron.api.rpc.agentnotifiers.dhcp_rpc_agent_api.DhcpAgentNotifyAPI._native_event_send_dhcp_notification-3710297', 'neutron.db.l3_dvrscheduler_db._notify_l3_agent_new_port-8733444664679'] for port (4d607bee-4b56-4c11-8256-6faf3b694f87), after_create {{(pid=110687) _notify_loop /usr/local/lib/python3.8/dist-packages/neutron_lib/callbacks/manager.py:176}}
May 12 18:46:42.003830 dv-neutron-841622-1-hyperv neutron-server[110688]: DEBUG neutron_lib.callbacks.manager [None req-3b335993-96fd-4f86-8527-ef90bbda2116 tempest-DHCPAgentSchedulersTestJSON-1134284795 tempest-DHCPAgentSchedulersTestJSON-1134284795-project] Publish callbacks ['neutron.plugins.ml2.plugin.SecurityGroupDbMixin._ensure_default_security_group_handler-702791'] for port (None), before_create {{(pid=110688) _notify_loop /usr/local/lib/python3.8/dist-packages/neutron_lib/callbacks/manager.py:176}}
May 12 18:46:42.042526 dv-neutron-841622-1-hyperv neutron-server[110687]: DEBUG neutron.wsgi [-] (110687) accepted ('10.222.0.60', 36256) {{(pid=110687) server /usr/local/lib/python3.8/dist-packages/eventlet/wsgi.py:1004}}
May 12 18:46:42.059138 dv-neutron-841622-1-hyperv neutron-server[110688]: DEBUG neutron_lib.callbacks.manager [None req-187d9534-6e41-4a07-b734-630b528518d8 tempest-ExternalNetworksTestJSON-1865498049 tempest-ExternalNetworksTestJSON-1865498049-project-admin] Subscribe: > segment before_delete 55550000 {{(pid=110688) subscribe /usr/local/lib/python3.8/dist-packages/neutron_lib/callbacks/manager.py:45}}
May 12 18:46:42.059827 dv-neutron-841622-1-hyperv neutron-server[110688]: DEBUG neutron_lib.callbacks.manager [None req-187d9534-6e41-4a07-b734-630b528518d8 tempest-ExternalNetworksTestJSON-1865498049 tempest-ExternalNetworksTestJSON-1865498049-project-admin] Subscribe: > subnet precommit_delete_associations 55550000 {{(pid=110688) subscribe /usr/local/lib/python3.8/dist-packages/neutron_lib/callbacks/manager.py:45}}
May 12 18:46:42.060349 dv-neutron-841622-1-hyperv neutron-server[110688]: DEBUG neutron_lib.callbacks.manager [None req-187d9534-6e41-4a07-b734-630b528518d8 tempest-ExternalNetworksTestJSON-1865498049 tempest-ExternalNetworksTestJSON-1865498049-project-admin] Subscribe: > segment_host_mapping after_create 55550000 {{(pid=110688) subscribe /usr/local/lib/python3.8/dist-packages/neutron_lib/callbacks/manager.py:45}}
May 12 18:46:42.060696 dv-neutron-841622-1-hyperv neutron-server[110688]: DEBUG neutron_lib.callbacks.manager [None req-187d9534-6e41-4a07-b734-630b528518d8 tempest-ExternalNetworksTestJSON-1865498049 tempest-ExternalNetworksTestJSON-1865498049-project-admin] Subscribe: > port after_create 55550000 {{(pid=110688) subscribe /usr/local/lib/python3.8/dist-packages/neutron_lib/callbacks/manager.py:45}}
May 12 18:46:42.061015 dv-neutron-841622-1-hyperv neutron-server[110688]: DEBUG neutron_lib.callbacks.manager [None req-187d9534-6e41-4a07-b734-630b528518d8 tempest-ExternalNetworksTestJSON-1865498049 tempest-ExternalNetworksTestJSON-1865498049-project-admin] Subscribe: > port after_delete 55550000 {{(pid=110688) subscribe /usr/local/lib/python3.8/dist-packages/neutron_lib/callbacks/manager.py:45}}
May 12 18:46:42.061223 dv-neutron-841622-1-hyperv neutron-server[110687]: DEBUG neutron.scheduler.dhcp_agent_scheduler [None req-02962faf-06e1-4d19-975b-c04dbf1fa12c tempest-FloatingIPAdminTestJSON-1606465409 tempest-FloatingIPAdminTestJSON-1606465409-project] Network 855580bd-cd05-432c-9fd9-6ee2b9fe501d is already hosted by enough agents. {{(pid=110687) _get_dhcp_agents_hosting_network /opt/stack/neutron/neutron/scheduler/dhcp_agent_scheduler.py:275}}
May 12 18:46:42.061317 dv-neutron-841622-1-hyperv neutron-server[110688]: DEBUG neutron_lib.callbacks.manager [None req-187d9534-6e41-4a07-b734-630b528518d8 tempest-ExternalNetworksTestJSON-1865498049 tempest-ExternalNetworksTestJSON-1865498049-project-admin] Subscribe: > port after_update 55550000 {{(pid=110688) subscribe /usr/local/lib/python3.8/dist-packages/neutron_lib/callbacks/manager.py:45}}
May 12 18:46:42.061633 dv-neutron-841622-1-hyperv neutron-server[110688]: DEBUG neutron_lib.callbacks.manager [None req-187d9534-6e41-4a07-b734-630b528518d8 tempest-ExternalNetworksTestJSON-1865498049 tempest-ExternalNetworksTestJSON-1865498049-project-admin] Subscribe: > segment after_delete 55550000 {{(pid=110688) subscribe /usr/local/lib/python3.8/dist-packages/neutron_lib/callbacks/manager.py:45}}
May 12 18:46:42.061949 dv-neutron-841622-1-hyperv neutron-server[110688]: DEBUG neutron_lib.callbacks.manager [None req-187d9534-6e41-4a07-b734-630b528518d8 tempest-ExternalNetworksTestJSON-1865498049 tempest-ExternalNetworksTestJSON-1865498049-project-admin] Subscribe: > subnet after_create 55550000 {{(pid=110688) subscribe /usr/local/lib/python3.8/dist-packages/neutron_lib/callbacks/manager.py:45}}
May 12 18:46:42.062262 dv-neutron-841622-1-hyperv neutron-server[110688]: DEBUG neutron_lib.callbacks.manager [None req-187d9534-6e41-4a07-b734-630b528518d8 tempest-ExternalNetworksTestJSON-1865498049 tempest-ExternalNetworksTestJSON-1865498049-project-admin] Subscribe: > subnet after_delete 55550000 {{(pid=110688) subscribe /usr/local/lib/python3.8/dist-packages/neutron_lib/callbacks/manager.py:45}}
May 12 18:46:42.062578 dv-neutron-841622-1-hyperv neutron-server[110688]: DEBUG neutron_lib.callbacks.manager [None req-187d9534-6e41-4a07-b734-630b528518d8 tempest-ExternalNetworksTestJSON-1865498049 tempest-ExternalNetworksTestJSON-1865498049-project-admin] Subscribe: > subnet after_update 55550000 {{(pid=110688) subscribe /usr/local/lib/python3.8/dist-packages/neutron_lib/callbacks/manager.py:45}}
May 12 18:46:42.071660 dv-neutron-841622-1-hyperv neutron-server[110687]: DEBUG neutron.scheduler.base_scheduler [None req-02962faf-06e1-4d19-975b-c04dbf1fa12c tempest-FloatingIPAdminTestJSON-1606465409 tempest-FloatingIPAdminTestJSON-1606465409-project] Resources bound (agent type, host, resource id): {{(pid=110687) schedule /opt/stack/neutron/neutron/scheduler/base_scheduler.py:57}}
May 12 18:46:42.083552 dv-neutron-841622-1-hyperv neutron-server[110687]: DEBUG neutron.db.l3_dvrscheduler_db [None req-02962faf-06e1-4d19-975b-c04dbf1fa12c tempest-FloatingIPAdminTestJSON-1606465409 tempest-FloatingIPAdminTestJSON-1606465409-project] Received port after_create {{(pid=110687) _notify_l3_agent_new_port /opt/stack/neutron/neutron/db/l3_dvrscheduler_db.py:536}}
May 12 18:46:42.086983 dv-neutron-841622-1-hyperv neutron-server[110689]: DEBUG neutron.api.rpc.handlers.resources_rpc [None req-4ed83b7f-ef96-464e-90d7-c6965f2562f6 None None] Pushing event updated for resources: {'Port': ['ID=d523aab7-2d4a-4fe3-9575-bface9cd083c,revision_number=1']} {{(pid=110689) push /opt/stack/neutron/neutron/api/rpc/handlers/resources_rpc.py:237}}
May 12 18:46:42.112094 dv-neutron-841622-1-hyperv neutron-server[110687]: DEBUG neutron.api.rpc.handlers.resources_rpc [None req-02962faf-06e1-4d19-975b-c04dbf1fa12c tempest-FloatingIPAdminTestJSON-1606465409 tempest-FloatingIPAdminTestJSON-1606465409-project] Pushing event updated for resources: {'Port': ['ID=4d607bee-4b56-4c11-8256-6faf3b694f87,revision_number=1']} {{(pid=110687) push /opt/stack/neutron/neutron/api/rpc/handlers/resources_rpc.py:237}}
May 12 18:46:42.116122 dv-neutron-841622-1-hyperv neutron-server[110689]: DEBUG neutron.plugins.ml2.managers [None req-4ed83b7f-ef96-464e-90d7-c6965f2562f6 None None] Attempting to bind port d523aab7-2d4a-4fe3-9575-bface9cd083c on host dv-neutron-841622-1-hyperv for vnic_type normal with profile {{(pid=110689) bind_port /opt/stack/neutron/neutron/plugins/ml2/managers.py:795}}
May 12 18:46:42.116752 dv-neutron-841622-1-hyperv neutron-server[110689]: DEBUG neutron.plugins.ml2.managers [None req-4ed83b7f-ef96-464e-90d7-c6965f2562f6 None None] Attempting to bind port d523aab7-2d4a-4fe3-9575-bface9cd083c by drivers openvswitch,hyperv on host dv-neutron-841622-1-hyperv at level 0 using segments [{'id': 'dd332f62-ef62-4db8-8f77-795dfa9379db', 'network_type': 'vlan', 'physical_network': 'physnet1', 'segmentation_id': 156, 'network_id': '21d43fcd-b71f-4c47-a36f-58cd374ff443'}] {{(pid=110689) _bind_port_level /opt/stack/neutron/neutron/plugins/ml2/managers.py:820}}
May 12 18:46:42.117719 dv-neutron-841622-1-hyperv neutron-server[110689]: DEBUG neutron.plugins.ml2.drivers.mech_agent [None req-4ed83b7f-ef96-464e-90d7-c6965f2562f6 None None] Attempting to bind port d523aab7-2d4a-4fe3-9575-bface9cd083c on network 21d43fcd-b71f-4c47-a36f-58cd374ff443 {{(pid=110689) bind_port /opt/stack/neutron/neutron/plugins/ml2/drivers/mech_agent.py:91}}
May 12 18:46:42.126335 dv-neutron-841622-1-hyperv neutron-server[110689]: DEBUG neutron.plugins.ml2.drivers.mech_agent [None req-4ed83b7f-ef96-464e-90d7-c6965f2562f6 None None] Checking agent: {'id': '13e04c2b-cccd-4dd6-96ea-37e5ee67a805', 'agent_type': 'Open vSwitch agent', 'binary': 'neutron-openvswitch-agent', 'topic': 'N/A', 'host': 'dv-neutron-841622-1-hyperv', 'admin_state_up': True, 'created_at': datetime.datetime(2022, 5, 12, 18, 38, 49), 'started_at': datetime.datetime(2022, 5, 12, 18, 39, 19), 'heartbeat_timestamp': datetime.datetime(2022, 5, 12, 18, 46, 19), 'description': None, 'resources_synced': None, 'availability_zone': None, 'alive': True, 'configurations': {'arp_responder_enabled': False, 'baremetal_smartnic': False, 'bridge_mappings': {'physnet1': 'br-data'}, 'datapath_type': 'system', 'devices': 0, 'enable_distributed_routing': False, 'extensions': [], 'in_distributed_mode': False, 'integration_bridge': 'br-int', 'l2_population': False, 'log_agent_heartbeats': False, 'ovs_capabilities': {'datapath_types': ['netdev', 'system'], 'iface_types': ['erspan', 'geneve', 'gre', 'internal', 'ip6erspan', 'ip6gre', 'lisp', 'patch', 'stt', 'system', 'tap', 'vxlan']}, 'ovs_hybrid_plug': False, 'resource_provider_bandwidths': {}, 'resource_provider_hypervisors': {'br-data': 'dv-neutron-841622-1-hyperv'}, 'resource_provider_inventory_defaults': {'allocation_ratio': 1.0, 'min_unit': 1, 'step_size': 1, 'reserved': 0}, 'resource_provider_packet_processing_inventory_defaults': {'allocation_ratio': 1.0, 'min_unit': 1, 'step_size': 1, 'reserved': 0}, 'resource_provider_packet_processing_with_direction': {}, 'resource_provider_packet_processing_without_direction': {}, 'tunnel_types': [], 'tunneling_ip': None, 'vhostuser_socket_dir': '/var/run/openvswitch'}, 'resource_versions': {'AddressGroup': '1.2', 'Agent': '1.1', 'ConntrackHelper': '1.0', 'LocalIPAssociation': '1.0', 'Log': '1.0', 'NDPProxy': '1.0', 'Network': '1.1', 'Port': '1.7', 'PortForwarding': '1.3', 'QosPolicy': '1.10', 'SecurityGroup': '1.5', 'SecurityGroupRule': '1.2', 'SubPort': '1.0', 'Subnet': '1.1', 'Trunk': '1.1'}} {{(pid=110689) bind_port /opt/stack/neutron/neutron/plugins/ml2/drivers/mech_agent.py:110}}
May 12 18:46:42.127732 dv-neutron-841622-1-hyperv neutron-server[110689]: DEBUG neutron.plugins.ml2.drivers.mech_agent [None req-4ed83b7f-ef96-464e-90d7-c6965f2562f6 None None] Checking segment: {'id': 'dd332f62-ef62-4db8-8f77-795dfa9379db', 'network_type': 'vlan', 'physical_network': 'physnet1', 'segmentation_id': 156, 'network_id': '21d43fcd-b71f-4c47-a36f-58cd374ff443'} for mappings: {'physnet1': 'br-data'} with network types: ['local', 'flat', 'vlan'] {{(pid=110689) check_segment_for_agent /opt/stack/neutron/neutron/plugins/ml2/drivers/mech_agent.py:373}}
May 12 18:46:42.128364 dv-neutron-841622-1-hyperv neutron-server[110689]: DEBUG neutron_lib.callbacks.manager [None req-4ed83b7f-ef96-464e-90d7-c6965f2562f6 None None] Publish callbacks [] for ovs_bridge_name (None), before_read {{(pid=110689) _notify_loop /usr/local/lib/python3.8/dist-packages/neutron_lib/callbacks/manager.py:176}}
May 12 18:46:42.129530 dv-neutron-841622-1-hyperv neutron-server[110689]: DEBUG neutron.plugins.ml2.drivers.mech_agent [None req-4ed83b7f-ef96-464e-90d7-c6965f2562f6 None None] Bound using segment: {'id': 'dd332f62-ef62-4db8-8f77-795dfa9379db', 'network_type': 'vlan', 'physical_network': 'physnet1', 'segmentation_id': 156, 'network_id': '21d43fcd-b71f-4c47-a36f-58cd374ff443'} {{(pid=110689) bind_port /opt/stack/neutron/neutron/plugins/ml2/drivers/mech_agent.py:120}}
May 12 18:46:42.130175 dv-neutron-841622-1-hyperv neutron-server[110689]: DEBUG neutron.plugins.ml2.managers [None req-4ed83b7f-ef96-464e-90d7-c6965f2562f6 None None] Bound port: d523aab7-2d4a-4fe3-9575-bface9cd083c, host: dv-neutron-841622-1-hyperv, vif_type: ovs, vif_details: {"connectivity": "l2", "port_filter": true, "ovs_hybrid_plug": false, "datapath_type": "system", "bridge_name": "br-int"}, binding_levels: [{'bound_driver': 'openvswitch', 'bound_segment': {'id': 'dd332f62-ef62-4db8-8f77-795dfa9379db', 'network_type': 'vlan', 'physical_network': 'physnet1', 'segmentation_id': 156, 'network_id': '21d43fcd-b71f-4c47-a36f-58cd374ff443'}}] {{(pid=110689) _bind_port_level /opt/stack/neutron/neutron/plugins/ml2/managers.py:932}}
May 12 18:46:42.130879 dv-neutron-841622-1-hyperv neutron-server[110689]: DEBUG neutron_lib.callbacks.manager [None req-4ed83b7f-ef96-464e-90d7-c6965f2562f6 None None] Publish callbacks ['neutron.plugins.ml2.plugin.SecurityGroupDbMixin._ensure_default_security_group_handler-702791'] for port (d523aab7-2d4a-4fe3-9575-bface9cd083c), before_update {{(pid=110689) _notify_loop /usr/local/lib/python3.8/dist-packages/neutron_lib/callbacks/manager.py:176}}
May 12 18:46:42.217198 dv-neutron-841622-1-hyperv neutron-server[110687]: DEBUG neutron_lib.callbacks.manager [None req-0075be11-306c-4fdb-a361-6c22a8853ebc admin admin] Publish callbacks [] for port (412b4608-d4d5-4346-b30f-3df5bed4652b), precommit_update {{(pid=110687) _notify_loop /usr/local/lib/python3.8/dist-packages/neutron_lib/callbacks/manager.py:176}}
May 12 18:46:42.220906 dv-neutron-841622-1-hyperv neutron-server[110689]: DEBUG neutron.plugins.ml2.db [None req-4ed83b7f-ef96-464e-90d7-c6965f2562f6 None None] For port d523aab7-2d4a-4fe3-9575-bface9cd083c, host dv-neutron-841622-1-hyperv, cleared binding levels {{(pid=110689) clear_binding_levels /opt/stack/neutron/neutron/plugins/ml2/db.py:87}}
May 12 18:46:42.225358 dv-neutron-841622-1-hyperv neutron-server[110689]: DEBUG neutron.plugins.ml2.db [None req-4ed83b7f-ef96-464e-90d7-c6965f2562f6 None None] For port d523aab7-2d4a-4fe3-9575-bface9cd083c, host dv-neutron-841622-1-hyperv, set binding levels [PortBindingLevel(driver='openvswitch',host='dv-neutron-841622-1-hyperv',level=0,port_id=d523aab7-2d4a-4fe3-9575-bface9cd083c,segment=NetworkSegment(dd332f62-ef62-4db8-8f77-795dfa9379db),segment_id=dd332f62-ef62-4db8-8f77-795dfa9379db)] {{(pid=110689) set_binding_levels /opt/stack/neutron/neutron/plugins/ml2/db.py:59}}
May 12 18:46:42.227876 dv-neutron-841622-1-hyperv neutron-server[110687]: DEBUG neutron.api.v2.base [None req-78c507b2-caac-4428-983c-2ab08cffa9da tempest-AllowedAddressPairTestJSON-1491307969 tempest-AllowedAddressPairTestJSON-1491307969-project] Request body: {'network': {'name': 'tempest-AllowedAddressPairTestJSON-test-network-1712937352'}} {{(pid=110687) prepare_request_body /opt/stack/neutron/neutron/api/v2/base.py:730}}
May 12 18:46:42.231466 dv-neutron-841622-1-hyperv neutron-server[110689]: DEBUG neutron_lib.callbacks.manager [None req-4ed83b7f-ef96-464e-90d7-c6965f2562f6 None None] Publish callbacks ['neutron.plugins.ml2.plugin.SecurityGroupServerNotifierRpcMixin._notify_sg_on_port_change-702953', 'neutron.plugins.ml2.ovo_rpc._ObjectChangeHandler.handle_event-512989', 'neutron.api.rpc.agentnotifiers.dhcp_rpc_agent_api.DhcpAgentNotifyAPI._native_event_send_dhcp_notification-3710297', 'neutron.db.l3_db.L3RpcNotifierMixin._notify_gateway_port_ip_changed-8733445124491', 'neutron.db.l3_dvrscheduler_db._notify_l3_agent_port_update-8733444664697', 'neutron.db.l3_hascheduler_db._notify_l3_agent_ha_port_update-8733444664715'] for port (d523aab7-2d4a-4fe3-9575-bface9cd083c), after_update {{(pid=110689) _notify_loop /usr/local/lib/python3.8/dist-packages/neutron_lib/callbacks/manager.py:176}}
May 12 18:46:42.242339 dv-neutron-841622-1-hyperv neutron-server[110690]: DEBUG neutron_lib.callbacks.manager [None req-8a31c5b6-9bd2-47c1-aeca-7a944b72da9e None None] Publish callbacks [] for port (49165336-d6fc-4cad-80d3-3199a72bfd1f), precommit_update {{(pid=110690) _notify_loop /usr/local/lib/python3.8/dist-packages/neutron_lib/callbacks/manager.py:176}}
May 12 18:46:42.249001 dv-neutron-841622-1-hyperv neutron-server[110687]: DEBUG neutron_lib.callbacks.manager [None req-0075be11-306c-4fdb-a361-6c22a8853ebc admin admin] Publish callbacks ['neutron.plugins.ml2.plugin.SecurityGroupServerNotifierRpcMixin._notify_sg_on_port_change-702953', 'neutron.plugins.ml2.ovo_rpc._ObjectChangeHandler.handle_event-512989', 'neutron.api.rpc.agentnotifiers.dhcp_rpc_agent_api.DhcpAgentNotifyAPI._native_event_send_dhcp_notification-3710297', 'neutron.db.l3_db.L3RpcNotifierMixin._notify_gateway_port_ip_changed-8733445124491', 'neutron.db.l3_dvrscheduler_db._notify_l3_agent_port_update-8733444664697', 'neutron.db.l3_hascheduler_db._notify_l3_agent_ha_port_update-8733444664715'] for port (412b4608-d4d5-4346-b30f-3df5bed4652b), after_update {{(pid=110687) _notify_loop /usr/local/lib/python3.8/dist-packages/neutron_lib/callbacks/manager.py:176}}
May 12 18:46:42.249849 dv-neutron-841622-1-hyperv neutron-server[110687]: DEBUG neutron_lib.callbacks.manager [None req-0075be11-306c-4fdb-a361-6c22a8853ebc admin admin] Publish callbacks ['neutron.api.rpc.agentnotifiers.dhcp_rpc_agent_api.DhcpAgentNotifyAPI._after_router_interface_created-3710283', 'neutron.services.l3_router.l3_router_plugin.DVRResourceOperationHandler._update_snat_v6_addrs_after_intf_update-3863984'] for router_interface (c5776278-31a4-43bf-ab54-846e2ee6b8cf), after_create {{(pid=110687) _notify_loop /usr/local/lib/python3.8/dist-packages/neutron_lib/callbacks/manager.py:176}}
May 12 18:46:42.251228 dv-neutron-841622-1-hyperv neutron-server[110690]: DEBUG neutron_lib.callbacks.manager [None req-8a31c5b6-9bd2-47c1-aeca-7a944b72da9e None None] Publish callbacks ['neutron.plugins.ml2.plugin.SecurityGroupServerNotifierRpcMixin._notify_sg_on_port_change-702953', 'neutron.plugins.ml2.ovo_rpc._ObjectChangeHandler.handle_event-512989', 'neutron.api.rpc.agentnotifiers.dhcp_rpc_agent_api.DhcpAgentNotifyAPI._native_event_send_dhcp_notification-3710297', 'neutron.db.l3_db.L3RpcNotifierMixin._notify_gateway_port_ip_changed-8733445124491', 'neutron.db.l3_dvrscheduler_db._notify_l3_agent_port_update-8733444664697', 'neutron.db.l3_hascheduler_db._notify_l3_agent_ha_port_update-8733444664715'] for port (49165336-d6fc-4cad-80d3-3199a72bfd1f), after_update {{(pid=110690) _notify_loop /usr/local/lib/python3.8/dist-packages/neutron_lib/callbacks/manager.py:176}}
