May 12 18:46:43.190992 dv-neutron-841622-1-hyperv neutron-server[110690]: DEBUG neutron.api.rpc.handlers.l3_rpc [None req-8a31c5b6-9bd2-47c1-aeca-7a944b72da9e None None] The sync data for ids ['c902b769-b1f2-49d9-b637-8111d1d984c2'] in dv-neutron-841622-1-hyperv is: [{'id': 'c902b769-b1f2-49d9-b637-8111d1d984c2', 'name': 'tempest-ServersTestManualDisk-214182407-router', 'tenant_id': '3f66165034a9441d98f1faefc04130bf', 'admin_state_up': True, 'status': 'ACTIVE', 'external_gateway_info': {'network_id': '855580bd-cd05-432c-9fd9-6ee2b9fe501d', 'external_fixed_ips': [{'subnet_id': '6315b3b2-f906-4b3d-97ac-2aaa54b48524', 'ip_address': '172.26.0.232'}], 'enable_snat': True}, 'gw_port_id': '49165336-d6fc-4cad-80d3-3199a72bfd1f', 'description': '', 'availability_zones': ['nova'], 'distributed': False, 'ha': False, 'ha_vr_id': 0, 'availability_zone_hints': [], 'routes': [], 'flavor_id': None, 'tags': [], 'created_at': '2022-05-12T18:46:35Z', 'updated_at': '2022-05-12T18:46:36Z', 'revision_number': 3, 'project_id': '3f66165034a9441d98f1faefc04130bf', 'gw_port': {'id': '49165336-d6fc-4cad-80d3-3199a72bfd1f', 'name': '', 'network_id': '855580bd-cd05-432c-9fd9-6ee2b9fe501d', 'tenant_id': '', 'mac_address': 'fa:16:3e:cc:c6:7c', 'admin_state_up': True, 'status': 'DOWN', 'device_id': 'c902b769-b1f2-49d9-b637-8111d1d984c2', 'device_owner': 'network:router_gateway', 'standard_attr_id': 52, 'fixed_ips': [{'subnet_id': '6315b3b2-f906-4b3d-97ac-2aaa54b48524', 'ip_address': '172.26.0.232', 'prefixlen': 24}], 'allowed_address_pairs': [], 'extra_dhcp_opts': [], 'security_groups': [], 'description': '', 'binding:vnic_type': 'normal', 'binding:profile': {}, 'binding:host_id': 'dv-neutron-841622-1-hyperv', 'binding:vif_type': 'ovs', 'binding:vif_details': {'connectivity': 'l2', 'port_filter': True, 'ovs_hybrid_plug': False, 'datapath_type': 'system', 'bridge_name': 'br-int', 'bound_drivers': {'0': 'openvswitch'}}, 'port_security_enabled': False, 'tags': [], 'created_at': '2022-05-12T18:46:36Z', 'updated_at': '2022-05-12T18:46:42Z', 'revision_number': 3, 'project_id': '', 'subnets': [{'id': '6315b3b2-f906-4b3d-97ac-2aaa54b48524', 'cidr': '172.26.0.0/24', 'gateway_ip': '172.26.0.1', 'dns_nameservers': [], 'ipv6_ra_mode': None, 'subnetpool_id': None}], 'extra_subnets': [], 'address_scopes': {4: None, 6: None}, 'mtu': 1500}, 'enable_snat': True, 'gw_port_host': 'dv-neutron-841622-1-hyperv'}] {{(pid=110690) sync_routers /opt/stack/neutron/neutron/api/rpc/handlers/l3_rpc.py:137}}
May 12 18:46:43.199165 dv-neutron-841622-1-hyperv neutron-server[110689]: DEBUG neutron.db.l3_dvr_db [None req-b8b5d275-8aad-43d8-b534-a62ba94ef30e None None] Set router c5776278-31a4-43bf-ab54-846e2ee6b8cf gateway port host: dv-neutron-841622-1-hyperv {{(pid=110689) _build_routers_list /opt/stack/neutron/neutron/db/l3_dvr_db.py:906}}
May 12 18:46:43.203156 dv-neutron-841622-1-hyperv neutron-server[110688]: DEBUG neutron.api.v2.base [None req-766e7738-ee17-468b-a21d-a07b4637135f tempest-FloatingIPAdminTestJSON-1606465409 tempest-FloatingIPAdminTestJSON-1606465409-project] Request body: {'network': {'name': 'tempest-FloatingIPAdminTestJSON-test-network-225438898'}} {{(pid=110688) prepare_request_body /opt/stack/neutron/neutron/api/v2/base.py:730}}
May 12 18:46:43.208303 dv-neutron-841622-1-hyperv neutron-server[110687]: DEBUG neutron_lib.callbacks.manager [None req-78c507b2-caac-4428-983c-2ab08cffa9da tempest-AllowedAddressPairTestJSON-1491307969 tempest-AllowedAddressPairTestJSON-1491307969-project] Publish callbacks ['neutron.services.segments.db._add_segment_host_mapping_for_segment-8733445209613', 'neutron.plugins.ml2.plugin.Ml2Plugin._handle_segment_change-877824'] for segment (9d4ce107-ee5a-40eb-a951-94dc9f500e2a), precommit_create {{(pid=110687) _notify_loop /usr/local/lib/python3.8/dist-packages/neutron_lib/callbacks/manager.py:176}}
May 12 18:46:43.209214 dv-neutron-841622-1-hyperv neutron-server[110687]: INFO neutron.db.segments_db [None req-78c507b2-caac-4428-983c-2ab08cffa9da tempest-AllowedAddressPairTestJSON-1491307969 tempest-AllowedAddressPairTestJSON-1491307969-project] Added segment 9d4ce107-ee5a-40eb-a951-94dc9f500e2a of type vlan for network 000c50ff-867b-41de-8f57-51c5a0d77874
May 12 18:46:43.211413 dv-neutron-841622-1-hyperv neutron-server[110688]: DEBUG neutron_lib.callbacks.manager [None req-6d733874-c59e-4cfd-bd16-8a5fdaf3e77a tempest-RoutersAdminNegativeTest-1115385221 tempest-RoutersAdminNegativeTest-1115385221-project-admin] Publish callbacks [] for router_gateway (96b7f7cd-3dea-48be-a087-77942b65ebaa), precommit_update {{(pid=110688) _notify_loop /usr/local/lib/python3.8/dist-packages/neutron_lib/callbacks/manager.py:176}}
May 12 18:46:43.225790 dv-neutron-841622-1-hyperv neutron-server[110688]: DEBUG neutron_lib.callbacks.manager [None req-187d9534-6e41-4a07-b734-630b528518d8 tempest-ExternalNetworksTestJSON-1865498049 tempest-ExternalNetworksTestJSON-1865498049-project-admin] Publish callbacks ['neutron.plugins.ml2.plugin.Ml2Plugin._handle_segment_change-877824'] for segment (f37c5e56-ff3b-4cd3-a9d1-da647af87dfa), precommit_delete {{(pid=110688) _notify_loop /usr/local/lib/python3.8/dist-packages/neutron_lib/callbacks/manager.py:176}}
May 12 18:46:43.283951 dv-neutron-841622-1-hyperv neutron-server[110687]: DEBUG neutron.api.rpc.handlers.resources_rpc [None req-78c507b2-caac-4428-983c-2ab08cffa9da tempest-AllowedAddressPairTestJSON-1491307969 tempest-AllowedAddressPairTestJSON-1491307969-project] Pushing event updated for resources: {'SecurityGroup': ['ID=c446f4e4-3592-4df2-8f15-bffcaa074e99,revision_number=1']} {{(pid=110687) push /opt/stack/neutron/neutron/api/rpc/handlers/resources_rpc.py:237}}
May 12 18:46:43.350171 dv-neutron-841622-1-hyperv neutron-server[110687]: DEBUG neutron.scheduler.l3_agent_scheduler [None req-0075be11-306c-4fdb-a361-6c22a8853ebc admin admin] Router c5776278-31a4-43bf-ab54-846e2ee6b8cf has already been hosted by L3 agent 300cff24-7af3-47b8-847e-f65d95ecce28 {{(pid=110687) _get_candidates /opt/stack/neutron/neutron/scheduler/l3_agent_scheduler.py:126}}
May 12 18:46:43.359944 dv-neutron-841622-1-hyperv neutron-server[110688]: DEBUG neutron.plugins.ml2.drivers.type_vlan [None req-187d9534-6e41-4a07-b734-630b528518d8 tempest-ExternalNetworksTestJSON-1865498049 tempest-ExternalNetworksTestJSON-1865498049-project-admin] Releasing vlan 191 on physical network physnet1 to pool {{(pid=110688) release_segment /opt/stack/neutron/neutron/plugins/ml2/drivers/type_vlan.py:304}}
May 12 18:46:43.360346 dv-neutron-841622-1-hyperv neutron-server[110688]: DEBUG neutron_lib.callbacks.manager [None req-187d9534-6e41-4a07-b734-630b528518d8 tempest-ExternalNetworksTestJSON-1865498049 tempest-ExternalNetworksTestJSON-1865498049-project-admin] Publish callbacks ['neutron.plugins.ml2.plugin.Ml2Plugin._handle_segment_change-877824', 'neutron.services.segments.plugin.NovaSegmentNotifier._notify_segment_deleted-9258037'] for segment (f37c5e56-ff3b-4cd3-a9d1-da647af87dfa), after_delete {{(pid=110688) _notify_loop /usr/local/lib/python3.8/dist-packages/neutron_lib/callbacks/manager.py:176}}
May 12 18:46:43.376922 dv-neutron-841622-1-hyperv neutron-server[110687]: DEBUG neutron_lib.callbacks.manager [None req-78c507b2-caac-4428-983c-2ab08cffa9da tempest-AllowedAddressPairTestJSON-1491307969 tempest-AllowedAddressPairTestJSON-1491307969-project] Publish callbacks ['neutron.services.auto_allocate.db._ensure_external_network_default_value_callback-8733444651165'] for network (000c50ff-867b-41de-8f57-51c5a0d77874), precommit_create {{(pid=110687) _notify_loop /usr/local/lib/python3.8/dist-packages/neutron_lib/callbacks/manager.py:176}}
May 12 18:46:43.394381 dv-neutron-841622-1-hyperv neutron-server[110689]: DEBUG neutron_lib.callbacks.manager [None req-a7572313-264b-4bb2-b706-ec0cebf1c528 None None] Publish callbacks ['neutron.services.segments.db._update_segment_host_mapping_for_agent-8733445209604', 'neutron.plugins.ml2.plugin.Ml2Plugin._retry_binding_revived_agents-888717'] for agent (659a06de-851e-44f3-81c0-679d6524db5a), after_update {{(pid=110689) _notify_loop /usr/local/lib/python3.8/dist-packages/neutron_lib/callbacks/manager.py:176}}
May 12 18:46:43.403706 dv-neutron-841622-1-hyperv neutron-server[110688]: /usr/lib/python3/dist-packages/secretstorage/dhcrypto.py:15: CryptographyDeprecationWarning: int_from_bytes is deprecated, use int.from_bytes instead
May 12 18:46:43.403706 dv-neutron-841622-1-hyperv neutron-server[110688]: from cryptography.utils import int_from_bytes
May 12 18:46:43.403706 dv-neutron-841622-1-hyperv neutron-server[110688]: /usr/lib/python3/dist-packages/secretstorage/util.py:19: CryptographyDeprecationWarning: int_from_bytes is deprecated, use int.from_bytes instead
May 12 18:46:43.403706 dv-neutron-841622-1-hyperv neutron-server[110688]: from cryptography.utils import int_from_bytes
May 12 18:46:43.403706 dv-neutron-841622-1-hyperv neutron-server[110688]: /opt/stack/neutron/neutron/extensions/quotasv2.py:141: UserWarning: Neutron quota engine will require "--force" parameter to set a quota limit without checking the resource usage.
May 12 18:46:43.403706 dv-neutron-841622-1-hyperv neutron-server[110688]: warnings.warn('Neutron quota engine will require "--force" '
May 12 18:46:43.403706 dv-neutron-841622-1-hyperv neutron-server[110688]: Traceback (most recent call last):
May 12 18:46:43.403706 dv-neutron-841622-1-hyperv neutron-server[110688]: File "/usr/local/lib/python3.8/dist-packages/eventlet/hubs/hub.py", line 476, in fire_timers
May 12 18:46:43.403706 dv-neutron-841622-1-hyperv neutron-server[110688]: timer()
May 12 18:46:43.403706 dv-neutron-841622-1-hyperv neutron-server[110688]: File "/usr/local/lib/python3.8/dist-packages/eventlet/hubs/timer.py", line 59, in __call__
May 12 18:46:43.403706 dv-neutron-841622-1-hyperv neutron-server[110688]: cb(*args, **kw)
May 12 18:46:43.403706 dv-neutron-841622-1-hyperv neutron-server[110688]: File "/opt/stack/neutron/neutron/common/utils.py", line 922, in wrapper
May 12 18:46:43.403706 dv-neutron-841622-1-hyperv neutron-server[110688]: return func(*args, **kwargs)
May 12 18:46:43.403706 dv-neutron-841622-1-hyperv neutron-server[110688]: File "/opt/stack/neutron/neutron/notifiers/batch_notifier.py", line 58, in synced_send
May 12 18:46:43.403706 dv-neutron-841622-1-hyperv neutron-server[110688]: self._notify()
May 12 18:46:43.403706 dv-neutron-841622-1-hyperv neutron-server[110688]: File "/opt/stack/neutron/neutron/notifiers/batch_notifier.py", line 69, in _notify
May 12 18:46:43.403706 dv-neutron-841622-1-hyperv neutron-server[110688]: self.callback(batched_events)
May 12 18:46:43.403706 dv-neutron-841622-1-hyperv neutron-server[110688]: File "/opt/stack/neutron/neutron/services/segments/plugin.py", line 211, in _send_notifications
May 12 18:46:43.403706 dv-neutron-841622-1-hyperv neutron-server[110688]: event.method(event)
May 12 18:46:43.403706 dv-neutron-841622-1-hyperv neutron-server[110688]: File "/opt/stack/neutron/neutron/services/segments/plugin.py", line 383, in _delete_nova_inventory
May 12 18:46:43.403706 dv-neutron-841622-1-hyperv neutron-server[110688]: aggregate_id = self._get_aggregate_id(event.segment_id)
May 12 18:46:43.403706 dv-neutron-841622-1-hyperv neutron-server[110688]: File "/opt/stack/neutron/neutron/services/segments/plugin.py", line 370, in _get_aggregate_id
May 12 18:46:43.403706 dv-neutron-841622-1-hyperv neutron-server[110688]: aggregate_uuid = self.p_client.list_aggregates(
May 12 18:46:43.403706 dv-neutron-841622-1-hyperv neutron-server[110688]: File "/usr/local/lib/python3.8/dist-packages/neutron_lib/placement/client.py", line 58, in wrapper
May 12 18:46:43.403706 dv-neutron-841622-1-hyperv neutron-server[110688]: return f(self, *a, **k)
May 12 18:46:43.403706 dv-neutron-841622-1-hyperv neutron-server[110688]: File "/usr/local/lib/python3.8/dist-packages/neutron_lib/placement/client.py", line 554, in list_aggregates
May 12 18:46:43.403706 dv-neutron-841622-1-hyperv neutron-server[110688]: return self._get(url).json()
May 12 18:46:43.403706 dv-neutron-841622-1-hyperv neutron-server[110688]: File "/usr/local/lib/python3.8/dist-packages/neutron_lib/placement/client.py", line 190, in _get
May 12 18:46:43.403706 dv-neutron-841622-1-hyperv neutron-server[110688]: return self._client.get(url, endpoint_filter=self._ks_filter,
May 12 18:46:43.403706 dv-neutron-841622-1-hyperv neutron-server[110688]: File "/usr/local/lib/python3.8/dist-packages/keystoneauth1/session.py", line 1141, in get
May 12 18:46:43.403706 dv-neutron-841622-1-hyperv neutron-server[110688]: return self.request(url, 'GET', **kwargs)
May 12 18:46:43.403706 dv-neutron-841622-1-hyperv neutron-server[110688]: File "/usr/local/lib/python3.8/dist-packages/keystoneauth1/session.py", line 811, in request
May 12 18:46:43.403706 dv-neutron-841622-1-hyperv neutron-server[110688]: base_url = self.get_endpoint(auth, allow=allow,
May 12 18:46:43.403706 dv-neutron-841622-1-hyperv neutron-server[110688]: File "/usr/local/lib/python3.8/dist-packages/keystoneauth1/session.py", line 1241, in get_endpoint
May 12 18:46:43.403706 dv-neutron-841622-1-hyperv neutron-server[110688]: auth = self._auth_required(auth, 'determine endpoint URL')
May 12 18:46:43.403706 dv-neutron-841622-1-hyperv neutron-server[110688]: File "/usr/local/lib/python3.8/dist-packages/keystoneauth1/session.py", line 1181, in _auth_required
May 12 18:46:43.403706 dv-neutron-841622-1-hyperv neutron-server[110688]: raise exceptions.MissingAuthPlugin(msg_fmt % msg)
May 12 18:46:43.403706 dv-neutron-841622-1-hyperv neutron-server[110688]: keystoneauth1.exceptions.auth_plugins.MissingAuthPlugin: An auth plugin is required to determine endpoint URL
May 12 18:46:43.416510 dv-neutron-841622-1-hyperv neutron-server[110689]: DEBUG neutron.db.provisioning_blocks [None req-51f9ea64-fb5b-4736-a651-f46e774a5d50 None None] Provisioning complete for port 412b4608-d4d5-4346-b30f-3df5bed4652b triggered by entity DHCP. {{(pid=110689) provisioning_complete /opt/stack/neutron/neutron/db/provisioning_blocks.py:145}}
May 12 18:46:43.416935 dv-neutron-841622-1-hyperv neutron-server[110689]: DEBUG neutron_lib.callbacks.manager [None req-51f9ea64-fb5b-4736-a651-f46e774a5d50 None None] Publish callbacks ['neutron.plugins.ml2.plugin.Ml2Plugin._port_provisioned-888791'] for port (412b4608-d4d5-4346-b30f-3df5bed4652b), provisioning_complete {{(pid=110689) _notify_loop /usr/local/lib/python3.8/dist-packages/neutron_lib/callbacks/manager.py:176}}
May 12 18:46:43.531602 dv-neutron-841622-1-hyperv neutron-server[110687]: DEBUG neutron_lib.callbacks.manager [None req-78c507b2-caac-4428-983c-2ab08cffa9da tempest-AllowedAddressPairTestJSON-1491307969 tempest-AllowedAddressPairTestJSON-1491307969-project] Publish callbacks ['neutron.plugins.ml2.ovo_rpc._ObjectChangeHandler.handle_event-3876496', 'neutron.api.rpc.agentnotifiers.dhcp_rpc_agent_api.DhcpAgentNotifyAPI._native_event_send_dhcp_notification-3710297'] for network (000c50ff-867b-41de-8f57-51c5a0d77874), after_create {{(pid=110687) _notify_loop /usr/local/lib/python3.8/dist-packages/neutron_lib/callbacks/manager.py:176}}
May 12 18:46:43.538111 dv-neutron-841622-1-hyperv neutron-server[110687]: DEBUG neutron.pecan_wsgi.hooks.policy_enforcement [None req-78c507b2-caac-4428-983c-2ab08cffa9da tempest-AllowedAddressPairTestJSON-1491307969 tempest-AllowedAddressPairTestJSON-1491307969-project] Attributes excluded by policy engine: ['standard_attr_id', 'provider:network_type', 'provider:physical_network', 'provider:segmentation_id', 'vlan_transparent'] {{(pid=110687) _exclude_attributes_by_policy /opt/stack/neutron/neutron/pecan_wsgi/hooks/policy_enforcement.py:259}}
May 12 18:46:43.538778 dv-neutron-841622-1-hyperv neutron-server[110687]: DEBUG neutron_lib.callbacks.manager [None req-78c507b2-caac-4428-983c-2ab08cffa9da tempest-AllowedAddressPairTestJSON-1491307969 tempest-AllowedAddressPairTestJSON-1491307969-project] Publish callbacks ['neutron.api.rpc.agentnotifiers.dhcp_rpc_agent_api.DhcpAgentNotifyAPI._send_dhcp_notification-3710327'] for network (None), before_response {{(pid=110687) _notify_loop /usr/local/lib/python3.8/dist-packages/neutron_lib/callbacks/manager.py:176}}
May 12 18:46:43.546350 dv-neutron-841622-1-hyperv neutron-server[110688]: DEBUG neutron_lib.callbacks.manager [None req-282b5c51-f035-4772-9a97-2c6b230dad03 admin admin] Publish callbacks [] for port (ddc9c283-d6c1-410e-a04b-3041a151481d), precommit_create {{(pid=110688) _notify_loop /usr/local/lib/python3.8/dist-packages/neutron_lib/callbacks/manager.py:176}}
May 12 18:46:43.570368 dv-neutron-841622-1-hyperv neutron-server[110689]: DEBUG neutron.plugins.ml2.plugin [None req-51f9ea64-fb5b-4736-a651-f46e774a5d50 None None] Port 412b4608-d4d5-4346-b30f-3df5bed4652b cannot update to ACTIVE because it is not bound. {{(pid=110689) _port_provisioned /opt/stack/neutron/neutron/plugins/ml2/plugin.py:352}}
May 12 18:46:43.596882 dv-neutron-841622-1-hyperv neutron-server[110688]: INFO neutron.pecan_wsgi.hooks.translation [None req-5722d313-13c9-4e12-b246-eada3b29b301 tempest-ExternalNetworksAdminNegativeTestJSON-1960793307 tempest-ExternalNetworksAdminNegativeTestJSON-1960793307-project-admin] POST failed (client error): There was a conflict when trying to complete your request.
May 12 18:46:43.597858 dv-neutron-841622-1-hyperv neutron-server[110688]: DEBUG neutron.pecan_wsgi.hooks.notifier [None req-5722d313-13c9-4e12-b246-eada3b29b301 tempest-ExternalNetworksAdminNegativeTestJSON-1960793307 tempest-ExternalNetworksAdminNegativeTestJSON-1960793307-project-admin] No notification will be sent due to unsuccessful status code: 409 {{(pid=110688) after /opt/stack/neutron/neutron/pecan_wsgi/hooks/notifier.py:78}}
May 12 18:46:43.602360 dv-neutron-841622-1-hyperv neutron-server[110687]: DEBUG neutron.api.rpc.agentnotifiers.l3_rpc_agent_api [None req-0075be11-306c-4fdb-a361-6c22a8853ebc admin admin] Notify agent at l3_agent.dv-neutron-841622-1-hyperv the message routers_updated {{(pid=110687) _agent_notification /opt/stack/neutron/neutron/api/rpc/agentnotifiers/l3_rpc_agent_api.py:65}}
May 12 18:46:43.607806 dv-neutron-841622-1-hyperv neutron-server[110687]: INFO neutron.wsgi [None req-0075be11-306c-4fdb-a361-6c22a8853ebc admin admin] 10.222.0.60 "PUT /v2.0/routers/c5776278-31a4-43bf-ab54-846e2ee6b8cf/add_router_interface HTTP/1.1" status: 200 len: 503 time: 3.8348658
May 12 18:46:43.699534 dv-neutron-841622-1-hyperv neutron-server[110688]: DEBUG neutron_lib.callbacks.manager [None req-187d9534-6e41-4a07-b734-630b528518d8 tempest-ExternalNetworksTestJSON-1865498049 tempest-ExternalNetworksTestJSON-1865498049-project-admin] Publish callbacks ['neutron.plugins.ml2.plugin.Ml2Plugin._network_delete_after_delete_handler-915317', 'neutron.plugins.ml2.ovo_rpc._ObjectChangeHandler.handle_event-3876496', 'neutron.api.rpc.agentnotifiers.dhcp_rpc_agent_api.DhcpAgentNotifyAPI._native_event_send_dhcp_notification-3710297', 'neutron.services.l3_router.l3_router_plugin.DVRResourceOperationHandler.delete_fip_namespaces_for_ext_net-3862977'] for network (31b722a5-f94f-4b87-9cff-c8bc2734e1f0), after_delete {{(pid=110688) _notify_loop /usr/local/lib/python3.8/dist-packages/neutron_lib/callbacks/manager.py:176}}
May 12 18:46:43.787657 dv-neutron-841622-1-hyperv neutron-server[110688]: DEBUG neutron.api.rpc.agentnotifiers.l3_rpc_agent_api [None req-187d9534-6e41-4a07-b734-630b528518d8 tempest-ExternalNetworksTestJSON-1865498049 tempest-ExternalNetworksTestJSON-1865498049-project-admin] Fanout notify agent at l3_agent the message fipnamespace_delete_on_ext_net for external_network 31b722a5-f94f-4b87-9cff-c8bc2734e1f0 {{(pid=110688) _notification_fanout /opt/stack/neutron/neutron/api/rpc/agentnotifiers/l3_rpc_agent_api.py:120}}
May 12 18:46:43.801011 dv-neutron-841622-1-hyperv neutron-server[110688]: DEBUG neutron_lib.callbacks.manager [None req-187d9534-6e41-4a07-b734-630b528518d8 tempest-ExternalNetworksTestJSON-1865498049 tempest-ExternalNetworksTestJSON-1865498049-project-admin] Publish callbacks ['neutron.api.rpc.agentnotifiers.dhcp_rpc_agent_api.DhcpAgentNotifyAPI._send_dhcp_notification-3710327'] for network (None), before_response {{(pid=110688) _notify_loop /usr/local/lib/python3.8/dist-packages/neutron_lib/callbacks/manager.py:176}}
May 12 18:46:43.804654 dv-neutron-841622-1-hyperv neutron-server[110688]: INFO neutron.wsgi [None req-187d9534-6e41-4a07-b734-630b528518d8 tempest-ExternalNetworksTestJSON-1865498049 tempest-ExternalNetworksTestJSON-1865498049-project-admin] 10.222.0.60 "DELETE /v2.0/networks/31b722a5-f94f-4b87-9cff-c8bc2734e1f0 HTTP/1.1" status: 204 len: 168 time: 2.5154533
May 12 18:46:43.820469 dv-neutron-841622-1-hyperv neutron-server[110688]: DEBUG neutron.pecan_wsgi.hooks.quota_enforcement [None req-766e7738-ee17-468b-a21d-a07b4637135f tempest-FloatingIPAdminTestJSON-1606465409 tempest-FloatingIPAdminTestJSON-1606465409-project] Made reservation on behalf of 618d521d858d4968adf6ae73e406b16c for: {'network': 1} {{(pid=110688) before /opt/stack/neutron/neutron/pecan_wsgi/hooks/quota_enforcement.py:53}}
May 12 18:46:43.823951 dv-neutron-841622-1-hyperv neutron-server[110688]: DEBUG neutron_lib.callbacks.manager [None req-766e7738-ee17-468b-a21d-a07b4637135f tempest-FloatingIPAdminTestJSON-1606465409 tempest-FloatingIPAdminTestJSON-1606465409-project] Publish callbacks ['neutron.plugins.ml2.plugin.SecurityGroupDbMixin._ensure_default_security_group_handler-702791'] for network (None), before_create {{(pid=110688) _notify_loop /usr/local/lib/python3.8/dist-packages/neutron_lib/callbacks/manager.py:176}}
May 12 18:46:43.838669 dv-neutron-841622-1-hyperv neutron-server[110688]: DEBUG neutron.db.db_base_plugin_common [None req-3b335993-96fd-4f86-8527-ef90bbda2116 tempest-DHCPAgentSchedulersTestJSON-1134284795 tempest-DHCPAgentSchedulersTestJSON-1134284795-project] Allocated IP 172.20.0.5 (21d43fcd-b71f-4c47-a36f-58cd374ff443/5486dff0-e76b-40b6-9914-3be3c1ace5fd/d3941aab-c56c-4b46-b097-9ba1b8618a0a) {{(pid=110688) _store_ip_allocation /opt/stack/neutron/neutron/db/db_base_plugin_common.py:131}}
May 12 18:46:43.846338 dv-neutron-841622-1-hyperv neutron-server[110688]: DEBUG neutron.wsgi [-] (110688) accepted ('10.222.0.60', 36264) {{(pid=110688) server /usr/local/lib/python3.8/dist-packages/eventlet/wsgi.py:1004}}
May 12 18:46:43.847129 dv-neutron-841622-1-hyperv neutron-server[110688]: DEBUG neutron_lib.callbacks.manager [None req-766e7738-ee17-468b-a21d-a07b4637135f tempest-FloatingIPAdminTestJSON-1606465409 tempest-FloatingIPAdminTestJSON-1606465409-project] Publish callbacks [] for security_group (None), before_create {{(pid=110688) _notify_loop /usr/local/lib/python3.8/dist-packages/neutron_lib/callbacks/manager.py:176}}
May 12 18:46:43.862062 dv-neutron-841622-1-hyperv neutron-server[110689]: DEBUG neutron.db.l3_hamode_db [None req-b8b5d275-8aad-43d8-b534-a62ba94ef30e None None] neutron.services.l3_router.l3_router_plugin.L3RouterPlugin method _process_sync_ha_data called with arguments (, [{'id': 'c5776278-31a4-43bf-ab54-846e2ee6b8cf', 'name': 'tempest-ServersTestJSON-1209208494-router', 'tenant_id': '2bc28b21eb894c549470be2882c788e8', 'admin_state_up': True, 'status': 'ACTIVE', 'external_gateway_info': {'network_id': '855580bd-cd05-432c-9fd9-6ee2b9fe501d', 'external_fixed_ips': [{'subnet_id': '6315b3b2-f906-4b3d-97ac-2aaa54b48524', 'ip_address': '172.26.0.220'}], 'enable_snat': True}, 'gw_port_id': '8575356e-4ca1-46f2-9fd6-dc7bc79c5fa0', 'description': '', 'availability_zones': ['nova'], 'distributed': False, 'ha': False, 'ha_vr_id': 0, 'availability_zone_hints': [], 'routes': [], 'flavor_id': None, 'tags': [], 'created_at': '2022-05-12T18:46:35Z', 'updated_at': '2022-05-12T18:46:41Z', 'revision_number': 4, 'project_id': '2bc28b21eb894c549470be2882c788e8', 'gw_port': {'id': '8575356e-4ca1-46f2-9fd6-dc7bc79c5fa0', 'name': '', 'network_id': '855580bd-cd05-432c-9fd9-6ee2b9fe501d', 'tenant_id': '', 'mac_address': 'fa:16:3e:9c:e3:b5', 'admin_state_up': True, 'status': 'DOWN', 'device_id': 'c5776278-31a4-43bf-ab54-846e2ee6b8cf', 'device_owner': 'network:router_gateway', 'standard_attr_id': 51, 'fixed_ips': [{'subnet_id': '6315b3b2-f906-4b3d-97ac-2aaa54b48524', 'ip_address': '172.26.0.220', 'prefixlen': 24}], 'allowed_address_pairs': [], 'extra_dhcp_opts': [], 'security_groups': [], 'description': '', 'binding:vnic_type': 'normal', 'binding:profile': {}, 'binding:host_id': 'dv-neutron-841622-1-hyperv', 'binding:vif_type': 'ovs', 'binding:vif_details': {'connectivity': 'l2', 'port_filter': True, 'ovs_hybrid_plug': False, 'datapath_type': 'system', 'bridge_name': 'br-int', 'bound_drivers': {'0': 'openvswitch'}}, 'port_security_enabled': False, 'tags': [], 'created_at': '2022-05-12T18:46:36Z', 'updated_at': '2022-05-12T18:46:42Z', 'revision_number': 3, 'project_id': '', 'subnets': [{'id': '6315b3b2-f906-4b3d-97ac-2aaa54b48524', 'cidr': '172.26.0.0/24', 'gateway_ip': '172.26.0.1', 'dns_nameservers': [], 'ipv6_ra_mode': None, 'subnetpool_id': None}], 'extra_subnets': [], 'address_scopes': {4: None, 6: None}, 'mtu': 1500}, 'enable_snat': True, 'gw_port_host': 'dv-neutron-841622-1-hyperv', '_interfaces': [{'id': '412b4608-d4d5-4346-b30f-3df5bed4652b', 'name': '', 'network_id': '662e6def-b648-4c2d-b8a1-527ba1f97126', 'tenant_id': '2bc28b21eb894c549470be2882c788e8', 'mac_address': 'fa:16:3e:d8:ea:02', 'admin_state_up': True, 'status': 'DOWN', 'device_id': 'c5776278-31a4-43bf-ab54-846e2ee6b8cf', 'device_owner': 'network:router_interface', 'standard_attr_id': 92, 'fixed_ips': [{'subnet_id': '6caffd4e-5de6-40be-b831-615d8e11fca8', 'ip_address': '172.20.0.1', 'prefixlen': 28}], 'allowed_address_pairs': [], 'extra_dhcp_opts': [], 'security_groups': [], 'description': '', 'binding:vnic_type': 'normal', 'binding:profile': {}, 'binding:host_id': '', 'binding:vif_type': 'unbound', 'binding:vif_details': {}, 'port_security_enabled': False, 'tags': [], 'created_at': '2022-05-12T18:46:40Z', 'updated_at': '2022-05-12T18:46:41Z', 'revision_number': 2, 'project_id': '2bc28b21eb894c549470be2882c788e8', 'subnets': [{'id': '6caffd4e-5de6-40be-b831-615d8e11fca8', 'cidr': '172.20.0.0/28', 'gateway_ip': '172.20.0.1', 'dns_nameservers': [], 'ipv6_ra_mode': None, 'subnetpool_id': None}], 'extra_subnets': [], 'address_scopes': {4: None, 6: None}, 'mtu': 1500}]}], 'dv-neutron-841622-1-hyperv', False) {} {{(pid=110689) wrapper /usr/local/lib/python3.8/dist-packages/oslo_log/helpers.py:65}}
May 12 18:46:43.866243 dv-neutron-841622-1-hyperv neutron-server[110688]: DEBUG neutron.api.v2.base [None req-dad4ca2e-a0cd-43a1-ab67-db33eb49b87d tempest-ExternalNetworksTestJSON-1865498049 tempest-ExternalNetworksTestJSON-1865498049-project-admin] Request body: {'network': {'router:external': True}} {{(pid=110688) prepare_request_body /opt/stack/neutron/neutron/api/v2/base.py:730}}
May 12 18:46:43.905178 dv-neutron-841622-1-hyperv neutron-server[110688]: INFO neutron.wsgi [None req-5722d313-13c9-4e12-b246-eada3b29b301 tempest-ExternalNetworksAdminNegativeTestJSON-1960793307 tempest-ExternalNetworksAdminNegativeTestJSON-1960793307-project-admin] 10.222.0.60 "POST /v2.0/ports HTTP/1.1" status: 409 len: 372 time: 2.8282623
May 12 18:46:43.906175 dv-neutron-841622-1-hyperv neutron-server[110688]: DEBUG neutron.api.rpc.handlers.resources_rpc [None req-187d9534-6e41-4a07-b734-630b528518d8 tempest-ExternalNetworksTestJSON-1865498049 tempest-ExternalNetworksTestJSON-1865498049-project-admin] Pushing event deleted for resources: {'Network': ['ID=31b722a5-f94f-4b87-9cff-c8bc2734e1f0,revision_number=None']} {{(pid=110688) push /opt/stack/neutron/neutron/api/rpc/handlers/resources_rpc.py:237}}
May 12 18:46:43.908981 dv-neutron-841622-1-hyperv neutron-server[110688]: DEBUG neutron.wsgi [-] (110688) accepted ('10.222.0.60', 36274) {{(pid=110688) server /usr/local/lib/python3.8/dist-packages/eventlet/wsgi.py:1004}}
May 12 18:46:43.924433 dv-neutron-841622-1-hyperv neutron-server[110687]: INFO neutron.wsgi [None req-78c507b2-caac-4428-983c-2ab08cffa9da tempest-AllowedAddressPairTestJSON-1491307969 tempest-AllowedAddressPairTestJSON-1491307969-project] 10.222.0.60 "POST /v2.0/networks HTTP/1.1" status: 201 len: 775 time: 1.8787611
May 12 18:46:43.928148 dv-neutron-841622-1-hyperv neutron-server[110687]: DEBUG neutron.wsgi [-] (110687) accepted ('10.222.0.60', 36276) {{(pid=110687) server /usr/local/lib/python3.8/dist-packages/eventlet/wsgi.py:1004}}
May 12 18:46:43.933940 dv-neutron-841622-1-hyperv neutron-server[110687]: DEBUG neutron.api.v2.base [None req-e5e0a6a0-3409-4d99-9a1a-91c7b10458f5 tempest-AllowedAddressPairTestJSON-1491307969 tempest-AllowedAddressPairTestJSON-1491307969-project] Request body: {'subnet': {'network_id': '000c50ff-867b-41de-8f57-51c5a0d77874', 'cidr': '172.20.0.0/28', 'ip_version': 4, 'gateway_ip': '172.20.0.1'}} {{(pid=110687) prepare_request_body /opt/stack/neutron/neutron/api/v2/base.py:730}}
May 12 18:46:43.939499 dv-neutron-841622-1-hyperv neutron-server[110687]: DEBUG neutron.api.rpc.handlers.resources_rpc [None req-78c507b2-caac-4428-983c-2ab08cffa9da tempest-AllowedAddressPairTestJSON-1491307969 tempest-AllowedAddressPairTestJSON-1491307969-project] Pushing event updated for resources: {'Network': ['ID=000c50ff-867b-41de-8f57-51c5a0d77874,revision_number=1']} {{(pid=110687) push /opt/stack/neutron/neutron/api/rpc/handlers/resources_rpc.py:237}}
May 12 18:46:43.960040 dv-neutron-841622-1-hyperv neutron-server[110688]: DEBUG neutron.pecan_wsgi.hooks.quota_enforcement [None req-dad4ca2e-a0cd-43a1-ab67-db33eb49b87d tempest-ExternalNetworksTestJSON-1865498049 tempest-ExternalNetworksTestJSON-1865498049-project-admin] Made reservation on behalf of 30f54997319f4b7895bb7e3f0ed9718a for: {'network': 1} {{(pid=110688) before /opt/stack/neutron/neutron/pecan_wsgi/hooks/quota_enforcement.py:53}}
May 12 18:46:43.966722 dv-neutron-841622-1-hyperv neutron-server[110689]: DEBUG neutron.api.rpc.handlers.l3_rpc [None req-b8b5d275-8aad-43d8-b534-a62ba94ef30e None None] The sync data for ids ['c5776278-31a4-43bf-ab54-846e2ee6b8cf'] in dv-neutron-841622-1-hyperv is: [{'id': 'c5776278-31a4-43bf-ab54-846e2ee6b8cf', 'name': 'tempest-ServersTestJSON-1209208494-router', 'tenant_id': '2bc28b21eb894c549470be2882c788e8', 'admin_state_up': True, 'status': 'ACTIVE', 'external_gateway_info': {'network_id': '855580bd-cd05-432c-9fd9-6ee2b9fe501d', 'external_fixed_ips': [{'subnet_id': '6315b3b2-f906-4b3d-97ac-2aaa54b48524', 'ip_address': '172.26.0.220'}], 'enable_snat': True}, 'gw_port_id': '8575356e-4ca1-46f2-9fd6-dc7bc79c5fa0', 'description': '', 'availability_zones': ['nova'], 'distributed': False, 'ha': False, 'ha_vr_id': 0, 'availability_zone_hints': [], 'routes': [], 'flavor_id': None, 'tags': [], 'created_at': '2022-05-12T18:46:35Z', 'updated_at': '2022-05-12T18:46:41Z', 'revision_number': 4, 'project_id': '2bc28b21eb894c549470be2882c788e8', 'gw_port': {'id': '8575356e-4ca1-46f2-9fd6-dc7bc79c5fa0', 'name': '', 'network_id': '855580bd-cd05-432c-9fd9-6ee2b9fe501d', 'tenant_id': '', 'mac_address': 'fa:16:3e:9c:e3:b5', 'admin_state_up': True, 'status': 'DOWN', 'device_id': 'c5776278-31a4-43bf-ab54-846e2ee6b8cf', 'device_owner': 'network:router_gateway', 'standard_attr_id': 51, 'fixed_ips': [{'subnet_id': '6315b3b2-f906-4b3d-97ac-2aaa54b48524', 'ip_address': '172.26.0.220', 'prefixlen': 24}], 'allowed_address_pairs': [], 'extra_dhcp_opts': [], 'security_groups': [], 'description': '', 'binding:vnic_type': 'normal', 'binding:profile': {}, 'binding:host_id': 'dv-neutron-841622-1-hyperv', 'binding:vif_type': 'ovs', 'binding:vif_details': {'connectivity': 'l2', 'port_filter': True, 'ovs_hybrid_plug': False, 'datapath_type': 'system', 'bridge_name': 'br-int', 'bound_drivers': {'0': 'openvswitch'}}, 'port_security_enabled': False, 'tags': [], 'created_at': '2022-05-12T18:46:36Z', 'updated_at': '2022-05-12T18:46:42Z', 'revision_number': 3, 'project_id': '', 'subnets': [{'id': '6315b3b2-f906-4b3d-97ac-2aaa54b48524', 'cidr': '172.26.0.0/24', 'gateway_ip': '172.26.0.1', 'dns_nameservers': [], 'ipv6_ra_mode': None, 'subnetpool_id': None}], 'extra_subnets': [], 'address_scopes': {4: None, 6: None}, 'mtu': 1500}, 'enable_snat': True, 'gw_port_host': 'dv-neutron-841622-1-hyperv', '_interfaces': [{'id': '412b4608-d4d5-4346-b30f-3df5bed4652b', 'name': '', 'network_id': '662e6def-b648-4c2d-b8a1-527ba1f97126', 'tenant_id': '2bc28b21eb894c549470be2882c788e8', 'mac_address': 'fa:16:3e:d8:ea:02', 'admin_state_up': True, 'status': 'DOWN', 'device_id': 'c5776278-31a4-43bf-ab54-846e2ee6b8cf', 'device_owner': 'network:router_interface', 'standard_attr_id': 92, 'fixed_ips': [{'subnet_id': '6caffd4e-5de6-40be-b831-615d8e11fca8', 'ip_address': '172.20.0.1', 'prefixlen': 28}], 'allowed_address_pairs': [], 'extra_dhcp_opts': [], 'security_groups': [], 'description': '', 'binding:vnic_type': 'normal', 'binding:profile': {}, 'binding:host_id': '', 'binding:vif_type': 'unbound', 'binding:vif_details': {}, 'port_security_enabled': False, 'tags': [], 'created_at': '2022-05-12T18:46:40Z', 'updated_at': '2022-05-12T18:46:41Z', 'revision_number': 2, 'project_id': '2bc28b21eb894c549470be2882c788e8', 'subnets': [{'id': '6caffd4e-5de6-40be-b831-615d8e11fca8', 'cidr': '172.20.0.0/28', 'gateway_ip': '172.20.0.1', 'dns_nameservers': [], 'ipv6_ra_mode': None, 'subnetpool_id': None}], 'extra_subnets': [], 'address_scopes': {4: None, 6: None}, 'mtu': 1500}]}] {{(pid=110689) sync_routers /opt/stack/neutron/neutron/api/rpc/handlers/l3_rpc.py:137}}
May 12 18:46:43.966968 dv-neutron-841622-1-hyperv neutron-server[110688]: DEBUG neutron_lib.callbacks.manager [None req-dad4ca2e-a0cd-43a1-ab67-db33eb49b87d tempest-ExternalNetworksTestJSON-1865498049 tempest-ExternalNetworksTestJSON-1865498049-project-admin] Publish callbacks ['neutron.plugins.ml2.plugin.SecurityGroupDbMixin._ensure_default_security_group_handler-702791'] for network (None), before_create {{(pid=110688) _notify_loop /usr/local/lib/python3.8/dist-packages/neutron_lib/callbacks/manager.py:176}}
May 12 18:46:43.969462 dv-neutron-841622-1-hyperv neutron-server[110689]: DEBUG neutron.plugins.ml2.rpc [None req-b6c6fb41-43ef-4349-8591-90c056b18297 None None] Network 000c50ff-867b-41de-8f57-51c5a0d77874 details requested by agent ovs-agent-dv-neutron-841622-1-hyperv with host dv-neutron-841622-1-hyperv {{(pid=110689) get_network_details /opt/stack/neutron/neutron/plugins/ml2/rpc.py:248}}
May 12 18:46:44.052783 dv-neutron-841622-1-hyperv neutron-server[110687]: DEBUG neutron.pecan_wsgi.hooks.quota_enforcement [None req-e5e0a6a0-3409-4d99-9a1a-91c7b10458f5 tempest-AllowedAddressPairTestJSON-1491307969 tempest-AllowedAddressPairTestJSON-1491307969-project] Made reservation on behalf of 45abc05ad0ea47209c7fbee4b536c50c for: {'subnet': 1} {{(pid=110687) before /opt/stack/neutron/neutron/pecan_wsgi/hooks/quota_enforcement.py:53}}
May 12 18:46:44.057311 dv-neutron-841622-1-hyperv neutron-server[110687]: DEBUG neutron_lib.callbacks.manager [None req-e5e0a6a0-3409-4d99-9a1a-91c7b10458f5 tempest-AllowedAddressPairTestJSON-1491307969 tempest-AllowedAddressPairTestJSON-1491307969-project] Publish callbacks [] for subnet (None), before_create {{(pid=110687) _notify_loop /usr/local/lib/python3.8/dist-packages/neutron_lib/callbacks/manager.py:176}}
May 12 18:46:44.088890 dv-neutron-841622-1-hyperv neutron-server[110689]: DEBUG neutron.api.rpc.handlers.dhcp_rpc [None req-034b4e8f-a86b-4b6e-adb1-406f86563b0c None None] Network 21d43fcd-b71f-4c47-a36f-58cd374ff443 requested from dv-neutron-841622-1-hyperv {{(pid=110689) get_network_info /opt/stack/neutron/neutron/api/rpc/handlers/dhcp_rpc.py:191}}
May 12 18:46:44.102347 dv-neutron-841622-1-hyperv neutron-server[110688]: DEBUG neutron_lib.callbacks.manager [None req-766e7738-ee17-468b-a21d-a07b4637135f tempest-FloatingIPAdminTestJSON-1606465409 tempest-FloatingIPAdminTestJSON-1606465409-project] Publish callbacks [] for security_group (f2a6f6af-f255-4028-bf8d-1cab017aaac4), precommit_create {{(pid=110688) _notify_loop /usr/local/lib/python3.8/dist-packages/neutron_lib/callbacks/manager.py:176}}
May 12 18:46:44.165103 dv-neutron-841622-1-hyperv neutron-server[110688]: DEBUG neutron_lib.callbacks.manager [None req-766e7738-ee17-468b-a21d-a07b4637135f tempest-FloatingIPAdminTestJSON-1606465409 tempest-FloatingIPAdminTestJSON-1606465409-project] Publish callbacks ['neutron.plugins.ml2.ovo_rpc._ObjectChangeHandler.handle_event-3879778'] for security_group (f2a6f6af-f255-4028-bf8d-1cab017aaac4), after_create {{(pid=110688) _notify_loop /usr/local/lib/python3.8/dist-packages/neutron_lib/callbacks/manager.py:176}}
May 12 18:46:44.208388 dv-neutron-841622-1-hyperv neutron-server[110688]: DEBUG neutron.api.rpc.handlers.resources_rpc [None req-766e7738-ee17-468b-a21d-a07b4637135f tempest-FloatingIPAdminTestJSON-1606465409 tempest-FloatingIPAdminTestJSON-1606465409-project] Pushing event updated for resources: {'SecurityGroup': ['ID=f2a6f6af-f255-4028-bf8d-1cab017aaac4,revision_number=1']} {{(pid=110688) push /opt/stack/neutron/neutron/api/rpc/handlers/resources_rpc.py:237}}
May 12 18:46:44.262109 dv-neutron-841622-1-hyperv neutron-server[110689]: DEBUG neutron.db.provisioning_blocks [None req-6ca7a86f-1f09-4d1b-a113-4d3bf8a50f2c None None] Provisioning complete for port d523aab7-2d4a-4fe3-9575-bface9cd083c triggered by entity DHCP. {{(pid=110689) provisioning_complete /opt/stack/neutron/neutron/db/provisioning_blocks.py:145}}
May 12 18:46:44.272762 dv-neutron-841622-1-hyperv neutron-server[110689]: DEBUG neutron_lib.callbacks.manager [None req-6ca7a86f-1f09-4d1b-a113-4d3bf8a50f2c None None] Publish callbacks ['neutron.plugins.ml2.plugin.Ml2Plugin._port_provisioned-888791'] for port (d523aab7-2d4a-4fe3-9575-bface9cd083c), provisioning_complete {{(pid=110689) _notify_loop /usr/local/lib/python3.8/dist-packages/neutron_lib/callbacks/manager.py:176}}
May 12 18:46:44.419662 dv-neutron-841622-1-hyperv neutron-server[110687]: DEBUG neutron_lib.callbacks.manager [None req-e5e0a6a0-3409-4d99-9a1a-91c7b10458f5 tempest-AllowedAddressPairTestJSON-1491307969 tempest-AllowedAddressPairTestJSON-1491307969-project] Publish callbacks ['neutron.plugins.ml2.ovo_rpc._ObjectChangeHandler.handle_event-422285', 'neutron.api.rpc.agentnotifiers.dhcp_rpc_agent_api.DhcpAgentNotifyAPI._native_event_send_dhcp_notification-3710297'] for subnet (177872fb-fb08-4eae-aeb0-0f4fac8a6682), after_create {{(pid=110687) _notify_loop /usr/local/lib/python3.8/dist-packages/neutron_lib/callbacks/manager.py:176}}
May 12 18:46:44.432134 dv-neutron-841622-1-hyperv neutron-server[110689]: DEBUG neutron.plugins.ml2.plugin [None req-6ca7a86f-1f09-4d1b-a113-4d3bf8a50f2c None None] Current status of the port d523aab7-2d4a-4fe3-9575-bface9cd083c is: DOWN; New status is: ACTIVE {{(pid=110689) _update_individual_port_db_status /opt/stack/neutron/neutron/plugins/ml2/plugin.py:2296}}
May 12 18:46:44.432522 dv-neutron-841622-1-hyperv neutron-server[110689]: DEBUG neutron_lib.callbacks.manager [None req-6ca7a86f-1f09-4d1b-a113-4d3bf8a50f2c None None] Publish callbacks ['neutron.plugins.ml2.plugin.SecurityGroupDbMixin._ensure_default_security_group_handler-702791'] for port (d523aab7-2d4a-4fe3-9575-bface9cd083c), before_update {{(pid=110689) _notify_loop /usr/local/lib/python3.8/dist-packages/neutron_lib/callbacks/manager.py:176}}
May 12 18:46:44.440471 dv-neutron-841622-1-hyperv neutron-server[110688]: DEBUG neutron.plugins.ml2.drivers.helpers [None req-766e7738-ee17-468b-a21d-a07b4637135f tempest-FloatingIPAdminTestJSON-1606465409 tempest-FloatingIPAdminTestJSON-1606465409-project] vlan segment allocate from pool success with {'vlan_id': 164, 'physical_network': 'physnet1'} {{(pid=110688) allocate_partially_specified_segment /opt/stack/neutron/neutron/plugins/ml2/drivers/helpers.py:153}}
May 12 18:46:44.468980 dv-neutron-841622-1-hyperv neutron-server[110688]: DEBUG neutron_lib.callbacks.manager [None req-282b5c51-f035-4772-9a97-2c6b230dad03 admin admin] Publish callbacks ['neutron.plugins.ml2.plugin.SecurityGroupServerNotifierRpcMixin._notify_sg_on_port_change-702953', 'neutron.plugins.ml2.ovo_rpc._ObjectChangeHandler.handle_event-512989', 'neutron.api.rpc.agentnotifiers.dhcp_rpc_agent_api.DhcpAgentNotifyAPI._native_event_send_dhcp_notification-3710297', 'neutron.db.l3_dvrscheduler_db._notify_l3_agent_new_port-8733444664679', 'neutron.services.segments.plugin.NovaSegmentNotifier._notify_port_created_or_deleted-9258086'] for port (ddc9c283-d6c1-410e-a04b-3041a151481d), after_create {{(pid=110688) _notify_loop /usr/local/lib/python3.8/dist-packages/neutron_lib/callbacks/manager.py:176}}
May 12 18:46:44.519614 dv-neutron-841622-1-hyperv neutron-server[110688]: DEBUG neutron.plugins.ml2.drivers.helpers [None req-dad4ca2e-a0cd-43a1-ab67-db33eb49b87d tempest-ExternalNetworksTestJSON-1865498049 tempest-ExternalNetworksTestJSON-1865498049-project-admin] vlan segment allocate from pool success with {'vlan_id': 184, 'physical_network': 'physnet1'} {{(pid=110688) allocate_partially_specified_segment /opt/stack/neutron/neutron/plugins/ml2/drivers/helpers.py:153}}
May 12 18:46:44.542100 dv-neutron-841622-1-hyperv neutron-server[110689]: DEBUG neutron.plugins.ml2.db [None req-6ca7a86f-1f09-4d1b-a113-4d3bf8a50f2c None None] For port d523aab7-2d4a-4fe3-9575-bface9cd083c, host dv-neutron-841622-1-hyperv, got binding levels [PortBindingLevel(driver='openvswitch',host='dv-neutron-841622-1-hyperv',level=0,port_id=d523aab7-2d4a-4fe3-9575-bface9cd083c,segment=NetworkSegment(dd332f62-ef62-4db8-8f77-795dfa9379db),segment_id=dd332f62-ef62-4db8-8f77-795dfa9379db)] {{(pid=110689) get_binding_level_objs /opt/stack/neutron/neutron/plugins/ml2/db.py:74}}
May 12 18:46:44.555183 dv-neutron-841622-1-hyperv neutron-server[110687]: DEBUG neutron.api.rpc.handlers.resources_rpc [None req-e5e0a6a0-3409-4d99-9a1a-91c7b10458f5 tempest-AllowedAddressPairTestJSON-1491307969 tempest-AllowedAddressPairTestJSON-1491307969-project] Pushing event updated for resources: {'Subnet': ['ID=177872fb-fb08-4eae-aeb0-0f4fac8a6682,revision_number=0']} {{(pid=110687) push /opt/stack/neutron/neutron/api/rpc/handlers/resources_rpc.py:237}}
May 12 18:46:44.557732 dv-neutron-841622-1-hyperv neutron-server[110689]: DEBUG neutron_lib.callbacks.manager [None req-6ca7a86f-1f09-4d1b-a113-4d3bf8a50f2c None None] Publish callbacks ['neutron.plugins.ml2.plugin.SecurityGroupServerNotifierRpcMixin._notify_sg_on_port_change-702953', 'neutron.plugins.ml2.ovo_rpc._ObjectChangeHandler.handle_event-512989', 'neutron.api.rpc.agentnotifiers.dhcp_rpc_agent_api.DhcpAgentNotifyAPI._native_event_send_dhcp_notification-3710297', 'neutron.db.l3_db.L3RpcNotifierMixin._notify_gateway_port_ip_changed-8733445124491', 'neutron.db.l3_dvrscheduler_db._notify_l3_agent_port_update-8733444664697', 'neutron.db.l3_hascheduler_db._notify_l3_agent_ha_port_update-8733444664715'] for port (d523aab7-2d4a-4fe3-9575-bface9cd083c), after_update {{(pid=110689) _notify_loop /usr/local/lib/python3.8/dist-packages/neutron_lib/callbacks/manager.py:176}}
May 12 18:46:44.595946 dv-neutron-841622-1-hyperv neutron-server[110687]: DEBUG neutron.plugins.ml2.drivers.mech_agent [None req-e5e0a6a0-3409-4d99-9a1a-91c7b10458f5 tempest-AllowedAddressPairTestJSON-1491307969 tempest-AllowedAddressPairTestJSON-1491307969-project] Checking segment: {'id': '9d4ce107-ee5a-40eb-a951-94dc9f500e2a', 'network_type': 'vlan', 'physical_network': 'physnet1', 'segmentation_id': 176, 'network_id': '000c50ff-867b-41de-8f57-51c5a0d77874'} for mappings: {'physnet1': 'br-data'} with network types: ['local', 'flat', 'vlan'] {{(pid=110687) check_segment_for_agent /opt/stack/neutron/neutron/plugins/ml2/drivers/mech_agent.py:373}}
May 12 18:46:44.598086 dv-neutron-841622-1-hyperv neutron-server[110687]: DEBUG neutron.scheduler.dhcp_agent_scheduler [None req-e5e0a6a0-3409-4d99-9a1a-91c7b10458f5 tempest-AllowedAddressPairTestJSON-1491307969 tempest-AllowedAddressPairTestJSON-1491307969-project] Network hostable DHCP agents. Network: 000c50ff-867b-41de-8f57-51c5a0d77874, hostable agents: ['659a06de-851e-44f3-81c0-679d6524db5a'], hosted agents: [] {{(pid=110687) _get_network_hostable_dhcp_agents /opt/stack/neutron/neutron/scheduler/dhcp_agent_scheduler.py:329}}
May 12 18:46:44.646187 dv-neutron-841622-1-hyperv neutron-server[110687]: DEBUG neutron.scheduler.dhcp_agent_scheduler [None req-e5e0a6a0-3409-4d99-9a1a-91c7b10458f5 tempest-AllowedAddressPairTestJSON-1491307969 tempest-AllowedAddressPairTestJSON-1491307969-project] Network 000c50ff-867b-41de-8f57-51c5a0d77874 is scheduled to be hosted by DHCP agent 659a06de-851e-44f3-81c0-679d6524db5a with binding_index 1 {{(pid=110687) bind /opt/stack/neutron/neutron/scheduler/dhcp_agent_scheduler.py:227}}
May 12 18:46:44.663301 dv-neutron-841622-1-hyperv neutron-server[110689]: DEBUG neutron.plugins.ml2.rpc [None req-b6c6fb41-43ef-4349-8591-90c056b18297 None None] Device 49165336-d6fc-4cad-80d3-3199a72bfd1f up at agent ovs-agent-dv-neutron-841622-1-hyperv {{(pid=110689) update_device_up /opt/stack/neutron/neutron/plugins/ml2/rpc.py:296}}
May 12 18:46:44.674842 dv-neutron-841622-1-hyperv neutron-server[110687]: DEBUG neutron.scheduler.base_scheduler [None req-e5e0a6a0-3409-4d99-9a1a-91c7b10458f5 tempest-AllowedAddressPairTestJSON-1491307969 tempest-AllowedAddressPairTestJSON-1491307969-project] Resources bound (agent type, host, resource id): (DHCP agent, dv-neutron-841622-1-hyperv, 000c50ff-867b-41de-8f57-51c5a0d77874) {{(pid=110687) schedule /opt/stack/neutron/neutron/scheduler/base_scheduler.py:57}}
May 12 18:46:44.682339 dv-neutron-841622-1-hyperv neutron-server[110687]: DEBUG neutron.pecan_wsgi.hooks.policy_enforcement [None req-e5e0a6a0-3409-4d99-9a1a-91c7b10458f5 tempest-AllowedAddressPairTestJSON-1491307969 tempest-AllowedAddressPairTestJSON-1491307969-project] Attributes excluded by policy engine: ['standard_attr_id', 'shared', 'network'] {{(pid=110687) _exclude_attributes_by_policy /opt/stack/neutron/neutron/pecan_wsgi/hooks/policy_enforcement.py:259}}
May 12 18:46:44.682941 dv-neutron-841622-1-hyperv neutron-server[110687]: DEBUG neutron_lib.callbacks.manager [None req-e5e0a6a0-3409-4d99-9a1a-91c7b10458f5 tempest-AllowedAddressPairTestJSON-1491307969 tempest-AllowedAddressPairTestJSON-1491307969-project] Publish callbacks ['neutron.api.rpc.agentnotifiers.dhcp_rpc_agent_api.DhcpAgentNotifyAPI._send_dhcp_notification-3710327'] for subnet (None), before_response {{(pid=110687) _notify_loop /usr/local/lib/python3.8/dist-packages/neutron_lib/callbacks/manager.py:176}}
May 12 18:46:44.716656 dv-neutron-841622-1-hyperv neutron-server[110688]: DEBUG neutron_lib.callbacks.manager [None req-766e7738-ee17-468b-a21d-a07b4637135f tempest-FloatingIPAdminTestJSON-1606465409 tempest-FloatingIPAdminTestJSON-1606465409-project] Publish callbacks ['neutron.services.segments.db._add_segment_host_mapping_for_segment-8733445209613', 'neutron.plugins.ml2.plugin.Ml2Plugin._handle_segment_change-877824'] for segment (83d23f85-d3b4-46ba-85f3-d9aecce6ecdc), precommit_create {{(pid=110688) _notify_loop /usr/local/lib/python3.8/dist-packages/neutron_lib/callbacks/manager.py:176}}
May 12 18:46:44.719988 dv-neutron-841622-1-hyperv neutron-server[110687]: INFO neutron.wsgi [None req-e5e0a6a0-3409-4d99-9a1a-91c7b10458f5 tempest-AllowedAddressPairTestJSON-1491307969 tempest-AllowedAddressPairTestJSON-1491307969-project] 10.222.0.60 "POST /v2.0/subnets HTTP/1.1" status: 201 len: 801 time: 0.7886829
May 12 18:46:44.721370 dv-neutron-841622-1-hyperv neutron-server[110687]: DEBUG neutron.wsgi [-] (110687) accepted ('10.222.0.60', 36280) {{(pid=110687) server /usr/local/lib/python3.8/dist-packages/eventlet/wsgi.py:1004}}
May 12 18:46:44.726817 dv-neutron-841622-1-hyperv neutron-server[110687]: DEBUG neutron.api.v2.base [None req-0b60f411-479a-4f2f-92d4-bb0b5e9a1749 tempest-AllowedAddressPairTestJSON-1491307969 tempest-AllowedAddressPairTestJSON-1491307969-project] Request body: {'port': {'network_id': '000c50ff-867b-41de-8f57-51c5a0d77874', 'name': 'tempest-AllowedAddressPairTestJSON-1894041641'}} {{(pid=110687) prepare_request_body /opt/stack/neutron/neutron/api/v2/base.py:730}}
May 12 18:46:44.728489 dv-neutron-841622-1-hyperv neutron-server[110688]: INFO neutron.db.segments_db [None req-766e7738-ee17-468b-a21d-a07b4637135f tempest-FloatingIPAdminTestJSON-1606465409 tempest-FloatingIPAdminTestJSON-1606465409-project] Added segment 83d23f85-d3b4-46ba-85f3-d9aecce6ecdc of type vlan for network ff7ef203-73ef-4022-b0e3-40530b24cf99
May 12 18:46:44.731078 dv-neutron-841622-1-hyperv neutron-server[110689]: DEBUG neutron.api.rpc.handlers.dhcp_rpc [None req-3ad63055-a25a-405b-b96f-866cca1a54b5 None None] Network 000c50ff-867b-41de-8f57-51c5a0d77874 requested from dv-neutron-841622-1-hyperv {{(pid=110689) get_network_info /opt/stack/neutron/neutron/api/rpc/handlers/dhcp_rpc.py:191}}
May 12 18:46:44.764052 dv-neutron-841622-1-hyperv neutron-server[110688]: DEBUG neutron_lib.callbacks.manager [None req-6d733874-c59e-4cfd-bd16-8a5fdaf3e77a tempest-RoutersAdminNegativeTest-1115385221 tempest-RoutersAdminNegativeTest-1115385221-project-admin] Publish callbacks [] for router_gateway (96b7f7cd-3dea-48be-a087-77942b65ebaa), before_create {{(pid=110688) _notify_loop /usr/local/lib/python3.8/dist-packages/neutron_lib/callbacks/manager.py:176}}
May 12 18:46:44.786621 dv-neutron-841622-1-hyperv neutron-server[110688]: DEBUG neutron_lib.callbacks.manager [None req-dad4ca2e-a0cd-43a1-ab67-db33eb49b87d tempest-ExternalNetworksTestJSON-1865498049 tempest-ExternalNetworksTestJSON-1865498049-project-admin] Publish callbacks ['neutron.services.segments.db._add_segment_host_mapping_for_segment-8733445209613', 'neutron.plugins.ml2.plugin.Ml2Plugin._handle_segment_change-877824'] for segment (594bcca4-504e-4cf4-b91c-095679b54598), precommit_create {{(pid=110688) _notify_loop /usr/local/lib/python3.8/dist-packages/neutron_lib/callbacks/manager.py:176}}
