May 25 10:26:55.691489 dv-neutron-841576-2-hyperv devstack@keystone.service[80903]: DEBUG dbcounter [-] [80903] Writing DB stats keystone:SELECT=100 {{(pid=80903) stat_writer /usr/local/lib/python3.8/dist-packages/dbcounter.py:114}}
May 25 10:26:55.735580 dv-neutron-841576-2-hyperv devstack@keystone.service[80903]: [pid: 80903|app: 0|req: 106/222] 10.222.0.42 () {58 vars in 1023 bytes} [Wed May 25 10:26:55 2022] POST /identity/v3/auth/tokens => generated 799 bytes in 125 msecs (HTTP/1.1 201) 6 headers in 363 bytes (1 switches on core 0)
May 25 10:26:55.736398 dv-neutron-841576-2-hyperv devstack@keystone.service[80903]: DEBUG keystone.server.flask.request_processing.middleware.auth_context [None req-3391e73b-83e9-48ab-84bc-31f135715051 None None] Authenticating user token {{(pid=80903) process_request /usr/local/lib/python3.8/dist-packages/keystonemiddleware/auth_token/__init__.py:407}}
May 25 10:26:55.838968 dv-neutron-841576-2-hyperv devstack@keystone.service[80904]: DEBUG keystone.common.rbac_enforcer.enforcer [None req-6c08850e-3c16-4b7c-82f6-c1afaf079830 None admin] RBAC: Authorizing `identity:validate_token()` {{(pid=80904) enforce_call /opt/stack/keystone/keystone/common/rbac_enforcer/enforcer.py:449}}
May 25 10:26:55.840784 dv-neutron-841576-2-hyperv devstack@keystone.service[80904]: DEBUG keystone.common.rbac_enforcer.enforcer [None req-6c08850e-3c16-4b7c-82f6-c1afaf079830 None admin] RBAC: Authorization granted {{(pid=80904) enforce_call /opt/stack/keystone/keystone/common/rbac_enforcer/enforcer.py:457}}
May 25 10:26:55.926566 dv-neutron-841576-2-hyperv devstack@keystone.service[80903]: DEBUG keystone.server.flask.request_processing.middleware.auth_context [None req-3391e73b-83e9-48ab-84bc-31f135715051 None None] Validating token access rules against request {{(pid=80903) validate_allowed_request /usr/local/lib/python3.8/dist-packages/keystonemiddleware/auth_token/__init__.py:545}}
May 25 10:26:55.954982 dv-neutron-841576-2-hyperv devstack@keystone.service[80904]: [pid: 80904|app: 0|req: 117/223] 10.222.0.42 () {58 vars in 1282 bytes} [Wed May 25 10:26:55 2022] GET /identity/v3/auth/tokens => generated 799 bytes in 472 msecs (HTTP/1.1 200) 6 headers in 358 bytes (1 switches on core 0)
May 25 10:26:55.955998 dv-neutron-841576-2-hyperv devstack@keystone.service[80904]: DEBUG keystone.server.flask.request_processing.middleware.auth_context [None req-6c08850e-3c16-4b7c-82f6-c1afaf079830 None admin] Authenticating user token {{(pid=80904) process_request /usr/local/lib/python3.8/dist-packages/keystonemiddleware/auth_token/__init__.py:407}}
May 25 10:26:55.973108 dv-neutron-841576-2-hyperv devstack@keystone.service[80903]: DEBUG keystone.server.flask.request_processing.middleware.auth_context [None req-a597c694-80dd-4d95-a698-d95eced428e4 None admin] RBAC: auth_context: {'token': , 'domain_id': None, 'trust_id': None, 'trustor_id': None, 'trustee_id': None, 'domain_name': None, 'group_ids': [], 'user_id': 'db300b9af23640c4bbb564275549b8bc', 'user_domain_id': 'default', 'system_scope': 'all', 'project_id': None, 'project_domain_id': None, 'roles': ['admin', 'member', 'reader'], 'is_admin_project': True, 'service_user_id': None, 'service_user_domain_id': None, 'service_project_id': None, 'service_project_domain_id': None, 'service_roles': []} {{(pid=80903) fill_context /opt/stack/keystone/keystone/server/flask/request_processing/middleware/auth_context.py:478}}
May 25 10:26:55.974380 dv-neutron-841576-2-hyperv devstack@keystone.service[80903]: DEBUG keystone.server.flask.request_processing.req_logging [None req-a597c694-80dd-4d95-a698-d95eced428e4 None admin] REQUEST_METHOD: `GET` {{(pid=80903) log_request_info /opt/stack/keystone/keystone/server/flask/request_processing/req_logging.py:27}}
May 25 10:26:55.975004 dv-neutron-841576-2-hyperv devstack@keystone.service[80903]: DEBUG keystone.server.flask.request_processing.req_logging [None req-a597c694-80dd-4d95-a698-d95eced428e4 None admin] SCRIPT_NAME: `/identity` {{(pid=80903) log_request_info /opt/stack/keystone/keystone/server/flask/request_processing/req_logging.py:28}}
May 25 10:26:55.975477 dv-neutron-841576-2-hyperv devstack@keystone.service[80903]: DEBUG keystone.server.flask.request_processing.req_logging [None req-a597c694-80dd-4d95-a698-d95eced428e4 None admin] PATH_INFO: `/v3/roles` {{(pid=80903) log_request_info /opt/stack/keystone/keystone/server/flask/request_processing/req_logging.py:29}}
May 25 10:26:55.977396 dv-neutron-841576-2-hyperv devstack@keystone.service[80903]: DEBUG keystone.common.rbac_enforcer.enforcer [None req-a597c694-80dd-4d95-a698-d95eced428e4 None admin] RBAC: Adding query filter params (name=anotherrole) {{(pid=80903) _extract_filter_values /opt/stack/keystone/keystone/common/rbac_enforcer/enforcer.py:167}}
May 25 10:26:55.977907 dv-neutron-841576-2-hyperv devstack@keystone.service[80903]: DEBUG keystone.common.rbac_enforcer.enforcer [None req-a597c694-80dd-4d95-a698-d95eced428e4 None admin] RBAC: Authorizing `identity:list_roles()` {{(pid=80903) enforce_call /opt/stack/keystone/keystone/common/rbac_enforcer/enforcer.py:449}}
May 25 10:26:55.980029 dv-neutron-841576-2-hyperv devstack@keystone.service[80903]: DEBUG keystone.common.rbac_enforcer.enforcer [None req-a597c694-80dd-4d95-a698-d95eced428e4 None admin] RBAC: Authorization granted {{(pid=80903) enforce_call /opt/stack/keystone/keystone/common/rbac_enforcer/enforcer.py:457}}
May 25 10:26:55.990762 dv-neutron-841576-2-hyperv devstack@keystone.service[80903]: [pid: 80903|app: 0|req: 107/224] 10.222.0.42 () {56 vars in 1111 bytes} [Wed May 25 10:26:55 2022] GET /identity/v3/roles?name=anotherrole => generated 334 bytes in 255 msecs (HTTP/1.1 200) 5 headers in 177 bytes (1 switches on core 0)
May 25 10:26:55.992245 dv-neutron-841576-2-hyperv devstack@keystone.service[80903]: DEBUG keystone.server.flask.request_processing.middleware.auth_context [None req-a597c694-80dd-4d95-a698-d95eced428e4 None admin] Authenticating user token {{(pid=80903) process_request /usr/local/lib/python3.8/dist-packages/keystonemiddleware/auth_token/__init__.py:407}}
May 25 10:26:56.004311 dv-neutron-841576-2-hyperv devstack@keystone.service[80904]: DEBUG dbcounter [-] [80904] Writing DB stats keystone:SELECT=100 {{(pid=80904) stat_writer /usr/local/lib/python3.8/dist-packages/dbcounter.py:114}}
May 25 10:26:56.084708 dv-neutron-841576-2-hyperv devstack@keystone.service[80904]: DEBUG keystone.server.flask.request_processing.middleware.auth_context [None req-6c08850e-3c16-4b7c-82f6-c1afaf079830 None admin] Validating token access rules against request {{(pid=80904) validate_allowed_request /usr/local/lib/python3.8/dist-packages/keystonemiddleware/auth_token/__init__.py:545}}
May 25 10:26:56.123206 dv-neutron-841576-2-hyperv devstack@keystone.service[80904]: DEBUG keystone.server.flask.request_processing.middleware.auth_context [None req-6ae9ccf9-5802-443a-9d46-02119f206527 None admin] RBAC: auth_context: {'token': , 'domain_id': None, 'trust_id': None, 'trustor_id': None, 'trustee_id': None, 'domain_name': None, 'group_ids': [], 'user_id': 'db300b9af23640c4bbb564275549b8bc', 'user_domain_id': 'default', 'system_scope': 'all', 'project_id': None, 'project_domain_id': None, 'roles': ['admin', 'member', 'reader'], 'is_admin_project': True, 'service_user_id': None, 'service_user_domain_id': None, 'service_project_id': None, 'service_project_domain_id': None, 'service_roles': []} {{(pid=80904) fill_context /opt/stack/keystone/keystone/server/flask/request_processing/middleware/auth_context.py:478}}
May 25 10:26:56.124342 dv-neutron-841576-2-hyperv devstack@keystone.service[80904]: DEBUG keystone.server.flask.request_processing.req_logging [None req-6ae9ccf9-5802-443a-9d46-02119f206527 None admin] REQUEST_METHOD: `GET` {{(pid=80904) log_request_info /opt/stack/keystone/keystone/server/flask/request_processing/req_logging.py:27}}
May 25 10:26:56.124817 dv-neutron-841576-2-hyperv devstack@keystone.service[80904]: DEBUG keystone.server.flask.request_processing.req_logging [None req-6ae9ccf9-5802-443a-9d46-02119f206527 None admin] SCRIPT_NAME: `/identity` {{(pid=80904) log_request_info /opt/stack/keystone/keystone/server/flask/request_processing/req_logging.py:28}}
May 25 10:26:56.125343 dv-neutron-841576-2-hyperv devstack@keystone.service[80904]: DEBUG keystone.server.flask.request_processing.req_logging [None req-6ae9ccf9-5802-443a-9d46-02119f206527 None admin] PATH_INFO: `/v3/roles/admin` {{(pid=80904) log_request_info /opt/stack/keystone/keystone/server/flask/request_processing/req_logging.py:29}}
May 25 10:26:56.125480 dv-neutron-841576-2-hyperv devstack@keystone.service[80903]: DEBUG dbcounter [-] [80903] Writing DB stats keystone:SELECT=100 {{(pid=80903) stat_writer /usr/local/lib/python3.8/dist-packages/dbcounter.py:114}}
May 25 10:26:56.131978 dv-neutron-841576-2-hyperv devstack@keystone.service[80903]: DEBUG keystone.server.flask.request_processing.middleware.auth_context [None req-a597c694-80dd-4d95-a698-d95eced428e4 None admin] Validating token access rules against request {{(pid=80903) validate_allowed_request /usr/local/lib/python3.8/dist-packages/keystonemiddleware/auth_token/__init__.py:545}}
May 25 10:26:56.142061 dv-neutron-841576-2-hyperv devstack@keystone.service[80904]: DEBUG keystone.common.rbac_enforcer.enforcer [None req-6ae9ccf9-5802-443a-9d46-02119f206527 None admin] Extracting inferred target data resulted in "NOT FOUND (404)". {{(pid=80904) enforce_call /opt/stack/keystone/keystone/common/rbac_enforcer/enforcer.py:409}}
May 25 10:26:56.153161 dv-neutron-841576-2-hyperv devstack@keystone.service[80904]: ERROR keystone.server.flask.application [None req-6ae9ccf9-5802-443a-9d46-02119f206527 None admin] Could not find role: admin.: keystone.exception.RoleNotFound: Could not find role: admin.
May 25 10:26:56.153161 dv-neutron-841576-2-hyperv devstack@keystone.service[80904]: ERROR keystone.server.flask.application
Traceback (most recent call last):
May 25 10:26:56.153161 dv-neutron-841576-2-hyperv devstack@keystone.service[80904]: ERROR keystone.server.flask.application
File "/usr/local/lib/python3.8/dist-packages/flask/app.py", line 1523, in full_dispatch_request
May 25 10:26:56.153161 dv-neutron-841576-2-hyperv devstack@keystone.service[80904]: ERROR keystone.server.flask.application rv = self.dispatch_request()
May 25 10:26:56.153161 dv-neutron-841576-2-hyperv devstack@keystone.service[80904]: ERROR keystone.server.flask.application
File "/usr/local/lib/python3.8/dist-packages/flask/app.py", line 1509, in dispatch_request
May 25 10:26:56.153161 dv-neutron-841576-2-hyperv devstack@keystone.service[80904]: ERROR keystone.server.flask.application return self.ensure_sync(self.view_functions[rule.endpoint])(**req.view_args)
May 25 10:26:56.153161 dv-neutron-841576-2-hyperv devstack@keystone.service[80904]: ERROR keystone.server.flask.application
File "/usr/local/lib/python3.8/dist-packages/flask_restful/__init__.py", line 467, in wrapper
May 25 10:26:56.153161 dv-neutron-841576-2-hyperv devstack@keystone.service[80904]: ERROR keystone.server.flask.application resp = resource(*args, **kwargs)
May 25 10:26:56.153161 dv-neutron-841576-2-hyperv devstack@keystone.service[80904]: ERROR keystone.server.flask.application
File "/usr/local/lib/python3.8/dist-packages/flask/views.py", line 84, in view
May 25 10:26:56.153161 dv-neutron-841576-2-hyperv devstack@keystone.service[80904]: ERROR keystone.server.flask.application return current_app.ensure_sync(self.dispatch_request)(*args, **kwargs)
May 25 10:26:56.153161 dv-neutron-841576-2-hyperv devstack@keystone.service[80904]: ERROR keystone.server.flask.application
File "/usr/local/lib/python3.8/dist-packages/flask_restful/__init__.py", line 582, in dispatch_request
May 25 10:26:56.153161 dv-neutron-841576-2-hyperv devstack@keystone.service[80904]: ERROR keystone.server.flask.application resp = meth(*args, **kwargs)
May 25 10:26:56.153161 dv-neutron-841576-2-hyperv devstack@keystone.service[80904]: ERROR keystone.server.flask.application
File "/opt/stack/keystone/keystone/api/roles.py", line 50, in get
May 25 10:26:56.153161 dv-neutron-841576-2-hyperv devstack@keystone.service[80904]: ERROR keystone.server.flask.application return self._get_role(role_id)
May 25 10:26:56.153161 dv-neutron-841576-2-hyperv devstack@keystone.service[80904]: ERROR keystone.server.flask.application
File "/opt/stack/keystone/keystone/api/roles.py", line 70, in _get_role
May 25 10:26:56.153161 dv-neutron-841576-2-hyperv devstack@keystone.service[80904]: ERROR keystone.server.flask.application ENFORCER.enforce_call(action='identity:get_role')
May 25 10:26:56.154283 dv-neutron-841576-2-hyperv devstack@keystone.service[80904]: ERROR keystone.server.flask.application
File "/opt/stack/keystone/keystone/common/rbac_enforcer/enforcer.py", line 402, in enforce_call
May 25 10:26:56.154283 dv-neutron-841576-2-hyperv devstack@keystone.service[80904]: ERROR keystone.server.flask.application policy_dict.update(cls._extract_member_target_data(
May 25 10:26:56.154283 dv-neutron-841576-2-hyperv devstack@keystone.service[80904]: ERROR keystone.server.flask.application
File "/opt/stack/keystone/keystone/common/rbac_enforcer/enforcer.py", line 234, in _extract_member_target_data
May 25 10:26:56.154283 dv-neutron-841576-2-hyperv devstack@keystone.service[80904]: ERROR keystone.server.flask.application member_name: func(flask.request.view_args[key])
May 25 10:26:56.154283 dv-neutron-841576-2-hyperv devstack@keystone.service[80904]: ERROR keystone.server.flask.application
File "/opt/stack/keystone/keystone/common/manager.py", line 115, in wrapped
May 25 10:26:56.154283 dv-neutron-841576-2-hyperv devstack@keystone.service[80904]: ERROR keystone.server.flask.application __ret_val = __f(*args, **kwargs)
May 25 10:26:56.154283 dv-neutron-841576-2-hyperv devstack@keystone.service[80904]: ERROR keystone.server.flask.application
File "/usr/local/lib/python3.8/dist-packages/decorator.py", line 232, in fun
May 25 10:26:56.154283 dv-neutron-841576-2-hyperv devstack@keystone.service[80904]: ERROR keystone.server.flask.application return caller(func, *(extras + args), **kw)
May 25 10:26:56.154283 dv-neutron-841576-2-hyperv devstack@keystone.service[80904]: ERROR keystone.server.flask.application
File "/usr/local/lib/python3.8/dist-packages/dogpile/cache/region.py", line 1577, in get_or_create_for_user_func
May 25 10:26:56.154283 dv-neutron-841576-2-hyperv devstack@keystone.service[80904]: ERROR keystone.server.flask.application return self.get_or_create(
May 25 10:26:56.154283 dv-neutron-841576-2-hyperv devstack@keystone.service[80904]: ERROR keystone.server.flask.application
File "/usr/local/lib/python3.8/dist-packages/dogpile/cache/region.py", line 1042, in get_or_create
May 25 10:26:56.154283 dv-neutron-841576-2-hyperv devstack@keystone.service[80904]: ERROR keystone.server.flask.application with Lock(
May 25 10:26:56.154283 dv-neutron-841576-2-hyperv devstack@keystone.service[80904]: ERROR keystone.server.flask.application
File "/usr/local/lib/python3.8/dist-packages/dogpile/lock.py", line 185, in __enter__
May 25 10:26:56.154283 dv-neutron-841576-2-hyperv devstack@keystone.service[80904]: ERROR keystone.server.flask.application return self._enter()
May 25 10:26:56.154283 dv-neutron-841576-2-hyperv devstack@keystone.service[80904]: ERROR keystone.server.flask.application
File "/usr/local/lib/python3.8/dist-packages/dogpile/lock.py", line 94, in _enter
May 25 10:26:56.154283 dv-neutron-841576-2-hyperv devstack@keystone.service[80904]: ERROR keystone.server.flask.application generated = self._enter_create(value, createdtime)
May 25 10:26:56.155260 dv-neutron-841576-2-hyperv devstack@keystone.service[80904]: ERROR keystone.server.flask.application
File "/usr/local/lib/python3.8/dist-packages/dogpile/lock.py", line 178, in _enter_create
May 25 10:26:56.155260 dv-neutron-841576-2-hyperv devstack@keystone.service[80904]: ERROR keystone.server.flask.application return self.creator()
May 25 10:26:56.155260 dv-neutron-841576-2-hyperv devstack@keystone.service[80904]: ERROR keystone.server.flask.application
File "/usr/local/lib/python3.8/dist-packages/dogpile/cache/region.py", line 995, in gen_value
May 25 10:26:56.155260 dv-neutron-841576-2-hyperv devstack@keystone.service[80904]: ERROR keystone.server.flask.application created_value = creator(
May 25 10:26:56.155260 dv-neutron-841576-2-hyperv devstack@keystone.service[80904]: ERROR keystone.server.flask.application
File "/opt/stack/keystone/keystone/assignment/core.py", line 1276, in get_role
May 25 10:26:56.155260 dv-neutron-841576-2-hyperv devstack@keystone.service[80904]: ERROR keystone.server.flask.application return self.driver.get_role(role_id)
May 25 10:26:56.155260 dv-neutron-841576-2-hyperv devstack@keystone.service[80904]: ERROR keystone.server.flask.application
File "/opt/stack/keystone/keystone/assignment/role_backends/sql.py", line 70, in get_role
May 25 10:26:56.155260 dv-neutron-841576-2-hyperv devstack@keystone.service[80904]: ERROR keystone.server.flask.application return self._get_role(session, role_id).to_dict()
May 25 10:26:56.155260 dv-neutron-841576-2-hyperv devstack@keystone.service[80904]: ERROR keystone.server.flask.application
File "/opt/stack/keystone/keystone/assignment/role_backends/sql.py", line 65, in _get_role
May 25 10:26:56.155260 dv-neutron-841576-2-hyperv devstack@keystone.service[80904]: ERROR keystone.server.flask.application raise exception.RoleNotFound(role_id=role_id)
May 25 10:26:56.155260 dv-neutron-841576-2-hyperv devstack@keystone.service[80904]: ERROR keystone.server.flask.application keystone.exception.RoleNotFound: Could not find role: admin.
May 25 10:26:56.155260 dv-neutron-841576-2-hyperv devstack@keystone.service[80904]: ERROR keystone.server.flask.application
May 25 10:26:56.162440 dv-neutron-841576-2-hyperv devstack@keystone.service[80904]: [pid: 80904|app: 0|req: 118/225] 10.222.0.42 () {56 vars in 1096 bytes} [Wed May 25 10:26:55 2022] GET /identity/v3/roles/admin => generated 83 bytes in 206 msecs (HTTP/1.1 404) 5 headers in 183 bytes (1 switches on core 0)
May 25 10:26:56.162440 dv-neutron-841576-2-hyperv devstack@keystone.service[80904]: DEBUG keystone.server.flask.request_processing.middleware.auth_context [None req-6ae9ccf9-5802-443a-9d46-02119f206527 None admin] Authenticating user token {{(pid=80904) process_request /usr/local/lib/python3.8/dist-packages/keystonemiddleware/auth_token/__init__.py:407}}
May 25 10:26:56.185562 dv-neutron-841576-2-hyperv devstack@keystone.service[80903]: DEBUG keystone.server.flask.request_processing.middleware.auth_context [None req-d066397b-18b6-468d-835b-3e1b83f1759f None admin] RBAC: auth_context: {'token': , 'domain_id': None, 'trust_id': None, 'trustor_id': None, 'trustee_id': None, 'domain_name': None, 'group_ids': [], 'user_id': 'db300b9af23640c4bbb564275549b8bc', 'user_domain_id': 'default', 'system_scope': 'all', 'project_id': None, 'project_domain_id': None, 'roles': ['admin', 'member', 'reader'], 'is_admin_project': True, 'service_user_id': None, 'service_user_domain_id': None, 'service_project_id': None, 'service_project_domain_id': None, 'service_roles': []} {{(pid=80903) fill_context /opt/stack/keystone/keystone/server/flask/request_processing/middleware/auth_context.py:478}}
May 25 10:26:56.186426 dv-neutron-841576-2-hyperv devstack@keystone.service[80903]: DEBUG keystone.server.flask.request_processing.req_logging [None req-d066397b-18b6-468d-835b-3e1b83f1759f None admin] REQUEST_METHOD: `GET` {{(pid=80903) log_request_info /opt/stack/keystone/keystone/server/flask/request_processing/req_logging.py:27}}
May 25 10:26:56.186716 dv-neutron-841576-2-hyperv devstack@keystone.service[80903]: DEBUG keystone.server.flask.request_processing.req_logging [None req-d066397b-18b6-468d-835b-3e1b83f1759f None admin] SCRIPT_NAME: `/identity` {{(pid=80903) log_request_info /opt/stack/keystone/keystone/server/flask/request_processing/req_logging.py:28}}
May 25 10:26:56.186989 dv-neutron-841576-2-hyperv devstack@keystone.service[80903]: DEBUG keystone.server.flask.request_processing.req_logging [None req-d066397b-18b6-468d-835b-3e1b83f1759f None admin] PATH_INFO: `/v3/projects/54c0ee4bcf65405e9c1667b29722cc29` {{(pid=80903) log_request_info /opt/stack/keystone/keystone/server/flask/request_processing/req_logging.py:29}}
May 25 10:26:56.188921 dv-neutron-841576-2-hyperv devstack@keystone.service[80903]: DEBUG keystone.common.rbac_enforcer.enforcer [None req-d066397b-18b6-468d-835b-3e1b83f1759f None admin] RBAC: Authorizing `identity:get_project(project_id=54c0ee4bcf65405e9c1667b29722cc29)` {{(pid=80903) enforce_call /opt/stack/keystone/keystone/common/rbac_enforcer/enforcer.py:449}}
May 25 10:26:56.190402 dv-neutron-841576-2-hyperv devstack@keystone.service[80903]: DEBUG keystone.common.rbac_enforcer.enforcer [None req-d066397b-18b6-468d-835b-3e1b83f1759f None admin] RBAC: Authorization granted {{(pid=80903) enforce_call /opt/stack/keystone/keystone/common/rbac_enforcer/enforcer.py:457}}
May 25 10:26:56.192451 dv-neutron-841576-2-hyperv devstack@keystone.service[80903]: [pid: 80903|app: 0|req: 108/226] 10.222.0.42 () {56 vars in 1186 bytes} [Wed May 25 10:26:55 2022] GET /identity/v3/projects/54c0ee4bcf65405e9c1667b29722cc29 => generated 302 bytes in 201 msecs (HTTP/1.1 200) 5 headers in 177 bytes (1 switches on core 0)
May 25 10:26:56.193315 dv-neutron-841576-2-hyperv devstack@keystone.service[80903]: DEBUG keystone.server.flask.request_processing.middleware.auth_context [None req-d066397b-18b6-468d-835b-3e1b83f1759f None admin] Authenticating user token {{(pid=80903) process_request /usr/local/lib/python3.8/dist-packages/keystonemiddleware/auth_token/__init__.py:407}}
May 25 10:26:56.295141 dv-neutron-841576-2-hyperv devstack@keystone.service[80904]: DEBUG dbcounter [-] [80904] Writing DB stats keystone:SELECT=100 {{(pid=80904) stat_writer /usr/local/lib/python3.8/dist-packages/dbcounter.py:114}}
May 25 10:26:56.303713 dv-neutron-841576-2-hyperv devstack@keystone.service[80904]: DEBUG keystone.server.flask.request_processing.middleware.auth_context [None req-6ae9ccf9-5802-443a-9d46-02119f206527 None admin] Validating token access rules against request {{(pid=80904) validate_allowed_request /usr/local/lib/python3.8/dist-packages/keystonemiddleware/auth_token/__init__.py:545}}
May 25 10:26:56.315635 dv-neutron-841576-2-hyperv devstack@keystone.service[80903]: DEBUG keystone.server.flask.request_processing.middleware.auth_context [None req-d066397b-18b6-468d-835b-3e1b83f1759f None admin] Validating token access rules against request {{(pid=80903) validate_allowed_request /usr/local/lib/python3.8/dist-packages/keystonemiddleware/auth_token/__init__.py:545}}
May 25 10:26:56.318731 dv-neutron-841576-2-hyperv devstack@keystone.service[80903]: DEBUG dbcounter [-] [80903] Writing DB stats keystone:SELECT=100 {{(pid=80903) stat_writer /usr/local/lib/python3.8/dist-packages/dbcounter.py:114}}
May 25 10:26:56.355066 dv-neutron-841576-2-hyperv devstack@keystone.service[80904]: DEBUG keystone.server.flask.request_processing.middleware.auth_context [None req-59e35086-c746-469c-950b-d7823abdeef4 None admin] RBAC: auth_context: {'token': , 'domain_id': None, 'trust_id': None, 'trustor_id': None, 'trustee_id': None, 'domain_name': None, 'group_ids': [], 'user_id': 'db300b9af23640c4bbb564275549b8bc', 'user_domain_id': 'default', 'system_scope': 'all', 'project_id': None, 'project_domain_id': None, 'roles': ['admin', 'member', 'reader'], 'is_admin_project': True, 'service_user_id': None, 'service_user_domain_id': None, 'service_project_id': None, 'service_project_domain_id': None, 'service_roles': []} {{(pid=80904) fill_context /opt/stack/keystone/keystone/server/flask/request_processing/middleware/auth_context.py:478}}
May 25 10:26:56.356116 dv-neutron-841576-2-hyperv devstack@keystone.service[80904]: DEBUG keystone.server.flask.request_processing.req_logging [None req-59e35086-c746-469c-950b-d7823abdeef4 None admin] REQUEST_METHOD: `GET` {{(pid=80904) log_request_info /opt/stack/keystone/keystone/server/flask/request_processing/req_logging.py:27}}
May 25 10:26:56.356479 dv-neutron-841576-2-hyperv devstack@keystone.service[80904]: DEBUG keystone.server.flask.request_processing.req_logging [None req-59e35086-c746-469c-950b-d7823abdeef4 None admin] SCRIPT_NAME: `/identity` {{(pid=80904) log_request_info /opt/stack/keystone/keystone/server/flask/request_processing/req_logging.py:28}}
May 25 10:26:56.357002 dv-neutron-841576-2-hyperv devstack@keystone.service[80904]: DEBUG keystone.server.flask.request_processing.req_logging [None req-59e35086-c746-469c-950b-d7823abdeef4 None admin] PATH_INFO: `/v3/users/00f3e2238aec4122a2217eaa22e7d008` {{(pid=80904) log_request_info /opt/stack/keystone/keystone/server/flask/request_processing/req_logging.py:29}}
May 25 10:26:56.358279 dv-neutron-841576-2-hyperv devstack@keystone.service[80904]: DEBUG keystone.common.rbac_enforcer.enforcer [None req-59e35086-c746-469c-950b-d7823abdeef4 None admin] RBAC: Authorizing `identity:get_user(user_id=00f3e2238aec4122a2217eaa22e7d008)` {{(pid=80904) enforce_call /opt/stack/keystone/keystone/common/rbac_enforcer/enforcer.py:449}}
May 25 10:26:56.359808 dv-neutron-841576-2-hyperv devstack@keystone.service[80904]: DEBUG keystone.common.rbac_enforcer.enforcer [None req-59e35086-c746-469c-950b-d7823abdeef4 None admin] RBAC: Authorization granted {{(pid=80904) enforce_call /opt/stack/keystone/keystone/common/rbac_enforcer/enforcer.py:457}}
May 25 10:26:56.366092 dv-neutron-841576-2-hyperv devstack@keystone.service[80904]: [pid: 80904|app: 0|req: 119/227] 10.222.0.42 () {56 vars in 1177 bytes} [Wed May 25 10:26:56 2022] GET /identity/v3/users/00f3e2238aec4122a2217eaa22e7d008 => generated 283 bytes in 200 msecs (HTTP/1.1 200) 5 headers in 177 bytes (1 switches on core 0)
May 25 10:26:56.366092 dv-neutron-841576-2-hyperv devstack@keystone.service[80904]: DEBUG keystone.server.flask.request_processing.middleware.auth_context [None req-59e35086-c746-469c-950b-d7823abdeef4 None admin] Authenticating user token {{(pid=80904) process_request /usr/local/lib/python3.8/dist-packages/keystonemiddleware/auth_token/__init__.py:407}}
May 25 10:26:56.368245 dv-neutron-841576-2-hyperv devstack@keystone.service[80903]: DEBUG keystone.server.flask.request_processing.middleware.auth_context [None req-9509b8d9-f0b5-4dbc-928e-53e5e4a6a0b4 None admin] RBAC: auth_context: {'token': , 'domain_id': None, 'trust_id': None, 'trustor_id': None, 'trustee_id': None, 'domain_name': None, 'group_ids': [], 'user_id': 'db300b9af23640c4bbb564275549b8bc', 'user_domain_id': 'default', 'system_scope': 'all', 'project_id': None, 'project_domain_id': None, 'roles': ['admin', 'member', 'reader'], 'is_admin_project': True, 'service_user_id': None, 'service_user_domain_id': None, 'service_project_id': None, 'service_project_domain_id': None, 'service_roles': []} {{(pid=80903) fill_context /opt/stack/keystone/keystone/server/flask/request_processing/middleware/auth_context.py:478}}
May 25 10:26:56.369045 dv-neutron-841576-2-hyperv devstack@keystone.service[80903]: DEBUG keystone.server.flask.request_processing.req_logging [None req-9509b8d9-f0b5-4dbc-928e-53e5e4a6a0b4 None admin] REQUEST_METHOD: `GET` {{(pid=80903) log_request_info /opt/stack/keystone/keystone/server/flask/request_processing/req_logging.py:27}}
May 25 10:26:56.369432 dv-neutron-841576-2-hyperv devstack@keystone.service[80903]: DEBUG keystone.server.flask.request_processing.req_logging [None req-9509b8d9-f0b5-4dbc-928e-53e5e4a6a0b4 None admin] SCRIPT_NAME: `/identity` {{(pid=80903) log_request_info /opt/stack/keystone/keystone/server/flask/request_processing/req_logging.py:28}}
May 25 10:26:56.369823 dv-neutron-841576-2-hyperv devstack@keystone.service[80903]: DEBUG keystone.server.flask.request_processing.req_logging [None req-9509b8d9-f0b5-4dbc-928e-53e5e4a6a0b4 None admin] PATH_INFO: `/v3/roles` {{(pid=80903) log_request_info /opt/stack/keystone/keystone/server/flask/request_processing/req_logging.py:29}}
May 25 10:26:56.370732 dv-neutron-841576-2-hyperv devstack@keystone.service[80903]: DEBUG keystone.common.rbac_enforcer.enforcer [None req-9509b8d9-f0b5-4dbc-928e-53e5e4a6a0b4 None admin] RBAC: Adding query filter params (name=admin) {{(pid=80903) _extract_filter_values /opt/stack/keystone/keystone/common/rbac_enforcer/enforcer.py:167}}
May 25 10:26:56.371139 dv-neutron-841576-2-hyperv devstack@keystone.service[80903]: DEBUG keystone.common.rbac_enforcer.enforcer [None req-9509b8d9-f0b5-4dbc-928e-53e5e4a6a0b4 None admin] RBAC: Authorizing `identity:list_roles()` {{(pid=80903) enforce_call /opt/stack/keystone/keystone/common/rbac_enforcer/enforcer.py:449}}
May 25 10:26:56.372754 dv-neutron-841576-2-hyperv devstack@keystone.service[80903]: DEBUG keystone.common.rbac_enforcer.enforcer [None req-9509b8d9-f0b5-4dbc-928e-53e5e4a6a0b4 None admin] RBAC: Authorization granted {{(pid=80903) enforce_call /opt/stack/keystone/keystone/common/rbac_enforcer/enforcer.py:457}}
May 25 10:26:56.387966 dv-neutron-841576-2-hyperv devstack@keystone.service[80903]: [pid: 80903|app: 0|req: 109/228] 10.222.0.42 () {56 vars in 1099 bytes} [Wed May 25 10:26:56 2022] GET /identity/v3/roles?name=admin => generated 339 bytes in 190 msecs (HTTP/1.1 200) 5 headers in 177 bytes (1 switches on core 0)
May 25 10:26:56.387966 dv-neutron-841576-2-hyperv devstack@keystone.service[80903]: DEBUG keystone.server.flask.request_processing.middleware.auth_context [None req-9509b8d9-f0b5-4dbc-928e-53e5e4a6a0b4 None admin] Authenticating user token {{(pid=80903) process_request /usr/local/lib/python3.8/dist-packages/keystonemiddleware/auth_token/__init__.py:407}}
May 25 10:26:56.486559 dv-neutron-841576-2-hyperv devstack@keystone.service[80904]: DEBUG keystone.server.flask.request_processing.middleware.auth_context [None req-59e35086-c746-469c-950b-d7823abdeef4 None admin] Validating token access rules against request {{(pid=80904) validate_allowed_request /usr/local/lib/python3.8/dist-packages/keystonemiddleware/auth_token/__init__.py:545}}
May 25 10:26:56.521771 dv-neutron-841576-2-hyperv devstack@keystone.service[80903]: DEBUG keystone.server.flask.request_processing.middleware.auth_context [None req-9509b8d9-f0b5-4dbc-928e-53e5e4a6a0b4 None admin] Validating token access rules against request {{(pid=80903) validate_allowed_request /usr/local/lib/python3.8/dist-packages/keystonemiddleware/auth_token/__init__.py:545}}
May 25 10:26:56.534230 dv-neutron-841576-2-hyperv devstack@keystone.service[80904]: DEBUG keystone.server.flask.request_processing.middleware.auth_context [None req-6a087e35-7323-4d09-8111-45a41c57cb37 None admin] RBAC: auth_context: {'token': , 'domain_id': None, 'trust_id': None, 'trustor_id': None, 'trustee_id': None, 'domain_name': None, 'group_ids': [], 'user_id': 'db300b9af23640c4bbb564275549b8bc', 'user_domain_id': 'default', 'system_scope': 'all', 'project_id': None, 'project_domain_id': None, 'roles': ['admin', 'member', 'reader'], 'is_admin_project': True, 'service_user_id': None, 'service_user_domain_id': None, 'service_project_id': None, 'service_project_domain_id': None, 'service_roles': []} {{(pid=80904) fill_context /opt/stack/keystone/keystone/server/flask/request_processing/middleware/auth_context.py:478}}
May 25 10:26:56.534883 dv-neutron-841576-2-hyperv devstack@keystone.service[80904]: DEBUG keystone.server.flask.request_processing.req_logging [None req-6a087e35-7323-4d09-8111-45a41c57cb37 None admin] REQUEST_METHOD: `GET` {{(pid=80904) log_request_info /opt/stack/keystone/keystone/server/flask/request_processing/req_logging.py:27}}
May 25 10:26:56.535263 dv-neutron-841576-2-hyperv devstack@keystone.service[80904]: DEBUG keystone.server.flask.request_processing.req_logging [None req-6a087e35-7323-4d09-8111-45a41c57cb37 None admin] SCRIPT_NAME: `/identity` {{(pid=80904) log_request_info /opt/stack/keystone/keystone/server/flask/request_processing/req_logging.py:28}}
May 25 10:26:56.535634 dv-neutron-841576-2-hyperv devstack@keystone.service[80904]: DEBUG keystone.server.flask.request_processing.req_logging [None req-6a087e35-7323-4d09-8111-45a41c57cb37 None admin] PATH_INFO: `/v3/role_assignments` {{(pid=80904) log_request_info /opt/stack/keystone/keystone/server/flask/request_processing/req_logging.py:29}}
May 25 10:26:56.536741 dv-neutron-841576-2-hyperv devstack@keystone.service[80904]: DEBUG keystone.common.rbac_enforcer.enforcer [None req-6a087e35-7323-4d09-8111-45a41c57cb37 None admin] RBAC: Adding query filter params (role.id=3ed09079e8e8462c9acb5528e6cf563c, scope.project.id=54c0ee4bcf65405e9c1667b29722cc29, user.id=a5eebd07bd684695aaca6aa0bf7fd125) {{(pid=80904) _extract_filter_values /opt/stack/keystone/keystone/common/rbac_enforcer/enforcer.py:167}}
May 25 10:26:56.537197 dv-neutron-841576-2-hyperv devstack@keystone.service[80904]: DEBUG keystone.common.rbac_enforcer.enforcer [None req-6a087e35-7323-4d09-8111-45a41c57cb37 None admin] RBAC: Authorizing `identity:list_role_assignments()` {{(pid=80904) enforce_call /opt/stack/keystone/keystone/common/rbac_enforcer/enforcer.py:449}}
May 25 10:26:56.538876 dv-neutron-841576-2-hyperv devstack@keystone.service[80904]: DEBUG keystone.common.rbac_enforcer.enforcer [None req-6a087e35-7323-4d09-8111-45a41c57cb37 None admin] RBAC: Authorization granted {{(pid=80904) enforce_call /opt/stack/keystone/keystone/common/rbac_enforcer/enforcer.py:457}}
May 25 10:26:56.545069 dv-neutron-841576-2-hyperv devstack@keystone.service[80904]: [pid: 80904|app: 0|req: 120/229] 10.222.0.42 () {56 vars in 1374 bytes} [Wed May 25 10:26:56 2022] GET /identity/v3/role_assignments?user.id=a5eebd07bd684695aaca6aa0bf7fd125&scope.project.id=54c0ee4bcf65405e9c1667b29722cc29&role.id=3ed09079e8e8462c9acb5528e6cf563c => generated 259 bytes in 183 msecs (HTTP/1.1 200) 5 headers in 177 bytes (1 switches on core 0)
May 25 10:26:56.545987 dv-neutron-841576-2-hyperv devstack@keystone.service[80904]: DEBUG keystone.server.flask.request_processing.middleware.auth_context [None req-6a087e35-7323-4d09-8111-45a41c57cb37 None admin] Authenticating user token {{(pid=80904) process_request /usr/local/lib/python3.8/dist-packages/keystonemiddleware/auth_token/__init__.py:407}}
May 25 10:26:56.572452 dv-neutron-841576-2-hyperv devstack@keystone.service[80903]: DEBUG keystone.server.flask.request_processing.middleware.auth_context [None req-580fc809-ddef-45b6-a704-62d662911f77 None admin] RBAC: auth_context: {'token': , 'domain_id': None, 'trust_id': None, 'trustor_id': None, 'trustee_id': None, 'domain_name': None, 'group_ids': [], 'user_id': 'db300b9af23640c4bbb564275549b8bc', 'user_domain_id': 'default', 'system_scope': 'all', 'project_id': None, 'project_domain_id': None, 'roles': ['admin', 'member', 'reader'], 'is_admin_project': True, 'service_user_id': None, 'service_user_domain_id': None, 'service_project_id': None, 'service_project_domain_id': None, 'service_roles': []} {{(pid=80903) fill_context /opt/stack/keystone/keystone/server/flask/request_processing/middleware/auth_context.py:478}}
May 25 10:26:56.574166 dv-neutron-841576-2-hyperv devstack@keystone.service[80903]: DEBUG keystone.server.flask.request_processing.req_logging [None req-580fc809-ddef-45b6-a704-62d662911f77 None admin] REQUEST_METHOD: `GET` {{(pid=80903) log_request_info /opt/stack/keystone/keystone/server/flask/request_processing/req_logging.py:27}}
May 25 10:26:56.574670 dv-neutron-841576-2-hyperv devstack@keystone.service[80903]: DEBUG keystone.server.flask.request_processing.req_logging [None req-580fc809-ddef-45b6-a704-62d662911f77 None admin] SCRIPT_NAME: `/identity` {{(pid=80903) log_request_info /opt/stack/keystone/keystone/server/flask/request_processing/req_logging.py:28}}
May 25 10:26:56.575174 dv-neutron-841576-2-hyperv devstack@keystone.service[80903]: DEBUG keystone.server.flask.request_processing.req_logging [None req-580fc809-ddef-45b6-a704-62d662911f77 None admin] PATH_INFO: `/v3/projects/54c0ee4bcf65405e9c1667b29722cc29` {{(pid=80903) log_request_info /opt/stack/keystone/keystone/server/flask/request_processing/req_logging.py:29}}
May 25 10:26:56.576812 dv-neutron-841576-2-hyperv devstack@keystone.service[80903]: DEBUG keystone.common.rbac_enforcer.enforcer [None req-580fc809-ddef-45b6-a704-62d662911f77 None admin] RBAC: Authorizing `identity:get_project(project_id=54c0ee4bcf65405e9c1667b29722cc29)` {{(pid=80903) enforce_call /opt/stack/keystone/keystone/common/rbac_enforcer/enforcer.py:449}}
May 25 10:26:56.578812 dv-neutron-841576-2-hyperv devstack@keystone.service[80903]: DEBUG keystone.common.rbac_enforcer.enforcer [None req-580fc809-ddef-45b6-a704-62d662911f77 None admin] RBAC: Authorization granted {{(pid=80903) enforce_call /opt/stack/keystone/keystone/common/rbac_enforcer/enforcer.py:457}}
May 25 10:26:56.581569 dv-neutron-841576-2-hyperv devstack@keystone.service[80903]: [pid: 80903|app: 0|req: 110/230] 10.222.0.42 () {56 vars in 1186 bytes} [Wed May 25 10:26:56 2022] GET /identity/v3/projects/54c0ee4bcf65405e9c1667b29722cc29 => generated 302 bytes in 198 msecs (HTTP/1.1 200) 5 headers in 177 bytes (1 switches on core 0)
May 25 10:26:56.588312 dv-neutron-841576-2-hyperv devstack@keystone.service[80903]: DEBUG keystone.server.flask.request_processing.middleware.auth_context [None req-580fc809-ddef-45b6-a704-62d662911f77 None admin] Authenticating user token {{(pid=80903) process_request /usr/local/lib/python3.8/dist-packages/keystonemiddleware/auth_token/__init__.py:407}}
May 25 10:26:56.617733 dv-neutron-841576-2-hyperv devstack@keystone.service[80904]: DEBUG dbcounter [-] [80904] Writing DB stats keystone:SELECT=100 {{(pid=80904) stat_writer /usr/local/lib/python3.8/dist-packages/dbcounter.py:114}}
May 25 10:26:56.633324 dv-neutron-841576-2-hyperv devstack@keystone.service[80903]: DEBUG dbcounter [-] [80903] Writing DB stats keystone:SELECT=100 {{(pid=80903) stat_writer /usr/local/lib/python3.8/dist-packages/dbcounter.py:114}}
May 25 10:26:56.719697 dv-neutron-841576-2-hyperv devstack@keystone.service[80903]: DEBUG keystone.server.flask.request_processing.middleware.auth_context [None req-580fc809-ddef-45b6-a704-62d662911f77 None admin] Validating token access rules against request {{(pid=80903) validate_allowed_request /usr/local/lib/python3.8/dist-packages/keystonemiddleware/auth_token/__init__.py:545}}
May 25 10:26:56.742739 dv-neutron-841576-2-hyperv devstack@keystone.service[80904]: DEBUG keystone.server.flask.request_processing.middleware.auth_context [None req-6a087e35-7323-4d09-8111-45a41c57cb37 None admin] Validating token access rules against request {{(pid=80904) validate_allowed_request /usr/local/lib/python3.8/dist-packages/keystonemiddleware/auth_token/__init__.py:545}}
May 25 10:26:56.785438 dv-neutron-841576-2-hyperv devstack@keystone.service[80903]: DEBUG keystone.server.flask.request_processing.middleware.auth_context [None req-5a42dcb8-29fc-4c97-aae0-ee179b259d89 None admin] RBAC: auth_context: {'token': , 'domain_id': None, 'trust_id': None, 'trustor_id': None, 'trustee_id': None, 'domain_name': None, 'group_ids': [], 'user_id': 'db300b9af23640c4bbb564275549b8bc', 'user_domain_id': 'default', 'system_scope': 'all', 'project_id': None, 'project_domain_id': None, 'roles': ['admin', 'member', 'reader'], 'is_admin_project': True, 'service_user_id': None, 'service_user_domain_id': None, 'service_project_id': None, 'service_project_domain_id': None, 'service_roles': []} {{(pid=80903) fill_context /opt/stack/keystone/keystone/server/flask/request_processing/middleware/auth_context.py:478}}
May 25 10:26:56.786368 dv-neutron-841576-2-hyperv devstack@keystone.service[80903]: DEBUG keystone.server.flask.request_processing.req_logging [None req-5a42dcb8-29fc-4c97-aae0-ee179b259d89 None admin] REQUEST_METHOD: `PUT` {{(pid=80903) log_request_info /opt/stack/keystone/keystone/server/flask/request_processing/req_logging.py:27}}
May 25 10:26:56.786655 dv-neutron-841576-2-hyperv devstack@keystone.service[80903]: DEBUG keystone.server.flask.request_processing.req_logging [None req-5a42dcb8-29fc-4c97-aae0-ee179b259d89 None admin] SCRIPT_NAME: `/identity` {{(pid=80903) log_request_info /opt/stack/keystone/keystone/server/flask/request_processing/req_logging.py:28}}
May 25 10:26:56.786938 dv-neutron-841576-2-hyperv devstack@keystone.service[80903]: DEBUG keystone.server.flask.request_processing.req_logging [None req-5a42dcb8-29fc-4c97-aae0-ee179b259d89 None admin] PATH_INFO: `/v3/projects/54c0ee4bcf65405e9c1667b29722cc29/users/00f3e2238aec4122a2217eaa22e7d008/roles/492df2c036c144158d46f516d956d43f` {{(pid=80903) log_request_info /opt/stack/keystone/keystone/server/flask/request_processing/req_logging.py:29}}
May 25 10:26:56.787220 dv-neutron-841576-2-hyperv devstack@keystone.service[80904]: DEBUG keystone.server.flask.request_processing.middleware.auth_context [None req-26277fd1-ca97-4a6d-9301-62300675626f None admin] RBAC: auth_context: {'token': , 'domain_id': None, 'trust_id': None, 'trustor_id': None, 'trustee_id': None, 'domain_name': None, 'group_ids': [], 'user_id': 'db300b9af23640c4bbb564275549b8bc', 'user_domain_id': 'default', 'system_scope': 'all', 'project_id': None, 'project_domain_id': None, 'roles': ['admin', 'member', 'reader'], 'is_admin_project': True, 'service_user_id': None, 'service_user_domain_id': None, 'service_project_id': None, 'service_project_domain_id': None, 'service_roles': []} {{(pid=80904) fill_context /opt/stack/keystone/keystone/server/flask/request_processing/middleware/auth_context.py:478}}
May 25 10:26:56.788451 dv-neutron-841576-2-hyperv devstack@keystone.service[80904]: DEBUG keystone.server.flask.request_processing.req_logging [None req-26277fd1-ca97-4a6d-9301-62300675626f None admin] REQUEST_METHOD: `GET` {{(pid=80904) log_request_info /opt/stack/keystone/keystone/server/flask/request_processing/req_logging.py:27}}
May 25 10:26:56.789058 dv-neutron-841576-2-hyperv devstack@keystone.service[80904]: DEBUG keystone.server.flask.request_processing.req_logging [None req-26277fd1-ca97-4a6d-9301-62300675626f None admin] SCRIPT_NAME: `/identity` {{(pid=80904) log_request_info /opt/stack/keystone/keystone/server/flask/request_processing/req_logging.py:28}}
May 25 10:26:56.789510 dv-neutron-841576-2-hyperv devstack@keystone.service[80904]: DEBUG keystone.server.flask.request_processing.req_logging [None req-26277fd1-ca97-4a6d-9301-62300675626f None admin] PATH_INFO: `/v3/users/00f3e2238aec4122a2217eaa22e7d008` {{(pid=80904) log_request_info /opt/stack/keystone/keystone/server/flask/request_processing/req_logging.py:29}}
May 25 10:26:56.789626 dv-neutron-841576-2-hyperv devstack@keystone.service[80903]: DEBUG keystone.common.rbac_enforcer.enforcer [None req-5a42dcb8-29fc-4c97-aae0-ee179b259d89 None admin] RBAC: Authorizing `identity:create_grant(project_id=54c0ee4bcf65405e9c1667b29722cc29, user_id=00f3e2238aec4122a2217eaa22e7d008, role_id=492df2c036c144158d46f516d956d43f)` {{(pid=80903) enforce_call /opt/stack/keystone/keystone/common/rbac_enforcer/enforcer.py:449}}
May 25 10:26:56.791079 dv-neutron-841576-2-hyperv devstack@keystone.service[80904]: DEBUG keystone.common.rbac_enforcer.enforcer [None req-26277fd1-ca97-4a6d-9301-62300675626f None admin] RBAC: Authorizing `identity:get_user(user_id=00f3e2238aec4122a2217eaa22e7d008)` {{(pid=80904) enforce_call /opt/stack/keystone/keystone/common/rbac_enforcer/enforcer.py:449}}
May 25 10:26:56.791275 dv-neutron-841576-2-hyperv devstack@keystone.service[80903]: DEBUG keystone.common.rbac_enforcer.enforcer [None req-5a42dcb8-29fc-4c97-aae0-ee179b259d89 None admin] RBAC: Authorization granted {{(pid=80903) enforce_call /opt/stack/keystone/keystone/common/rbac_enforcer/enforcer.py:457}}
May 25 10:26:56.793159 dv-neutron-841576-2-hyperv devstack@keystone.service[80904]: DEBUG keystone.common.rbac_enforcer.enforcer [None req-26277fd1-ca97-4a6d-9301-62300675626f None admin] RBAC: Authorization granted {{(pid=80904) enforce_call /opt/stack/keystone/keystone/common/rbac_enforcer/enforcer.py:457}}
May 25 10:26:56.796306 dv-neutron-841576-2-hyperv devstack@keystone.service[80904]: [pid: 80904|app: 0|req: 121/231] 10.222.0.42 () {56 vars in 1177 bytes} [Wed May 25 10:26:56 2022] GET /identity/v3/users/00f3e2238aec4122a2217eaa22e7d008 => generated 283 bytes in 251 msecs (HTTP/1.1 200) 5 headers in 177 bytes (1 switches on core 0)
May 25 10:26:56.805009 dv-neutron-841576-2-hyperv devstack@keystone.service[80904]: DEBUG keystone.server.flask.request_processing.middleware.auth_context [None req-26277fd1-ca97-4a6d-9301-62300675626f None admin] Authenticating user token {{(pid=80904) process_request /usr/local/lib/python3.8/dist-packages/keystonemiddleware/auth_token/__init__.py:407}}
May 25 10:26:56.913685 dv-neutron-841576-2-hyperv devstack@keystone.service[80904]: DEBUG dbcounter [-] [80904] Writing DB stats keystone:SELECT=100 {{(pid=80904) stat_writer /usr/local/lib/python3.8/dist-packages/dbcounter.py:114}}
May 25 10:26:56.918051 dv-neutron-841576-2-hyperv devstack@keystone.service[80904]: DEBUG keystone.server.flask.request_processing.middleware.auth_context [None req-26277fd1-ca97-4a6d-9301-62300675626f None admin] Validating token access rules against request {{(pid=80904) validate_allowed_request /usr/local/lib/python3.8/dist-packages/keystonemiddleware/auth_token/__init__.py:545}}
May 25 10:26:56.947814 dv-neutron-841576-2-hyperv devstack@keystone.service[80903]: [pid: 80903|app: 0|req: 111/232] 10.222.0.42 () {58 vars in 1439 bytes} [Wed May 25 10:26:56 2022] PUT /identity/v3/projects/54c0ee4bcf65405e9c1667b29722cc29/users/00f3e2238aec4122a2217eaa22e7d008/roles/492df2c036c144158d46f516d956d43f => generated 0 bytes in 360 msecs (HTTP/1.1 204) 3 headers in 132 bytes (0 switches on core 0)
May 25 10:26:56.957746 dv-neutron-841576-2-hyperv devstack@keystone.service[80904]: DEBUG keystone.server.flask.request_processing.middleware.auth_context [None req-cab1a9da-a5dd-4f25-bb19-e97da80133f5 None admin] RBAC: auth_context: {'token': , 'domain_id': None, 'trust_id': None, 'trustor_id': None, 'trustee_id': None, 'domain_name': None, 'group_ids': [], 'user_id': 'db300b9af23640c4bbb564275549b8bc', 'user_domain_id': 'default', 'system_scope': 'all', 'project_id': None, 'project_domain_id': None, 'roles': ['admin', 'member', 'reader'], 'is_admin_project': True, 'service_user_id': None, 'service_user_domain_id': None, 'service_project_id': None, 'service_project_domain_id': None, 'service_roles': []} {{(pid=80904) fill_context /opt/stack/keystone/keystone/server/flask/request_processing/middleware/auth_context.py:478}}
May 25 10:26:56.959197 dv-neutron-841576-2-hyperv devstack@keystone.service[80904]: DEBUG keystone.server.flask.request_processing.req_logging [None req-cab1a9da-a5dd-4f25-bb19-e97da80133f5 None admin] REQUEST_METHOD: `GET` {{(pid=80904) log_request_info /opt/stack/keystone/keystone/server/flask/request_processing/req_logging.py:27}}
May 25 10:26:56.959623 dv-neutron-841576-2-hyperv devstack@keystone.service[80904]: DEBUG keystone.server.flask.request_processing.req_logging [None req-cab1a9da-a5dd-4f25-bb19-e97da80133f5 None admin] SCRIPT_NAME: `/identity` {{(pid=80904) log_request_info /opt/stack/keystone/keystone/server/flask/request_processing/req_logging.py:28}}
May 25 10:26:56.960277 dv-neutron-841576-2-hyperv devstack@keystone.service[80904]: DEBUG keystone.server.flask.request_processing.req_logging [None req-cab1a9da-a5dd-4f25-bb19-e97da80133f5 None admin] PATH_INFO: `/v3/projects/54c0ee4bcf65405e9c1667b29722cc29` {{(pid=80904) log_request_info /opt/stack/keystone/keystone/server/flask/request_processing/req_logging.py:29}}
May 25 10:26:56.962584 dv-neutron-841576-2-hyperv devstack@keystone.service[80904]: DEBUG keystone.common.rbac_enforcer.enforcer [None req-cab1a9da-a5dd-4f25-bb19-e97da80133f5 None admin] RBAC: Authorizing `identity:get_project(project_id=54c0ee4bcf65405e9c1667b29722cc29)` {{(pid=80904) enforce_call /opt/stack/keystone/keystone/common/rbac_enforcer/enforcer.py:449}}
May 25 10:26:56.964245 dv-neutron-841576-2-hyperv devstack@keystone.service[80904]: DEBUG keystone.common.rbac_enforcer.enforcer [None req-cab1a9da-a5dd-4f25-bb19-e97da80133f5 None admin] RBAC: Authorization granted {{(pid=80904) enforce_call /opt/stack/keystone/keystone/common/rbac_enforcer/enforcer.py:457}}
May 25 10:26:56.966667 dv-neutron-841576-2-hyperv devstack@keystone.service[80904]: [pid: 80904|app: 0|req: 122/233] 10.222.0.42 () {56 vars in 1186 bytes} [Wed May 25 10:26:56 2022] GET /identity/v3/projects/54c0ee4bcf65405e9c1667b29722cc29 => generated 302 bytes in 165 msecs (HTTP/1.1 200) 5 headers in 177 bytes (2 switches on core 0)
May 25 10:26:56.973309 dv-neutron-841576-2-hyperv devstack@keystone.service[80903]: DEBUG keystone.server.flask.request_processing.middleware.auth_context [None req-5a42dcb8-29fc-4c97-aae0-ee179b259d89 None admin] Authenticating user token {{(pid=80903) process_request /usr/local/lib/python3.8/dist-packages/keystonemiddleware/auth_token/__init__.py:407}}
May 25 10:26:57.139400 dv-neutron-841576-2-hyperv devstack@keystone.service[80903]: DEBUG dbcounter [-] [80903] Writing DB stats keystone:SELECT=99,keystone:INSERT=1 {{(pid=80903) stat_writer /usr/local/lib/python3.8/dist-packages/dbcounter.py:114}}
May 25 10:26:57.149326 dv-neutron-841576-2-hyperv devstack@keystone.service[80903]: DEBUG keystone.server.flask.request_processing.middleware.auth_context [None req-5a42dcb8-29fc-4c97-aae0-ee179b259d89 None admin] Validating token access rules against request {{(pid=80903) validate_allowed_request /usr/local/lib/python3.8/dist-packages/keystonemiddleware/auth_token/__init__.py:545}}
