May 12 12:01:00.472402 dv-neutron-841576-1-hyperv neutron-server[103975]: DEBUG neutron_lib.callbacks.manager [None req-e323a65f-1000-4fb6-b325-7f5c7a017d6d tempest-ExternalNetworksTestJSON-1973348534 tempest-ExternalNetworksTestJSON-1973348534-project-admin] Publish callbacks ['neutron.plugins.ml2.plugin.SecurityGroupDbMixin._ensure_default_security_group_handler-763998'] for network (None), before_create {{(pid=103975) _notify_loop /usr/local/lib/python3.8/dist-packages/neutron_lib/callbacks/manager.py:176}}
May 12 12:01:00.479153 dv-neutron-841576-1-hyperv neutron-server[103976]: INFO neutron.wsgi [None req-d573172e-6d77-4d05-afcf-02402e83319b tempest-RoutersIpV6AdminTest-135392845 tempest-RoutersIpV6AdminTest-135392845-project-admin] 10.222.0.73 "POST /v2.0/ports HTTP/1.1" status: 201 len: 1028 time: 2.3645301
May 12 12:01:00.480074 dv-neutron-841576-1-hyperv neutron-server[103976]: DEBUG neutron.wsgi [-] (103976) accepted ('10.222.0.73', 42646) {{(pid=103976) server /usr/local/lib/python3.8/dist-packages/eventlet/wsgi.py:1004}}
May 12 12:01:00.517190 dv-neutron-841576-1-hyperv neutron-server[103976]: DEBUG neutron_lib.callbacks.manager [None req-86ee82d9-048b-456f-8b06-df8432da3f51 tempest-RoutersAdminTest-1934693571 tempest-RoutersAdminTest-1934693571-project] Publish callbacks ['neutron.plugins.ml2.plugin.SecurityGroupServerNotifierRpcMixin._notify_sg_on_port_change-764144', 'neutron.plugins.ml2.ovo_rpc._ObjectChangeHandler.handle_event-118099', 'neutron.api.rpc.agentnotifiers.dhcp_rpc_agent_api.DhcpAgentNotifyAPI._native_event_send_dhcp_notification-1680162', 'neutron.db.l3_dvrscheduler_db._notify_l3_agent_new_port-8726677973863', 'neutron.services.segments.plugin.NovaSegmentNotifier._notify_port_created_or_deleted-15265360'] for port (c9653556-3875-4e29-b612-7ad656deb155), after_create {{(pid=103976) _notify_loop /usr/local/lib/python3.8/dist-packages/neutron_lib/callbacks/manager.py:176}}
May 12 12:01:00.579828 dv-neutron-841576-1-hyperv neutron-server[103975]: DEBUG neutron.plugins.ml2.drivers.helpers [None req-e323a65f-1000-4fb6-b325-7f5c7a017d6d tempest-ExternalNetworksTestJSON-1973348534 tempest-ExternalNetworksTestJSON-1973348534-project-admin] vlan segment allocate from pool success with {'vlan_id': 503, 'physical_network': 'physnet1'} {{(pid=103975) allocate_partially_specified_segment /opt/stack/neutron/neutron/plugins/ml2/drivers/helpers.py:153}}
May 12 12:01:00.597161 dv-neutron-841576-1-hyperv neutron-server[103975]: DEBUG neutron.pecan_wsgi.hooks.policy_enforcement [req-2f2fdaae-295d-4d98-9c7c-2d896f792be3 req-592585f3-9e3c-4bb6-8699-ec6aa657fead tempest-ServersTestJSON-813649872 tempest-ServersTestJSON-813649872-project] Attributes excluded by policy engine: ['standard_attr_id', 'vlan_transparent', 'provider:network_type', 'provider:physical_network', 'provider:segmentation_id'] {{(pid=103975) _exclude_attributes_by_policy /opt/stack/neutron/neutron/pecan_wsgi/hooks/policy_enforcement.py:259}}
May 12 12:01:00.598835 dv-neutron-841576-1-hyperv neutron-server[103975]: INFO neutron.wsgi [req-2f2fdaae-295d-4d98-9c7c-2d896f792be3 req-592585f3-9e3c-4bb6-8699-ec6aa657fead tempest-ServersTestJSON-813649872 tempest-ServersTestJSON-813649872-project] 10.222.0.74 "GET /v2.0/networks?id=c97cbe03-d7ae-4078-9e27-46c715ce605a HTTP/1.1" status: 200 len: 804 time: 0.5898387
May 12 12:01:00.603550 dv-neutron-841576-1-hyperv neutron-server[103975]: DEBUG neutron_lib.callbacks.manager [None req-e323a65f-1000-4fb6-b325-7f5c7a017d6d tempest-ExternalNetworksTestJSON-1973348534 tempest-ExternalNetworksTestJSON-1973348534-project-admin] Publish callbacks ['neutron.services.segments.db._add_segment_host_mapping_for_segment-8726678455053', 'neutron.plugins.ml2.plugin.Ml2Plugin._handle_segment_change-779545'] for segment (8fe3b950-087d-42c0-bb4a-d6e2c98bd78a), precommit_create {{(pid=103975) _notify_loop /usr/local/lib/python3.8/dist-packages/neutron_lib/callbacks/manager.py:176}}
May 12 12:01:00.605675 dv-neutron-841576-1-hyperv neutron-server[103975]: INFO neutron.db.segments_db [None req-e323a65f-1000-4fb6-b325-7f5c7a017d6d tempest-ExternalNetworksTestJSON-1973348534 tempest-ExternalNetworksTestJSON-1973348534-project-admin] Added segment 8fe3b950-087d-42c0-bb4a-d6e2c98bd78a of type vlan for network 099433eb-9ef8-46c7-98f2-7ab218423462
May 12 12:01:00.660260 dv-neutron-841576-1-hyperv neutron-server[103975]: DEBUG neutron_lib.callbacks.manager [None req-e323a65f-1000-4fb6-b325-7f5c7a017d6d tempest-ExternalNetworksTestJSON-1973348534 tempest-ExternalNetworksTestJSON-1973348534-project-admin] Publish callbacks ['neutron.services.auto_allocate.db._ensure_external_network_default_value_callback-8726677993885'] for network (099433eb-9ef8-46c7-98f2-7ab218423462), precommit_create {{(pid=103975) _notify_loop /usr/local/lib/python3.8/dist-packages/neutron_lib/callbacks/manager.py:176}}
May 12 12:01:00.696594 dv-neutron-841576-1-hyperv neutron-server[103975]: DEBUG neutron.wsgi [-] (103975) accepted ('10.222.0.73', 42658) {{(pid=103975) server /usr/local/lib/python3.8/dist-packages/eventlet/wsgi.py:1004}}
May 12 12:01:00.808458 dv-neutron-841576-1-hyperv neutron-server[103975]: INFO neutron.wsgi [req-2f2fdaae-295d-4d98-9c7c-2d896f792be3 req-4366d7ca-783c-4f97-82fe-fe3151b9ca16 tempest-ServersTestJSON-813649872 tempest-ServersTestJSON-813649872-project] 10.222.0.74 "GET /v2.0/security-groups?fields=id&fields=name&tenant_id=f9a2a60db64c4040a45ec7db57359142 HTTP/1.1" status: 200 len: 380 time: 0.1335232
May 12 12:01:00.819329 dv-neutron-841576-1-hyperv neutron-server[103975]: DEBUG neutron.api.v2.base [req-2f2fdaae-295d-4d98-9c7c-2d896f792be3 req-a75c5a36-a62e-4b09-967e-65bce588a5a9 tempest-ServersTestJSON-813649872 tempest-ServersTestJSON-813649872-project] Request body: {'port': {'device_id': '332481d6-c7fc-42df-87e2-93fe9531cde6', 'network_id': 'c97cbe03-d7ae-4078-9e27-46c715ce605a', 'admin_state_up': True, 'tenant_id': 'f9a2a60db64c4040a45ec7db57359142', 'security_groups': ['6c15aaeb-5962-44d2-8a59-8ea426c8bb06']}} {{(pid=103975) prepare_request_body /opt/stack/neutron/neutron/api/v2/base.py:730}}
May 12 12:01:00.827841 dv-neutron-841576-1-hyperv neutron-server[103975]: DEBUG neutron_lib.callbacks.manager [None req-e323a65f-1000-4fb6-b325-7f5c7a017d6d tempest-ExternalNetworksTestJSON-1973348534 tempest-ExternalNetworksTestJSON-1973348534-project-admin] Publish callbacks ['neutron.plugins.ml2.ovo_rpc._ObjectChangeHandler.handle_event-1784213', 'neutron.api.rpc.agentnotifiers.dhcp_rpc_agent_api.DhcpAgentNotifyAPI._native_event_send_dhcp_notification-1680162'] for network (099433eb-9ef8-46c7-98f2-7ab218423462), after_create {{(pid=103975) _notify_loop /usr/local/lib/python3.8/dist-packages/neutron_lib/callbacks/manager.py:176}}
May 12 12:01:00.829499 dv-neutron-841576-1-hyperv neutron-server[103975]: DEBUG neutron.pecan_wsgi.hooks.policy_enforcement [None req-e323a65f-1000-4fb6-b325-7f5c7a017d6d tempest-ExternalNetworksTestJSON-1973348534 tempest-ExternalNetworksTestJSON-1973348534-project-admin] Attributes excluded by policy engine: ['standard_attr_id', 'vlan_transparent'] {{(pid=103975) _exclude_attributes_by_policy /opt/stack/neutron/neutron/pecan_wsgi/hooks/policy_enforcement.py:259}}
May 12 12:01:00.830426 dv-neutron-841576-1-hyperv neutron-server[103975]: DEBUG neutron_lib.callbacks.manager [None req-e323a65f-1000-4fb6-b325-7f5c7a017d6d tempest-ExternalNetworksTestJSON-1973348534 tempest-ExternalNetworksTestJSON-1973348534-project-admin] Publish callbacks ['neutron.api.rpc.agentnotifiers.dhcp_rpc_agent_api.DhcpAgentNotifyAPI._send_dhcp_notification-1680140'] for network (None), before_response {{(pid=103975) _notify_loop /usr/local/lib/python3.8/dist-packages/neutron_lib/callbacks/manager.py:176}}
May 12 12:01:00.839205 dv-neutron-841576-1-hyperv neutron-server[103976]: DEBUG neutron.scheduler.dhcp_agent_scheduler [None req-86ee82d9-048b-456f-8b06-df8432da3f51 tempest-RoutersAdminTest-1934693571 tempest-RoutersAdminTest-1934693571-project] Network ad9926a4-080e-4477-a8f0-075136716fbd is already hosted by enough agents. {{(pid=103976) _get_dhcp_agents_hosting_network /opt/stack/neutron/neutron/scheduler/dhcp_agent_scheduler.py:275}}
May 12 12:01:00.855300 dv-neutron-841576-1-hyperv neutron-server[103976]: DEBUG neutron.api.rpc.handlers.resources_rpc [None req-86ee82d9-048b-456f-8b06-df8432da3f51 tempest-RoutersAdminTest-1934693571 tempest-RoutersAdminTest-1934693571-project] Pushing event updated for resources: {'Port': ['ID=c9653556-3875-4e29-b612-7ad656deb155,revision_number=1']} {{(pid=103976) push /opt/stack/neutron/neutron/api/rpc/handlers/resources_rpc.py:237}}
May 12 12:01:00.858199 dv-neutron-841576-1-hyperv neutron-server[103976]: DEBUG neutron.scheduler.base_scheduler [None req-86ee82d9-048b-456f-8b06-df8432da3f51 tempest-RoutersAdminTest-1934693571 tempest-RoutersAdminTest-1934693571-project] Resources bound (agent type, host, resource id): {{(pid=103976) schedule /opt/stack/neutron/neutron/scheduler/base_scheduler.py:57}}
May 12 12:01:00.864083 dv-neutron-841576-1-hyperv neutron-server[103976]: DEBUG neutron.db.l3_dvrscheduler_db [None req-86ee82d9-048b-456f-8b06-df8432da3f51 tempest-RoutersAdminTest-1934693571 tempest-RoutersAdminTest-1934693571-project] Received port after_create {{(pid=103976) _notify_l3_agent_new_port /opt/stack/neutron/neutron/db/l3_dvrscheduler_db.py:536}}
May 12 12:01:00.902128 dv-neutron-841576-1-hyperv neutron-server[103976]: DEBUG neutron.plugins.ml2.plugin [None req-d149eaa9-7432-4fb2-90ea-0fbd520e15ed tempest-RoutersIpV6AdminTest-135392845 tempest-RoutersIpV6AdminTest-135392845-project-admin] Deleting port d90bc6fe-705c-4bc4-ac18-f5c980c783c9 {{(pid=103976) _pre_delete_port /opt/stack/neutron/neutron/plugins/ml2/plugin.py:2041}}
May 12 12:01:00.902431 dv-neutron-841576-1-hyperv neutron-server[103976]: DEBUG neutron_lib.callbacks.manager [None req-d149eaa9-7432-4fb2-90ea-0fbd520e15ed tempest-RoutersIpV6AdminTest-135392845 tempest-RoutersIpV6AdminTest-135392845-project-admin] Publish callbacks ['neutron.db.l3_db.L3_NAT_dbonly_mixin._prevent_l3_port_delete_callback-8726678525157'] for port (d90bc6fe-705c-4bc4-ac18-f5c980c783c9), before_delete {{(pid=103976) _notify_loop /usr/local/lib/python3.8/dist-packages/neutron_lib/callbacks/manager.py:176}}
May 12 12:01:00.910404 dv-neutron-841576-1-hyperv neutron-server[103976]: DEBUG neutron_lib.callbacks.manager [None req-1eb6a10e-1806-4c20-a674-3f9d6c07cff0 tempest-PortsAdminExtendedAttrsIpV6TestJSON-797974032 tempest-PortsAdminExtendedAttrsIpV6TestJSON-797974032-project-admin] Publish callbacks ['neutron.plugins.ml2.plugin.SecurityGroupServerNotifierRpcMixin._notify_sg_on_port_change-764144', 'neutron.plugins.ml2.ovo_rpc._ObjectChangeHandler.handle_event-118099', 'neutron.api.rpc.agentnotifiers.dhcp_rpc_agent_api.DhcpAgentNotifyAPI._native_event_send_dhcp_notification-1680162', 'neutron.db.l3_db.L3RpcNotifierMixin._notify_routers_callback-8726678535033', 'neutron.db.l3_dvrscheduler_db._notify_port_delete-8726677973872', 'neutron.services.segments.plugin.NovaSegmentNotifier._notify_port_created_or_deleted-15265360'] for port (b9a399c1-25fa-42ee-a8fa-497b87ca311b), after_delete {{(pid=103976) _notify_loop /usr/local/lib/python3.8/dist-packages/neutron_lib/callbacks/manager.py:176}}
May 12 12:01:00.963827 dv-neutron-841576-1-hyperv neutron-server[103975]: DEBUG neutron.api.rpc.handlers.resources_rpc [None req-e323a65f-1000-4fb6-b325-7f5c7a017d6d tempest-ExternalNetworksTestJSON-1973348534 tempest-ExternalNetworksTestJSON-1973348534-project-admin] Pushing event updated for resources: {'Network': ['ID=099433eb-9ef8-46c7-98f2-7ab218423462,revision_number=1']} {{(pid=103975) push /opt/stack/neutron/neutron/api/rpc/handlers/resources_rpc.py:237}}
May 12 12:01:00.973800 dv-neutron-841576-1-hyperv neutron-server[103977]: DEBUG neutron.plugins.ml2.rpc [None req-2b61138e-bbb3-4b34-ac54-1d2dc975631d None None] Network 099433eb-9ef8-46c7-98f2-7ab218423462 details requested by agent ovs-agent-dv-neutron-841576-1-hyperv with host dv-neutron-841576-1-hyperv {{(pid=103977) get_network_details /opt/stack/neutron/neutron/plugins/ml2/rpc.py:248}}
May 12 12:01:01.024940 dv-neutron-841576-1-hyperv neutron-server[103975]: INFO neutron.wsgi [None req-e323a65f-1000-4fb6-b325-7f5c7a017d6d tempest-ExternalNetworksTestJSON-1973348534 tempest-ExternalNetworksTestJSON-1973348534-project-admin] 10.222.0.73 "POST /v2.0/networks HTTP/1.1" status: 201 len: 863 time: 1.0085959
May 12 12:01:01.030332 dv-neutron-841576-1-hyperv neutron-server[103975]: DEBUG neutron.wsgi [-] (103975) accepted ('10.222.0.73', 42680) {{(pid=103975) server /usr/local/lib/python3.8/dist-packages/eventlet/wsgi.py:1004}}
May 12 12:01:01.123141 dv-neutron-841576-1-hyperv neutron-server[103976]: DEBUG neutron.api.rpc.handlers.resources_rpc [None req-1eb6a10e-1806-4c20-a674-3f9d6c07cff0 tempest-PortsAdminExtendedAttrsIpV6TestJSON-797974032 tempest-PortsAdminExtendedAttrsIpV6TestJSON-797974032-project-admin] Pushing event deleted for resources: {'Port': ['ID=b9a399c1-25fa-42ee-a8fa-497b87ca311b,revision_number=None']} {{(pid=103976) push /opt/stack/neutron/neutron/api/rpc/handlers/resources_rpc.py:237}}
May 12 12:01:01.133750 dv-neutron-841576-1-hyperv neutron-server[103976]: DEBUG neutron.quota.resource [None req-6328629f-43a1-4ec3-a26d-421ee87a9f49 tempest-QuotasTest-1447532756 tempest-QuotasTest-1447532756-project-admin] Usage tracker for resource:security_group and project:b99492eebaa545418cb055901f7cf4e7 is out of sync, need to count used quota {{(pid=103976) count_used /opt/stack/neutron/neutron/quota/resource.py:292}}
May 12 12:01:01.144585 dv-neutron-841576-1-hyperv neutron-server[103976]: DEBUG neutron.quota.resource [None req-6328629f-43a1-4ec3-a26d-421ee87a9f49 tempest-QuotasTest-1447532756 tempest-QuotasTest-1447532756-project-admin] Quota usage for security_group was recalculated. Used quota:0. {{(pid=103976) count_used /opt/stack/neutron/neutron/quota/resource.py:313}}
May 12 12:01:01.149216 dv-neutron-841576-1-hyperv neutron-server[103976]: DEBUG neutron_lib.callbacks.manager [None req-1eb6a10e-1806-4c20-a674-3f9d6c07cff0 tempest-PortsAdminExtendedAttrsIpV6TestJSON-797974032 tempest-PortsAdminExtendedAttrsIpV6TestJSON-797974032-project-admin] Publish callbacks ['neutron.notifiers.nova.Notifier._send_nova_notification-127029'] for port (None), before_response {{(pid=103976) _notify_loop /usr/local/lib/python3.8/dist-packages/neutron_lib/callbacks/manager.py:176}}
May 12 12:01:01.152556 dv-neutron-841576-1-hyperv neutron-server[103976]: INFO neutron.wsgi [None req-1eb6a10e-1806-4c20-a674-3f9d6c07cff0 tempest-PortsAdminExtendedAttrsIpV6TestJSON-797974032 tempest-PortsAdminExtendedAttrsIpV6TestJSON-797974032-project-admin] 10.222.0.73 "DELETE /v2.0/ports/b9a399c1-25fa-42ee-a8fa-497b87ca311b HTTP/1.1" status: 204 len: 168 time: 1.7310672
May 12 12:01:01.189736 dv-neutron-841576-1-hyperv neutron-server[103976]: DEBUG neutron.wsgi [-] (103976) accepted ('10.222.0.73', 42684) {{(pid=103976) server /usr/local/lib/python3.8/dist-packages/eventlet/wsgi.py:1004}}
May 12 12:01:01.246803 dv-neutron-841576-1-hyperv neutron-server[103976]: DEBUG neutron.quota.resource [None req-6328629f-43a1-4ec3-a26d-421ee87a9f49 tempest-QuotasTest-1447532756 tempest-QuotasTest-1447532756-project-admin] Usage tracker for resource:security_group_rule and project:b99492eebaa545418cb055901f7cf4e7 is out of sync, need to count used quota {{(pid=103976) count_used /opt/stack/neutron/neutron/quota/resource.py:292}}
May 12 12:01:01.253855 dv-neutron-841576-1-hyperv neutron-server[103976]: DEBUG neutron.quota.resource [None req-6328629f-43a1-4ec3-a26d-421ee87a9f49 tempest-QuotasTest-1447532756 tempest-QuotasTest-1447532756-project-admin] Quota usage for security_group_rule was recalculated. Used quota:0. {{(pid=103976) count_used /opt/stack/neutron/neutron/quota/resource.py:313}}
May 12 12:01:01.258347 dv-neutron-841576-1-hyperv neutron-server[103976]: INFO neutron.pecan_wsgi.hooks.translation [None req-1b635000-65b6-4080-8e5b-c74864c0ed20 tempest-PortsAdminExtendedAttrsIpV6TestJSON-797974032 tempest-PortsAdminExtendedAttrsIpV6TestJSON-797974032-project-admin] GET failed (client error): The resource could not be found.
May 12 12:01:01.260093 dv-neutron-841576-1-hyperv neutron-server[103976]: INFO neutron.wsgi [None req-1b635000-65b6-4080-8e5b-c74864c0ed20 tempest-PortsAdminExtendedAttrsIpV6TestJSON-797974032 tempest-PortsAdminExtendedAttrsIpV6TestJSON-797974032-project-admin] 10.222.0.73 "GET /v2.0/ports/b9a399c1-25fa-42ee-a8fa-497b87ca311b HTTP/1.1" status: 404 len: 333 time: 0.0695846
May 12 12:01:01.267530 dv-neutron-841576-1-hyperv neutron-server[103976]: DEBUG neutron_lib.callbacks.manager [None req-d149eaa9-7432-4fb2-90ea-0fbd520e15ed tempest-RoutersIpV6AdminTest-135392845 tempest-RoutersIpV6AdminTest-135392845-project-admin] Publish callbacks ['neutron.services.l3_router.l3_router_plugin.L3_NAT_dbonly_mixin._precommit_delete_port_callback-1578770'] for port (d90bc6fe-705c-4bc4-ac18-f5c980c783c9), precommit_delete {{(pid=103976) _notify_loop /usr/local/lib/python3.8/dist-packages/neutron_lib/callbacks/manager.py:176}}
May 12 12:01:01.271818 dv-neutron-841576-1-hyperv neutron-server[103976]: DEBUG neutron.wsgi [-] (103976) accepted ('10.222.0.73', 42686) {{(pid=103976) server /usr/local/lib/python3.8/dist-packages/eventlet/wsgi.py:1004}}
May 12 12:01:01.292330 dv-neutron-841576-1-hyperv neutron-server[103976]: DEBUG neutron.api.v2.base [None req-5c3dda04-14d7-40a5-8c07-177626684233 tempest-PortsAdminExtendedAttrsIpV6TestJSON-797974032 tempest-PortsAdminExtendedAttrsIpV6TestJSON-797974032-project-admin] Request body: {'port': {'network_id': 'afa892c3-f49b-4a89-9707-8525219ceca0', 'name': 'tempest-PortsAdminExtendedAttrsIpV6TestJSON-699560139'}} {{(pid=103976) prepare_request_body /opt/stack/neutron/neutron/api/v2/base.py:730}}
May 12 12:01:01.305442 dv-neutron-841576-1-hyperv neutron-server[103976]: DEBUG neutron.plugins.ml2.plugin [None req-d149eaa9-7432-4fb2-90ea-0fbd520e15ed tempest-RoutersIpV6AdminTest-135392845 tempest-RoutersIpV6AdminTest-135392845-project-admin] Calling delete_port for d90bc6fe-705c-4bc4-ac18-f5c980c783c9 owned by {{(pid=103976) delete_port /opt/stack/neutron/neutron/plugins/ml2/plugin.py:2120}}
May 12 12:01:01.319427 dv-neutron-841576-1-hyperv neutron-server[103976]: INFO neutron.wsgi [None req-6328629f-43a1-4ec3-a26d-421ee87a9f49 tempest-QuotasTest-1447532756 tempest-QuotasTest-1447532756-project-admin] 10.222.0.73 "GET /v2.0/quotas/b99492eebaa545418cb055901f7cf4e7/details.json HTTP/1.1" status: 200 len: 703 time: 1.7568958
May 12 12:01:01.345125 dv-neutron-841576-1-hyperv neutron-server[103975]: INFO neutron.wsgi [None req-fbc188bd-315e-4564-9500-1105e6d7ed44 admin admin] 10.222.0.73 "GET /v2.0/security-groups?tenant_id=039b74b9cffb43ebbc05c9e2bdfdda8d&name=default HTTP/1.1" status: 200 len: 2992 time: 0.6350324
May 12 12:01:01.390056 dv-neutron-841576-1-hyperv neutron-server[103975]: DEBUG neutron.wsgi [-] (103975) accepted ('10.222.0.73', 42694) {{(pid=103975) server /usr/local/lib/python3.8/dist-packages/eventlet/wsgi.py:1004}}
May 12 12:01:01.499420 dv-neutron-841576-1-hyperv neutron-server[103976]: DEBUG neutron.pecan_wsgi.hooks.quota_enforcement [None req-5c3dda04-14d7-40a5-8c07-177626684233 tempest-PortsAdminExtendedAttrsIpV6TestJSON-797974032 tempest-PortsAdminExtendedAttrsIpV6TestJSON-797974032-project-admin] Made reservation on behalf of c8902a3baa514a21b7c3ba9b2e05bd19 for: {'port': 1} {{(pid=103976) before /opt/stack/neutron/neutron/pecan_wsgi/hooks/quota_enforcement.py:53}}
May 12 12:01:01.502494 dv-neutron-841576-1-hyperv neutron-server[103976]: DEBUG neutron_lib.callbacks.manager [None req-5c3dda04-14d7-40a5-8c07-177626684233 tempest-PortsAdminExtendedAttrsIpV6TestJSON-797974032 tempest-PortsAdminExtendedAttrsIpV6TestJSON-797974032-project-admin] Publish callbacks ['neutron.plugins.ml2.plugin.SecurityGroupDbMixin._ensure_default_security_group_handler-763998'] for port (None), before_create {{(pid=103976) _notify_loop /usr/local/lib/python3.8/dist-packages/neutron_lib/callbacks/manager.py:176}}
May 12 12:01:01.567364 dv-neutron-841576-1-hyperv neutron-server[103975]: DEBUG neutron.pecan_wsgi.hooks.policy_enforcement [None req-1f55e880-c74a-409d-826b-569f7386abd7 tempest-ExternalNetworksTestJSON-1131349474 tempest-ExternalNetworksTestJSON-1131349474-project] Attributes excluded by policy engine: ['standard_attr_id', 'vlan_transparent', 'provider:network_type', 'provider:physical_network', 'provider:segmentation_id'] {{(pid=103975) _exclude_attributes_by_policy /opt/stack/neutron/neutron/pecan_wsgi/hooks/policy_enforcement.py:259}}
May 12 12:01:01.572686 dv-neutron-841576-1-hyperv neutron-server[103975]: DEBUG neutron.pecan_wsgi.hooks.policy_enforcement [None req-1f55e880-c74a-409d-826b-569f7386abd7 tempest-ExternalNetworksTestJSON-1131349474 tempest-ExternalNetworksTestJSON-1131349474-project] Attributes excluded by policy engine: ['standard_attr_id', 'vlan_transparent', 'provider:network_type', 'provider:physical_network', 'provider:segmentation_id'] {{(pid=103975) _exclude_attributes_by_policy /opt/stack/neutron/neutron/pecan_wsgi/hooks/policy_enforcement.py:259}}
May 12 12:01:01.582080 dv-neutron-841576-1-hyperv neutron-server[103975]: DEBUG neutron.pecan_wsgi.hooks.policy_enforcement [None req-1f55e880-c74a-409d-826b-569f7386abd7 tempest-ExternalNetworksTestJSON-1131349474 tempest-ExternalNetworksTestJSON-1131349474-project] Attributes excluded by policy engine: ['standard_attr_id', 'vlan_transparent', 'provider:network_type', 'provider:physical_network', 'provider:segmentation_id'] {{(pid=103975) _exclude_attributes_by_policy /opt/stack/neutron/neutron/pecan_wsgi/hooks/policy_enforcement.py:259}}
May 12 12:01:01.589726 dv-neutron-841576-1-hyperv neutron-server[103975]: DEBUG neutron.pecan_wsgi.hooks.policy_enforcement [None req-1f55e880-c74a-409d-826b-569f7386abd7 tempest-ExternalNetworksTestJSON-1131349474 tempest-ExternalNetworksTestJSON-1131349474-project] Attributes excluded by policy engine: ['standard_attr_id', 'vlan_transparent', 'provider:network_type', 'provider:physical_network', 'provider:segmentation_id'] {{(pid=103975) _exclude_attributes_by_policy /opt/stack/neutron/neutron/pecan_wsgi/hooks/policy_enforcement.py:259}}
May 12 12:01:01.596640 dv-neutron-841576-1-hyperv neutron-server[103975]: DEBUG neutron.pecan_wsgi.hooks.policy_enforcement [None req-1f55e880-c74a-409d-826b-569f7386abd7 tempest-ExternalNetworksTestJSON-1131349474 tempest-ExternalNetworksTestJSON-1131349474-project] Attributes excluded by policy engine: ['standard_attr_id', 'vlan_transparent', 'provider:network_type', 'provider:physical_network', 'provider:segmentation_id'] {{(pid=103975) _exclude_attributes_by_policy /opt/stack/neutron/neutron/pecan_wsgi/hooks/policy_enforcement.py:259}}
May 12 12:01:01.602142 dv-neutron-841576-1-hyperv neutron-server[103975]: INFO neutron.wsgi [None req-1f55e880-c74a-409d-826b-569f7386abd7 tempest-ExternalNetworksTestJSON-1131349474 tempest-ExternalNetworksTestJSON-1131349474-project] 10.222.0.73 "GET /v2.0/networks HTTP/1.1" status: 200 len: 3061 time: 0.5680237
May 12 12:01:01.611561 dv-neutron-841576-1-hyperv neutron-server[103976]: INFO neutron.wsgi [req-257f837f-a420-4d49-bd11-18618f12d6fd req-a9194714-eb9b-40b3-9803-6531da3a33a9 tempest-ServersTestJSON-813649872 tempest-ServersTestJSON-813649872-project] 10.222.0.73 "GET /v2.0/ports?device_id=332481d6-c7fc-42df-87e2-93fe9531cde6 HTTP/1.1" status: 200 len: 210 time: 0.1657429
May 12 12:01:01.623418 dv-neutron-841576-1-hyperv neutron-server[103976]: DEBUG neutron.wsgi [-] (103976) accepted ('10.222.0.73', 42696) {{(pid=103976) server /usr/local/lib/python3.8/dist-packages/eventlet/wsgi.py:1004}}
May 12 12:01:01.675697 dv-neutron-841576-1-hyperv neutron-server[103975]: DEBUG neutron.pecan_wsgi.hooks.quota_enforcement [req-2f2fdaae-295d-4d98-9c7c-2d896f792be3 req-a75c5a36-a62e-4b09-967e-65bce588a5a9 tempest-ServersTestJSON-813649872 tempest-ServersTestJSON-813649872-project] Made reservation on behalf of f9a2a60db64c4040a45ec7db57359142 for: {'port': 1} {{(pid=103975) before /opt/stack/neutron/neutron/pecan_wsgi/hooks/quota_enforcement.py:53}}
May 12 12:01:01.679150 dv-neutron-841576-1-hyperv neutron-server[103975]: DEBUG neutron_lib.callbacks.manager [req-2f2fdaae-295d-4d98-9c7c-2d896f792be3 req-a75c5a36-a62e-4b09-967e-65bce588a5a9 tempest-ServersTestJSON-813649872 tempest-ServersTestJSON-813649872-project] Publish callbacks ['neutron.plugins.ml2.plugin.SecurityGroupDbMixin._ensure_default_security_group_handler-763998'] for port (None), before_create {{(pid=103975) _notify_loop /usr/local/lib/python3.8/dist-packages/neutron_lib/callbacks/manager.py:176}}
May 12 12:01:01.714399 dv-neutron-841576-1-hyperv neutron-server[103975]: DEBUG neutron_lib.callbacks.manager [None req-699f1e19-7d4f-4eb9-8bfd-c6cf06042051 admin admin] Publish callbacks [] for security_group (1dddc4d4-15f6-4507-93cc-7bfb45622b33), before_delete {{(pid=103975) _notify_loop /usr/local/lib/python3.8/dist-packages/neutron_lib/callbacks/manager.py:176}}
May 12 12:01:01.776208 dv-neutron-841576-1-hyperv neutron-server[103976]: DEBUG neutron.notifiers.nova [None req-5c3dda04-14d7-40a5-8c07-177626684233 tempest-PortsAdminExtendedAttrsIpV6TestJSON-797974032 tempest-PortsAdminExtendedAttrsIpV6TestJSON-797974032-project-admin] device_id is not set on port 444b7f91-876b-4760-9362-4f66946be781 yet. {{(pid=103976) _can_notify /opt/stack/neutron/neutron/notifiers/nova.py:199}}
May 12 12:01:01.787909 dv-neutron-841576-1-hyperv neutron-server[103975]: DEBUG neutron_lib.callbacks.manager [None req-699f1e19-7d4f-4eb9-8bfd-c6cf06042051 admin admin] Publish callbacks [] for security_group (1dddc4d4-15f6-4507-93cc-7bfb45622b33), precommit_delete {{(pid=103975) _notify_loop /usr/local/lib/python3.8/dist-packages/neutron_lib/callbacks/manager.py:176}}
May 12 12:01:01.883816 dv-neutron-841576-1-hyperv neutron-server[103975]: DEBUG neutron.wsgi [-] (103975) accepted ('10.222.0.73', 42700) {{(pid=103975) server /usr/local/lib/python3.8/dist-packages/eventlet/wsgi.py:1004}}
May 12 12:01:01.902723 dv-neutron-841576-1-hyperv neutron-server[103976]: INFO neutron.wsgi [req-02a40de5-e4fb-445f-8dcc-9eb0e15d640e req-030e70a7-2ef8-45a6-8a7f-504d4dfe9bf8 tempest-ServersTestManualDisk-1666337589 tempest-ServersTestManualDisk-1666337589-project] 10.222.0.73 "GET /v2.0/ports?device_id=dc21c33e-589e-4941-b5ae-47c5c8dcbfa2 HTTP/1.1" status: 200 len: 210 time: 0.2900326
May 12 12:01:01.971125 dv-neutron-841576-1-hyperv neutron-server[103975]: DEBUG neutron_lib.callbacks.manager [None req-699f1e19-7d4f-4eb9-8bfd-c6cf06042051 admin admin] Publish callbacks ['neutron.plugins.ml2.ovo_rpc._ObjectChangeHandler.handle_event-1782377'] for security_group (1dddc4d4-15f6-4507-93cc-7bfb45622b33), after_delete {{(pid=103975) _notify_loop /usr/local/lib/python3.8/dist-packages/neutron_lib/callbacks/manager.py:176}}
May 12 12:01:01.973911 dv-neutron-841576-1-hyperv neutron-server[103975]: DEBUG neutron_lib.callbacks.manager [None req-699f1e19-7d4f-4eb9-8bfd-c6cf06042051 admin admin] Publish callbacks [] for security_group (None), before_response {{(pid=103975) _notify_loop /usr/local/lib/python3.8/dist-packages/neutron_lib/callbacks/manager.py:176}}
May 12 12:01:01.975193 dv-neutron-841576-1-hyperv neutron-server[103975]: INFO neutron.wsgi [None req-699f1e19-7d4f-4eb9-8bfd-c6cf06042051 admin admin] 10.222.0.73 "DELETE /v2.0/security-groups/1dddc4d4-15f6-4507-93cc-7bfb45622b33 HTTP/1.1" status: 204 len: 168 time: 0.5810459
May 12 12:01:02.005281 dv-neutron-841576-1-hyperv neutron-server[103975]: DEBUG neutron.api.rpc.handlers.resources_rpc [None req-699f1e19-7d4f-4eb9-8bfd-c6cf06042051 admin admin] Pushing event deleted for resources: {'SecurityGroup': ['ID=1dddc4d4-15f6-4507-93cc-7bfb45622b33,revision_number=None']} {{(pid=103975) push /opt/stack/neutron/neutron/api/rpc/handlers/resources_rpc.py:237}}
May 12 12:01:02.043405 dv-neutron-841576-1-hyperv neutron-server[103975]: DEBUG neutron.db.db_base_plugin_common [req-2f2fdaae-295d-4d98-9c7c-2d896f792be3 req-a75c5a36-a62e-4b09-967e-65bce588a5a9 tempest-ServersTestJSON-813649872 tempest-ServersTestJSON-813649872-project] Allocated IP 172.20.0.14 (c97cbe03-d7ae-4078-9e27-46c715ce605a/ef188125-aeba-4db3-9e21-d090dda0d7a8/ace70edf-d40f-4c07-9a83-d6538e9f9901) {{(pid=103975) _store_ip_allocation /opt/stack/neutron/neutron/db/db_base_plugin_common.py:131}}
May 12 12:01:02.046135 dv-neutron-841576-1-hyperv neutron-server[103976]: DEBUG neutron_lib.callbacks.manager [None req-b6c172ca-1f7d-4d8a-a99e-257640aae70b tempest-ExternalNetworksTestJSON-1973348534 tempest-ExternalNetworksTestJSON-1973348534-project-admin] Publish callbacks ['neutron.plugins.ml2.plugin.External_net_db_mixin._before_network_delete_handler-708925'] for network (099433eb-9ef8-46c7-98f2-7ab218423462), before_delete {{(pid=103976) _notify_loop /usr/local/lib/python3.8/dist-packages/neutron_lib/callbacks/manager.py:176}}
May 12 12:01:02.048175 dv-neutron-841576-1-hyperv neutron-server[103976]: DEBUG neutron_lib.callbacks.manager [None req-86ee82d9-048b-456f-8b06-df8432da3f51 tempest-RoutersAdminTest-1934693571 tempest-RoutersAdminTest-1934693571-project] Publish callbacks [] for router_gateway (6b997788-b992-4d69-b006-7af1e7bcfcf3), after_create {{(pid=103976) _notify_loop /usr/local/lib/python3.8/dist-packages/neutron_lib/callbacks/manager.py:176}}
May 12 12:01:02.189722 dv-neutron-841576-1-hyperv neutron-server[103976]: DEBUG neutron_lib.callbacks.manager [None req-d149eaa9-7432-4fb2-90ea-0fbd520e15ed tempest-RoutersIpV6AdminTest-135392845 tempest-RoutersIpV6AdminTest-135392845-project-admin] Publish callbacks ['neutron.plugins.ml2.plugin.SecurityGroupServerNotifierRpcMixin._notify_sg_on_port_change-764144', 'neutron.plugins.ml2.ovo_rpc._ObjectChangeHandler.handle_event-118099', 'neutron.api.rpc.agentnotifiers.dhcp_rpc_agent_api.DhcpAgentNotifyAPI._native_event_send_dhcp_notification-1680162', 'neutron.db.l3_db.L3RpcNotifierMixin._notify_routers_callback-8726678535033', 'neutron.db.l3_dvrscheduler_db._notify_port_delete-8726677973872', 'neutron.services.segments.plugin.NovaSegmentNotifier._notify_port_created_or_deleted-15265360'] for port (d90bc6fe-705c-4bc4-ac18-f5c980c783c9), after_delete {{(pid=103976) _notify_loop /usr/local/lib/python3.8/dist-packages/neutron_lib/callbacks/manager.py:176}}
May 12 12:01:02.292560 dv-neutron-841576-1-hyperv neutron-server[103976]: DEBUG neutron.api.rpc.handlers.resources_rpc [None req-d149eaa9-7432-4fb2-90ea-0fbd520e15ed tempest-RoutersIpV6AdminTest-135392845 tempest-RoutersIpV6AdminTest-135392845-project-admin] Pushing event deleted for resources: {'Port': ['ID=d90bc6fe-705c-4bc4-ac18-f5c980c783c9,revision_number=None']} {{(pid=103976) push /opt/stack/neutron/neutron/api/rpc/handlers/resources_rpc.py:237}}
May 12 12:01:02.369602 dv-neutron-841576-1-hyperv neutron-server[103976]: DEBUG neutron_lib.callbacks.manager [None req-b6c172ca-1f7d-4d8a-a99e-257640aae70b tempest-ExternalNetworksTestJSON-1973348534 tempest-ExternalNetworksTestJSON-1973348534-project-admin] Publish callbacks ['neutron.plugins.ml2.plugin.Ml2Plugin._network_delete_precommit_handler-752471', 'neutron.services.segments.db._delete_segments_for_network-8726678455062'] for network (099433eb-9ef8-46c7-98f2-7ab218423462), precommit_delete {{(pid=103976) _notify_loop /usr/local/lib/python3.8/dist-packages/neutron_lib/callbacks/manager.py:176}}
May 12 12:01:02.433961 dv-neutron-841576-1-hyperv neutron-server[103976]: DEBUG neutron_lib.callbacks.manager [None req-d149eaa9-7432-4fb2-90ea-0fbd520e15ed tempest-RoutersIpV6AdminTest-135392845 tempest-RoutersIpV6AdminTest-135392845-project-admin] Publish callbacks ['neutron.notifiers.nova.Notifier._send_nova_notification-127029'] for port (None), before_response {{(pid=103976) _notify_loop /usr/local/lib/python3.8/dist-packages/neutron_lib/callbacks/manager.py:176}}
May 12 12:01:02.439735 dv-neutron-841576-1-hyperv neutron-server[103975]: DEBUG neutron_lib.callbacks.manager [req-2f2fdaae-295d-4d98-9c7c-2d896f792be3 req-a75c5a36-a62e-4b09-967e-65bce588a5a9 tempest-ServersTestJSON-813649872 tempest-ServersTestJSON-813649872-project] Publish callbacks [] for port (ace70edf-d40f-4c07-9a83-d6538e9f9901), precommit_create {{(pid=103975) _notify_loop /usr/local/lib/python3.8/dist-packages/neutron_lib/callbacks/manager.py:176}}
May 12 12:01:02.440806 dv-neutron-841576-1-hyperv neutron-server[103976]: INFO neutron.wsgi [None req-d149eaa9-7432-4fb2-90ea-0fbd520e15ed tempest-RoutersIpV6AdminTest-135392845 tempest-RoutersIpV6AdminTest-135392845-project-admin] 10.222.0.73 "DELETE /v2.0/ports/d90bc6fe-705c-4bc4-ac18-f5c980c783c9 HTTP/1.1" status: 204 len: 168 time: 1.9571507
May 12 12:01:02.441320 dv-neutron-841576-1-hyperv neutron-server[103976]: DEBUG neutron.wsgi [-] (103976) accepted ('10.222.0.74', 65457) {{(pid=103976) server /usr/local/lib/python3.8/dist-packages/eventlet/wsgi.py:1004}}
May 12 12:01:02.441657 dv-neutron-841576-1-hyperv neutron-server[103976]: DEBUG neutron.wsgi [-] (103976) accepted ('10.222.0.73', 42708) {{(pid=103976) server /usr/local/lib/python3.8/dist-packages/eventlet/wsgi.py:1004}}
May 12 12:01:02.462912 dv-neutron-841576-1-hyperv neutron-server[103976]: DEBUG neutron.api.v2.base [None req-95f41164-36b6-40b6-a03a-d76ee899d692 tempest-RoutersIpV6AdminTest-135392845 tempest-RoutersIpV6AdminTest-135392845-project-admin] Request body: {'router': {'external_gateway_info': {'network_id': '79108ee8-a715-4239-a412-c8c452a0e9c2', 'external_fixed_ips': [{'subnet_id': 'dd5b29e1-ca5a-48d4-b59f-fab7c7d68dbe', 'ip_address': '2001:db8::28'}]}}} {{(pid=103976) prepare_request_body /opt/stack/neutron/neutron/api/v2/base.py:730}}
May 12 12:01:02.496210 dv-neutron-841576-1-hyperv neutron-server[103976]: DEBUG neutron.services.segments.db [None req-b6c172ca-1f7d-4d8a-a99e-257640aae70b tempest-ExternalNetworksTestJSON-1973348534 tempest-ExternalNetworksTestJSON-1973348534-project-admin] neutron.services.segments.plugin.Plugin method get_segments called with arguments (,) {'filters': {'network_id': ['099433eb-9ef8-46c7-98f2-7ab218423462']}} {{(pid=103976) wrapper /usr/local/lib/python3.8/dist-packages/oslo_log/helpers.py:65}}
May 12 12:01:02.519197 dv-neutron-841576-1-hyperv neutron-server[103976]: DEBUG neutron_lib.callbacks.manager [None req-5c3dda04-14d7-40a5-8c07-177626684233 tempest-PortsAdminExtendedAttrsIpV6TestJSON-797974032 tempest-PortsAdminExtendedAttrsIpV6TestJSON-797974032-project-admin] Publish callbacks [] for port (444b7f91-876b-4760-9362-4f66946be781), precommit_create {{(pid=103976) _notify_loop /usr/local/lib/python3.8/dist-packages/neutron_lib/callbacks/manager.py:176}}
May 12 12:01:02.532372 dv-neutron-841576-1-hyperv neutron-server[103976]: DEBUG neutron.services.segments.db [None req-b6c172ca-1f7d-4d8a-a99e-257640aae70b tempest-ExternalNetworksTestJSON-1973348534 tempest-ExternalNetworksTestJSON-1973348534-project-admin] neutron.services.segments.plugin.Plugin method delete_segment called with arguments (, '8fe3b950-087d-42c0-bb4a-d6e2c98bd78a') {'for_net_delete': True} {{(pid=103976) wrapper /usr/local/lib/python3.8/dist-packages/oslo_log/helpers.py:65}}
May 12 12:01:02.532730 dv-neutron-841576-1-hyperv neutron-server[103976]: DEBUG neutron.services.segments.db [None req-b6c172ca-1f7d-4d8a-a99e-257640aae70b tempest-ExternalNetworksTestJSON-1973348534 tempest-ExternalNetworksTestJSON-1973348534-project-admin] neutron.services.segments.plugin.Plugin method get_segment called with arguments (, '8fe3b950-087d-42c0-bb4a-d6e2c98bd78a') {} {{(pid=103976) wrapper /usr/local/lib/python3.8/dist-packages/oslo_log/helpers.py:65}}
May 12 12:01:02.574073 dv-neutron-841576-1-hyperv neutron-server[103976]: DEBUG neutron_lib.callbacks.manager [None req-b6c172ca-1f7d-4d8a-a99e-257640aae70b tempest-ExternalNetworksTestJSON-1973348534 tempest-ExternalNetworksTestJSON-1973348534-project-admin] Publish callbacks ['neutron.plugins.ml2.db._prevent_segment_delete_with_port_bound-8726678457119', 'neutron.services.segments.plugin.Plugin._prevent_segment_delete_with_subnet_associated-15151068'] for segment (8fe3b950-087d-42c0-bb4a-d6e2c98bd78a), before_delete {{(pid=103976) _notify_loop /usr/local/lib/python3.8/dist-packages/neutron_lib/callbacks/manager.py:176}}
May 12 12:01:02.628277 dv-neutron-841576-1-hyperv neutron-server[103975]: DEBUG neutron_lib.callbacks.manager [None req-60717ae5-c574-4339-b499-75eaff226b49 admin admin] Publish callbacks [] for security_group (None), before_create {{(pid=103975) _notify_loop /usr/local/lib/python3.8/dist-packages/neutron_lib/callbacks/manager.py:176}}
May 12 12:01:02.660166 dv-neutron-841576-1-hyperv neutron-server[103976]: DEBUG neutron_lib.callbacks.manager [None req-95f41164-36b6-40b6-a03a-d76ee899d692 tempest-RoutersIpV6AdminTest-135392845 tempest-RoutersIpV6AdminTest-135392845-project-admin] Publish callbacks ['neutron.services.l3_router.l3_router_plugin.L3_HA_NAT_db_mixin._before_router_create_handler-1697280', 'neutron.services.l3_router.service_providers.driver_controller.DriverController._check_router_request-11085'] for router (6765fe7d-670b-47a7-9bff-4b0c4e13a1bb), before_create {{(pid=103976) _notify_loop /usr/local/lib/python3.8/dist-packages/neutron_lib/callbacks/manager.py:176}}
May 12 12:01:02.661305 dv-neutron-841576-1-hyperv neutron-server[103976]: DEBUG neutron_lib.callbacks.manager [None req-95f41164-36b6-40b6-a03a-d76ee899d692 tempest-RoutersIpV6AdminTest-135392845 tempest-RoutersIpV6AdminTest-135392845-project-admin] Publish callbacks ['neutron.services.l3_router.l3_router_plugin.L3_HA_NAT_db_mixin._precommit_router_create-1697524', 'neutron.services.l3_router.l3_router_plugin.DVRResourceOperationHandler._set_distributed_flag-1579545', 'neutron.services.l3_router.l3_router_plugin.RouterAvailabilityZoneMixin._process_az_request-1750528', 'neutron.services.l3_router.service_providers.driver_controller.DriverController._set_router_provider-11076'] for router (6765fe7d-670b-47a7-9bff-4b0c4e13a1bb), precommit_create {{(pid=103976) _notify_loop /usr/local/lib/python3.8/dist-packages/neutron_lib/callbacks/manager.py:176}}
May 12 12:01:02.680698 dv-neutron-841576-1-hyperv neutron-server[103975]: DEBUG neutron_lib.callbacks.manager [req-2f2fdaae-295d-4d98-9c7c-2d896f792be3 req-a75c5a36-a62e-4b09-967e-65bce588a5a9 tempest-ServersTestJSON-813649872 tempest-ServersTestJSON-813649872-project] Publish callbacks ['neutron.plugins.ml2.plugin.SecurityGroupServerNotifierRpcMixin._notify_sg_on_port_change-764144', 'neutron.plugins.ml2.ovo_rpc._ObjectChangeHandler.handle_event-118099', 'neutron.api.rpc.agentnotifiers.dhcp_rpc_agent_api.DhcpAgentNotifyAPI._native_event_send_dhcp_notification-1680162', 'neutron.db.l3_dvrscheduler_db._notify_l3_agent_new_port-8726677973863', 'neutron.services.segments.plugin.NovaSegmentNotifier._notify_port_created_or_deleted-13840782'] for port (ace70edf-d40f-4c07-9a83-d6538e9f9901), after_create {{(pid=103975) _notify_loop /usr/local/lib/python3.8/dist-packages/neutron_lib/callbacks/manager.py:176}}
May 12 12:01:02.861831 dv-neutron-841576-1-hyperv neutron-server[103975]: DEBUG neutron.scheduler.dhcp_agent_scheduler [req-2f2fdaae-295d-4d98-9c7c-2d896f792be3 req-a75c5a36-a62e-4b09-967e-65bce588a5a9 tempest-ServersTestJSON-813649872 tempest-ServersTestJSON-813649872-project] Network c97cbe03-d7ae-4078-9e27-46c715ce605a is already hosted by enough agents. {{(pid=103975) _get_dhcp_agents_hosting_network /opt/stack/neutron/neutron/scheduler/dhcp_agent_scheduler.py:275}}
May 12 12:01:02.876811 dv-neutron-841576-1-hyperv neutron-server[103975]: DEBUG neutron.scheduler.base_scheduler [req-2f2fdaae-295d-4d98-9c7c-2d896f792be3 req-a75c5a36-a62e-4b09-967e-65bce588a5a9 tempest-ServersTestJSON-813649872 tempest-ServersTestJSON-813649872-project] Resources bound (agent type, host, resource id): {{(pid=103975) schedule /opt/stack/neutron/neutron/scheduler/base_scheduler.py:57}}
May 12 12:01:02.920967 dv-neutron-841576-1-hyperv neutron-server[103975]: DEBUG neutron.db.l3_dvrscheduler_db [req-2f2fdaae-295d-4d98-9c7c-2d896f792be3 req-a75c5a36-a62e-4b09-967e-65bce588a5a9 tempest-ServersTestJSON-813649872 tempest-ServersTestJSON-813649872-project] Received port after_create {{(pid=103975) _notify_l3_agent_new_port /opt/stack/neutron/neutron/db/l3_dvrscheduler_db.py:536}}
May 12 12:01:02.958801 dv-neutron-841576-1-hyperv neutron-server[103976]: DEBUG neutron_lib.callbacks.manager [None req-b6c172ca-1f7d-4d8a-a99e-257640aae70b tempest-ExternalNetworksTestJSON-1973348534 tempest-ExternalNetworksTestJSON-1973348534-project-admin] Publish callbacks ['neutron.plugins.ml2.plugin.Ml2Plugin._handle_segment_change-779545'] for segment (8fe3b950-087d-42c0-bb4a-d6e2c98bd78a), precommit_delete {{(pid=103976) _notify_loop /usr/local/lib/python3.8/dist-packages/neutron_lib/callbacks/manager.py:176}}
May 12 12:01:02.960175 dv-neutron-841576-1-hyperv neutron-server[103975]: DEBUG neutron.wsgi [-] (103975) accepted ('10.222.0.73', 42712) {{(pid=103975) server /usr/local/lib/python3.8/dist-packages/eventlet/wsgi.py:1004}}
May 12 12:01:02.992098 dv-neutron-841576-1-hyperv neutron-server[103976]: DEBUG neutron_lib.callbacks.manager [None req-86ee82d9-048b-456f-8b06-df8432da3f51 tempest-RoutersAdminTest-1934693571 tempest-RoutersAdminTest-1934693571-project] Publish callbacks ['neutron.services.l3_router.l3_router_plugin.L3_HA_NAT_db_mixin._after_router_create-1697421', 'neutron.services.l3_router.l3_router_plugin.DVRResourceOperationHandler._create_snat_interfaces_after_change-1579726'] for router (6b997788-b992-4d69-b006-7af1e7bcfcf3), after_create {{(pid=103976) _notify_loop /usr/local/lib/python3.8/dist-packages/neutron_lib/callbacks/manager.py:176}}
May 12 12:01:03.023467 dv-neutron-841576-1-hyperv neutron-server[103976]: DEBUG neutron_lib.callbacks.manager [None req-5c3dda04-14d7-40a5-8c07-177626684233 tempest-PortsAdminExtendedAttrsIpV6TestJSON-797974032 tempest-PortsAdminExtendedAttrsIpV6TestJSON-797974032-project-admin] Publish callbacks ['neutron.plugins.ml2.plugin.SecurityGroupServerNotifierRpcMixin._notify_sg_on_port_change-764144', 'neutron.plugins.ml2.ovo_rpc._ObjectChangeHandler.handle_event-118099', 'neutron.api.rpc.agentnotifiers.dhcp_rpc_agent_api.DhcpAgentNotifyAPI._native_event_send_dhcp_notification-1680162', 'neutron.db.l3_dvrscheduler_db._notify_l3_agent_new_port-8726677973863', 'neutron.services.segments.plugin.NovaSegmentNotifier._notify_port_created_or_deleted-15265360'] for port (444b7f91-876b-4760-9362-4f66946be781), after_create {{(pid=103976) _notify_loop /usr/local/lib/python3.8/dist-packages/neutron_lib/callbacks/manager.py:176}}
May 12 12:01:03.081094 dv-neutron-841576-1-hyperv neutron-server[103975]: DEBUG neutron.api.rpc.handlers.resources_rpc [None req-a75c5a36-a62e-4b09-967e-65bce588a5a9 tempest-ServersTestJSON-813649872 tempest-ServersTestJSON-813649872-project] Pushing event updated for resources: {'Port': ['ID=ace70edf-d40f-4c07-9a83-d6538e9f9901,revision_number=1']} {{(pid=103975) push /opt/stack/neutron/neutron/api/rpc/handlers/resources_rpc.py:237}}
May 12 12:01:03.088696 dv-neutron-841576-1-hyperv neutron-server[103975]: DEBUG neutron_lib.callbacks.manager [None req-44399635-8428-45c0-9c24-cdd304405a44 admin admin] Publish callbacks [] for security_group (None), before_create {{(pid=103975) _notify_loop /usr/local/lib/python3.8/dist-packages/neutron_lib/callbacks/manager.py:176}}
May 12 12:01:03.132953 dv-neutron-841576-1-hyperv neutron-server[103976]: DEBUG neutron.plugins.ml2.drivers.type_vlan [None req-b6c172ca-1f7d-4d8a-a99e-257640aae70b tempest-ExternalNetworksTestJSON-1973348534 tempest-ExternalNetworksTestJSON-1973348534-project-admin] Releasing vlan 503 on physical network physnet1 to pool {{(pid=103976) release_segment /opt/stack/neutron/neutron/plugins/ml2/drivers/type_vlan.py:304}}
May 12 12:01:03.133369 dv-neutron-841576-1-hyperv neutron-server[103976]: DEBUG neutron_lib.callbacks.manager [None req-b6c172ca-1f7d-4d8a-a99e-257640aae70b tempest-ExternalNetworksTestJSON-1973348534 tempest-ExternalNetworksTestJSON-1973348534-project-admin] Publish callbacks ['neutron.plugins.ml2.plugin.Ml2Plugin._handle_segment_change-779545', 'neutron.services.segments.plugin.NovaSegmentNotifier._notify_segment_deleted-15265283'] for segment (8fe3b950-087d-42c0-bb4a-d6e2c98bd78a), after_delete {{(pid=103976) _notify_loop /usr/local/lib/python3.8/dist-packages/neutron_lib/callbacks/manager.py:176}}
May 12 12:01:03.148701 dv-neutron-841576-1-hyperv neutron-server[103975]: DEBUG neutron.pecan_wsgi.hooks.policy_enforcement [req-2f2fdaae-295d-4d98-9c7c-2d896f792be3 req-a75c5a36-a62e-4b09-967e-65bce588a5a9 tempest-ServersTestJSON-813649872 tempest-ServersTestJSON-813649872-project] Attributes excluded by policy engine: ['standard_attr_id', 'binding:profile', 'binding:host_id', 'binding:vif_type', 'binding:vif_details', 'network'] {{(pid=103975) _exclude_attributes_by_policy /opt/stack/neutron/neutron/pecan_wsgi/hooks/policy_enforcement.py:259}}
May 12 12:01:03.149590 dv-neutron-841576-1-hyperv neutron-server[103975]: DEBUG neutron_lib.callbacks.manager [req-2f2fdaae-295d-4d98-9c7c-2d896f792be3 req-a75c5a36-a62e-4b09-967e-65bce588a5a9 tempest-ServersTestJSON-813649872 tempest-ServersTestJSON-813649872-project] Publish callbacks ['neutron.notifiers.nova.Notifier._send_nova_notification-127029'] for port (None), before_response {{(pid=103975) _notify_loop /usr/local/lib/python3.8/dist-packages/neutron_lib/callbacks/manager.py:176}}
May 12 12:01:03.174002 dv-neutron-841576-1-hyperv neutron-server[103976]: Traceback (most recent call last):
May 12 12:01:03.174002 dv-neutron-841576-1-hyperv neutron-server[103976]: File "/usr/local/lib/python3.8/dist-packages/eventlet/hubs/hub.py", line 476, in fire_timers
May 12 12:01:03.174002 dv-neutron-841576-1-hyperv neutron-server[103976]: timer()
May 12 12:01:03.174002 dv-neutron-841576-1-hyperv neutron-server[103976]: File "/usr/local/lib/python3.8/dist-packages/eventlet/hubs/timer.py", line 59, in __call__
May 12 12:01:03.174002 dv-neutron-841576-1-hyperv neutron-server[103976]: cb(*args, **kw)
May 12 12:01:03.174002 dv-neutron-841576-1-hyperv neutron-server[103976]: File "/opt/stack/neutron/neutron/common/utils.py", line 922, in wrapper
May 12 12:01:03.174002 dv-neutron-841576-1-hyperv neutron-server[103976]: return func(*args, **kwargs)
May 12 12:01:03.174002 dv-neutron-841576-1-hyperv neutron-server[103976]: File "/opt/stack/neutron/neutron/notifiers/batch_notifier.py", line 58, in synced_send
May 12 12:01:03.174002 dv-neutron-841576-1-hyperv neutron-server[103976]: self._notify()
May 12 12:01:03.174002 dv-neutron-841576-1-hyperv neutron-server[103976]: File "/opt/stack/neutron/neutron/notifiers/batch_notifier.py", line 69, in _notify
May 12 12:01:03.174002 dv-neutron-841576-1-hyperv neutron-server[103976]: self.callback(batched_events)
May 12 12:01:03.174002 dv-neutron-841576-1-hyperv neutron-server[103976]: File "/opt/stack/neutron/neutron/services/segments/plugin.py", line 211, in _send_notifications
May 12 12:01:03.174002 dv-neutron-841576-1-hyperv neutron-server[103976]: event.method(event)
May 12 12:01:03.174002 dv-neutron-841576-1-hyperv neutron-server[103976]: File "/opt/stack/neutron/neutron/services/segments/plugin.py", line 383, in _delete_nova_inventory
May 12 12:01:03.174002 dv-neutron-841576-1-hyperv neutron-server[103976]: aggregate_id = self._get_aggregate_id(event.segment_id)
May 12 12:01:03.174002 dv-neutron-841576-1-hyperv neutron-server[103976]: File "/opt/stack/neutron/neutron/services/segments/plugin.py", line 370, in _get_aggregate_id
May 12 12:01:03.174002 dv-neutron-841576-1-hyperv neutron-server[103976]: aggregate_uuid = self.p_client.list_aggregates(
May 12 12:01:03.174002 dv-neutron-841576-1-hyperv neutron-server[103976]: File "/usr/local/lib/python3.8/dist-packages/neutron_lib/placement/client.py", line 58, in wrapper
May 12 12:01:03.174002 dv-neutron-841576-1-hyperv neutron-server[103976]: return f(self, *a, **k)
May 12 12:01:03.174002 dv-neutron-841576-1-hyperv neutron-server[103976]: File "/usr/local/lib/python3.8/dist-packages/neutron_lib/placement/client.py", line 554, in list_aggregates
May 12 12:01:03.174002 dv-neutron-841576-1-hyperv neutron-server[103976]: return self._get(url).json()
May 12 12:01:03.174002 dv-neutron-841576-1-hyperv neutron-server[103976]: File "/usr/local/lib/python3.8/dist-packages/neutron_lib/placement/client.py", line 190, in _get
May 12 12:01:03.174002 dv-neutron-841576-1-hyperv neutron-server[103976]: return self._client.get(url, endpoint_filter=self._ks_filter,
May 12 12:01:03.174002 dv-neutron-841576-1-hyperv neutron-server[103976]: File "/usr/local/lib/python3.8/dist-packages/keystoneauth1/session.py", line 1141, in get
May 12 12:01:03.174002 dv-neutron-841576-1-hyperv neutron-server[103976]: return self.request(url, 'GET', **kwargs)
May 12 12:01:03.174002 dv-neutron-841576-1-hyperv neutron-server[103976]: File "/usr/local/lib/python3.8/dist-packages/keystoneauth1/session.py", line 811, in request
May 12 12:01:03.174002 dv-neutron-841576-1-hyperv neutron-server[103976]: base_url = self.get_endpoint(auth, allow=allow,
May 12 12:01:03.174002 dv-neutron-841576-1-hyperv neutron-server[103976]: File "/usr/local/lib/python3.8/dist-packages/keystoneauth1/session.py", line 1241, in get_endpoint
May 12 12:01:03.174002 dv-neutron-841576-1-hyperv neutron-server[103976]: auth = self._auth_required(auth, 'determine endpoint URL')
May 12 12:01:03.174002 dv-neutron-841576-1-hyperv neutron-server[103976]: File "/usr/local/lib/python3.8/dist-packages/keystoneauth1/session.py", line 1181, in _auth_required
May 12 12:01:03.174002 dv-neutron-841576-1-hyperv neutron-server[103976]: raise exceptions.MissingAuthPlugin(msg_fmt % msg)
May 12 12:01:03.174002 dv-neutron-841576-1-hyperv neutron-server[103976]: keystoneauth1.exceptions.auth_plugins.MissingAuthPlugin: An auth plugin is required to determine endpoint URL
