Oct 04 14:28:28.253983 dv-neutron-841459-38-hyperv devstack@placement-api.service[108245]: INFO placement.requestlog [req-fffbbd6c-119f-4496-aedd-014b9ea43084 req-614a4b9d-13b4-4368-9a4a-978a7708fa5c service placement] 10.222.0.60 "GET /placement/allocation_candidates?limit=1000&resources=DISK_GB%3A1%2CMEMORY_MB%3A1024%2CVCPU%3A1&root_required=%21COMPUTE_STATUS_DISABLED" status: 200 len: 767 microversion: 1.36
Oct 04 14:28:28.254911 dv-neutron-841459-38-hyperv devstack@placement-api.service[108245]: [pid: 108245|app: 0|req: 84/172] 10.222.0.60 () {60 vars in 1506 bytes} [Tue Oct 4 14:28:28 2022] GET /placement/allocation_candidates?limit=1000&resources=DISK_GB%3A1%2CMEMORY_MB%3A1024%2CVCPU%3A1&root_required=%21COMPUTE_STATUS_DISABLED => generated 767 bytes in 188 msecs (HTTP/1.1 200) 8 headers in 296 bytes (1 switches on core 0)
Oct 04 14:28:28.326519 dv-neutron-841459-38-hyperv devstack@placement-api.service[108244]: DEBUG placement.requestlog [req-fffbbd6c-119f-4496-aedd-014b9ea43084 req-053e18f1-c232-4987-b9bb-035554353897 None None] Starting request: 10.222.0.60 "GET /placement/allocations/e849a77f-34ae-4dac-86a3-1c1d763fd716" {{(pid=108244) __call__ /opt/stack/placement/placement/requestlog.py:55}}
Oct 04 14:28:28.341340 dv-neutron-841459-38-hyperv devstack@placement-api.service[108244]: INFO placement.requestlog [req-fffbbd6c-119f-4496-aedd-014b9ea43084 req-053e18f1-c232-4987-b9bb-035554353897 service placement] 10.222.0.60 "GET /placement/allocations/e849a77f-34ae-4dac-86a3-1c1d763fd716" status: 200 len: 19 microversion: 1.28
Oct 04 14:28:28.349720 dv-neutron-841459-38-hyperv devstack@placement-api.service[108244]: [pid: 108244|app: 0|req: 89/173] 10.222.0.60 () {60 vars in 1380 bytes} [Tue Oct 4 14:28:28 2022] GET /placement/allocations/e849a77f-34ae-4dac-86a3-1c1d763fd716 => generated 19 bytes in 23 msecs (HTTP/1.1 200) 8 headers in 295 bytes (1 switches on core 0)
Oct 04 14:28:28.353309 dv-neutron-841459-38-hyperv devstack@placement-api.service[108245]: DEBUG placement.requestlog [req-fffbbd6c-119f-4496-aedd-014b9ea43084 req-3d5f264c-0ff9-4e6a-8179-44f28fd54f97 None None] Starting request: 10.222.0.60 "PUT /placement/allocations/e849a77f-34ae-4dac-86a3-1c1d763fd716" {{(pid=108245) __call__ /opt/stack/placement/placement/requestlog.py:55}}
Oct 04 14:28:28.799094 dv-neutron-841459-38-hyperv devstack@placement-api.service[108245]: DEBUG placement.handlers.allocation [req-fffbbd6c-119f-4496-aedd-014b9ea43084 req-3d5f264c-0ff9-4e6a-8179-44f28fd54f97 service placement] Successfully wrote allocations [, , ] {{(pid=108245) _update_consumers_and_create_allocations /opt/stack/placement/placement/handlers/allocation.py:462}}
Oct 04 14:28:28.898788 dv-neutron-841459-38-hyperv devstack@placement-api.service[108245]: INFO placement.requestlog [req-fffbbd6c-119f-4496-aedd-014b9ea43084 req-3d5f264c-0ff9-4e6a-8179-44f28fd54f97 service placement] 10.222.0.60 "PUT /placement/allocations/e849a77f-34ae-4dac-86a3-1c1d763fd716" status: 204 len: 0 microversion: 1.36
Oct 04 14:28:28.901994 dv-neutron-841459-38-hyperv devstack@placement-api.service[108245]: [pid: 108245|app: 0|req: 85/174] 10.222.0.60 () {64 vars in 1433 bytes} [Tue Oct 4 14:28:28 2022] PUT /placement/allocations/e849a77f-34ae-4dac-86a3-1c1d763fd716 => generated 0 bytes in 549 msecs (HTTP/1.1 204) 5 headers in 199 bytes (2 switches on core 0)
Oct 04 14:28:30.241952 dv-neutron-841459-38-hyperv devstack@placement-api.service[108244]: DEBUG placement.requestlog [req-fffbbd6c-119f-4496-aedd-014b9ea43084 req-be0dbe1d-0b73-4f9c-8794-5dc2897a5282 None None] Starting request: 10.222.0.61 "GET /placement/allocations/e849a77f-34ae-4dac-86a3-1c1d763fd716" {{(pid=108244) __call__ /opt/stack/placement/placement/requestlog.py:55}}
Oct 04 14:28:30.253948 dv-neutron-841459-38-hyperv devstack@placement-api.service[108244]: DEBUG dbcounter [-] [108244] Writing DB stats placement:SELECT=18 {{(pid=108244) stat_writer /usr/local/lib/python3.8/dist-packages/dbcounter.py:114}}
Oct 04 14:28:30.270753 dv-neutron-841459-38-hyperv devstack@placement-api.service[108244]: INFO placement.requestlog [req-fffbbd6c-119f-4496-aedd-014b9ea43084 req-be0dbe1d-0b73-4f9c-8794-5dc2897a5282 service placement] 10.222.0.61 "GET /placement/allocations/e849a77f-34ae-4dac-86a3-1c1d763fd716" status: 200 len: 258 microversion: 1.28
Oct 04 14:28:30.271699 dv-neutron-841459-38-hyperv devstack@placement-api.service[108244]: [pid: 108244|app: 0|req: 90/175] 10.222.0.61 () {60 vars in 1377 bytes} [Tue Oct 4 14:28:30 2022] GET /placement/allocations/e849a77f-34ae-4dac-86a3-1c1d763fd716 => generated 258 bytes in 31 msecs (HTTP/1.1 200) 8 headers in 296 bytes (1 switches on core 0)
Oct 04 14:28:30.670901 dv-neutron-841459-38-hyperv devstack@placement-api.service[108245]: DEBUG placement.requestlog [req-fffbbd6c-119f-4496-aedd-014b9ea43084 req-a7bb02f0-dcc7-4e06-a626-3a0850b81645 None None] Starting request: 10.222.0.61 "GET /placement/resource_providers/80a0eda3-ff10-4dd8-89d1-e5b91562da06/allocations" {{(pid=108245) __call__ /opt/stack/placement/placement/requestlog.py:55}}
Oct 04 14:28:30.768568 dv-neutron-841459-38-hyperv devstack@placement-api.service[108245]: INFO placement.requestlog [req-fffbbd6c-119f-4496-aedd-014b9ea43084 req-a7bb02f0-dcc7-4e06-a626-3a0850b81645 service placement] 10.222.0.61 "GET /placement/resource_providers/80a0eda3-ff10-4dd8-89d1-e5b91562da06/allocations" status: 200 len: 355 microversion: 1.0
Oct 04 14:28:30.768568 dv-neutron-841459-38-hyperv devstack@placement-api.service[108245]: [pid: 108245|app: 0|req: 86/176] 10.222.0.61 () {58 vars in 1390 bytes} [Tue Oct 4 14:28:30 2022] GET /placement/resource_providers/80a0eda3-ff10-4dd8-89d1-e5b91562da06/allocations => generated 355 bytes in 97 msecs (HTTP/1.1 200) 6 headers in 224 bytes (1 switches on core 0)
Oct 04 14:28:30.774966 dv-neutron-841459-38-hyperv devstack@placement-api.service[108244]: DEBUG placement.requestlog [req-fffbbd6c-119f-4496-aedd-014b9ea43084 req-c9ad2aab-e0ee-4696-8904-dabf039ab5ac None None] Starting request: 10.222.0.61 "GET /placement/allocations/e849a77f-34ae-4dac-86a3-1c1d763fd716" {{(pid=108244) __call__ /opt/stack/placement/placement/requestlog.py:55}}
Oct 04 14:28:30.818404 dv-neutron-841459-38-hyperv devstack@placement-api.service[108244]: INFO placement.requestlog [req-fffbbd6c-119f-4496-aedd-014b9ea43084 req-c9ad2aab-e0ee-4696-8904-dabf039ab5ac service placement] 10.222.0.61 "GET /placement/allocations/e849a77f-34ae-4dac-86a3-1c1d763fd716" status: 200 len: 258 microversion: 1.28
Oct 04 14:28:30.818947 dv-neutron-841459-38-hyperv devstack@placement-api.service[108244]: [pid: 108244|app: 0|req: 91/177] 10.222.0.61 () {60 vars in 1377 bytes} [Tue Oct 4 14:28:30 2022] GET /placement/allocations/e849a77f-34ae-4dac-86a3-1c1d763fd716 => generated 258 bytes in 44 msecs (HTTP/1.1 200) 8 headers in 296 bytes (1 switches on core 0)
Oct 04 14:28:30.826604 dv-neutron-841459-38-hyperv devstack@placement-api.service[108245]: DEBUG placement.requestlog [req-fffbbd6c-119f-4496-aedd-014b9ea43084 req-247ecd4e-8ed7-4af0-afbd-ce7e632a3ac3 None None] Starting request: 10.222.0.61 "GET /placement/allocations/51096493-398f-4081-85e2-c424f99fefe1" {{(pid=108245) __call__ /opt/stack/placement/placement/requestlog.py:55}}
Oct 04 14:28:30.865779 dv-neutron-841459-38-hyperv devstack@placement-api.service[108245]: INFO placement.requestlog [req-fffbbd6c-119f-4496-aedd-014b9ea43084 req-247ecd4e-8ed7-4af0-afbd-ce7e632a3ac3 service placement] 10.222.0.61 "GET /placement/allocations/51096493-398f-4081-85e2-c424f99fefe1" status: 200 len: 258 microversion: 1.28
Oct 04 14:28:30.870107 dv-neutron-841459-38-hyperv devstack@placement-api.service[108245]: [pid: 108245|app: 0|req: 87/178] 10.222.0.61 () {60 vars in 1377 bytes} [Tue Oct 4 14:28:30 2022] GET /placement/allocations/51096493-398f-4081-85e2-c424f99fefe1 => generated 258 bytes in 44 msecs (HTTP/1.1 200) 8 headers in 296 bytes (1 switches on core 0)
Oct 04 14:28:30.877429 dv-neutron-841459-38-hyperv devstack@placement-api.service[108244]: DEBUG placement.requestlog [req-fffbbd6c-119f-4496-aedd-014b9ea43084 req-ca213108-b33b-414b-86cd-b80ef7bada93 None None] Starting request: 10.222.0.61 "GET /placement/allocations/16e55bbc-4bc3-4691-9c2a-9e9c3c720c1a" {{(pid=108244) __call__ /opt/stack/placement/placement/requestlog.py:55}}
Oct 04 14:28:30.909934 dv-neutron-841459-38-hyperv devstack@placement-api.service[108244]: INFO placement.requestlog [req-fffbbd6c-119f-4496-aedd-014b9ea43084 req-ca213108-b33b-414b-86cd-b80ef7bada93 service placement] 10.222.0.61 "GET /placement/allocations/16e55bbc-4bc3-4691-9c2a-9e9c3c720c1a" status: 200 len: 258 microversion: 1.28
Oct 04 14:28:30.915503 dv-neutron-841459-38-hyperv devstack@placement-api.service[108244]: [pid: 108244|app: 0|req: 92/179] 10.222.0.61 () {60 vars in 1377 bytes} [Tue Oct 4 14:28:30 2022] GET /placement/allocations/16e55bbc-4bc3-4691-9c2a-9e9c3c720c1a => generated 258 bytes in 33 msecs (HTTP/1.1 200) 8 headers in 296 bytes (1 switches on core 0)
Oct 04 14:28:31.368055 dv-neutron-841459-38-hyperv devstack@placement-api.service[108245]: DEBUG placement.requestlog [None req-3c9a3498-bc21-4d5e-9384-d8c715d997ab None None] Starting request: 10.222.0.60 "GET /placement/resource_providers/786535d5-10c1-4d49-ac5e-bb40f72a092b/aggregates" {{(pid=108245) __call__ /opt/stack/placement/placement/requestlog.py:55}}
Oct 04 14:28:31.383935 dv-neutron-841459-38-hyperv devstack@placement-api.service[108245]: INFO placement.requestlog [None req-3c9a3498-bc21-4d5e-9384-d8c715d997ab service placement] 10.222.0.60 "GET /placement/resource_providers/786535d5-10c1-4d49-ac5e-bb40f72a092b/aggregates" status: 404 len: 235 microversion: 1.1
Oct 04 14:28:31.385571 dv-neutron-841459-38-hyperv devstack@placement-api.service[108245]: [pid: 108245|app: 0|req: 88/180] 10.222.0.60 () {58 vars in 1362 bytes} [Tue Oct 4 14:28:31 2022] GET /placement/resource_providers/786535d5-10c1-4d49-ac5e-bb40f72a092b/aggregates => generated 235 bytes in 18 msecs (HTTP/1.1 404) 5 headers in 202 bytes (1 switches on core 0)
Oct 04 14:28:31.420666 dv-neutron-841459-38-hyperv devstack@placement-api.service[108244]: DEBUG placement.requestlog [None req-5847a722-6a25-4319-9118-3125d05cb8ed None None] Starting request: 10.222.0.60 "DELETE /placement/resource_providers/786535d5-10c1-4d49-ac5e-bb40f72a092b" {{(pid=108244) __call__ /opt/stack/placement/placement/requestlog.py:55}}
Oct 04 14:28:31.434540 dv-neutron-841459-38-hyperv devstack@placement-api.service[108244]: DEBUG placement.wsgi_wrapper [None req-5847a722-6a25-4319-9118-3125d05cb8ed service placement] Placement API returning an error response: No resource provider with uuid 786535d5-10c1-4d49-ac5e-bb40f72a092b found for delete {{(pid=108244) call_func /opt/stack/placement/placement/wsgi_wrapper.py:31}}
Oct 04 14:28:31.437192 dv-neutron-841459-38-hyperv devstack@placement-api.service[108244]: INFO placement.requestlog [None req-5847a722-6a25-4319-9118-3125d05cb8ed service placement] 10.222.0.60 "DELETE /placement/resource_providers/786535d5-10c1-4d49-ac5e-bb40f72a092b" status: 404 len: 246 microversion: 1.1
Oct 04 14:28:31.441921 dv-neutron-841459-38-hyperv devstack@placement-api.service[108244]: [pid: 108244|app: 0|req: 93/181] 10.222.0.60 () {60 vars in 1351 bytes} [Tue Oct 4 14:28:31 2022] DELETE /placement/resource_providers/786535d5-10c1-4d49-ac5e-bb40f72a092b => generated 246 bytes in 22 msecs (HTTP/1.1 404) 6 headers in 231 bytes (1 switches on core 0)
Oct 04 14:28:35.736734 dv-neutron-841459-38-hyperv devstack@placement-api.service[108245]: DEBUG placement.requestlog [None req-3ed44aaa-b3e4-436a-86fd-dc1df5878ffc None None] Starting request: 10.222.0.60 "GET /placement/resource_providers/42e4ecc1-368f-4181-8ea6-b6c3d81d2e9f/aggregates" {{(pid=108245) __call__ /opt/stack/placement/placement/requestlog.py:55}}
Oct 04 14:28:35.763688 dv-neutron-841459-38-hyperv devstack@placement-api.service[108245]: INFO placement.requestlog [None req-3ed44aaa-b3e4-436a-86fd-dc1df5878ffc service placement] 10.222.0.60 "GET /placement/resource_providers/42e4ecc1-368f-4181-8ea6-b6c3d81d2e9f/aggregates" status: 404 len: 235 microversion: 1.1
Oct 04 14:28:35.765113 dv-neutron-841459-38-hyperv devstack@placement-api.service[108245]: [pid: 108245|app: 0|req: 89/182] 10.222.0.60 () {58 vars in 1362 bytes} [Tue Oct 4 14:28:35 2022] GET /placement/resource_providers/42e4ecc1-368f-4181-8ea6-b6c3d81d2e9f/aggregates => generated 235 bytes in 29 msecs (HTTP/1.1 404) 5 headers in 202 bytes (2 switches on core 0)
Oct 04 14:28:35.852461 dv-neutron-841459-38-hyperv devstack@placement-api.service[108244]: DEBUG placement.requestlog [None req-932e4bcd-a14f-4dc3-864b-a7b60e2f12af None None] Starting request: 10.222.0.60 "DELETE /placement/resource_providers/42e4ecc1-368f-4181-8ea6-b6c3d81d2e9f" {{(pid=108244) __call__ /opt/stack/placement/placement/requestlog.py:55}}
Oct 04 14:28:35.870112 dv-neutron-841459-38-hyperv devstack@placement-api.service[108244]: DEBUG placement.wsgi_wrapper [None req-932e4bcd-a14f-4dc3-864b-a7b60e2f12af service placement] Placement API returning an error response: No resource provider with uuid 42e4ecc1-368f-4181-8ea6-b6c3d81d2e9f found for delete {{(pid=108244) call_func /opt/stack/placement/placement/wsgi_wrapper.py:31}}
Oct 04 14:28:35.871199 dv-neutron-841459-38-hyperv devstack@placement-api.service[108244]: INFO placement.requestlog [None req-932e4bcd-a14f-4dc3-864b-a7b60e2f12af service placement] 10.222.0.60 "DELETE /placement/resource_providers/42e4ecc1-368f-4181-8ea6-b6c3d81d2e9f" status: 404 len: 246 microversion: 1.1
Oct 04 14:28:35.871843 dv-neutron-841459-38-hyperv devstack@placement-api.service[108244]: [pid: 108244|app: 0|req: 94/183] 10.222.0.60 () {60 vars in 1351 bytes} [Tue Oct 4 14:28:35 2022] DELETE /placement/resource_providers/42e4ecc1-368f-4181-8ea6-b6c3d81d2e9f => generated 246 bytes in 20 msecs (HTTP/1.1 404) 6 headers in 231 bytes (1 switches on core 0)
Oct 04 14:28:38.262759 dv-neutron-841459-38-hyperv devstack@placement-api.service[108245]: DEBUG placement.requestlog [None req-5d6aaf57-c0fe-4c8f-94a0-cdf698c902d5 None None] Starting request: 10.222.0.60 "GET /placement/resource_providers/8c53c8de-5742-4eda-af77-06f97d484366/aggregates" {{(pid=108245) __call__ /opt/stack/placement/placement/requestlog.py:55}}
Oct 04 14:28:38.279291 dv-neutron-841459-38-hyperv devstack@placement-api.service[108245]: INFO placement.requestlog [None req-5d6aaf57-c0fe-4c8f-94a0-cdf698c902d5 service placement] 10.222.0.60 "GET /placement/resource_providers/8c53c8de-5742-4eda-af77-06f97d484366/aggregates" status: 404 len: 235 microversion: 1.1
Oct 04 14:28:38.279865 dv-neutron-841459-38-hyperv devstack@placement-api.service[108245]: [pid: 108245|app: 0|req: 90/184] 10.222.0.60 () {58 vars in 1362 bytes} [Tue Oct 4 14:28:38 2022] GET /placement/resource_providers/8c53c8de-5742-4eda-af77-06f97d484366/aggregates => generated 235 bytes in 17 msecs (HTTP/1.1 404) 5 headers in 202 bytes (1 switches on core 0)
Oct 04 14:28:38.349341 dv-neutron-841459-38-hyperv devstack@placement-api.service[108244]: DEBUG placement.requestlog [None req-e6b96164-bac2-47bd-b1e1-09f143007102 None None] Starting request: 10.222.0.60 "DELETE /placement/resource_providers/8c53c8de-5742-4eda-af77-06f97d484366" {{(pid=108244) __call__ /opt/stack/placement/placement/requestlog.py:55}}
Oct 04 14:28:38.367451 dv-neutron-841459-38-hyperv devstack@placement-api.service[108244]: DEBUG placement.wsgi_wrapper [None req-e6b96164-bac2-47bd-b1e1-09f143007102 service placement] Placement API returning an error response: No resource provider with uuid 8c53c8de-5742-4eda-af77-06f97d484366 found for delete {{(pid=108244) call_func /opt/stack/placement/placement/wsgi_wrapper.py:31}}
Oct 04 14:28:38.367995 dv-neutron-841459-38-hyperv devstack@placement-api.service[108244]: INFO placement.requestlog [None req-e6b96164-bac2-47bd-b1e1-09f143007102 service placement] 10.222.0.60 "DELETE /placement/resource_providers/8c53c8de-5742-4eda-af77-06f97d484366" status: 404 len: 246 microversion: 1.1
Oct 04 14:28:38.368507 dv-neutron-841459-38-hyperv devstack@placement-api.service[108244]: [pid: 108244|app: 0|req: 95/185] 10.222.0.60 () {60 vars in 1351 bytes} [Tue Oct 4 14:28:38 2022] DELETE /placement/resource_providers/8c53c8de-5742-4eda-af77-06f97d484366 => generated 246 bytes in 20 msecs (HTTP/1.1 404) 6 headers in 231 bytes (1 switches on core 0)
Oct 04 14:28:42.305726 dv-neutron-841459-38-hyperv devstack@placement-api.service[108245]: DEBUG placement.requestlog [None req-af70a1f1-d7d1-4893-a525-44c3067dd877 None None] Starting request: 10.222.0.60 "GET /placement/resource_providers/23ef9afc-49b8-4715-9cf3-e9d9c1b1d2b1/aggregates" {{(pid=108245) __call__ /opt/stack/placement/placement/requestlog.py:55}}
Oct 04 14:28:42.317654 dv-neutron-841459-38-hyperv devstack@placement-api.service[108245]: INFO placement.requestlog [None req-af70a1f1-d7d1-4893-a525-44c3067dd877 service placement] 10.222.0.60 "GET /placement/resource_providers/23ef9afc-49b8-4715-9cf3-e9d9c1b1d2b1/aggregates" status: 404 len: 235 microversion: 1.1
Oct 04 14:28:42.320009 dv-neutron-841459-38-hyperv devstack@placement-api.service[108245]: [pid: 108245|app: 0|req: 91/186] 10.222.0.60 () {58 vars in 1362 bytes} [Tue Oct 4 14:28:42 2022] GET /placement/resource_providers/23ef9afc-49b8-4715-9cf3-e9d9c1b1d2b1/aggregates => generated 235 bytes in 14 msecs (HTTP/1.1 404) 5 headers in 202 bytes (1 switches on core 0)
Oct 04 14:28:42.358970 dv-neutron-841459-38-hyperv devstack@placement-api.service[108244]: DEBUG placement.requestlog [None req-002cb323-1dbd-40d6-97a3-11e25cc7b2f6 None None] Starting request: 10.222.0.60 "DELETE /placement/resource_providers/23ef9afc-49b8-4715-9cf3-e9d9c1b1d2b1" {{(pid=108244) __call__ /opt/stack/placement/placement/requestlog.py:55}}
Oct 04 14:28:42.372492 dv-neutron-841459-38-hyperv devstack@placement-api.service[108244]: DEBUG placement.wsgi_wrapper [None req-002cb323-1dbd-40d6-97a3-11e25cc7b2f6 service placement] Placement API returning an error response: No resource provider with uuid 23ef9afc-49b8-4715-9cf3-e9d9c1b1d2b1 found for delete {{(pid=108244) call_func /opt/stack/placement/placement/wsgi_wrapper.py:31}}
Oct 04 14:28:42.374080 dv-neutron-841459-38-hyperv devstack@placement-api.service[108244]: INFO placement.requestlog [None req-002cb323-1dbd-40d6-97a3-11e25cc7b2f6 service placement] 10.222.0.60 "DELETE /placement/resource_providers/23ef9afc-49b8-4715-9cf3-e9d9c1b1d2b1" status: 404 len: 246 microversion: 1.1
Oct 04 14:28:42.375324 dv-neutron-841459-38-hyperv devstack@placement-api.service[108244]: [pid: 108244|app: 0|req: 96/187] 10.222.0.60 () {60 vars in 1351 bytes} [Tue Oct 4 14:28:42 2022] DELETE /placement/resource_providers/23ef9afc-49b8-4715-9cf3-e9d9c1b1d2b1 => generated 246 bytes in 17 msecs (HTTP/1.1 404) 6 headers in 231 bytes (1 switches on core 0)
Oct 04 14:28:49.484524 dv-neutron-841459-38-hyperv devstack@placement-api.service[108245]: DEBUG placement.requestlog [None req-f6ddb36c-2267-42ac-86f6-d6e464c011ca None None] Starting request: 10.222.0.60 "GET /placement/resource_providers/c74d8180-ffa3-41f7-9958-9e028dd8bd09/aggregates" {{(pid=108245) __call__ /opt/stack/placement/placement/requestlog.py:55}}
Oct 04 14:28:49.497483 dv-neutron-841459-38-hyperv devstack@placement-api.service[108245]: INFO placement.requestlog [None req-f6ddb36c-2267-42ac-86f6-d6e464c011ca service placement] 10.222.0.60 "GET /placement/resource_providers/c74d8180-ffa3-41f7-9958-9e028dd8bd09/aggregates" status: 404 len: 235 microversion: 1.1
Oct 04 14:28:49.499532 dv-neutron-841459-38-hyperv devstack@placement-api.service[108245]: [pid: 108245|app: 0|req: 92/188] 10.222.0.60 () {58 vars in 1362 bytes} [Tue Oct 4 14:28:49 2022] GET /placement/resource_providers/c74d8180-ffa3-41f7-9958-9e028dd8bd09/aggregates => generated 235 bytes in 15 msecs (HTTP/1.1 404) 5 headers in 202 bytes (1 switches on core 0)
Oct 04 14:28:49.539849 dv-neutron-841459-38-hyperv devstack@placement-api.service[108244]: DEBUG placement.requestlog [None req-d98bd959-7a17-4351-8526-9d74d6e10b07 None None] Starting request: 10.222.0.60 "DELETE /placement/resource_providers/c74d8180-ffa3-41f7-9958-9e028dd8bd09" {{(pid=108244) __call__ /opt/stack/placement/placement/requestlog.py:55}}
Oct 04 14:28:49.550294 dv-neutron-841459-38-hyperv devstack@placement-api.service[108244]: DEBUG placement.wsgi_wrapper [None req-d98bd959-7a17-4351-8526-9d74d6e10b07 service placement] Placement API returning an error response: No resource provider with uuid c74d8180-ffa3-41f7-9958-9e028dd8bd09 found for delete {{(pid=108244) call_func /opt/stack/placement/placement/wsgi_wrapper.py:31}}
Oct 04 14:28:49.551599 dv-neutron-841459-38-hyperv devstack@placement-api.service[108244]: INFO placement.requestlog [None req-d98bd959-7a17-4351-8526-9d74d6e10b07 service placement] 10.222.0.60 "DELETE /placement/resource_providers/c74d8180-ffa3-41f7-9958-9e028dd8bd09" status: 404 len: 246 microversion: 1.1
Oct 04 14:28:49.552432 dv-neutron-841459-38-hyperv devstack@placement-api.service[108244]: [pid: 108244|app: 0|req: 97/189] 10.222.0.60 () {60 vars in 1351 bytes} [Tue Oct 4 14:28:49 2022] DELETE /placement/resource_providers/c74d8180-ffa3-41f7-9958-9e028dd8bd09 => generated 246 bytes in 13 msecs (HTTP/1.1 404) 6 headers in 231 bytes (1 switches on core 0)
Oct 04 14:28:53.627542 dv-neutron-841459-38-hyperv devstack@placement-api.service[108245]: DEBUG placement.requestlog [None req-89a98f50-706a-4424-9575-f0092e8ac7ae None None] Starting request: 10.222.0.60 "GET /placement/resource_providers/26d7d4ce-d85d-44b8-a34f-7652ffdb0a83/aggregates" {{(pid=108245) __call__ /opt/stack/placement/placement/requestlog.py:55}}
Oct 04 14:28:53.651806 dv-neutron-841459-38-hyperv devstack@placement-api.service[108245]: INFO placement.requestlog [None req-89a98f50-706a-4424-9575-f0092e8ac7ae service placement] 10.222.0.60 "GET /placement/resource_providers/26d7d4ce-d85d-44b8-a34f-7652ffdb0a83/aggregates" status: 404 len: 235 microversion: 1.1
Oct 04 14:28:53.652266 dv-neutron-841459-38-hyperv devstack@placement-api.service[108245]: [pid: 108245|app: 0|req: 93/190] 10.222.0.60 () {58 vars in 1362 bytes} [Tue Oct 4 14:28:53 2022] GET /placement/resource_providers/26d7d4ce-d85d-44b8-a34f-7652ffdb0a83/aggregates => generated 235 bytes in 25 msecs (HTTP/1.1 404) 5 headers in 202 bytes (1 switches on core 0)
Oct 04 14:28:53.665720 dv-neutron-841459-38-hyperv devstack@placement-api.service[108244]: DEBUG placement.requestlog [None req-c04ae3a5-e7f6-4284-9fb6-61f5ff774dd7 None None] Starting request: 10.222.0.60 "DELETE /placement/resource_providers/26d7d4ce-d85d-44b8-a34f-7652ffdb0a83" {{(pid=108244) __call__ /opt/stack/placement/placement/requestlog.py:55}}
Oct 04 14:28:53.681041 dv-neutron-841459-38-hyperv devstack@placement-api.service[108244]: DEBUG placement.wsgi_wrapper [None req-c04ae3a5-e7f6-4284-9fb6-61f5ff774dd7 service placement] Placement API returning an error response: No resource provider with uuid 26d7d4ce-d85d-44b8-a34f-7652ffdb0a83 found for delete {{(pid=108244) call_func /opt/stack/placement/placement/wsgi_wrapper.py:31}}
Oct 04 14:28:53.681808 dv-neutron-841459-38-hyperv devstack@placement-api.service[108244]: INFO placement.requestlog [None req-c04ae3a5-e7f6-4284-9fb6-61f5ff774dd7 service placement] 10.222.0.60 "DELETE /placement/resource_providers/26d7d4ce-d85d-44b8-a34f-7652ffdb0a83" status: 404 len: 246 microversion: 1.1
Oct 04 14:28:53.682330 dv-neutron-841459-38-hyperv devstack@placement-api.service[108244]: [pid: 108244|app: 0|req: 98/191] 10.222.0.60 () {60 vars in 1351 bytes} [Tue Oct 4 14:28:53 2022] DELETE /placement/resource_providers/26d7d4ce-d85d-44b8-a34f-7652ffdb0a83 => generated 246 bytes in 18 msecs (HTTP/1.1 404) 6 headers in 231 bytes (1 switches on core 0)
Oct 04 14:29:03.636611 dv-neutron-841459-38-hyperv devstack@placement-api.service[108245]: DEBUG dbcounter [-] [108245] Writing DB stats placement:SELECT=48,placement:INSERT=6,placement:DELETE=2,placement:UPDATE=2 {{(pid=108245) stat_writer /usr/local/lib/python3.8/dist-packages/dbcounter.py:114}}
Oct 04 14:29:03.677990 dv-neutron-841459-38-hyperv devstack@placement-api.service[108244]: DEBUG dbcounter [-] [108244] Writing DB stats placement:SELECT=23 {{(pid=108244) stat_writer /usr/local/lib/python3.8/dist-packages/dbcounter.py:114}}
Oct 04 14:29:06.000252 dv-neutron-841459-38-hyperv devstack@placement-api.service[108245]: DEBUG placement.requestlog [None req-7d09d3a8-be4a-4d97-8d97-f0a965d7ad01 None None] Starting request: 10.222.0.60 "GET /placement/resource_providers/303cf683-d92e-49be-b0f7-af1c98910202/aggregates" {{(pid=108245) __call__ /opt/stack/placement/placement/requestlog.py:55}}
Oct 04 14:29:06.011582 dv-neutron-841459-38-hyperv devstack@placement-api.service[108245]: INFO placement.requestlog [None req-7d09d3a8-be4a-4d97-8d97-f0a965d7ad01 service placement] 10.222.0.60 "GET /placement/resource_providers/303cf683-d92e-49be-b0f7-af1c98910202/aggregates" status: 404 len: 235 microversion: 1.1
Oct 04 14:29:06.011993 dv-neutron-841459-38-hyperv devstack@placement-api.service[108245]: [pid: 108245|app: 0|req: 94/192] 10.222.0.60 () {58 vars in 1362 bytes} [Tue Oct 4 14:29:05 2022] GET /placement/resource_providers/303cf683-d92e-49be-b0f7-af1c98910202/aggregates => generated 235 bytes in 12 msecs (HTTP/1.1 404) 5 headers in 202 bytes (1 switches on core 0)
Oct 04 14:29:06.048950 dv-neutron-841459-38-hyperv devstack@placement-api.service[108244]: DEBUG placement.requestlog [None req-e065c0a5-fce3-45d7-a66c-e509ab7e8179 None None] Starting request: 10.222.0.60 "DELETE /placement/resource_providers/303cf683-d92e-49be-b0f7-af1c98910202" {{(pid=108244) __call__ /opt/stack/placement/placement/requestlog.py:55}}
Oct 04 14:29:06.061067 dv-neutron-841459-38-hyperv devstack@placement-api.service[108244]: DEBUG placement.wsgi_wrapper [None req-e065c0a5-fce3-45d7-a66c-e509ab7e8179 service placement] Placement API returning an error response: No resource provider with uuid 303cf683-d92e-49be-b0f7-af1c98910202 found for delete {{(pid=108244) call_func /opt/stack/placement/placement/wsgi_wrapper.py:31}}
Oct 04 14:29:06.062060 dv-neutron-841459-38-hyperv devstack@placement-api.service[108244]: INFO placement.requestlog [None req-e065c0a5-fce3-45d7-a66c-e509ab7e8179 service placement] 10.222.0.60 "DELETE /placement/resource_providers/303cf683-d92e-49be-b0f7-af1c98910202" status: 404 len: 246 microversion: 1.1
Oct 04 14:29:06.062736 dv-neutron-841459-38-hyperv devstack@placement-api.service[108244]: [pid: 108244|app: 0|req: 99/193] 10.222.0.60 () {60 vars in 1351 bytes} [Tue Oct 4 14:29:06 2022] DELETE /placement/resource_providers/303cf683-d92e-49be-b0f7-af1c98910202 => generated 246 bytes in 14 msecs (HTTP/1.1 404) 6 headers in 231 bytes (2 switches on core 0)
Oct 04 14:29:10.765584 dv-neutron-841459-38-hyperv devstack@placement-api.service[108245]: DEBUG placement.requestlog [None req-9a6804fc-80a7-4561-a4ed-8a0ef9e59f50 None None] Starting request: 10.222.0.60 "GET /placement/resource_providers/00e13135-68d1-4b05-8d85-050ac7e6002b/aggregates" {{(pid=108245) __call__ /opt/stack/placement/placement/requestlog.py:55}}
Oct 04 14:29:10.782433 dv-neutron-841459-38-hyperv devstack@placement-api.service[108245]: INFO placement.requestlog [None req-9a6804fc-80a7-4561-a4ed-8a0ef9e59f50 service placement] 10.222.0.60 "GET /placement/resource_providers/00e13135-68d1-4b05-8d85-050ac7e6002b/aggregates" status: 404 len: 235 microversion: 1.1
Oct 04 14:29:10.784481 dv-neutron-841459-38-hyperv devstack@placement-api.service[108245]: [pid: 108245|app: 0|req: 95/194] 10.222.0.60 () {58 vars in 1362 bytes} [Tue Oct 4 14:29:10 2022] GET /placement/resource_providers/00e13135-68d1-4b05-8d85-050ac7e6002b/aggregates => generated 235 bytes in 19 msecs (HTTP/1.1 404) 5 headers in 202 bytes (1 switches on core 0)
Oct 04 14:29:10.821640 dv-neutron-841459-38-hyperv devstack@placement-api.service[108244]: DEBUG placement.requestlog [None req-0d2c914d-717a-4b36-9fbc-f25c2b7287cd None None] Starting request: 10.222.0.60 "DELETE /placement/resource_providers/00e13135-68d1-4b05-8d85-050ac7e6002b" {{(pid=108244) __call__ /opt/stack/placement/placement/requestlog.py:55}}
Oct 04 14:29:10.834216 dv-neutron-841459-38-hyperv devstack@placement-api.service[108244]: DEBUG placement.wsgi_wrapper [None req-0d2c914d-717a-4b36-9fbc-f25c2b7287cd service placement] Placement API returning an error response: No resource provider with uuid 00e13135-68d1-4b05-8d85-050ac7e6002b found for delete {{(pid=108244) call_func /opt/stack/placement/placement/wsgi_wrapper.py:31}}
Oct 04 14:29:10.836046 dv-neutron-841459-38-hyperv devstack@placement-api.service[108244]: INFO placement.requestlog [None req-0d2c914d-717a-4b36-9fbc-f25c2b7287cd service placement] 10.222.0.60 "DELETE /placement/resource_providers/00e13135-68d1-4b05-8d85-050ac7e6002b" status: 404 len: 246 microversion: 1.1
Oct 04 14:29:10.837201 dv-neutron-841459-38-hyperv devstack@placement-api.service[108244]: [pid: 108244|app: 0|req: 100/195] 10.222.0.60 () {60 vars in 1351 bytes} [Tue Oct 4 14:29:10 2022] DELETE /placement/resource_providers/00e13135-68d1-4b05-8d85-050ac7e6002b => generated 246 bytes in 16 msecs (HTTP/1.1 404) 6 headers in 231 bytes (2 switches on core 0)
Oct 04 14:29:15.601814 dv-neutron-841459-38-hyperv devstack@placement-api.service[108245]: DEBUG placement.requestlog [req-13bbc60b-8ecc-4d56-aeca-ee36d09f4601 req-c7b414fd-d207-4e2d-a3e6-14120edec433 None None] Starting request: 10.222.0.61 "GET /placement/resource_providers/80a0eda3-ff10-4dd8-89d1-e5b91562da06/allocations" {{(pid=108245) __call__ /opt/stack/placement/placement/requestlog.py:55}}
Oct 04 14:29:15.638592 dv-neutron-841459-38-hyperv devstack@placement-api.service[108245]: INFO placement.requestlog [req-13bbc60b-8ecc-4d56-aeca-ee36d09f4601 req-c7b414fd-d207-4e2d-a3e6-14120edec433 service placement] 10.222.0.61 "GET /placement/resource_providers/80a0eda3-ff10-4dd8-89d1-e5b91562da06/allocations" status: 200 len: 355 microversion: 1.0
Oct 04 14:29:15.639324 dv-neutron-841459-38-hyperv devstack@placement-api.service[108245]: [pid: 108245|app: 0|req: 96/196] 10.222.0.61 () {58 vars in 1390 bytes} [Tue Oct 4 14:29:15 2022] GET /placement/resource_providers/80a0eda3-ff10-4dd8-89d1-e5b91562da06/allocations => generated 355 bytes in 39 msecs (HTTP/1.1 200) 6 headers in 224 bytes (1 switches on core 0)
Oct 04 14:29:15.648868 dv-neutron-841459-38-hyperv devstack@placement-api.service[108244]: DEBUG placement.requestlog [req-13bbc60b-8ecc-4d56-aeca-ee36d09f4601 req-677aab60-934b-416b-ad0e-ba99a0c157b6 None None] Starting request: 10.222.0.61 "GET /placement/allocations/e849a77f-34ae-4dac-86a3-1c1d763fd716" {{(pid=108244) __call__ /opt/stack/placement/placement/requestlog.py:55}}
Oct 04 14:29:15.677576 dv-neutron-841459-38-hyperv devstack@placement-api.service[108244]: INFO placement.requestlog [req-13bbc60b-8ecc-4d56-aeca-ee36d09f4601 req-677aab60-934b-416b-ad0e-ba99a0c157b6 service placement] 10.222.0.61 "GET /placement/allocations/e849a77f-34ae-4dac-86a3-1c1d763fd716" status: 200 len: 258 microversion: 1.28
Oct 04 14:29:15.678806 dv-neutron-841459-38-hyperv devstack@placement-api.service[108244]: [pid: 108244|app: 0|req: 101/197] 10.222.0.61 () {60 vars in 1377 bytes} [Tue Oct 4 14:29:15 2022] GET /placement/allocations/e849a77f-34ae-4dac-86a3-1c1d763fd716 => generated 258 bytes in 30 msecs (HTTP/1.1 200) 8 headers in 296 bytes (1 switches on core 0)
Oct 04 14:29:15.693374 dv-neutron-841459-38-hyperv devstack@placement-api.service[108245]: DEBUG placement.requestlog [req-13bbc60b-8ecc-4d56-aeca-ee36d09f4601 req-34ca0843-db77-4b0b-9dfb-b17f7de7b2c9 None None] Starting request: 10.222.0.61 "GET /placement/allocations/51096493-398f-4081-85e2-c424f99fefe1" {{(pid=108245) __call__ /opt/stack/placement/placement/requestlog.py:55}}
Oct 04 14:29:15.721686 dv-neutron-841459-38-hyperv devstack@placement-api.service[108245]: INFO placement.requestlog [req-13bbc60b-8ecc-4d56-aeca-ee36d09f4601 req-34ca0843-db77-4b0b-9dfb-b17f7de7b2c9 service placement] 10.222.0.61 "GET /placement/allocations/51096493-398f-4081-85e2-c424f99fefe1" status: 200 len: 258 microversion: 1.28
Oct 04 14:29:15.722243 dv-neutron-841459-38-hyperv devstack@placement-api.service[108245]: [pid: 108245|app: 0|req: 97/198] 10.222.0.61 () {60 vars in 1377 bytes} [Tue Oct 4 14:29:15 2022] GET /placement/allocations/51096493-398f-4081-85e2-c424f99fefe1 => generated 258 bytes in 29 msecs (HTTP/1.1 200) 8 headers in 296 bytes (2 switches on core 0)
Oct 04 14:29:15.729317 dv-neutron-841459-38-hyperv devstack@placement-api.service[108244]: DEBUG placement.requestlog [req-13bbc60b-8ecc-4d56-aeca-ee36d09f4601 req-09462a34-a70f-45dd-ab2a-559d2f951623 None None] Starting request: 10.222.0.61 "GET /placement/allocations/16e55bbc-4bc3-4691-9c2a-9e9c3c720c1a" {{(pid=108244) __call__ /opt/stack/placement/placement/requestlog.py:55}}
Oct 04 14:29:15.749504 dv-neutron-841459-38-hyperv devstack@placement-api.service[108244]: INFO placement.requestlog [req-13bbc60b-8ecc-4d56-aeca-ee36d09f4601 req-09462a34-a70f-45dd-ab2a-559d2f951623 service placement] 10.222.0.61 "GET /placement/allocations/16e55bbc-4bc3-4691-9c2a-9e9c3c720c1a" status: 200 len: 258 microversion: 1.28
Oct 04 14:29:15.749978 dv-neutron-841459-38-hyperv devstack@placement-api.service[108244]: [pid: 108244|app: 0|req: 102/199] 10.222.0.61 () {60 vars in 1377 bytes} [Tue Oct 4 14:29:15 2022] GET /placement/allocations/16e55bbc-4bc3-4691-9c2a-9e9c3c720c1a => generated 258 bytes in 21 msecs (HTTP/1.1 200) 8 headers in 296 bytes (1 switches on core 0)
Oct 04 14:29:16.390396 dv-neutron-841459-38-hyperv devstack@placement-api.service[108245]: DEBUG placement.requestlog [req-13bbc60b-8ecc-4d56-aeca-ee36d09f4601 req-ce5cdb5e-718f-4398-ba7c-ff5f60539a7b None None] Starting request: 10.222.0.61 "DELETE /placement/allocations/e849a77f-34ae-4dac-86a3-1c1d763fd716" {{(pid=108245) __call__ /opt/stack/placement/placement/requestlog.py:55}}
Oct 04 14:29:16.589457 dv-neutron-841459-38-hyperv devstack@placement-api.service[108245]: DEBUG placement.handlers.allocation [req-13bbc60b-8ecc-4d56-aeca-ee36d09f4601 req-ce5cdb5e-718f-4398-ba7c-ff5f60539a7b service placement] Successfully deleted allocations [, , ] {{(pid=108245) delete_allocations /opt/stack/placement/placement/handlers/allocation.py:627}}
Oct 04 14:29:16.589956 dv-neutron-841459-38-hyperv devstack@placement-api.service[108245]: INFO placement.requestlog [req-13bbc60b-8ecc-4d56-aeca-ee36d09f4601 req-ce5cdb5e-718f-4398-ba7c-ff5f60539a7b service placement] 10.222.0.61 "DELETE /placement/allocations/e849a77f-34ae-4dac-86a3-1c1d763fd716" status: 204 len: 0 microversion: 1.0
Oct 04 14:29:16.593148 dv-neutron-841459-38-hyperv devstack@placement-api.service[108245]: [pid: 108245|app: 0|req: 98/200] 10.222.0.61 () {60 vars in 1355 bytes} [Tue Oct 4 14:29:16 2022] DELETE /placement/allocations/e849a77f-34ae-4dac-86a3-1c1d763fd716 => generated 0 bytes in 215 msecs (HTTP/1.1 204) 5 headers in 198 bytes (1 switches on core 0)
Oct 04 14:29:17.391571 dv-neutron-841459-38-hyperv devstack@placement-api.service[108244]: DEBUG placement.requestlog [None req-b94d5fee-7abf-415d-940b-d367f639fdc0 None None] Starting request: 10.222.0.60 "GET /placement/resource_providers/c3ddba39-eea8-4713-8116-629698028597/aggregates" {{(pid=108244) __call__ /opt/stack/placement/placement/requestlog.py:55}}
Oct 04 14:29:17.477657 dv-neutron-841459-38-hyperv devstack@placement-api.service[108245]: DEBUG placement.requestlog [req-5714e8e3-10ce-431d-aa33-7bea72f2717b req-c8cba6dc-8d47-43af-a83b-715c42e15fba None None] Starting request: 10.222.0.61 "GET /placement/resource_providers/80a0eda3-ff10-4dd8-89d1-e5b91562da06/allocations" {{(pid=108245) __call__ /opt/stack/placement/placement/requestlog.py:55}}
Oct 04 14:29:17.525644 dv-neutron-841459-38-hyperv devstack@placement-api.service[108245]: INFO placement.requestlog [req-5714e8e3-10ce-431d-aa33-7bea72f2717b req-c8cba6dc-8d47-43af-a83b-715c42e15fba service placement] 10.222.0.61 "GET /placement/resource_providers/80a0eda3-ff10-4dd8-89d1-e5b91562da06/allocations" status: 200 len: 254 microversion: 1.0
Oct 04 14:29:17.526716 dv-neutron-841459-38-hyperv devstack@placement-api.service[108245]: [pid: 108245|app: 0|req: 99/201] 10.222.0.61 () {58 vars in 1390 bytes} [Tue Oct 4 14:29:17 2022] GET /placement/resource_providers/80a0eda3-ff10-4dd8-89d1-e5b91562da06/allocations => generated 254 bytes in 49 msecs (HTTP/1.1 200) 6 headers in 224 bytes (1 switches on core 0)
Oct 04 14:29:17.680864 dv-neutron-841459-38-hyperv devstack@placement-api.service[108244]: INFO placement.requestlog [None req-b94d5fee-7abf-415d-940b-d367f639fdc0 service placement] 10.222.0.60 "GET /placement/resource_providers/c3ddba39-eea8-4713-8116-629698028597/aggregates" status: 404 len: 235 microversion: 1.1
Oct 04 14:29:17.685585 dv-neutron-841459-38-hyperv devstack@placement-api.service[108244]: [pid: 108244|app: 0|req: 103/202] 10.222.0.60 () {58 vars in 1362 bytes} [Tue Oct 4 14:29:17 2022] GET /placement/resource_providers/c3ddba39-eea8-4713-8116-629698028597/aggregates => generated 235 bytes in 290 msecs (HTTP/1.1 404) 5 headers in 202 bytes (1 switches on core 0)
Oct 04 14:29:17.686350 dv-neutron-841459-38-hyperv devstack@placement-api.service[108245]: DEBUG placement.requestlog [req-5714e8e3-10ce-431d-aa33-7bea72f2717b req-25a77915-8268-45c0-af92-ba7942e75196 None None] Starting request: 10.222.0.61 "GET /placement/resource_providers/80a0eda3-ff10-4dd8-89d1-e5b91562da06/allocations" {{(pid=108245) __call__ /opt/stack/placement/placement/requestlog.py:55}}
Oct 04 14:29:17.740428 dv-neutron-841459-38-hyperv devstack@placement-api.service[108245]: INFO placement.requestlog [req-5714e8e3-10ce-431d-aa33-7bea72f2717b req-25a77915-8268-45c0-af92-ba7942e75196 service placement] 10.222.0.61 "GET /placement/resource_providers/80a0eda3-ff10-4dd8-89d1-e5b91562da06/allocations" status: 200 len: 254 microversion: 1.0
Oct 04 14:29:17.741915 dv-neutron-841459-38-hyperv devstack@placement-api.service[108245]: [pid: 108245|app: 0|req: 100/203] 10.222.0.61 () {58 vars in 1390 bytes} [Tue Oct 4 14:29:17 2022] GET /placement/resource_providers/80a0eda3-ff10-4dd8-89d1-e5b91562da06/allocations => generated 254 bytes in 55 msecs (HTTP/1.1 200) 6 headers in 224 bytes (1 switches on core 0)
Oct 04 14:29:17.749571 dv-neutron-841459-38-hyperv devstack@placement-api.service[108244]: DEBUG placement.requestlog [req-5714e8e3-10ce-431d-aa33-7bea72f2717b req-a6193f33-3a20-4cd7-b15e-97d1ba98f5a8 None None] Starting request: 10.222.0.61 "GET /placement/allocations/51096493-398f-4081-85e2-c424f99fefe1" {{(pid=108244) __call__ /opt/stack/placement/placement/requestlog.py:55}}
Oct 04 14:29:17.764333 dv-neutron-841459-38-hyperv devstack@placement-api.service[108245]: DEBUG placement.requestlog [None req-bdfcedcd-89e8-4ddc-b665-4d022451d18e None None] Starting request: 10.222.0.60 "DELETE /placement/resource_providers/c3ddba39-eea8-4713-8116-629698028597" {{(pid=108245) __call__ /opt/stack/placement/placement/requestlog.py:55}}
Oct 04 14:29:17.779885 dv-neutron-841459-38-hyperv devstack@placement-api.service[108244]: INFO placement.requestlog [req-5714e8e3-10ce-431d-aa33-7bea72f2717b req-a6193f33-3a20-4cd7-b15e-97d1ba98f5a8 service placement] 10.222.0.61 "GET /placement/allocations/51096493-398f-4081-85e2-c424f99fefe1" status: 200 len: 258 microversion: 1.28
Oct 04 14:29:17.782289 dv-neutron-841459-38-hyperv devstack@placement-api.service[108244]: [pid: 108244|app: 0|req: 104/204] 10.222.0.61 () {60 vars in 1377 bytes} [Tue Oct 4 14:29:17 2022] GET /placement/allocations/51096493-398f-4081-85e2-c424f99fefe1 => generated 258 bytes in 33 msecs (HTTP/1.1 200) 8 headers in 296 bytes (1 switches on core 0)
Oct 04 14:29:17.787366 dv-neutron-841459-38-hyperv devstack@placement-api.service[108245]: DEBUG placement.wsgi_wrapper [None req-bdfcedcd-89e8-4ddc-b665-4d022451d18e service placement] Placement API returning an error response: No resource provider with uuid c3ddba39-eea8-4713-8116-629698028597 found for delete {{(pid=108245) call_func /opt/stack/placement/placement/wsgi_wrapper.py:31}}
Oct 04 14:29:17.788526 dv-neutron-841459-38-hyperv devstack@placement-api.service[108245]: INFO placement.requestlog [None req-bdfcedcd-89e8-4ddc-b665-4d022451d18e service placement] 10.222.0.60 "DELETE /placement/resource_providers/c3ddba39-eea8-4713-8116-629698028597" status: 404 len: 246 microversion: 1.1
Oct 04 14:29:17.791130 dv-neutron-841459-38-hyperv devstack@placement-api.service[108245]: [pid: 108245|app: 0|req: 101/205] 10.222.0.60 () {60 vars in 1351 bytes} [Tue Oct 4 14:29:17 2022] DELETE /placement/resource_providers/c3ddba39-eea8-4713-8116-629698028597 => generated 246 bytes in 25 msecs (HTTP/1.1 404) 6 headers in 231 bytes (1 switches on core 0)
Oct 04 14:29:17.795780 dv-neutron-841459-38-hyperv devstack@placement-api.service[108244]: DEBUG placement.requestlog [req-5714e8e3-10ce-431d-aa33-7bea72f2717b req-9d0678e4-7b6f-4415-a1cd-d330c8097243 None None] Starting request: 10.222.0.61 "GET /placement/allocations/16e55bbc-4bc3-4691-9c2a-9e9c3c720c1a" {{(pid=108244) __call__ /opt/stack/placement/placement/requestlog.py:55}}
Oct 04 14:29:17.816742 dv-neutron-841459-38-hyperv devstack@placement-api.service[108244]: INFO placement.requestlog [req-5714e8e3-10ce-431d-aa33-7bea72f2717b req-9d0678e4-7b6f-4415-a1cd-d330c8097243 service placement] 10.222.0.61 "GET /placement/allocations/16e55bbc-4bc3-4691-9c2a-9e9c3c720c1a" status: 200 len: 258 microversion: 1.28
Oct 04 14:29:17.817379 dv-neutron-841459-38-hyperv devstack@placement-api.service[108244]: [pid: 108244|app: 0|req: 105/206] 10.222.0.61 () {60 vars in 1377 bytes} [Tue Oct 4 14:29:17 2022] GET /placement/allocations/16e55bbc-4bc3-4691-9c2a-9e9c3c720c1a => generated 258 bytes in 23 msecs (HTTP/1.1 200) 8 headers in 296 bytes (1 switches on core 0)
Oct 04 14:29:18.299818 dv-neutron-841459-38-hyperv devstack@placement-api.service[108245]: DEBUG placement.requestlog [None req-d6c95c8b-0935-4121-a961-777910bc1461 None None] Starting request: 10.222.0.60 "GET /placement/resource_providers/97a289bc-4b1e-483c-8372-803a79e97241/aggregates" {{(pid=108245) __call__ /opt/stack/placement/placement/requestlog.py:55}}
Oct 04 14:29:18.339592 dv-neutron-841459-38-hyperv devstack@placement-api.service[108245]: INFO placement.requestlog [None req-d6c95c8b-0935-4121-a961-777910bc1461 service placement] 10.222.0.60 "GET /placement/resource_providers/97a289bc-4b1e-483c-8372-803a79e97241/aggregates" status: 404 len: 235 microversion: 1.1
Oct 04 14:29:18.344079 dv-neutron-841459-38-hyperv devstack@placement-api.service[108245]: [pid: 108245|app: 0|req: 102/207] 10.222.0.60 () {58 vars in 1362 bytes} [Tue Oct 4 14:29:18 2022] GET /placement/resource_providers/97a289bc-4b1e-483c-8372-803a79e97241/aggregates => generated 235 bytes in 45 msecs (HTTP/1.1 404) 5 headers in 202 bytes (1 switches on core 0)
Oct 04 14:29:18.377389 dv-neutron-841459-38-hyperv devstack@placement-api.service[108244]: DEBUG placement.requestlog [None req-a9ce2ef3-51d3-4beb-84c1-e9234f13cff7 None None] Starting request: 10.222.0.60 "DELETE /placement/resource_providers/97a289bc-4b1e-483c-8372-803a79e97241" {{(pid=108244) __call__ /opt/stack/placement/placement/requestlog.py:55}}
Oct 04 14:29:18.411071 dv-neutron-841459-38-hyperv devstack@placement-api.service[108244]: DEBUG placement.wsgi_wrapper [None req-a9ce2ef3-51d3-4beb-84c1-e9234f13cff7 service placement] Placement API returning an error response: No resource provider with uuid 97a289bc-4b1e-483c-8372-803a79e97241 found for delete {{(pid=108244) call_func /opt/stack/placement/placement/wsgi_wrapper.py:31}}
Oct 04 14:29:18.421557 dv-neutron-841459-38-hyperv devstack@placement-api.service[108244]: INFO placement.requestlog [None req-a9ce2ef3-51d3-4beb-84c1-e9234f13cff7 service placement] 10.222.0.60 "DELETE /placement/resource_providers/97a289bc-4b1e-483c-8372-803a79e97241" status: 404 len: 246 microversion: 1.1
Oct 04 14:29:18.421557 dv-neutron-841459-38-hyperv devstack@placement-api.service[108244]: [pid: 108244|app: 0|req: 106/208] 10.222.0.60 () {60 vars in 1351 bytes} [Tue Oct 4 14:29:18 2022] DELETE /placement/resource_providers/97a289bc-4b1e-483c-8372-803a79e97241 => generated 246 bytes in 43 msecs (HTTP/1.1 404) 6 headers in 231 bytes (1 switches on core 0)
Oct 04 14:29:19.982387 dv-neutron-841459-38-hyperv devstack@placement-api.service[108245]: DEBUG placement.requestlog [None req-27bf2927-257a-445a-b7b8-18bb1d5f4988 None None] Starting request: 10.222.0.60 "GET /placement/resource_providers/c3ddba39-eea8-4713-8116-629698028597/aggregates" {{(pid=108245) __call__ /opt/stack/placement/placement/requestlog.py:55}}
Oct 04 14:29:19.994703 dv-neutron-841459-38-hyperv devstack@placement-api.service[108245]: INFO placement.requestlog [None req-27bf2927-257a-445a-b7b8-18bb1d5f4988 service placement] 10.222.0.60 "GET /placement/resource_providers/c3ddba39-eea8-4713-8116-629698028597/aggregates" status: 404 len: 235 microversion: 1.1
Oct 04 14:29:19.995995 dv-neutron-841459-38-hyperv devstack@placement-api.service[108245]: [pid: 108245|app: 0|req: 103/209] 10.222.0.60 () {58 vars in 1362 bytes} [Tue Oct 4 14:29:19 2022] GET /placement/resource_providers/c3ddba39-eea8-4713-8116-629698028597/aggregates => generated 235 bytes in 14 msecs (HTTP/1.1 404) 5 headers in 202 bytes (1 switches on core 0)
Oct 04 14:29:20.044128 dv-neutron-841459-38-hyperv devstack@placement-api.service[108244]: DEBUG placement.requestlog [None req-542ed7ab-7de6-4006-a548-7952dd8a6bf8 None None] Starting request: 10.222.0.60 "DELETE /placement/resource_providers/c3ddba39-eea8-4713-8116-629698028597" {{(pid=108244) __call__ /opt/stack/placement/placement/requestlog.py:55}}
Oct 04 14:29:20.057672 dv-neutron-841459-38-hyperv devstack@placement-api.service[108244]: DEBUG placement.wsgi_wrapper [None req-542ed7ab-7de6-4006-a548-7952dd8a6bf8 service placement] Placement API returning an error response: No resource provider with uuid c3ddba39-eea8-4713-8116-629698028597 found for delete {{(pid=108244) call_func /opt/stack/placement/placement/wsgi_wrapper.py:31}}
Oct 04 14:29:20.058753 dv-neutron-841459-38-hyperv devstack@placement-api.service[108244]: INFO placement.requestlog [None req-542ed7ab-7de6-4006-a548-7952dd8a6bf8 service placement] 10.222.0.60 "DELETE /placement/resource_providers/c3ddba39-eea8-4713-8116-629698028597" status: 404 len: 246 microversion: 1.1
Oct 04 14:29:20.059668 dv-neutron-841459-38-hyperv devstack@placement-api.service[108244]: [pid: 108244|app: 0|req: 107/210] 10.222.0.60 () {60 vars in 1351 bytes} [Tue Oct 4 14:29:20 2022] DELETE /placement/resource_providers/c3ddba39-eea8-4713-8116-629698028597 => generated 246 bytes in 16 msecs (HTTP/1.1 404) 6 headers in 231 bytes (1 switches on core 0)
Oct 04 14:29:21.806349 dv-neutron-841459-38-hyperv devstack@placement-api.service[108245]: DEBUG placement.requestlog [req-a50f5f19-70de-4880-baea-d33efc0c2357 req-eae6e66a-b40e-4102-8691-26ccaed22101 None None] Starting request: 10.222.0.61 "GET /placement/resource_providers/80a0eda3-ff10-4dd8-89d1-e5b91562da06/allocations" {{(pid=108245) __call__ /opt/stack/placement/placement/requestlog.py:55}}
Oct 04 14:29:21.844647 dv-neutron-841459-38-hyperv devstack@placement-api.service[108245]: INFO placement.requestlog [req-a50f5f19-70de-4880-baea-d33efc0c2357 req-eae6e66a-b40e-4102-8691-26ccaed22101 service placement] 10.222.0.61 "GET /placement/resource_providers/80a0eda3-ff10-4dd8-89d1-e5b91562da06/allocations" status: 200 len: 254 microversion: 1.0
Oct 04 14:29:21.846936 dv-neutron-841459-38-hyperv devstack@placement-api.service[108245]: [pid: 108245|app: 0|req: 104/211] 10.222.0.61 () {58 vars in 1390 bytes} [Tue Oct 4 14:29:21 2022] GET /placement/resource_providers/80a0eda3-ff10-4dd8-89d1-e5b91562da06/allocations => generated 254 bytes in 41 msecs (HTTP/1.1 200) 6 headers in 224 bytes (1 switches on core 0)
Oct 04 14:29:21.854430 dv-neutron-841459-38-hyperv devstack@placement-api.service[108244]: DEBUG placement.requestlog [req-a50f5f19-70de-4880-baea-d33efc0c2357 req-101dc507-059b-433a-9d21-6b3e6e47bcb9 None None] Starting request: 10.222.0.61 "GET /placement/allocations/51096493-398f-4081-85e2-c424f99fefe1" {{(pid=108244) __call__ /opt/stack/placement/placement/requestlog.py:55}}
Oct 04 14:29:21.874490 dv-neutron-841459-38-hyperv devstack@placement-api.service[108244]: INFO placement.requestlog [req-a50f5f19-70de-4880-baea-d33efc0c2357 req-101dc507-059b-433a-9d21-6b3e6e47bcb9 service placement] 10.222.0.61 "GET /placement/allocations/51096493-398f-4081-85e2-c424f99fefe1" status: 200 len: 258 microversion: 1.28
Oct 04 14:29:21.875459 dv-neutron-841459-38-hyperv devstack@placement-api.service[108244]: [pid: 108244|app: 0|req: 108/212] 10.222.0.61 () {60 vars in 1377 bytes} [Tue Oct 4 14:29:21 2022] GET /placement/allocations/51096493-398f-4081-85e2-c424f99fefe1 => generated 258 bytes in 22 msecs (HTTP/1.1 200) 8 headers in 296 bytes (1 switches on core 0)
Oct 04 14:29:21.882863 dv-neutron-841459-38-hyperv devstack@placement-api.service[108245]: DEBUG placement.requestlog [req-a50f5f19-70de-4880-baea-d33efc0c2357 req-f32e17dc-0e90-4533-b084-919ec317abd0 None None] Starting request: 10.222.0.61 "GET /placement/allocations/16e55bbc-4bc3-4691-9c2a-9e9c3c720c1a" {{(pid=108245) __call__ /opt/stack/placement/placement/requestlog.py:55}}
Oct 04 14:29:21.915034 dv-neutron-841459-38-hyperv devstack@placement-api.service[108245]: INFO placement.requestlog [req-a50f5f19-70de-4880-baea-d33efc0c2357 req-f32e17dc-0e90-4533-b084-919ec317abd0 service placement] 10.222.0.61 "GET /placement/allocations/16e55bbc-4bc3-4691-9c2a-9e9c3c720c1a" status: 200 len: 258 microversion: 1.28
