Oct 03 10:07:59.000778 dv-neutron-841459-37-hyperv devstack@keystone.service[81740]: DEBUG keystone.server.flask.request_processing.middleware.auth_context [None req-452edbe5-c6d5-4a92-8331-b56005582a2b None admin] Validating token access rules against request {{(pid=81740) validate_allowed_request /usr/local/lib/python3.8/dist-packages/keystonemiddleware/auth_token/__init__.py:545}}
Oct 03 10:07:59.069870 dv-neutron-841459-37-hyperv devstack@keystone.service[81741]: [pid: 81741|app: 0|req: 66/138] 10.222.0.48 () {58 vars in 1024 bytes} [Mon Oct 3 10:07:58 2022] POST /identity/v3/auth/tokens => generated 799 bytes in 190 msecs (HTTP/1.1 201) 6 headers in 363 bytes (2 switches on core 0)
Oct 03 10:07:59.078586 dv-neutron-841459-37-hyperv devstack@keystone.service[81740]: DEBUG keystone.server.flask.request_processing.middleware.auth_context [None req-632f1666-eb77-4ba7-99f1-2b35af0f768a None admin] RBAC: auth_context: {'token': , 'domain_id': None, 'trust_id': None, 'trustor_id': None, 'trustee_id': None, 'domain_name': None, 'group_ids': [], 'user_id': 'e9ac5eb5717a4b239ebee3f9782504ec', 'user_domain_id': 'default', 'system_scope': 'all', 'project_id': None, 'project_domain_id': None, 'roles': ['admin', 'member', 'reader'], 'is_admin_project': True, 'service_user_id': None, 'service_user_domain_id': None, 'service_project_id': None, 'service_project_domain_id': None, 'service_roles': []} {{(pid=81740) fill_context /opt/stack/keystone/keystone/server/flask/request_processing/middleware/auth_context.py:478}}
Oct 03 10:07:59.079268 dv-neutron-841459-37-hyperv devstack@keystone.service[81740]: DEBUG keystone.server.flask.request_processing.req_logging [None req-632f1666-eb77-4ba7-99f1-2b35af0f768a None admin] REQUEST_METHOD: `PUT` {{(pid=81740) log_request_info /opt/stack/keystone/keystone/server/flask/request_processing/req_logging.py:27}}
Oct 03 10:07:59.079548 dv-neutron-841459-37-hyperv devstack@keystone.service[81740]: DEBUG keystone.server.flask.request_processing.req_logging [None req-632f1666-eb77-4ba7-99f1-2b35af0f768a None admin] SCRIPT_NAME: `/identity` {{(pid=81740) log_request_info /opt/stack/keystone/keystone/server/flask/request_processing/req_logging.py:28}}
Oct 03 10:07:59.079818 dv-neutron-841459-37-hyperv devstack@keystone.service[81740]: DEBUG keystone.server.flask.request_processing.req_logging [None req-632f1666-eb77-4ba7-99f1-2b35af0f768a None admin] PATH_INFO: `/v3/projects/235bec8a6d1e4cedae65e0281e724fdf/users/a24804d704d94ae2b0d628f1ccb16aa2/roles/061bcfdeaa594022a935451e9f912c65` {{(pid=81740) log_request_info /opt/stack/keystone/keystone/server/flask/request_processing/req_logging.py:29}}
Oct 03 10:07:59.081840 dv-neutron-841459-37-hyperv devstack@keystone.service[81740]: DEBUG keystone.common.rbac_enforcer.enforcer [None req-632f1666-eb77-4ba7-99f1-2b35af0f768a None admin] RBAC: Authorizing `identity:create_grant(project_id=235bec8a6d1e4cedae65e0281e724fdf, user_id=a24804d704d94ae2b0d628f1ccb16aa2, role_id=061bcfdeaa594022a935451e9f912c65)` {{(pid=81740) enforce_call /opt/stack/keystone/keystone/common/rbac_enforcer/enforcer.py:449}}
Oct 03 10:07:59.083299 dv-neutron-841459-37-hyperv devstack@keystone.service[81740]: DEBUG keystone.common.rbac_enforcer.enforcer [None req-632f1666-eb77-4ba7-99f1-2b35af0f768a None admin] RBAC: Authorization granted {{(pid=81740) enforce_call /opt/stack/keystone/keystone/common/rbac_enforcer/enforcer.py:457}}
Oct 03 10:07:59.109966 dv-neutron-841459-37-hyperv devstack@keystone.service[81740]: [pid: 81740|app: 0|req: 73/139] 10.222.0.48 () {58 vars in 1439 bytes} [Mon Oct 3 10:07:58 2022] PUT /identity/v3/projects/235bec8a6d1e4cedae65e0281e724fdf/users/a24804d704d94ae2b0d628f1ccb16aa2/roles/061bcfdeaa594022a935451e9f912c65 => generated 0 bytes in 307 msecs (HTTP/1.1 204) 3 headers in 132 bytes (0 switches on core 0)
Oct 03 10:07:59.552413 dv-neutron-841459-37-hyperv devstack@keystone.service[81741]: DEBUG keystone.server.flask.request_processing.middleware.auth_context [None req-97d11cd5-bbf2-4f97-83ce-36f41c45831b None None] Authenticating user token {{(pid=81741) process_request /usr/local/lib/python3.8/dist-packages/keystonemiddleware/auth_token/__init__.py:407}}
Oct 03 10:07:59.660893 dv-neutron-841459-37-hyperv devstack@keystone.service[81741]: DEBUG dbcounter [-] [81741] Writing DB stats keystone:SELECT=100 {{(pid=81741) stat_writer /usr/local/lib/python3.8/dist-packages/dbcounter.py:114}}
Oct 03 10:07:59.678637 dv-neutron-841459-37-hyperv devstack@keystone.service[81741]: DEBUG keystone.server.flask.request_processing.middleware.auth_context [None req-97d11cd5-bbf2-4f97-83ce-36f41c45831b None None] Validating token access rules against request {{(pid=81741) validate_allowed_request /usr/local/lib/python3.8/dist-packages/keystonemiddleware/auth_token/__init__.py:545}}
Oct 03 10:07:59.723817 dv-neutron-841459-37-hyperv devstack@keystone.service[81741]: DEBUG keystone.server.flask.request_processing.middleware.auth_context [None req-a4583fd5-ac46-454a-90c4-a67cc299aa46 None admin] RBAC: auth_context: {'token': , 'domain_id': None, 'trust_id': None, 'trustor_id': None, 'trustee_id': None, 'domain_name': None, 'group_ids': [], 'user_id': 'e9ac5eb5717a4b239ebee3f9782504ec', 'user_domain_id': 'default', 'system_scope': 'all', 'project_id': None, 'project_domain_id': None, 'roles': ['admin', 'member', 'reader'], 'is_admin_project': True, 'service_user_id': None, 'service_user_domain_id': None, 'service_project_id': None, 'service_project_domain_id': None, 'service_roles': []} {{(pid=81741) fill_context /opt/stack/keystone/keystone/server/flask/request_processing/middleware/auth_context.py:478}}
Oct 03 10:07:59.724450 dv-neutron-841459-37-hyperv devstack@keystone.service[81741]: DEBUG keystone.server.flask.request_processing.req_logging [None req-a4583fd5-ac46-454a-90c4-a67cc299aa46 None admin] REQUEST_METHOD: `GET` {{(pid=81741) log_request_info /opt/stack/keystone/keystone/server/flask/request_processing/req_logging.py:27}}
Oct 03 10:07:59.724730 dv-neutron-841459-37-hyperv devstack@keystone.service[81741]: DEBUG keystone.server.flask.request_processing.req_logging [None req-a4583fd5-ac46-454a-90c4-a67cc299aa46 None admin] SCRIPT_NAME: `/identity` {{(pid=81741) log_request_info /opt/stack/keystone/keystone/server/flask/request_processing/req_logging.py:28}}
Oct 03 10:07:59.725029 dv-neutron-841459-37-hyperv devstack@keystone.service[81741]: DEBUG keystone.server.flask.request_processing.req_logging [None req-a4583fd5-ac46-454a-90c4-a67cc299aa46 None admin] PATH_INFO: `/v3/domains/default` {{(pid=81741) log_request_info /opt/stack/keystone/keystone/server/flask/request_processing/req_logging.py:29}}
Oct 03 10:07:59.729555 dv-neutron-841459-37-hyperv devstack@keystone.service[81741]: DEBUG keystone.common.rbac_enforcer.enforcer [None req-a4583fd5-ac46-454a-90c4-a67cc299aa46 None admin] RBAC: Authorizing `identity:get_domain(domain_id=default)` {{(pid=81741) enforce_call /opt/stack/keystone/keystone/common/rbac_enforcer/enforcer.py:449}}
Oct 03 10:07:59.731007 dv-neutron-841459-37-hyperv devstack@keystone.service[81741]: DEBUG keystone.common.rbac_enforcer.enforcer [None req-a4583fd5-ac46-454a-90c4-a67cc299aa46 None admin] RBAC: Authorization granted {{(pid=81741) enforce_call /opt/stack/keystone/keystone/common/rbac_enforcer/enforcer.py:457}}
Oct 03 10:07:59.732918 dv-neutron-841459-37-hyperv devstack@keystone.service[81741]: [pid: 81741|app: 0|req: 67/140] 10.222.0.48 () {56 vars in 1108 bytes} [Mon Oct 3 10:07:59 2022] GET /identity/v3/domains/default => generated 199 bytes in 181 msecs (HTTP/1.1 200) 5 headers in 177 bytes (1 switches on core 0)
Oct 03 10:07:59.738322 dv-neutron-841459-37-hyperv devstack@keystone.service[81740]: DEBUG keystone.server.flask.request_processing.middleware.auth_context [None req-632f1666-eb77-4ba7-99f1-2b35af0f768a None admin] Authenticating user token {{(pid=81740) process_request /usr/local/lib/python3.8/dist-packages/keystonemiddleware/auth_token/__init__.py:407}}
Oct 03 10:07:59.821733 dv-neutron-841459-37-hyperv devstack@keystone.service[81740]: DEBUG dbcounter [-] [81740] Writing DB stats keystone:SELECT=99,keystone:INSERT=1 {{(pid=81740) stat_writer /usr/local/lib/python3.8/dist-packages/dbcounter.py:114}}
Oct 03 10:07:59.879610 dv-neutron-841459-37-hyperv devstack@keystone.service[81740]: DEBUG keystone.server.flask.request_processing.middleware.auth_context [None req-632f1666-eb77-4ba7-99f1-2b35af0f768a None admin] Validating token access rules against request {{(pid=81740) validate_allowed_request /usr/local/lib/python3.8/dist-packages/keystonemiddleware/auth_token/__init__.py:545}}
Oct 03 10:07:59.926488 dv-neutron-841459-37-hyperv devstack@keystone.service[81740]: DEBUG keystone.server.flask.request_processing.middleware.auth_context [None req-e09f9a68-12ee-49c1-b19e-5b021ac8f94a None admin] RBAC: auth_context: {'token': , 'domain_id': None, 'trust_id': None, 'trustor_id': None, 'trustee_id': None, 'domain_name': None, 'group_ids': [], 'user_id': 'e9ac5eb5717a4b239ebee3f9782504ec', 'user_domain_id': 'default', 'system_scope': 'all', 'project_id': None, 'project_domain_id': None, 'roles': ['admin', 'member', 'reader'], 'is_admin_project': True, 'service_user_id': None, 'service_user_domain_id': None, 'service_project_id': None, 'service_project_domain_id': None, 'service_roles': []} {{(pid=81740) fill_context /opt/stack/keystone/keystone/server/flask/request_processing/middleware/auth_context.py:478}}
Oct 03 10:07:59.927119 dv-neutron-841459-37-hyperv devstack@keystone.service[81740]: DEBUG keystone.server.flask.request_processing.req_logging [None req-e09f9a68-12ee-49c1-b19e-5b021ac8f94a None admin] REQUEST_METHOD: `POST` {{(pid=81740) log_request_info /opt/stack/keystone/keystone/server/flask/request_processing/req_logging.py:27}}
Oct 03 10:07:59.927396 dv-neutron-841459-37-hyperv devstack@keystone.service[81740]: DEBUG keystone.server.flask.request_processing.req_logging [None req-e09f9a68-12ee-49c1-b19e-5b021ac8f94a None admin] SCRIPT_NAME: `/identity` {{(pid=81740) log_request_info /opt/stack/keystone/keystone/server/flask/request_processing/req_logging.py:28}}
Oct 03 10:07:59.927666 dv-neutron-841459-37-hyperv devstack@keystone.service[81740]: DEBUG keystone.server.flask.request_processing.req_logging [None req-e09f9a68-12ee-49c1-b19e-5b021ac8f94a None admin] PATH_INFO: `/v3/users` {{(pid=81740) log_request_info /opt/stack/keystone/keystone/server/flask/request_processing/req_logging.py:29}}
Oct 03 10:07:59.928367 dv-neutron-841459-37-hyperv devstack@keystone.service[81740]: DEBUG keystone.common.rbac_enforcer.enforcer [None req-e09f9a68-12ee-49c1-b19e-5b021ac8f94a None admin] RBAC: Authorizing `identity:create_user()` {{(pid=81740) enforce_call /opt/stack/keystone/keystone/common/rbac_enforcer/enforcer.py:449}}
Oct 03 10:07:59.929965 dv-neutron-841459-37-hyperv devstack@keystone.service[81740]: DEBUG keystone.common.rbac_enforcer.enforcer [None req-e09f9a68-12ee-49c1-b19e-5b021ac8f94a None admin] RBAC: Authorization granted {{(pid=81740) enforce_call /opt/stack/keystone/keystone/common/rbac_enforcer/enforcer.py:457}}
Oct 03 10:07:59.957840 dv-neutron-841459-37-hyperv devstack@keystone.service[81740]: [pid: 81740|app: 0|req: 74/141] 10.222.0.48 () {60 vars in 1132 bytes} [Mon Oct 3 10:07:59 2022] POST /identity/v3/users => generated 283 bytes in 220 msecs (HTTP/1.1 201) 5 headers in 182 bytes (1 switches on core 0)
Oct 03 10:08:00.761135 dv-neutron-841459-37-hyperv devstack@keystone.service[81741]: DEBUG keystone.server.flask.request_processing.req_logging [None req-f4ca077d-dcfa-4037-a720-bc4e9f78afcc None None] REQUEST_METHOD: `GET` {{(pid=81741) log_request_info /opt/stack/keystone/keystone/server/flask/request_processing/req_logging.py:27}}
Oct 03 10:08:00.761660 dv-neutron-841459-37-hyperv devstack@keystone.service[81741]: DEBUG keystone.server.flask.request_processing.req_logging [None req-f4ca077d-dcfa-4037-a720-bc4e9f78afcc None None] SCRIPT_NAME: `/identity` {{(pid=81741) log_request_info /opt/stack/keystone/keystone/server/flask/request_processing/req_logging.py:28}}
Oct 03 10:08:00.761660 dv-neutron-841459-37-hyperv devstack@keystone.service[81741]: DEBUG keystone.server.flask.request_processing.req_logging [None req-f4ca077d-dcfa-4037-a720-bc4e9f78afcc None None] PATH_INFO: `/` {{(pid=81741) log_request_info /opt/stack/keystone/keystone/server/flask/request_processing/req_logging.py:29}}
Oct 03 10:08:00.763017 dv-neutron-841459-37-hyperv devstack@keystone.service[81741]: [pid: 81741|app: 0|req: 68/142] 10.222.0.48 () {54 vars in 927 bytes} [Mon Oct 3 10:08:00 2022] GET /identity => generated 270 bytes in 3 msecs (HTTP/1.1 300) 6 headers in 234 bytes (1 switches on core 0)
Oct 03 10:08:00.775127 dv-neutron-841459-37-hyperv devstack@keystone.service[81740]: DEBUG keystone.server.flask.request_processing.req_logging [None req-287b045a-2c2d-47ee-9b82-6816cb19c7b9 None None] REQUEST_METHOD: `POST` {{(pid=81740) log_request_info /opt/stack/keystone/keystone/server/flask/request_processing/req_logging.py:27}}
Oct 03 10:08:00.775613 dv-neutron-841459-37-hyperv devstack@keystone.service[81740]: DEBUG keystone.server.flask.request_processing.req_logging [None req-287b045a-2c2d-47ee-9b82-6816cb19c7b9 None None] SCRIPT_NAME: `/identity` {{(pid=81740) log_request_info /opt/stack/keystone/keystone/server/flask/request_processing/req_logging.py:28}}
Oct 03 10:08:00.775703 dv-neutron-841459-37-hyperv devstack@keystone.service[81740]: DEBUG keystone.server.flask.request_processing.req_logging [None req-287b045a-2c2d-47ee-9b82-6816cb19c7b9 None None] PATH_INFO: `/v3/auth/tokens` {{(pid=81740) log_request_info /opt/stack/keystone/keystone/server/flask/request_processing/req_logging.py:29}}
Oct 03 10:08:00.797933 dv-neutron-841459-37-hyperv devstack@keystone.service[81740]: DEBUG keystone.auth.core [None req-287b045a-2c2d-47ee-9b82-6816cb19c7b9 None None] MFA Rules not processed for user `e9ac5eb5717a4b239ebee3f9782504ec`. Rule list: `[]` (Enabled: `True`). {{(pid=81740) check_auth_methods_against_rules /opt/stack/keystone/keystone/auth/core.py:438}}
Oct 03 10:08:00.799128 dv-neutron-841459-37-hyperv devstack@keystone.service[81740]: DEBUG keystone.common.fernet_utils [None req-287b045a-2c2d-47ee-9b82-6816cb19c7b9 None None] Loaded 2 Fernet keys from /etc/keystone/fernet-keys/, but `[fernet_tokens] max_active_keys = 3`; perhaps there have not been enough key rotations to reach `max_active_keys` yet? {{(pid=81740) load_keys /opt/stack/keystone/keystone/common/fernet_utils.py:286}}
Oct 03 10:08:00.877187 dv-neutron-841459-37-hyperv devstack@keystone.service[81740]: [pid: 81740|app: 0|req: 75/143] 10.222.0.48 () {58 vars in 1024 bytes} [Mon Oct 3 10:08:00 2022] POST /identity/v3/auth/tokens => generated 799 bytes in 103 msecs (HTTP/1.1 201) 6 headers in 363 bytes (2 switches on core 0)
Oct 03 10:08:01.179713 dv-neutron-841459-37-hyperv devstack@keystone.service[81741]: DEBUG keystone.server.flask.request_processing.middleware.auth_context [None req-f4ca077d-dcfa-4037-a720-bc4e9f78afcc None None] Authenticating user token {{(pid=81741) process_request /usr/local/lib/python3.8/dist-packages/keystonemiddleware/auth_token/__init__.py:407}}
Oct 03 10:08:01.254881 dv-neutron-841459-37-hyperv devstack@keystone.service[81740]: DEBUG keystone.server.flask.request_processing.req_logging [None req-d5e934f4-195e-4f79-9468-ab41ff70fb72 None None] REQUEST_METHOD: `GET` {{(pid=81740) log_request_info /opt/stack/keystone/keystone/server/flask/request_processing/req_logging.py:27}}
Oct 03 10:08:01.255148 dv-neutron-841459-37-hyperv devstack@keystone.service[81740]: DEBUG keystone.server.flask.request_processing.req_logging [None req-d5e934f4-195e-4f79-9468-ab41ff70fb72 None None] SCRIPT_NAME: `/identity` {{(pid=81740) log_request_info /opt/stack/keystone/keystone/server/flask/request_processing/req_logging.py:28}}
Oct 03 10:08:01.255451 dv-neutron-841459-37-hyperv devstack@keystone.service[81740]: DEBUG keystone.server.flask.request_processing.req_logging [None req-d5e934f4-195e-4f79-9468-ab41ff70fb72 None None] PATH_INFO: `/` {{(pid=81740) log_request_info /opt/stack/keystone/keystone/server/flask/request_processing/req_logging.py:29}}
Oct 03 10:08:01.256781 dv-neutron-841459-37-hyperv devstack@keystone.service[81740]: [pid: 81740|app: 0|req: 76/144] 10.222.0.48 () {54 vars in 927 bytes} [Mon Oct 3 10:08:01 2022] GET /identity => generated 270 bytes in 3 msecs (HTTP/1.1 300) 6 headers in 234 bytes (2 switches on core 0)
Oct 03 10:08:01.272506 dv-neutron-841459-37-hyperv devstack@keystone.service[81740]: DEBUG keystone.server.flask.request_processing.req_logging [None req-42155230-0fae-42e8-b5e5-c1d44ab064d7 None None] REQUEST_METHOD: `POST` {{(pid=81740) log_request_info /opt/stack/keystone/keystone/server/flask/request_processing/req_logging.py:27}}
Oct 03 10:08:01.272772 dv-neutron-841459-37-hyperv devstack@keystone.service[81740]: DEBUG keystone.server.flask.request_processing.req_logging [None req-42155230-0fae-42e8-b5e5-c1d44ab064d7 None None] SCRIPT_NAME: `/identity` {{(pid=81740) log_request_info /opt/stack/keystone/keystone/server/flask/request_processing/req_logging.py:28}}
Oct 03 10:08:01.273125 dv-neutron-841459-37-hyperv devstack@keystone.service[81740]: DEBUG keystone.server.flask.request_processing.req_logging [None req-42155230-0fae-42e8-b5e5-c1d44ab064d7 None None] PATH_INFO: `/v3/auth/tokens` {{(pid=81740) log_request_info /opt/stack/keystone/keystone/server/flask/request_processing/req_logging.py:29}}
Oct 03 10:08:01.297766 dv-neutron-841459-37-hyperv devstack@keystone.service[81740]: DEBUG keystone.auth.core [None req-42155230-0fae-42e8-b5e5-c1d44ab064d7 None None] MFA Rules not processed for user `e9ac5eb5717a4b239ebee3f9782504ec`. Rule list: `[]` (Enabled: `True`). {{(pid=81740) check_auth_methods_against_rules /opt/stack/keystone/keystone/auth/core.py:438}}
Oct 03 10:08:01.298943 dv-neutron-841459-37-hyperv devstack@keystone.service[81740]: DEBUG keystone.common.fernet_utils [None req-42155230-0fae-42e8-b5e5-c1d44ab064d7 None None] Loaded 2 Fernet keys from /etc/keystone/fernet-keys/, but `[fernet_tokens] max_active_keys = 3`; perhaps there have not been enough key rotations to reach `max_active_keys` yet? {{(pid=81740) load_keys /opt/stack/keystone/keystone/common/fernet_utils.py:286}}
Oct 03 10:08:01.343515 dv-neutron-841459-37-hyperv devstack@keystone.service[81741]: DEBUG keystone.server.flask.request_processing.middleware.auth_context [None req-f4ca077d-dcfa-4037-a720-bc4e9f78afcc None None] Validating token access rules against request {{(pid=81741) validate_allowed_request /usr/local/lib/python3.8/dist-packages/keystonemiddleware/auth_token/__init__.py:545}}
Oct 03 10:08:01.385396 dv-neutron-841459-37-hyperv devstack@keystone.service[81740]: DEBUG dbcounter [-] [81740] Writing DB stats keystone:SELECT=97,keystone:INSERT=3 {{(pid=81740) stat_writer /usr/local/lib/python3.8/dist-packages/dbcounter.py:114}}
Oct 03 10:08:01.406337 dv-neutron-841459-37-hyperv devstack@keystone.service[81741]: DEBUG keystone.server.flask.request_processing.middleware.auth_context [None req-73ddb3b3-1f76-4d2c-9fa8-3a60f0cfd614 None admin] RBAC: auth_context: {'token': , 'domain_id': None, 'trust_id': None, 'trustor_id': None, 'trustee_id': None, 'domain_name': None, 'group_ids': [], 'user_id': 'e9ac5eb5717a4b239ebee3f9782504ec', 'user_domain_id': 'default', 'system_scope': 'all', 'project_id': None, 'project_domain_id': None, 'roles': ['admin', 'member', 'reader'], 'is_admin_project': True, 'service_user_id': None, 'service_user_domain_id': None, 'service_project_id': None, 'service_project_domain_id': None, 'service_roles': []} {{(pid=81741) fill_context /opt/stack/keystone/keystone/server/flask/request_processing/middleware/auth_context.py:478}}
Oct 03 10:08:01.407075 dv-neutron-841459-37-hyperv devstack@keystone.service[81741]: DEBUG keystone.server.flask.request_processing.req_logging [None req-73ddb3b3-1f76-4d2c-9fa8-3a60f0cfd614 None admin] REQUEST_METHOD: `GET` {{(pid=81741) log_request_info /opt/stack/keystone/keystone/server/flask/request_processing/req_logging.py:27}}
Oct 03 10:08:01.407246 dv-neutron-841459-37-hyperv devstack@keystone.service[81741]: DEBUG keystone.server.flask.request_processing.req_logging [None req-73ddb3b3-1f76-4d2c-9fa8-3a60f0cfd614 None admin] SCRIPT_NAME: `/identity` {{(pid=81741) log_request_info /opt/stack/keystone/keystone/server/flask/request_processing/req_logging.py:28}}
Oct 03 10:08:01.407504 dv-neutron-841459-37-hyperv devstack@keystone.service[81741]: DEBUG keystone.server.flask.request_processing.req_logging [None req-73ddb3b3-1f76-4d2c-9fa8-3a60f0cfd614 None admin] PATH_INFO: `/v3/roles/anotherrole` {{(pid=81741) log_request_info /opt/stack/keystone/keystone/server/flask/request_processing/req_logging.py:29}}
Oct 03 10:08:01.430972 dv-neutron-841459-37-hyperv devstack@keystone.service[81741]: DEBUG keystone.common.rbac_enforcer.enforcer [None req-73ddb3b3-1f76-4d2c-9fa8-3a60f0cfd614 None admin] Extracting inferred target data resulted in "NOT FOUND (404)". {{(pid=81741) enforce_call /opt/stack/keystone/keystone/common/rbac_enforcer/enforcer.py:409}}
Oct 03 10:08:01.436708 dv-neutron-841459-37-hyperv devstack@keystone.service[81741]: ERROR keystone.server.flask.application [None req-73ddb3b3-1f76-4d2c-9fa8-3a60f0cfd614 None admin] Could not find role: anotherrole.: keystone.exception.RoleNotFound: Could not find role: anotherrole.
Oct 03 10:08:01.436708 dv-neutron-841459-37-hyperv devstack@keystone.service[81741]: ERROR keystone.server.flask.application
Traceback (most recent call last):
Oct 03 10:08:01.436708 dv-neutron-841459-37-hyperv devstack@keystone.service[81741]: ERROR keystone.server.flask.application
File "/usr/local/lib/python3.8/dist-packages/flask/app.py", line 1820, in full_dispatch_request
Oct 03 10:08:01.436708 dv-neutron-841459-37-hyperv devstack@keystone.service[81741]: ERROR keystone.server.flask.application rv = self.dispatch_request()
Oct 03 10:08:01.436708 dv-neutron-841459-37-hyperv devstack@keystone.service[81741]: ERROR keystone.server.flask.application
File "/usr/local/lib/python3.8/dist-packages/flask/app.py", line 1796, in dispatch_request
Oct 03 10:08:01.436708 dv-neutron-841459-37-hyperv devstack@keystone.service[81741]: ERROR keystone.server.flask.application return self.ensure_sync(self.view_functions[rule.endpoint])(**view_args)
Oct 03 10:08:01.436708 dv-neutron-841459-37-hyperv devstack@keystone.service[81741]: ERROR keystone.server.flask.application
File "/usr/local/lib/python3.8/dist-packages/flask_restful/__init__.py", line 467, in wrapper
Oct 03 10:08:01.436708 dv-neutron-841459-37-hyperv devstack@keystone.service[81741]: ERROR keystone.server.flask.application resp = resource(*args, **kwargs)
Oct 03 10:08:01.436708 dv-neutron-841459-37-hyperv devstack@keystone.service[81741]: ERROR keystone.server.flask.application
File "/usr/local/lib/python3.8/dist-packages/flask/views.py", line 107, in view
Oct 03 10:08:01.436708 dv-neutron-841459-37-hyperv devstack@keystone.service[81741]: ERROR keystone.server.flask.application return current_app.ensure_sync(self.dispatch_request)(**kwargs)
Oct 03 10:08:01.436708 dv-neutron-841459-37-hyperv devstack@keystone.service[81741]: ERROR keystone.server.flask.application
File "/usr/local/lib/python3.8/dist-packages/flask_restful/__init__.py", line 582, in dispatch_request
Oct 03 10:08:01.436708 dv-neutron-841459-37-hyperv devstack@keystone.service[81741]: ERROR keystone.server.flask.application resp = meth(*args, **kwargs)
Oct 03 10:08:01.436708 dv-neutron-841459-37-hyperv devstack@keystone.service[81741]: ERROR keystone.server.flask.application
File "/opt/stack/keystone/keystone/api/roles.py", line 50, in get
Oct 03 10:08:01.436708 dv-neutron-841459-37-hyperv devstack@keystone.service[81741]: ERROR keystone.server.flask.application return self._get_role(role_id)
Oct 03 10:08:01.436708 dv-neutron-841459-37-hyperv devstack@keystone.service[81741]: ERROR keystone.server.flask.application
File "/opt/stack/keystone/keystone/api/roles.py", line 70, in _get_role
Oct 03 10:08:01.436708 dv-neutron-841459-37-hyperv devstack@keystone.service[81741]: ERROR keystone.server.flask.application ENFORCER.enforce_call(action='identity:get_role')
Oct 03 10:08:01.438183 dv-neutron-841459-37-hyperv devstack@keystone.service[81741]: ERROR keystone.server.flask.application
File "/opt/stack/keystone/keystone/common/rbac_enforcer/enforcer.py", line 402, in enforce_call
Oct 03 10:08:01.438183 dv-neutron-841459-37-hyperv devstack@keystone.service[81741]: ERROR keystone.server.flask.application policy_dict.update(cls._extract_member_target_data(
Oct 03 10:08:01.438183 dv-neutron-841459-37-hyperv devstack@keystone.service[81741]: ERROR keystone.server.flask.application
File "/opt/stack/keystone/keystone/common/rbac_enforcer/enforcer.py", line 234, in _extract_member_target_data
Oct 03 10:08:01.438183 dv-neutron-841459-37-hyperv devstack@keystone.service[81741]: ERROR keystone.server.flask.application member_name: func(flask.request.view_args[key])
Oct 03 10:08:01.438183 dv-neutron-841459-37-hyperv devstack@keystone.service[81741]: ERROR keystone.server.flask.application
File "/opt/stack/keystone/keystone/common/manager.py", line 115, in wrapped
Oct 03 10:08:01.438183 dv-neutron-841459-37-hyperv devstack@keystone.service[81741]: ERROR keystone.server.flask.application __ret_val = __f(*args, **kwargs)
Oct 03 10:08:01.438183 dv-neutron-841459-37-hyperv devstack@keystone.service[81741]: ERROR keystone.server.flask.application
File "/usr/local/lib/python3.8/dist-packages/decorator.py", line 232, in fun
Oct 03 10:08:01.438183 dv-neutron-841459-37-hyperv devstack@keystone.service[81741]: ERROR keystone.server.flask.application return caller(func, *(extras + args), **kw)
Oct 03 10:08:01.438183 dv-neutron-841459-37-hyperv devstack@keystone.service[81741]: ERROR keystone.server.flask.application
File "/usr/local/lib/python3.8/dist-packages/dogpile/cache/region.py", line 1577, in get_or_create_for_user_func
Oct 03 10:08:01.438183 dv-neutron-841459-37-hyperv devstack@keystone.service[81741]: ERROR keystone.server.flask.application return self.get_or_create(
Oct 03 10:08:01.438183 dv-neutron-841459-37-hyperv devstack@keystone.service[81741]: ERROR keystone.server.flask.application
File "/usr/local/lib/python3.8/dist-packages/dogpile/cache/region.py", line 1042, in get_or_create
Oct 03 10:08:01.438183 dv-neutron-841459-37-hyperv devstack@keystone.service[81741]: ERROR keystone.server.flask.application with Lock(
Oct 03 10:08:01.438183 dv-neutron-841459-37-hyperv devstack@keystone.service[81741]: ERROR keystone.server.flask.application
File "/usr/local/lib/python3.8/dist-packages/dogpile/lock.py", line 185, in __enter__
Oct 03 10:08:01.438183 dv-neutron-841459-37-hyperv devstack@keystone.service[81741]: ERROR keystone.server.flask.application return self._enter()
Oct 03 10:08:01.438183 dv-neutron-841459-37-hyperv devstack@keystone.service[81741]: ERROR keystone.server.flask.application
File "/usr/local/lib/python3.8/dist-packages/dogpile/lock.py", line 94, in _enter
Oct 03 10:08:01.438183 dv-neutron-841459-37-hyperv devstack@keystone.service[81741]: ERROR keystone.server.flask.application generated = self._enter_create(value, createdtime)
Oct 03 10:08:01.439679 dv-neutron-841459-37-hyperv devstack@keystone.service[81741]: ERROR keystone.server.flask.application
File "/usr/local/lib/python3.8/dist-packages/dogpile/lock.py", line 178, in _enter_create
Oct 03 10:08:01.439679 dv-neutron-841459-37-hyperv devstack@keystone.service[81741]: ERROR keystone.server.flask.application return self.creator()
Oct 03 10:08:01.439679 dv-neutron-841459-37-hyperv devstack@keystone.service[81741]: ERROR keystone.server.flask.application
File "/usr/local/lib/python3.8/dist-packages/dogpile/cache/region.py", line 995, in gen_value
Oct 03 10:08:01.439679 dv-neutron-841459-37-hyperv devstack@keystone.service[81741]: ERROR keystone.server.flask.application created_value = creator(
Oct 03 10:08:01.439679 dv-neutron-841459-37-hyperv devstack@keystone.service[81741]: ERROR keystone.server.flask.application
File "/opt/stack/keystone/keystone/assignment/core.py", line 1276, in get_role
Oct 03 10:08:01.439679 dv-neutron-841459-37-hyperv devstack@keystone.service[81741]: ERROR keystone.server.flask.application return self.driver.get_role(role_id)
Oct 03 10:08:01.439679 dv-neutron-841459-37-hyperv devstack@keystone.service[81741]: ERROR keystone.server.flask.application
File "/opt/stack/keystone/keystone/assignment/role_backends/sql.py", line 70, in get_role
Oct 03 10:08:01.439679 dv-neutron-841459-37-hyperv devstack@keystone.service[81741]: ERROR keystone.server.flask.application return self._get_role(session, role_id).to_dict()
Oct 03 10:08:01.439679 dv-neutron-841459-37-hyperv devstack@keystone.service[81741]: ERROR keystone.server.flask.application
File "/opt/stack/keystone/keystone/assignment/role_backends/sql.py", line 65, in _get_role
Oct 03 10:08:01.439679 dv-neutron-841459-37-hyperv devstack@keystone.service[81741]: ERROR keystone.server.flask.application raise exception.RoleNotFound(role_id=role_id)
Oct 03 10:08:01.439679 dv-neutron-841459-37-hyperv devstack@keystone.service[81741]: ERROR keystone.server.flask.application keystone.exception.RoleNotFound: Could not find role: anotherrole.
Oct 03 10:08:01.439679 dv-neutron-841459-37-hyperv devstack@keystone.service[81741]: ERROR keystone.server.flask.application
Oct 03 10:08:01.440913 dv-neutron-841459-37-hyperv devstack@keystone.service[81740]: [pid: 81740|app: 0|req: 77/145] 10.222.0.48 () {58 vars in 1024 bytes} [Mon Oct 3 10:08:01 2022] POST /identity/v3/auth/tokens => generated 799 bytes in 167 msecs (HTTP/1.1 201) 6 headers in 363 bytes (2 switches on core 0)
Oct 03 10:08:01.441053 dv-neutron-841459-37-hyperv devstack@keystone.service[81741]: [pid: 81741|app: 0|req: 69/146] 10.222.0.48 () {56 vars in 1114 bytes} [Mon Oct 3 10:08:01 2022] GET /identity/v3/roles/anotherrole => generated 89 bytes in 262 msecs (HTTP/1.1 404) 5 headers in 183 bytes (1 switches on core 0)
Oct 03 10:08:01.445634 dv-neutron-841459-37-hyperv devstack@keystone.service[81740]: DEBUG keystone.server.flask.request_processing.middleware.auth_context [None req-42155230-0fae-42e8-b5e5-c1d44ab064d7 None None] Authenticating user token {{(pid=81740) process_request /usr/local/lib/python3.8/dist-packages/keystonemiddleware/auth_token/__init__.py:407}}
Oct 03 10:08:01.571447 dv-neutron-841459-37-hyperv devstack@keystone.service[81740]: DEBUG keystone.server.flask.request_processing.middleware.auth_context [None req-42155230-0fae-42e8-b5e5-c1d44ab064d7 None None] Validating token access rules against request {{(pid=81740) validate_allowed_request /usr/local/lib/python3.8/dist-packages/keystonemiddleware/auth_token/__init__.py:545}}
Oct 03 10:08:01.609284 dv-neutron-841459-37-hyperv devstack@keystone.service[81740]: DEBUG keystone.server.flask.request_processing.middleware.auth_context [None req-0863c383-1db9-40d7-b5d2-4477d3df33b9 None admin] RBAC: auth_context: {'token': , 'domain_id': None, 'trust_id': None, 'trustor_id': None, 'trustee_id': None, 'domain_name': None, 'group_ids': [], 'user_id': 'e9ac5eb5717a4b239ebee3f9782504ec', 'user_domain_id': 'default', 'system_scope': 'all', 'project_id': None, 'project_domain_id': None, 'roles': ['admin', 'member', 'reader'], 'is_admin_project': True, 'service_user_id': None, 'service_user_domain_id': None, 'service_project_id': None, 'service_project_domain_id': None, 'service_roles': []} {{(pid=81740) fill_context /opt/stack/keystone/keystone/server/flask/request_processing/middleware/auth_context.py:478}}
Oct 03 10:08:01.609952 dv-neutron-841459-37-hyperv devstack@keystone.service[81740]: DEBUG keystone.server.flask.request_processing.req_logging [None req-0863c383-1db9-40d7-b5d2-4477d3df33b9 None admin] REQUEST_METHOD: `GET` {{(pid=81740) log_request_info /opt/stack/keystone/keystone/server/flask/request_processing/req_logging.py:27}}
Oct 03 10:08:01.610224 dv-neutron-841459-37-hyperv devstack@keystone.service[81740]: DEBUG keystone.server.flask.request_processing.req_logging [None req-0863c383-1db9-40d7-b5d2-4477d3df33b9 None admin] SCRIPT_NAME: `/identity` {{(pid=81740) log_request_info /opt/stack/keystone/keystone/server/flask/request_processing/req_logging.py:28}}
Oct 03 10:08:01.610463 dv-neutron-841459-37-hyperv devstack@keystone.service[81740]: DEBUG keystone.server.flask.request_processing.req_logging [None req-0863c383-1db9-40d7-b5d2-4477d3df33b9 None admin] PATH_INFO: `/v3/roles` {{(pid=81740) log_request_info /opt/stack/keystone/keystone/server/flask/request_processing/req_logging.py:29}}
Oct 03 10:08:01.611139 dv-neutron-841459-37-hyperv devstack@keystone.service[81740]: DEBUG keystone.common.rbac_enforcer.enforcer [None req-0863c383-1db9-40d7-b5d2-4477d3df33b9 None admin] RBAC: Adding query filter params (name=anotherrole) {{(pid=81740) _extract_filter_values /opt/stack/keystone/keystone/common/rbac_enforcer/enforcer.py:167}}
Oct 03 10:08:01.611441 dv-neutron-841459-37-hyperv devstack@keystone.service[81740]: DEBUG keystone.common.rbac_enforcer.enforcer [None req-0863c383-1db9-40d7-b5d2-4477d3df33b9 None admin] RBAC: Authorizing `identity:list_roles()` {{(pid=81740) enforce_call /opt/stack/keystone/keystone/common/rbac_enforcer/enforcer.py:449}}
Oct 03 10:08:01.612806 dv-neutron-841459-37-hyperv devstack@keystone.service[81740]: DEBUG keystone.common.rbac_enforcer.enforcer [None req-0863c383-1db9-40d7-b5d2-4477d3df33b9 None admin] RBAC: Authorization granted {{(pid=81740) enforce_call /opt/stack/keystone/keystone/common/rbac_enforcer/enforcer.py:457}}
Oct 03 10:08:01.625199 dv-neutron-841459-37-hyperv devstack@keystone.service[81740]: [pid: 81740|app: 0|req: 78/147] 10.222.0.48 () {56 vars in 1111 bytes} [Mon Oct 3 10:08:01 2022] GET /identity/v3/roles?name=anotherrole => generated 334 bytes in 181 msecs (HTTP/1.1 200) 5 headers in 177 bytes (2 switches on core 0)
Oct 03 10:08:01.630983 dv-neutron-841459-37-hyperv devstack@keystone.service[81741]: DEBUG keystone.server.flask.request_processing.middleware.auth_context [None req-73ddb3b3-1f76-4d2c-9fa8-3a60f0cfd614 None admin] Authenticating user token {{(pid=81741) process_request /usr/local/lib/python3.8/dist-packages/keystonemiddleware/auth_token/__init__.py:407}}
Oct 03 10:08:01.653624 dv-neutron-841459-37-hyperv devstack@keystone.service[81741]: DEBUG dbcounter [-] [81741] Writing DB stats keystone:SELECT=100 {{(pid=81741) stat_writer /usr/local/lib/python3.8/dist-packages/dbcounter.py:114}}
Oct 03 10:08:01.755084 dv-neutron-841459-37-hyperv devstack@keystone.service[81741]: DEBUG keystone.server.flask.request_processing.middleware.auth_context [None req-73ddb3b3-1f76-4d2c-9fa8-3a60f0cfd614 None admin] Validating token access rules against request {{(pid=81741) validate_allowed_request /usr/local/lib/python3.8/dist-packages/keystonemiddleware/auth_token/__init__.py:545}}
Oct 03 10:08:01.796549 dv-neutron-841459-37-hyperv devstack@keystone.service[81741]: DEBUG keystone.server.flask.request_processing.middleware.auth_context [None req-c8aacdbe-afd4-4f5e-b564-9e9233d3c8df None admin] RBAC: auth_context: {'token': , 'domain_id': None, 'trust_id': None, 'trustor_id': None, 'trustee_id': None, 'domain_name': None, 'group_ids': [], 'user_id': 'e9ac5eb5717a4b239ebee3f9782504ec', 'user_domain_id': 'default', 'system_scope': 'all', 'project_id': None, 'project_domain_id': None, 'roles': ['admin', 'member', 'reader'], 'is_admin_project': True, 'service_user_id': None, 'service_user_domain_id': None, 'service_project_id': None, 'service_project_domain_id': None, 'service_roles': []} {{(pid=81741) fill_context /opt/stack/keystone/keystone/server/flask/request_processing/middleware/auth_context.py:478}}
Oct 03 10:08:01.797204 dv-neutron-841459-37-hyperv devstack@keystone.service[81741]: DEBUG keystone.server.flask.request_processing.req_logging [None req-c8aacdbe-afd4-4f5e-b564-9e9233d3c8df None admin] REQUEST_METHOD: `GET` {{(pid=81741) log_request_info /opt/stack/keystone/keystone/server/flask/request_processing/req_logging.py:27}}
Oct 03 10:08:01.797469 dv-neutron-841459-37-hyperv devstack@keystone.service[81741]: DEBUG keystone.server.flask.request_processing.req_logging [None req-c8aacdbe-afd4-4f5e-b564-9e9233d3c8df None admin] SCRIPT_NAME: `/identity` {{(pid=81741) log_request_info /opt/stack/keystone/keystone/server/flask/request_processing/req_logging.py:28}}
Oct 03 10:08:01.797743 dv-neutron-841459-37-hyperv devstack@keystone.service[81741]: DEBUG keystone.server.flask.request_processing.req_logging [None req-c8aacdbe-afd4-4f5e-b564-9e9233d3c8df None admin] PATH_INFO: `/v3/users/a24804d704d94ae2b0d628f1ccb16aa2` {{(pid=81741) log_request_info /opt/stack/keystone/keystone/server/flask/request_processing/req_logging.py:29}}
Oct 03 10:08:01.798901 dv-neutron-841459-37-hyperv devstack@keystone.service[81741]: DEBUG keystone.common.rbac_enforcer.enforcer [None req-c8aacdbe-afd4-4f5e-b564-9e9233d3c8df None admin] RBAC: Authorizing `identity:get_user(user_id=a24804d704d94ae2b0d628f1ccb16aa2)` {{(pid=81741) enforce_call /opt/stack/keystone/keystone/common/rbac_enforcer/enforcer.py:449}}
Oct 03 10:08:01.800409 dv-neutron-841459-37-hyperv devstack@keystone.service[81741]: DEBUG keystone.common.rbac_enforcer.enforcer [None req-c8aacdbe-afd4-4f5e-b564-9e9233d3c8df None admin] RBAC: Authorization granted {{(pid=81741) enforce_call /opt/stack/keystone/keystone/common/rbac_enforcer/enforcer.py:457}}
Oct 03 10:08:01.802036 dv-neutron-841459-37-hyperv devstack@keystone.service[81741]: [pid: 81741|app: 0|req: 70/148] 10.222.0.48 () {56 vars in 1177 bytes} [Mon Oct 3 10:08:01 2022] GET /identity/v3/users/a24804d704d94ae2b0d628f1ccb16aa2 => generated 275 bytes in 172 msecs (HTTP/1.1 200) 5 headers in 177 bytes (1 switches on core 0)
Oct 03 10:08:01.808135 dv-neutron-841459-37-hyperv devstack@keystone.service[81740]: DEBUG keystone.server.flask.request_processing.middleware.auth_context [None req-0863c383-1db9-40d7-b5d2-4477d3df33b9 None admin] Authenticating user token {{(pid=81740) process_request /usr/local/lib/python3.8/dist-packages/keystonemiddleware/auth_token/__init__.py:407}}
Oct 03 10:08:01.854774 dv-neutron-841459-37-hyperv devstack@keystone.service[81740]: DEBUG dbcounter [-] [81740] Writing DB stats keystone:SELECT=100 {{(pid=81740) stat_writer /usr/local/lib/python3.8/dist-packages/dbcounter.py:114}}
Oct 03 10:08:01.900947 dv-neutron-841459-37-hyperv devstack@keystone.service[81741]: DEBUG keystone.server.flask.request_processing.req_logging [None req-f18ada59-4648-4af6-8416-0fb245d054a6 None None] REQUEST_METHOD: `GET` {{(pid=81741) log_request_info /opt/stack/keystone/keystone/server/flask/request_processing/req_logging.py:27}}
Oct 03 10:08:01.901630 dv-neutron-841459-37-hyperv devstack@keystone.service[81741]: DEBUG keystone.server.flask.request_processing.req_logging [None req-f18ada59-4648-4af6-8416-0fb245d054a6 None None] SCRIPT_NAME: `/identity` {{(pid=81741) log_request_info /opt/stack/keystone/keystone/server/flask/request_processing/req_logging.py:28}}
Oct 03 10:08:01.902111 dv-neutron-841459-37-hyperv devstack@keystone.service[81741]: DEBUG keystone.server.flask.request_processing.req_logging [None req-f18ada59-4648-4af6-8416-0fb245d054a6 None None] PATH_INFO: `/` {{(pid=81741) log_request_info /opt/stack/keystone/keystone/server/flask/request_processing/req_logging.py:29}}
Oct 03 10:08:01.903669 dv-neutron-841459-37-hyperv devstack@keystone.service[81741]: [pid: 81741|app: 0|req: 71/149] 10.222.0.48 () {54 vars in 927 bytes} [Mon Oct 3 10:08:01 2022] GET /identity => generated 270 bytes in 4 msecs (HTTP/1.1 300) 6 headers in 234 bytes (1 switches on core 0)
Oct 03 10:08:01.909660 dv-neutron-841459-37-hyperv devstack@keystone.service[81741]: DEBUG keystone.server.flask.request_processing.req_logging [None req-9df00421-bd07-40c1-91f5-dff33fc6eb55 None None] REQUEST_METHOD: `POST` {{(pid=81741) log_request_info /opt/stack/keystone/keystone/server/flask/request_processing/req_logging.py:27}}
Oct 03 10:08:01.910274 dv-neutron-841459-37-hyperv devstack@keystone.service[81741]: DEBUG keystone.server.flask.request_processing.req_logging [None req-9df00421-bd07-40c1-91f5-dff33fc6eb55 None None] SCRIPT_NAME: `/identity` {{(pid=81741) log_request_info /opt/stack/keystone/keystone/server/flask/request_processing/req_logging.py:28}}
Oct 03 10:08:01.910740 dv-neutron-841459-37-hyperv devstack@keystone.service[81741]: DEBUG keystone.server.flask.request_processing.req_logging [None req-9df00421-bd07-40c1-91f5-dff33fc6eb55 None None] PATH_INFO: `/v3/auth/tokens` {{(pid=81741) log_request_info /opt/stack/keystone/keystone/server/flask/request_processing/req_logging.py:29}}
Oct 03 10:08:01.935223 dv-neutron-841459-37-hyperv devstack@keystone.service[81740]: DEBUG keystone.server.flask.request_processing.middleware.auth_context [None req-0863c383-1db9-40d7-b5d2-4477d3df33b9 None admin] Validating token access rules against request {{(pid=81740) validate_allowed_request /usr/local/lib/python3.8/dist-packages/keystonemiddleware/auth_token/__init__.py:545}}
Oct 03 10:08:01.942666 dv-neutron-841459-37-hyperv devstack@keystone.service[81741]: DEBUG keystone.auth.core [None req-9df00421-bd07-40c1-91f5-dff33fc6eb55 None None] MFA Rules not processed for user `e9ac5eb5717a4b239ebee3f9782504ec`. Rule list: `[]` (Enabled: `True`). {{(pid=81741) check_auth_methods_against_rules /opt/stack/keystone/keystone/auth/core.py:438}}
Oct 03 10:08:01.944284 dv-neutron-841459-37-hyperv devstack@keystone.service[81741]: DEBUG keystone.common.fernet_utils [None req-9df00421-bd07-40c1-91f5-dff33fc6eb55 None None] Loaded 2 Fernet keys from /etc/keystone/fernet-keys/, but `[fernet_tokens] max_active_keys = 3`; perhaps there have not been enough key rotations to reach `max_active_keys` yet? {{(pid=81741) load_keys /opt/stack/keystone/keystone/common/fernet_utils.py:286}}
Oct 03 10:08:01.990543 dv-neutron-841459-37-hyperv devstack@keystone.service[81740]: DEBUG keystone.server.flask.request_processing.middleware.auth_context [None req-0753701b-b60e-4b4a-af83-5c364b347c39 None admin] RBAC: auth_context: {'token': , 'domain_id': None, 'trust_id': None, 'trustor_id': None, 'trustee_id': None, 'domain_name': None, 'group_ids': [], 'user_id': 'e9ac5eb5717a4b239ebee3f9782504ec', 'user_domain_id': 'default', 'system_scope': 'all', 'project_id': None, 'project_domain_id': None, 'roles': ['admin', 'member', 'reader'], 'is_admin_project': True, 'service_user_id': None, 'service_user_domain_id': None, 'service_project_id': None, 'service_project_domain_id': None, 'service_roles': []} {{(pid=81740) fill_context /opt/stack/keystone/keystone/server/flask/request_processing/middleware/auth_context.py:478}}
Oct 03 10:08:01.991124 dv-neutron-841459-37-hyperv devstack@keystone.service[81740]: DEBUG keystone.server.flask.request_processing.req_logging [None req-0753701b-b60e-4b4a-af83-5c364b347c39 None admin] REQUEST_METHOD: `GET` {{(pid=81740) log_request_info /opt/stack/keystone/keystone/server/flask/request_processing/req_logging.py:27}}
Oct 03 10:08:01.991410 dv-neutron-841459-37-hyperv devstack@keystone.service[81740]: DEBUG keystone.server.flask.request_processing.req_logging [None req-0753701b-b60e-4b4a-af83-5c364b347c39 None admin] SCRIPT_NAME: `/identity` {{(pid=81740) log_request_info /opt/stack/keystone/keystone/server/flask/request_processing/req_logging.py:28}}
Oct 03 10:08:01.991687 dv-neutron-841459-37-hyperv devstack@keystone.service[81740]: DEBUG keystone.server.flask.request_processing.req_logging [None req-0753701b-b60e-4b4a-af83-5c364b347c39 None admin] PATH_INFO: `/v3/auth/tokens` {{(pid=81740) log_request_info /opt/stack/keystone/keystone/server/flask/request_processing/req_logging.py:29}}
Oct 03 10:08:02.095306 dv-neutron-841459-37-hyperv devstack@keystone.service[81740]: DEBUG keystone.common.rbac_enforcer.enforcer [None req-0753701b-b60e-4b4a-af83-5c364b347c39 None admin] RBAC: Authorizing `identity:validate_token()` {{(pid=81740) enforce_call /opt/stack/keystone/keystone/common/rbac_enforcer/enforcer.py:449}}
Oct 03 10:08:02.097166 dv-neutron-841459-37-hyperv devstack@keystone.service[81740]: DEBUG keystone.common.rbac_enforcer.enforcer [None req-0753701b-b60e-4b4a-af83-5c364b347c39 None admin] RBAC: Authorization granted {{(pid=81740) enforce_call /opt/stack/keystone/keystone/common/rbac_enforcer/enforcer.py:457}}
Oct 03 10:08:02.110757 dv-neutron-841459-37-hyperv devstack@keystone.service[81741]: [pid: 81741|app: 0|req: 72/150] 10.222.0.48 () {58 vars in 1024 bytes} [Mon Oct 3 10:08:01 2022] POST /identity/v3/auth/tokens => generated 799 bytes in 202 msecs (HTTP/1.1 201) 6 headers in 363 bytes (1 switches on core 0)
Oct 03 10:08:02.111833 dv-neutron-841459-37-hyperv devstack@keystone.service[81741]: DEBUG keystone.server.flask.request_processing.middleware.auth_context [None req-9df00421-bd07-40c1-91f5-dff33fc6eb55 None None] Authenticating user token {{(pid=81741) process_request /usr/local/lib/python3.8/dist-packages/keystonemiddleware/auth_token/__init__.py:407}}
Oct 03 10:08:02.140391 dv-neutron-841459-37-hyperv devstack@keystone.service[81740]: DEBUG dbcounter [-] [81740] Writing DB stats keystone:SELECT=100 {{(pid=81740) stat_writer /usr/local/lib/python3.8/dist-packages/dbcounter.py:114}}
Oct 03 10:08:02.143139 dv-neutron-841459-37-hyperv devstack@keystone.service[81741]: DEBUG dbcounter [-] [81741] Writing DB stats keystone:SELECT=100 {{(pid=81741) stat_writer /usr/local/lib/python3.8/dist-packages/dbcounter.py:114}}
Oct 03 10:08:02.228690 dv-neutron-841459-37-hyperv devstack@keystone.service[81740]: [pid: 81740|app: 0|req: 79/151] 10.222.0.48 () {58 vars in 1282 bytes} [Mon Oct 3 10:08:01 2022] GET /identity/v3/auth/tokens => generated 799 bytes in 421 msecs (HTTP/1.1 200) 6 headers in 358 bytes (1 switches on core 0)
Oct 03 10:08:02.231455 dv-neutron-841459-37-hyperv devstack@keystone.service[81740]: DEBUG keystone.server.flask.request_processing.req_logging [None req-242cee71-7134-4770-83b9-52730baa4d55 None None] REQUEST_METHOD: `GET` {{(pid=81740) log_request_info /opt/stack/keystone/keystone/server/flask/request_processing/req_logging.py:27}}
Oct 03 10:08:02.231955 dv-neutron-841459-37-hyperv devstack@keystone.service[81740]: DEBUG keystone.server.flask.request_processing.req_logging [None req-242cee71-7134-4770-83b9-52730baa4d55 None None] SCRIPT_NAME: `/identity` {{(pid=81740) log_request_info /opt/stack/keystone/keystone/server/flask/request_processing/req_logging.py:28}}
Oct 03 10:08:02.232426 dv-neutron-841459-37-hyperv devstack@keystone.service[81740]: DEBUG keystone.server.flask.request_processing.req_logging [None req-242cee71-7134-4770-83b9-52730baa4d55 None None] PATH_INFO: `/` {{(pid=81740) log_request_info /opt/stack/keystone/keystone/server/flask/request_processing/req_logging.py:29}}
Oct 03 10:08:02.234191 dv-neutron-841459-37-hyperv devstack@keystone.service[81740]: [pid: 81740|app: 0|req: 80/152] 10.222.0.48 () {54 vars in 927 bytes} [Mon Oct 3 10:08:02 2022] GET /identity => generated 270 bytes in 5 msecs (HTTP/1.1 300) 6 headers in 234 bytes (1 switches on core 0)
Oct 03 10:08:02.235210 dv-neutron-841459-37-hyperv devstack@keystone.service[81740]: DEBUG keystone.server.flask.request_processing.middleware.auth_context [None req-242cee71-7134-4770-83b9-52730baa4d55 None None] Authenticating user token {{(pid=81740) process_request /usr/local/lib/python3.8/dist-packages/keystonemiddleware/auth_token/__init__.py:407}}
Oct 03 10:08:02.348499 dv-neutron-841459-37-hyperv devstack@keystone.service[81741]: DEBUG keystone.server.flask.request_processing.middleware.auth_context [None req-9df00421-bd07-40c1-91f5-dff33fc6eb55 None None] Validating token access rules against request {{(pid=81741) validate_allowed_request /usr/local/lib/python3.8/dist-packages/keystonemiddleware/auth_token/__init__.py:545}}
Oct 03 10:08:02.381626 dv-neutron-841459-37-hyperv devstack@keystone.service[81740]: DEBUG keystone.server.flask.request_processing.middleware.auth_context [None req-242cee71-7134-4770-83b9-52730baa4d55 None None] Validating token access rules against request {{(pid=81740) validate_allowed_request /usr/local/lib/python3.8/dist-packages/keystonemiddleware/auth_token/__init__.py:545}}
Oct 03 10:08:02.425949 dv-neutron-841459-37-hyperv devstack@keystone.service[81741]: DEBUG keystone.server.flask.request_processing.middleware.auth_context [None req-aea6058d-5271-4886-ba97-67c848f43f85 None admin] RBAC: auth_context: {'token': , 'domain_id': None, 'trust_id': None, 'trustor_id': None, 'trustee_id': None, 'domain_name': None, 'group_ids': [], 'user_id': 'e9ac5eb5717a4b239ebee3f9782504ec', 'user_domain_id': 'default', 'system_scope': 'all', 'project_id': None, 'project_domain_id': None, 'roles': ['admin', 'member', 'reader'], 'is_admin_project': True, 'service_user_id': None, 'service_user_domain_id': None, 'service_project_id': None, 'service_project_domain_id': None, 'service_roles': []} {{(pid=81741) fill_context /opt/stack/keystone/keystone/server/flask/request_processing/middleware/auth_context.py:478}}
Oct 03 10:08:02.426891 dv-neutron-841459-37-hyperv devstack@keystone.service[81741]: DEBUG keystone.server.flask.request_processing.req_logging [None req-aea6058d-5271-4886-ba97-67c848f43f85 None admin] REQUEST_METHOD: `GET` {{(pid=81741) log_request_info /opt/stack/keystone/keystone/server/flask/request_processing/req_logging.py:27}}
Oct 03 10:08:02.427407 dv-neutron-841459-37-hyperv devstack@keystone.service[81741]: DEBUG keystone.server.flask.request_processing.req_logging [None req-aea6058d-5271-4886-ba97-67c848f43f85 None admin] SCRIPT_NAME: `/identity` {{(pid=81741) log_request_info /opt/stack/keystone/keystone/server/flask/request_processing/req_logging.py:28}}
