Sep 02 10:56:44.519100 dv-neutron-841459-35-hyperv neutron-server[107030]: DEBUG neutron_lib.callbacks.manager [None req-4e6061df-ca55-450a-a400-4f28cb0c05e1 None None] Publish callbacks [] for port (d66f499d-9b86-48a6-af47-158cf81497fa), precommit_create {{(pid=107030) _notify_loop /usr/local/lib/python3.8/dist-packages/neutron_lib/callbacks/manager.py:176}}
Sep 02 10:56:44.547726 dv-neutron-841459-35-hyperv neutron-server[107030]: DEBUG neutron_lib.callbacks.manager [None req-4e6061df-ca55-450a-a400-4f28cb0c05e1 None None] Publish callbacks ['neutron.plugins.ml2.plugin.SecurityGroupServerNotifierRpcMixin._notify_sg_on_port_change-928870', 'neutron.plugins.ml2.ovo_rpc._ObjectChangeHandler.handle_event-33479342', 'neutron.api.rpc.agentnotifiers.dhcp_rpc_agent_api.DhcpAgentNotifyAPI._native_event_send_dhcp_notification-33062486', 'neutron.db.l3_dvrscheduler_db._notify_l3_agent_new_port-8735812144532'] for port (d66f499d-9b86-48a6-af47-158cf81497fa), after_create {{(pid=107030) _notify_loop /usr/local/lib/python3.8/dist-packages/neutron_lib/callbacks/manager.py:176}}
Sep 02 10:56:44.621625 dv-neutron-841459-35-hyperv neutron-server[107030]: DEBUG neutron.scheduler.dhcp_agent_scheduler [None req-4e6061df-ca55-450a-a400-4f28cb0c05e1 None None] Network 5727c866-0ea2-4220-87c4-9e0adbcd96c3 is already hosted by enough agents. {{(pid=107030) _get_dhcp_agents_hosting_network /opt/stack/neutron/neutron/scheduler/dhcp_agent_scheduler.py:275}}
Sep 02 10:56:44.630595 dv-neutron-841459-35-hyperv neutron-server[107030]: DEBUG neutron.api.rpc.handlers.resources_rpc [None req-06e909d7-92c6-44c2-8011-fa12c6ba1147 None None] Pushing event updated for resources: {'Port': ['ID=bdea27c5-22fd-460b-891b-47e093c3bd8b,revision_number=3']} {{(pid=107030) push /opt/stack/neutron/neutron/api/rpc/handlers/resources_rpc.py:237}}
Sep 02 10:56:44.651587 dv-neutron-841459-35-hyperv neutron-server[107029]: DEBUG neutron_lib.callbacks.manager [None req-a5b3dee3-73de-4db4-a925-ff9bfb0b5aeb tempest-RoutersAdminNegativeTest-1988302629 tempest-RoutersAdminNegativeTest-1988302629-project-admin] Publish callbacks ['neutron.services.l3_router.l3_router_plugin.L3_HA_NAT_db_mixin._release_router_vr_id-33220122', 'neutron.services.l3_router.service_providers.driver_controller.DriverController._clear_router_provider-128112'] for router (66c949e3-c297-4dd6-94f7-9dc630a30ab0), precommit_delete {{(pid=107029) _notify_loop /usr/local/lib/python3.8/dist-packages/neutron_lib/callbacks/manager.py:176}}
Sep 02 10:56:44.662560 dv-neutron-841459-35-hyperv neutron-server[107029]: DEBUG neutron_lib.callbacks.manager [None req-149d14e4-ec34-4a26-8151-bb7b74d560f5 tempest-ExternalNetworksTestJSON-1586828963 tempest-ExternalNetworksTestJSON-1586828963-project-admin] Publish callbacks ['neutron.plugins.ml2.plugin.Ml2Plugin._handle_segment_change-898110'] for segment (503f8fb4-4009-4aee-9dbe-b03475124a42), precommit_delete {{(pid=107029) _notify_loop /usr/local/lib/python3.8/dist-packages/neutron_lib/callbacks/manager.py:176}}
Sep 02 10:56:44.670119 dv-neutron-841459-35-hyperv neutron-server[107029]: DEBUG neutron_lib.callbacks.manager [None req-a5b3dee3-73de-4db4-a925-ff9bfb0b5aeb tempest-RoutersAdminNegativeTest-1988302629 tempest-RoutersAdminNegativeTest-1988302629-project-admin] Publish callbacks [] for router_controller (66c949e3-c297-4dd6-94f7-9dc630a30ab0), precommit_delete_associations {{(pid=107029) _notify_loop /usr/local/lib/python3.8/dist-packages/neutron_lib/callbacks/manager.py:176}}
Sep 02 10:56:44.686928 dv-neutron-841459-35-hyperv neutron-server[107030]: DEBUG neutron.api.rpc.handlers.resources_rpc [None req-4e6061df-ca55-450a-a400-4f28cb0c05e1 None None] Pushing event updated for resources: {'Port': ['ID=d66f499d-9b86-48a6-af47-158cf81497fa,revision_number=1']} {{(pid=107030) push /opt/stack/neutron/neutron/api/rpc/handlers/resources_rpc.py:237}}
Sep 02 10:56:44.688828 dv-neutron-841459-35-hyperv neutron-server[107030]: DEBUG neutron.db.provisioning_blocks [None req-d778f946-abde-40ad-a5f6-2104ece2e063 None None] Provisioning complete for port bdea27c5-22fd-460b-891b-47e093c3bd8b triggered by entity L2. {{(pid=107030) provisioning_complete /opt/stack/neutron/neutron/db/provisioning_blocks.py:144}}
Sep 02 10:56:44.689339 dv-neutron-841459-35-hyperv neutron-server[107030]: DEBUG neutron_lib.callbacks.manager [None req-d778f946-abde-40ad-a5f6-2104ece2e063 None None] Publish callbacks ['neutron.plugins.ml2.plugin.Ml2Plugin._port_provisioned-836793'] for port (bdea27c5-22fd-460b-891b-47e093c3bd8b), provisioning_complete {{(pid=107030) _notify_loop /usr/local/lib/python3.8/dist-packages/neutron_lib/callbacks/manager.py:176}}
Sep 02 10:56:44.691366 dv-neutron-841459-35-hyperv neutron-server[107030]: DEBUG neutron.scheduler.base_scheduler [None req-4e6061df-ca55-450a-a400-4f28cb0c05e1 None None] Resources bound (agent type, host, resource id): {{(pid=107030) schedule /opt/stack/neutron/neutron/scheduler/base_scheduler.py:57}}
Sep 02 10:56:44.694346 dv-neutron-841459-35-hyperv neutron-server[107030]: DEBUG neutron.db.l3_dvrscheduler_db [None req-4e6061df-ca55-450a-a400-4f28cb0c05e1 None None] Received port after_create {{(pid=107030) _notify_l3_agent_new_port /opt/stack/neutron/neutron/db/l3_dvrscheduler_db.py:538}}
Sep 02 10:56:44.731385 dv-neutron-841459-35-hyperv neutron-server[107030]: DEBUG neutron.db.provisioning_blocks [None req-c533625a-69c4-4060-8ca6-061ef22c07f0 None None] Provisioning complete for port bdea27c5-22fd-460b-891b-47e093c3bd8b triggered by entity DHCP. {{(pid=107030) provisioning_complete /opt/stack/neutron/neutron/db/provisioning_blocks.py:144}}
Sep 02 10:56:44.731774 dv-neutron-841459-35-hyperv neutron-server[107030]: DEBUG neutron_lib.callbacks.manager [None req-c533625a-69c4-4060-8ca6-061ef22c07f0 None None] Publish callbacks ['neutron.plugins.ml2.plugin.Ml2Plugin._port_provisioned-836793'] for port (bdea27c5-22fd-460b-891b-47e093c3bd8b), provisioning_complete {{(pid=107030) _notify_loop /usr/local/lib/python3.8/dist-packages/neutron_lib/callbacks/manager.py:176}}
Sep 02 10:56:44.758613 dv-neutron-841459-35-hyperv neutron-server[107030]: DEBUG neutron.db.l3_hamode_db [None req-2cd5ab10-602c-4db5-9534-3ae6d2985a29 None None] neutron.services.l3_router.l3_router_plugin.L3RouterPlugin method _process_sync_ha_data called with arguments (, [{'id': '31be458b-f6a9-4008-af3c-fb1659a0e11b', 'name': 'tempest-ServersTestJSON-1080060605-router', 'tenant_id': '61dd0d24173b4a4d960a2a20475efabb', 'admin_state_up': True, 'status': 'ACTIVE', 'external_gateway_info': {'network_id': '4ffd8dad-0b07-4a42-b757-260e951f1327', 'external_fixed_ips': [{'subnet_id': 'dd15208a-79d6-4f1c-9e45-59b43e4443e5', 'ip_address': '172.26.11.100'}], 'enable_snat': True}, 'gw_port_id': 'f31ecfcf-e00f-4242-b2a7-f4de98fe11a2', 'description': '', 'availability_zones': ['nova'], 'distributed': False, 'ha': False, 'ha_vr_id': 0, 'availability_zone_hints': [], 'routes': [], 'flavor_id': None, 'tags': [], 'created_at': '2022-09-02T10:56:28Z', 'updated_at': '2022-09-02T10:56:34Z', 'revision_number': 4, 'project_id': '61dd0d24173b4a4d960a2a20475efabb', 'gw_port': {'id': 'f31ecfcf-e00f-4242-b2a7-f4de98fe11a2', 'name': '', 'network_id': '4ffd8dad-0b07-4a42-b757-260e951f1327', 'tenant_id': '', 'mac_address': 'fa:16:3e:6f:9a:cb', 'admin_state_up': True, 'status': 'ACTIVE', 'device_id': '31be458b-f6a9-4008-af3c-fb1659a0e11b', 'device_owner': 'network:router_gateway', 'standard_attr_id': 41, 'fixed_ips': [{'subnet_id': 'dd15208a-79d6-4f1c-9e45-59b43e4443e5', 'ip_address': '172.26.11.100', 'prefixlen': 24}], 'allowed_address_pairs': [], 'extra_dhcp_opts': [], 'security_groups': [], 'description': '', 'binding:vnic_type': 'normal', 'binding:profile': {}, 'binding:host_id': 'dv-neutron-841459-35-hyperv', 'binding:vif_type': 'ovs', 'binding:vif_details': {'connectivity': 'l2', 'port_filter': True, 'ovs_hybrid_plug': False, 'datapath_type': 'system', 'bridge_name': 'br-int', 'bound_drivers': {'0': 'openvswitch'}}, 'port_security_enabled': False, 'tags': [], 'created_at': '2022-09-02T10:56:29Z', 'updated_at': '2022-09-02T10:56:38Z', 'revision_number': 4, 'project_id': '', 'subnets': [{'id': 'dd15208a-79d6-4f1c-9e45-59b43e4443e5', 'cidr': '172.26.11.0/24', 'gateway_ip': '172.26.11.1', 'dns_nameservers': [], 'ipv6_ra_mode': None, 'subnetpool_id': None}], 'extra_subnets': [], 'address_scopes': {4: None, 6: None}, 'mtu': 1500}, 'enable_snat': True, 'gw_port_host': 'dv-neutron-841459-35-hyperv', '_interfaces': [{'id': '4a1b0fa2-38df-4c0a-8e57-2216ce96b562', 'name': '', 'network_id': '76eabb42-8895-4acc-9262-9cac0a759615', 'tenant_id': '61dd0d24173b4a4d960a2a20475efabb', 'mac_address': 'fa:16:3e:b1:ca:d4', 'admin_state_up': True, 'status': 'DOWN', 'device_id': '31be458b-f6a9-4008-af3c-fb1659a0e11b', 'device_owner': 'network:router_interface', 'standard_attr_id': 44, 'fixed_ips': [{'subnet_id': 'cfc83670-cd3d-402d-a61e-852d36265a12', 'ip_address': '172.20.0.1', 'prefixlen': 28}], 'allowed_address_pairs': [], 'extra_dhcp_opts': [], 'security_groups': [], 'description': '', 'binding:vnic_type': 'normal', 'binding:profile': {}, 'binding:host_id': 'dv-neutron-841459-35-hyperv', 'binding:vif_type': 'ovs', 'binding:vif_details': {'connectivity': 'l2', 'port_filter': True, 'ovs_hybrid_plug': False, 'datapath_type': 'system', 'bridge_name': 'br-int', 'bound_drivers': {'0': 'openvswitch'}}, 'port_security_enabled': False, 'tags': [], 'created_at': '2022-09-02T10:56:32Z', 'updated_at': '2022-09-02T10:56:43Z', 'revision_number': 4, 'project_id': '61dd0d24173b4a4d960a2a20475efabb', 'subnets': [{'id': 'cfc83670-cd3d-402d-a61e-852d36265a12', 'cidr': '172.20.0.0/28', 'gateway_ip': '172.20.0.1', 'dns_nameservers': [], 'ipv6_ra_mode': None, 'subnetpool_id': None}], 'extra_subnets': [], 'address_scopes': {4: None, 6: None}, 'mtu': 1500}]}], 'dv-neutron-841459-35-hyperv', False) {} {{(pid=107030) wrapper /usr/local/lib/python3.8/dist-packages/oslo_log/helpers.py:65}}
Sep 02 10:56:44.815546 dv-neutron-841459-35-hyperv neutron-server[107029]: DEBUG neutron.db.db_base_plugin_common [None req-792ddd2c-7523-45e3-a526-d5cb65b866c3 tempest-AllowedAddressPairIpV6TestJSON-1998801872 tempest-AllowedAddressPairIpV6TestJSON-1998801872-project] Allocated IP 2001:db8::e2 (b7a53b17-9e28-44ba-88ca-13fd93f6c430/25620ac9-0328-406a-854c-3ce7ef6db854/ace55952-2234-465b-a080-e78ced6bec4f) {{(pid=107029) _store_ip_allocation /opt/stack/neutron/neutron/db/db_base_plugin_common.py:131}}
Sep 02 10:56:44.823851 dv-neutron-841459-35-hyperv neutron-server[107030]: DEBUG dbcounter [-] [107030] Writing DB stats neutron:SELECT=97,neutron:INSERT=1,neutron:UPDATE=2 {{(pid=107030) stat_writer /usr/local/lib/python3.8/dist-packages/dbcounter.py:114}}
Sep 02 10:56:44.825930 dv-neutron-841459-35-hyperv neutron-server[107030]: DEBUG neutron.api.rpc.handlers.l3_rpc [None req-2cd5ab10-602c-4db5-9534-3ae6d2985a29 None None] The sync data for ids ['31be458b-f6a9-4008-af3c-fb1659a0e11b'] in dv-neutron-841459-35-hyperv is: [{'id': '31be458b-f6a9-4008-af3c-fb1659a0e11b', 'name': 'tempest-ServersTestJSON-1080060605-router', 'tenant_id': '61dd0d24173b4a4d960a2a20475efabb', 'admin_state_up': True, 'status': 'ACTIVE', 'external_gateway_info': {'network_id': '4ffd8dad-0b07-4a42-b757-260e951f1327', 'external_fixed_ips': [{'subnet_id': 'dd15208a-79d6-4f1c-9e45-59b43e4443e5', 'ip_address': '172.26.11.100'}], 'enable_snat': True}, 'gw_port_id': 'f31ecfcf-e00f-4242-b2a7-f4de98fe11a2', 'description': '', 'availability_zones': ['nova'], 'distributed': False, 'ha': False, 'ha_vr_id': 0, 'availability_zone_hints': [], 'routes': [], 'flavor_id': None, 'tags': [], 'created_at': '2022-09-02T10:56:28Z', 'updated_at': '2022-09-02T10:56:34Z', 'revision_number': 4, 'project_id': '61dd0d24173b4a4d960a2a20475efabb', 'gw_port': {'id': 'f31ecfcf-e00f-4242-b2a7-f4de98fe11a2', 'name': '', 'network_id': '4ffd8dad-0b07-4a42-b757-260e951f1327', 'tenant_id': '', 'mac_address': 'fa:16:3e:6f:9a:cb', 'admin_state_up': True, 'status': 'ACTIVE', 'device_id': '31be458b-f6a9-4008-af3c-fb1659a0e11b', 'device_owner': 'network:router_gateway', 'standard_attr_id': 41, 'fixed_ips': [{'subnet_id': 'dd15208a-79d6-4f1c-9e45-59b43e4443e5', 'ip_address': '172.26.11.100', 'prefixlen': 24}], 'allowed_address_pairs': [], 'extra_dhcp_opts': [], 'security_groups': [], 'description': '', 'binding:vnic_type': 'normal', 'binding:profile': {}, 'binding:host_id': 'dv-neutron-841459-35-hyperv', 'binding:vif_type': 'ovs', 'binding:vif_details': {'connectivity': 'l2', 'port_filter': True, 'ovs_hybrid_plug': False, 'datapath_type': 'system', 'bridge_name': 'br-int', 'bound_drivers': {'0': 'openvswitch'}}, 'port_security_enabled': False, 'tags': [], 'created_at': '2022-09-02T10:56:29Z', 'updated_at': '2022-09-02T10:56:38Z', 'revision_number': 4, 'project_id': '', 'subnets': [{'id': 'dd15208a-79d6-4f1c-9e45-59b43e4443e5', 'cidr': '172.26.11.0/24', 'gateway_ip': '172.26.11.1', 'dns_nameservers': [], 'ipv6_ra_mode': None, 'subnetpool_id': None}], 'extra_subnets': [], 'address_scopes': {4: None, 6: None}, 'mtu': 1500}, 'enable_snat': True, 'gw_port_host': 'dv-neutron-841459-35-hyperv', '_interfaces': [{'id': '4a1b0fa2-38df-4c0a-8e57-2216ce96b562', 'name': '', 'network_id': '76eabb42-8895-4acc-9262-9cac0a759615', 'tenant_id': '61dd0d24173b4a4d960a2a20475efabb', 'mac_address': 'fa:16:3e:b1:ca:d4', 'admin_state_up': True, 'status': 'DOWN', 'device_id': '31be458b-f6a9-4008-af3c-fb1659a0e11b', 'device_owner': 'network:router_interface', 'standard_attr_id': 44, 'fixed_ips': [{'subnet_id': 'cfc83670-cd3d-402d-a61e-852d36265a12', 'ip_address': '172.20.0.1', 'prefixlen': 28}], 'allowed_address_pairs': [], 'extra_dhcp_opts': [], 'security_groups': [], 'description': '', 'binding:vnic_type': 'normal', 'binding:profile': {}, 'binding:host_id': 'dv-neutron-841459-35-hyperv', 'binding:vif_type': 'ovs', 'binding:vif_details': {'connectivity': 'l2', 'port_filter': True, 'ovs_hybrid_plug': False, 'datapath_type': 'system', 'bridge_name': 'br-int', 'bound_drivers': {'0': 'openvswitch'}}, 'port_security_enabled': False, 'tags': [], 'created_at': '2022-09-02T10:56:32Z', 'updated_at': '2022-09-02T10:56:43Z', 'revision_number': 4, 'project_id': '61dd0d24173b4a4d960a2a20475efabb', 'subnets': [{'id': 'cfc83670-cd3d-402d-a61e-852d36265a12', 'cidr': '172.20.0.0/28', 'gateway_ip': '172.20.0.1', 'dns_nameservers': [], 'ipv6_ra_mode': None, 'subnetpool_id': None}], 'extra_subnets': [], 'address_scopes': {4: None, 6: None}, 'mtu': 1500}]}] {{(pid=107030) sync_routers /opt/stack/neutron/neutron/api/rpc/handlers/l3_rpc.py:137}}
Sep 02 10:56:44.827800 dv-neutron-841459-35-hyperv neutron-server[107029]: DEBUG neutron_lib.callbacks.manager [None req-82b3b2b9-4fe0-421b-bf81-8f8b0d6580ec tempest-QuotasNegativeTest-1283626830 tempest-QuotasNegativeTest-1283626830-project-admin] Publish callbacks ['neutron.plugins.ml2.plugin.Ml2Plugin._network_delete_precommit_handler-835920', 'neutron.services.segments.db._delete_segments_for_network-8735812614310'] for network (98b48159-053a-419d-8984-6a4d4dd8fc83), precommit_delete {{(pid=107029) _notify_loop /usr/local/lib/python3.8/dist-packages/neutron_lib/callbacks/manager.py:176}}
Sep 02 10:56:44.839501 dv-neutron-841459-35-hyperv neutron-server[107029]: DEBUG neutron_lib.callbacks.manager [None req-3d97d11f-20dd-42a5-82d8-63c84b982d9b tempest-FloatingIPAdminTestJSON-237229297 tempest-FloatingIPAdminTestJSON-237229297-project] Publish callbacks ['neutron.plugins.ml2.plugin.SecurityGroupDbMixin._ensure_default_security_group_handler-928809'] for port (58c7f47c-c8b5-4727-9380-d627d8515ed1), before_update {{(pid=107029) _notify_loop /usr/local/lib/python3.8/dist-packages/neutron_lib/callbacks/manager.py:176}}
Sep 02 10:56:44.845437 dv-neutron-841459-35-hyperv neutron-server[107029]: DEBUG neutron.plugins.ml2.drivers.type_vlan [None req-149d14e4-ec34-4a26-8151-bb7b74d560f5 tempest-ExternalNetworksTestJSON-1586828963 tempest-ExternalNetworksTestJSON-1586828963-project-admin] Releasing vlan 621 on physical network physnet1 to pool {{(pid=107029) release_segment /opt/stack/neutron/neutron/plugins/ml2/drivers/type_vlan.py:304}}
Sep 02 10:56:44.845818 dv-neutron-841459-35-hyperv neutron-server[107029]: DEBUG neutron_lib.callbacks.manager [None req-149d14e4-ec34-4a26-8151-bb7b74d560f5 tempest-ExternalNetworksTestJSON-1586828963 tempest-ExternalNetworksTestJSON-1586828963-project-admin] Publish callbacks ['neutron.plugins.ml2.plugin.Ml2Plugin._handle_segment_change-898110', 'neutron.services.segments.plugin.NovaSegmentNotifier._notify_segment_deleted-30448635'] for segment (503f8fb4-4009-4aee-9dbe-b03475124a42), after_delete {{(pid=107029) _notify_loop /usr/local/lib/python3.8/dist-packages/neutron_lib/callbacks/manager.py:176}}
Sep 02 10:56:44.858198 dv-neutron-841459-35-hyperv neutron-server[107028]: DEBUG neutron_lib.callbacks.manager [None req-5488e787-d724-41f7-9c14-960263685542 tempest-ServersTestJSON-1390327263 tempest-ServersTestJSON-1390327263-project] Publish callbacks [] for port (ab86d603-4b06-4edf-8202-272908f883e9), precommit_create {{(pid=107028) _notify_loop /usr/local/lib/python3.8/dist-packages/neutron_lib/callbacks/manager.py:176}}
Sep 02 10:56:44.913974 dv-neutron-841459-35-hyperv neutron-server[107030]: DEBUG neutron.plugins.ml2.managers [None req-4e6061df-ca55-450a-a400-4f28cb0c05e1 None None] Attempting to bind port d66f499d-9b86-48a6-af47-158cf81497fa on host dv-neutron-841459-35-hyperv for vnic_type normal with profile {{(pid=107030) bind_port /opt/stack/neutron/neutron/plugins/ml2/managers.py:810}}
Sep 02 10:56:44.914341 dv-neutron-841459-35-hyperv neutron-server[107030]: DEBUG neutron.plugins.ml2.managers [None req-4e6061df-ca55-450a-a400-4f28cb0c05e1 None None] Attempting to bind port d66f499d-9b86-48a6-af47-158cf81497fa by drivers openvswitch,hyperv on host dv-neutron-841459-35-hyperv at level 0 using segments [{'id': 'b438e951-42b3-4dcd-ae11-9e2554d1b78a', 'network_type': 'vlan', 'physical_network': 'physnet1', 'segmentation_id': 607, 'network_id': '5727c866-0ea2-4220-87c4-9e0adbcd96c3'}] {{(pid=107030) _bind_port_level /opt/stack/neutron/neutron/plugins/ml2/managers.py:835}}
Sep 02 10:56:44.914706 dv-neutron-841459-35-hyperv neutron-server[107030]: DEBUG neutron.plugins.ml2.drivers.mech_agent [None req-4e6061df-ca55-450a-a400-4f28cb0c05e1 None None] Attempting to bind port d66f499d-9b86-48a6-af47-158cf81497fa on network 5727c866-0ea2-4220-87c4-9e0adbcd96c3 {{(pid=107030) bind_port /opt/stack/neutron/neutron/plugins/ml2/drivers/mech_agent.py:91}}
Sep 02 10:56:44.946456 dv-neutron-841459-35-hyperv neutron-server[107028]: DEBUG neutron.db.db_base_plugin_common [None req-e273d8ef-e488-4f7c-9ab5-ca49b6fe568f tempest-DHCPAgentSchedulersTestJSON-1791396590 tempest-DHCPAgentSchedulersTestJSON-1791396590-project] Allocated IP 172.20.0.9 (5727c866-0ea2-4220-87c4-9e0adbcd96c3/01289118-ec10-47cd-8c7e-3f21ba26f388/71da1df9-a93d-4e61-8f19-00c65cb00c26) {{(pid=107028) _store_ip_allocation /opt/stack/neutron/neutron/db/db_base_plugin_common.py:131}}
Sep 02 10:56:45.029582 dv-neutron-841459-35-hyperv neutron-server[107028]: DEBUG dbcounter [-] [107028] Writing DB stats neutron:SELECT=91,neutron:DELETE=1,neutron:UPDATE=5,neutron:INSERT=3 {{(pid=107028) stat_writer /usr/local/lib/python3.8/dist-packages/dbcounter.py:114}}
Sep 02 10:56:45.049008 dv-neutron-841459-35-hyperv neutron-server[107030]: DEBUG neutron.plugins.ml2.plugin [None req-d778f946-abde-40ad-a5f6-2104ece2e063 None None] Current status of the port bdea27c5-22fd-460b-891b-47e093c3bd8b is: ACTIVE; New status is: ACTIVE {{(pid=107030) _update_individual_port_db_status /opt/stack/neutron/neutron/plugins/ml2/plugin.py:2302}}
Sep 02 10:56:45.055482 dv-neutron-841459-35-hyperv neutron-server[107030]: DEBUG neutron.plugins.ml2.drivers.mech_agent [None req-4e6061df-ca55-450a-a400-4f28cb0c05e1 None None] Checking agent: {'id': '976e30bd-bd54-4ca2-bbc0-be4effc07ca5', 'agent_type': 'Open vSwitch agent', 'binary': 'neutron-openvswitch-agent', 'topic': 'N/A', 'host': 'dv-neutron-841459-35-hyperv', 'admin_state_up': True, 'created_at': datetime.datetime(2022, 9, 2, 10, 48, 58), 'started_at': datetime.datetime(2022, 9, 2, 10, 49, 28), 'heartbeat_timestamp': datetime.datetime(2022, 9, 2, 10, 56, 28), 'description': None, 'resources_synced': None, 'availability_zone': None, 'alive': True, 'configurations': {'arp_responder_enabled': False, 'baremetal_smartnic': False, 'bridge_mappings': {'physnet1': 'br-data'}, 'datapath_type': 'system', 'devices': 0, 'enable_distributed_routing': False, 'extensions': [], 'in_distributed_mode': False, 'integration_bridge': 'br-int', 'l2_population': False, 'log_agent_heartbeats': False, 'ovs_capabilities': {'datapath_types': ['netdev', 'system'], 'iface_types': ['erspan', 'geneve', 'gre', 'internal', 'ip6erspan', 'ip6gre', 'lisp', 'patch', 'stt', 'system', 'tap', 'vxlan']}, 'ovs_hybrid_plug': False, 'resource_provider_bandwidths': {}, 'resource_provider_hypervisors': {'br-data': 'dv-neutron-841459-35-hyperv'}, 'resource_provider_inventory_defaults': {'allocation_ratio': 1.0, 'min_unit': 1, 'step_size': 1, 'reserved': 0}, 'resource_provider_packet_processing_inventory_defaults': {'allocation_ratio': 1.0, 'min_unit': 1, 'step_size': 1, 'reserved': 0}, 'resource_provider_packet_processing_with_direction': {}, 'resource_provider_packet_processing_without_direction': {}, 'tunnel_types': [], 'tunneling_ip': None, 'vhostuser_socket_dir': '/var/run/openvswitch'}, 'resource_versions': {'AddressGroup': '1.2', 'Agent': '1.1', 'ConntrackHelper': '1.0', 'LocalIPAssociation': '1.0', 'Log': '1.0', 'NDPProxy': '1.0', 'Network': '1.1', 'Port': '1.7', 'PortForwarding': '1.3', 'QosPolicy': '1.10', 'SecurityGroup': '1.5', 'SecurityGroupRule': '1.2', 'SubPort': '1.0', 'Subnet': '1.1', 'Trunk': '1.1'}} {{(pid=107030) bind_port /opt/stack/neutron/neutron/plugins/ml2/drivers/mech_agent.py:127}}
Sep 02 10:56:45.056066 dv-neutron-841459-35-hyperv neutron-server[107030]: DEBUG neutron.plugins.ml2.drivers.mech_agent [None req-4e6061df-ca55-450a-a400-4f28cb0c05e1 None None] Checking segment: {'id': 'b438e951-42b3-4dcd-ae11-9e2554d1b78a', 'network_type': 'vlan', 'physical_network': 'physnet1', 'segmentation_id': 607, 'network_id': '5727c866-0ea2-4220-87c4-9e0adbcd96c3'} for mappings: {'physnet1': 'br-data'} with network types: ['local', 'flat', 'vlan'] {{(pid=107030) check_segment_for_agent /opt/stack/neutron/neutron/plugins/ml2/drivers/mech_agent.py:399}}
Sep 02 10:56:45.057608 dv-neutron-841459-35-hyperv neutron-server[107030]: DEBUG neutron_lib.callbacks.manager [None req-4e6061df-ca55-450a-a400-4f28cb0c05e1 None None] Publish callbacks [] for ovs_bridge_name (None), before_read {{(pid=107030) _notify_loop /usr/local/lib/python3.8/dist-packages/neutron_lib/callbacks/manager.py:176}}
Sep 02 10:56:45.057764 dv-neutron-841459-35-hyperv neutron-server[107030]: DEBUG neutron.plugins.ml2.drivers.mech_agent [None req-4e6061df-ca55-450a-a400-4f28cb0c05e1 None None] Bound using segment: {'id': 'b438e951-42b3-4dcd-ae11-9e2554d1b78a', 'network_type': 'vlan', 'physical_network': 'physnet1', 'segmentation_id': 607, 'network_id': '5727c866-0ea2-4220-87c4-9e0adbcd96c3'} {{(pid=107030) bind_port /opt/stack/neutron/neutron/plugins/ml2/drivers/mech_agent.py:137}}
Sep 02 10:56:45.058815 dv-neutron-841459-35-hyperv neutron-server[107030]: DEBUG neutron.plugins.ml2.managers [None req-4e6061df-ca55-450a-a400-4f28cb0c05e1 None None] Bound port: d66f499d-9b86-48a6-af47-158cf81497fa, host: dv-neutron-841459-35-hyperv, vif_type: ovs, vif_details: {"connectivity": "l2", "port_filter": true, "ovs_hybrid_plug": false, "datapath_type": "system", "bridge_name": "br-int"}, binding_levels: [{'bound_driver': 'openvswitch', 'bound_segment': {'id': 'b438e951-42b3-4dcd-ae11-9e2554d1b78a', 'network_type': 'vlan', 'physical_network': 'physnet1', 'segmentation_id': 607, 'network_id': '5727c866-0ea2-4220-87c4-9e0adbcd96c3'}}] {{(pid=107030) _bind_port_level /opt/stack/neutron/neutron/plugins/ml2/managers.py:947}}
Sep 02 10:56:45.059316 dv-neutron-841459-35-hyperv neutron-server[107030]: DEBUG neutron_lib.callbacks.manager [None req-4e6061df-ca55-450a-a400-4f28cb0c05e1 None None] Publish callbacks ['neutron.plugins.ml2.plugin.SecurityGroupDbMixin._ensure_default_security_group_handler-928809'] for port (d66f499d-9b86-48a6-af47-158cf81497fa), before_update {{(pid=107030) _notify_loop /usr/local/lib/python3.8/dist-packages/neutron_lib/callbacks/manager.py:176}}
Sep 02 10:56:45.064472 dv-neutron-841459-35-hyperv neutron-server[107030]: DEBUG neutron.plugins.ml2.plugin [None req-c533625a-69c4-4060-8ca6-061ef22c07f0 None None] Current status of the port bdea27c5-22fd-460b-891b-47e093c3bd8b is: ACTIVE; New status is: ACTIVE {{(pid=107030) _update_individual_port_db_status /opt/stack/neutron/neutron/plugins/ml2/plugin.py:2302}}
Sep 02 10:56:45.119546 dv-neutron-841459-35-hyperv neutron-server[107028]: DEBUG neutron_lib.callbacks.manager [None req-5488e787-d724-41f7-9c14-960263685542 tempest-ServersTestJSON-1390327263 tempest-ServersTestJSON-1390327263-project] Publish callbacks ['neutron.plugins.ml2.plugin.SecurityGroupServerNotifierRpcMixin._notify_sg_on_port_change-928870', 'neutron.plugins.ml2.ovo_rpc._ObjectChangeHandler.handle_event-33479342', 'neutron.api.rpc.agentnotifiers.dhcp_rpc_agent_api.DhcpAgentNotifyAPI._native_event_send_dhcp_notification-33062486', 'neutron.db.l3_dvrscheduler_db._notify_l3_agent_new_port-8735812144532'] for port (ab86d603-4b06-4edf-8202-272908f883e9), after_create {{(pid=107028) _notify_loop /usr/local/lib/python3.8/dist-packages/neutron_lib/callbacks/manager.py:176}}
Sep 02 10:56:45.181815 dv-neutron-841459-35-hyperv neutron-server[107030]: DEBUG neutron.plugins.ml2.db [None req-4e6061df-ca55-450a-a400-4f28cb0c05e1 None None] For port d66f499d-9b86-48a6-af47-158cf81497fa, host dv-neutron-841459-35-hyperv, cleared binding levels {{(pid=107030) clear_binding_levels /opt/stack/neutron/neutron/plugins/ml2/db.py:87}}
Sep 02 10:56:45.195399 dv-neutron-841459-35-hyperv neutron-server[107030]: DEBUG neutron.plugins.ml2.db [None req-4e6061df-ca55-450a-a400-4f28cb0c05e1 None None] For port d66f499d-9b86-48a6-af47-158cf81497fa, host dv-neutron-841459-35-hyperv, set binding levels [PortBindingLevel(driver='openvswitch',host='dv-neutron-841459-35-hyperv',level=0,port_id=d66f499d-9b86-48a6-af47-158cf81497fa,segment=NetworkSegment(b438e951-42b3-4dcd-ae11-9e2554d1b78a),segment_id=b438e951-42b3-4dcd-ae11-9e2554d1b78a)] {{(pid=107030) set_binding_levels /opt/stack/neutron/neutron/plugins/ml2/db.py:59}}
Sep 02 10:56:45.220200 dv-neutron-841459-35-hyperv neutron-server[107030]: DEBUG neutron_lib.callbacks.manager [None req-4e6061df-ca55-450a-a400-4f28cb0c05e1 None None] Publish callbacks ['neutron.plugins.ml2.plugin.SecurityGroupServerNotifierRpcMixin._notify_sg_on_port_change-928870', 'neutron.plugins.ml2.ovo_rpc._ObjectChangeHandler.handle_event-33479342', 'neutron.api.rpc.agentnotifiers.dhcp_rpc_agent_api.DhcpAgentNotifyAPI._native_event_send_dhcp_notification-33062486', 'neutron.db.l3_db.L3RpcNotifierMixin._notify_gateway_port_ip_changed-8735812524162', 'neutron.db.l3_dvrscheduler_db._notify_l3_agent_port_update-8735812144550', 'neutron.db.l3_hascheduler_db._notify_l3_agent_ha_port_update-8735812144568'] for port (d66f499d-9b86-48a6-af47-158cf81497fa), after_update {{(pid=107030) _notify_loop /usr/local/lib/python3.8/dist-packages/neutron_lib/callbacks/manager.py:176}}
Sep 02 10:56:45.296997 dv-neutron-841459-35-hyperv neutron-server[107029]: DEBUG neutron_lib.callbacks.manager [None req-a5b3dee3-73de-4db4-a925-ff9bfb0b5aeb tempest-RoutersAdminNegativeTest-1988302629 tempest-RoutersAdminNegativeTest-1988302629-project-admin] Publish callbacks ['neutron.services.l3_router.l3_router_plugin.L3_HA_NAT_db_mixin._cleanup_ha_network_handler-33220711'] for router (66c949e3-c297-4dd6-94f7-9dc630a30ab0), after_delete {{(pid=107029) _notify_loop /usr/local/lib/python3.8/dist-packages/neutron_lib/callbacks/manager.py:176}}
Sep 02 10:56:45.299259 dv-neutron-841459-35-hyperv neutron-server[107029]: DEBUG neutron.api.rpc.agentnotifiers.l3_rpc_agent_api [None req-a5b3dee3-73de-4db4-a925-ff9bfb0b5aeb tempest-RoutersAdminNegativeTest-1988302629 tempest-RoutersAdminNegativeTest-1988302629-project-admin] Fanout notify agent at l3_agent the message router_deleted on router 66c949e3-c297-4dd6-94f7-9dc630a30ab0 {{(pid=107029) _notification_fanout /opt/stack/neutron/neutron/api/rpc/agentnotifiers/l3_rpc_agent_api.py:114}}
Sep 02 10:56:45.401506 dv-neutron-841459-35-hyperv neutron-server[107028]: DEBUG dbcounter [-] [107028] Writing DB stats neutron:SELECT=94,neutron:INSERT=4,neutron:UPDATE=2 {{(pid=107028) stat_writer /usr/local/lib/python3.8/dist-packages/dbcounter.py:114}}
Sep 02 10:56:45.414777 dv-neutron-841459-35-hyperv neutron-server[107029]: DEBUG neutron.services.segments.db [None req-82b3b2b9-4fe0-421b-bf81-8f8b0d6580ec tempest-QuotasNegativeTest-1283626830 tempest-QuotasNegativeTest-1283626830-project-admin] neutron.services.segments.plugin.Plugin method get_segments called with arguments (,) {'filters': {'network_id': ['98b48159-053a-419d-8984-6a4d4dd8fc83']}} {{(pid=107029) wrapper /usr/local/lib/python3.8/dist-packages/oslo_log/helpers.py:65}}
Sep 02 10:56:45.457084 dv-neutron-841459-35-hyperv neutron-server[107030]: DEBUG neutron.api.rpc.handlers.resources_rpc [None req-4e6061df-ca55-450a-a400-4f28cb0c05e1 None None] Pushing event updated for resources: {'Port': ['ID=d66f499d-9b86-48a6-af47-158cf81497fa,revision_number=2']} {{(pid=107030) push /opt/stack/neutron/neutron/api/rpc/handlers/resources_rpc.py:237}}
Sep 02 10:56:45.504537 dv-neutron-841459-35-hyperv neutron-server[107030]: DEBUG neutron.plugins.ml2.rpc [None req-d778f946-abde-40ad-a5f6-2104ece2e063 None None] Device 4a1b0fa2-38df-4c0a-8e57-2216ce96b562 up at agent ovs-agent-dv-neutron-841459-35-hyperv {{(pid=107030) update_device_up /opt/stack/neutron/neutron/plugins/ml2/rpc.py:296}}
Sep 02 10:56:45.511863 dv-neutron-841459-35-hyperv neutron-server[107028]: DEBUG neutron.scheduler.dhcp_agent_scheduler [None req-5488e787-d724-41f7-9c14-960263685542 tempest-ServersTestJSON-1390327263 tempest-ServersTestJSON-1390327263-project] Network 4ffd8dad-0b07-4a42-b757-260e951f1327 is already hosted by enough agents. {{(pid=107028) _get_dhcp_agents_hosting_network /opt/stack/neutron/neutron/scheduler/dhcp_agent_scheduler.py:275}}
Sep 02 10:56:45.574326 dv-neutron-841459-35-hyperv neutron-server[107028]: DEBUG neutron.scheduler.base_scheduler [None req-5488e787-d724-41f7-9c14-960263685542 tempest-ServersTestJSON-1390327263 tempest-ServersTestJSON-1390327263-project] Resources bound (agent type, host, resource id): {{(pid=107028) schedule /opt/stack/neutron/neutron/scheduler/base_scheduler.py:57}}
Sep 02 10:56:45.582547 dv-neutron-841459-35-hyperv neutron-server[107031]: DEBUG dbcounter [-] [107031] Writing DB stats neutron:SELECT=99,neutron:DELETE=1 {{(pid=107031) stat_writer /usr/local/lib/python3.8/dist-packages/dbcounter.py:114}}
Sep 02 10:56:45.591619 dv-neutron-841459-35-hyperv neutron-server[107029]: DEBUG dbcounter [-] [107029] Writing DB stats neutron:SELECT=87,neutron:INSERT=3,neutron:DELETE=7,neutron:UPDATE=3 {{(pid=107029) stat_writer /usr/local/lib/python3.8/dist-packages/dbcounter.py:114}}
Sep 02 10:56:45.592071 dv-neutron-841459-35-hyperv neutron-server[107028]: DEBUG neutron.db.l3_dvrscheduler_db [None req-5488e787-d724-41f7-9c14-960263685542 tempest-ServersTestJSON-1390327263 tempest-ServersTestJSON-1390327263-project] Received port after_create {{(pid=107028) _notify_l3_agent_new_port /opt/stack/neutron/neutron/db/l3_dvrscheduler_db.py:538}}
Sep 02 10:56:45.597935 dv-neutron-841459-35-hyperv neutron-server[107028]: DEBUG neutron.api.rpc.handlers.resources_rpc [None req-5488e787-d724-41f7-9c14-960263685542 tempest-ServersTestJSON-1390327263 tempest-ServersTestJSON-1390327263-project] Pushing event updated for resources: {'Port': ['ID=ab86d603-4b06-4edf-8202-272908f883e9,revision_number=1']} {{(pid=107028) push /opt/stack/neutron/neutron/api/rpc/handlers/resources_rpc.py:237}}
Sep 02 10:56:45.626304 dv-neutron-841459-35-hyperv neutron-server[107029]: INFO neutron.api.v2.resource [None req-a5b3dee3-73de-4db4-a925-ff9bfb0b5aeb tempest-RoutersAdminNegativeTest-1988302629 tempest-RoutersAdminNegativeTest-1988302629-project-admin] create failed (client error): There was a conflict when trying to complete your request.
Sep 02 10:56:45.628880 dv-neutron-841459-35-hyperv neutron-server[107029]: INFO neutron.wsgi [None req-a5b3dee3-73de-4db4-a925-ff9bfb0b5aeb tempest-RoutersAdminNegativeTest-1988302629 tempest-RoutersAdminNegativeTest-1988302629-project-admin] 10.222.0.66 "POST /networking/v2.0/routers HTTP/1.1" status: 409 len: 373 time: 6.8832059
Sep 02 10:56:45.636844 dv-neutron-841459-35-hyperv neutron-server[107029]: DEBUG neutron.services.segments.db [None req-82b3b2b9-4fe0-421b-bf81-8f8b0d6580ec tempest-QuotasNegativeTest-1283626830 tempest-QuotasNegativeTest-1283626830-project-admin] neutron.services.segments.plugin.Plugin method delete_segment called with arguments (, '5dbf40e0-308a-4943-ac9d-48b6db500fa9') {'for_net_delete': True} {{(pid=107029) wrapper /usr/local/lib/python3.8/dist-packages/oslo_log/helpers.py:65}}
Sep 02 10:56:45.637735 dv-neutron-841459-35-hyperv neutron-server[107029]: DEBUG neutron.services.segments.db [None req-82b3b2b9-4fe0-421b-bf81-8f8b0d6580ec tempest-QuotasNegativeTest-1283626830 tempest-QuotasNegativeTest-1283626830-project-admin] neutron.services.segments.plugin.Plugin method get_segment called with arguments (, '5dbf40e0-308a-4943-ac9d-48b6db500fa9') {} {{(pid=107029) wrapper /usr/local/lib/python3.8/dist-packages/oslo_log/helpers.py:65}}
Sep 02 10:56:45.638399 dv-neutron-841459-35-hyperv neutron-server[107030]: DEBUG neutron.db.provisioning_blocks [None req-d778f946-abde-40ad-a5f6-2104ece2e063 None None] Provisioning complete for port 4a1b0fa2-38df-4c0a-8e57-2216ce96b562 triggered by entity L2. {{(pid=107030) provisioning_complete /opt/stack/neutron/neutron/db/provisioning_blocks.py:144}}
Sep 02 10:56:45.638876 dv-neutron-841459-35-hyperv neutron-server[107030]: DEBUG neutron_lib.callbacks.manager [None req-d778f946-abde-40ad-a5f6-2104ece2e063 None None] Publish callbacks ['neutron.plugins.ml2.plugin.Ml2Plugin._port_provisioned-836793'] for port (4a1b0fa2-38df-4c0a-8e57-2216ce96b562), provisioning_complete {{(pid=107030) _notify_loop /usr/local/lib/python3.8/dist-packages/neutron_lib/callbacks/manager.py:176}}
Sep 02 10:56:45.656112 dv-neutron-841459-35-hyperv neutron-server[107028]: DEBUG neutron.wsgi [-] (107028) accepted ('10.222.0.66', 50082) {{(pid=107028) server /usr/local/lib/python3.8/dist-packages/eventlet/wsgi.py:1004}}
Sep 02 10:56:45.763112 dv-neutron-841459-35-hyperv neutron-server[107029]: DEBUG neutron_lib.callbacks.manager [None req-82b3b2b9-4fe0-421b-bf81-8f8b0d6580ec tempest-QuotasNegativeTest-1283626830 tempest-QuotasNegativeTest-1283626830-project-admin] Publish callbacks ['neutron.plugins.ml2.db._prevent_segment_delete_with_port_bound-8735812614220', 'neutron.services.segments.plugin.Plugin._prevent_segment_delete_with_subnet_associated-31296060'] for segment (5dbf40e0-308a-4943-ac9d-48b6db500fa9), before_delete {{(pid=107029) _notify_loop /usr/local/lib/python3.8/dist-packages/neutron_lib/callbacks/manager.py:176}}
Sep 02 10:56:45.904702 dv-neutron-841459-35-hyperv neutron-server[107029]: DEBUG dbcounter [-] [107029] Writing DB stats neutron:SELECT=85,neutron:INSERT=3,neutron:UPDATE=5,neutron:DELETE=7 {{(pid=107029) stat_writer /usr/local/lib/python3.8/dist-packages/dbcounter.py:114}}
Sep 02 10:56:45.906062 dv-neutron-841459-35-hyperv neutron-server[107029]: INFO neutron.services.segments.plugin [-] Segment 503f8fb4-4009-4aee-9dbe-b03475124a42 resource provider aggregate not found
Sep 02 10:56:45.928344 dv-neutron-841459-35-hyperv neutron-server[107029]: DEBUG neutron_lib.callbacks.manager [None req-149d14e4-ec34-4a26-8151-bb7b74d560f5 tempest-ExternalNetworksTestJSON-1586828963 tempest-ExternalNetworksTestJSON-1586828963-project-admin] Publish callbacks ['neutron.plugins.ml2.plugin.Ml2Plugin._network_delete_after_delete_handler-835931', 'neutron.plugins.ml2.ovo_rpc._ObjectChangeHandler.handle_event-33184827', 'neutron.api.rpc.agentnotifiers.dhcp_rpc_agent_api.DhcpAgentNotifyAPI._native_event_send_dhcp_notification-33062486', 'neutron.services.l3_router.l3_router_plugin.DVRResourceOperationHandler.delete_fip_namespaces_for_ext_net-33220549'] for network (d474c88b-dabe-4c23-be27-a32cc2f944a6), after_delete {{(pid=107029) _notify_loop /usr/local/lib/python3.8/dist-packages/neutron_lib/callbacks/manager.py:176}}
Sep 02 10:56:45.962863 dv-neutron-841459-35-hyperv neutron-server[107030]: DEBUG neutron.plugins.ml2.plugin [None req-d778f946-abde-40ad-a5f6-2104ece2e063 None None] Current status of the port 4a1b0fa2-38df-4c0a-8e57-2216ce96b562 is: DOWN; New status is: ACTIVE {{(pid=107030) _update_individual_port_db_status /opt/stack/neutron/neutron/plugins/ml2/plugin.py:2302}}
Sep 02 10:56:45.963314 dv-neutron-841459-35-hyperv neutron-server[107030]: DEBUG neutron_lib.callbacks.manager [None req-d778f946-abde-40ad-a5f6-2104ece2e063 None None] Publish callbacks ['neutron.plugins.ml2.plugin.SecurityGroupDbMixin._ensure_default_security_group_handler-928809'] for port (4a1b0fa2-38df-4c0a-8e57-2216ce96b562), before_update {{(pid=107030) _notify_loop /usr/local/lib/python3.8/dist-packages/neutron_lib/callbacks/manager.py:176}}
Sep 02 10:56:45.967457 dv-neutron-841459-35-hyperv neutron-server[107029]: DEBUG neutron_lib.callbacks.manager [None req-82b3b2b9-4fe0-421b-bf81-8f8b0d6580ec tempest-QuotasNegativeTest-1283626830 tempest-QuotasNegativeTest-1283626830-project-admin] Publish callbacks ['neutron.plugins.ml2.plugin.Ml2Plugin._handle_segment_change-898110'] for segment (5dbf40e0-308a-4943-ac9d-48b6db500fa9), precommit_delete {{(pid=107029) _notify_loop /usr/local/lib/python3.8/dist-packages/neutron_lib/callbacks/manager.py:176}}
Sep 02 10:56:45.995760 dv-neutron-841459-35-hyperv neutron-server[107029]: INFO neutron.services.segments.plugin [-] Segment 503f8fb4-4009-4aee-9dbe-b03475124a42 resource provider not found; error: Placement Client Error (4xx): {"errors": [{"status": 404, "title": "Not Found", "detail": "The resource could not be found.\n\n No resource provider with uuid 503f8fb4-4009-4aee-9dbe-b03475124a42 found for delete ", "request_id": "req-fde69897-def9-489b-8c2f-c138d31eb24a"}]}
Sep 02 10:56:46.011882 dv-neutron-841459-35-hyperv neutron-server[107029]: DEBUG neutron.plugins.ml2.drivers.type_vlan [None req-82b3b2b9-4fe0-421b-bf81-8f8b0d6580ec tempest-QuotasNegativeTest-1283626830 tempest-QuotasNegativeTest-1283626830-project-admin] Releasing vlan 617 on physical network physnet1 to pool {{(pid=107029) release_segment /opt/stack/neutron/neutron/plugins/ml2/drivers/type_vlan.py:304}}
Sep 02 10:56:46.012734 dv-neutron-841459-35-hyperv neutron-server[107029]: DEBUG neutron_lib.callbacks.manager [None req-82b3b2b9-4fe0-421b-bf81-8f8b0d6580ec tempest-QuotasNegativeTest-1283626830 tempest-QuotasNegativeTest-1283626830-project-admin] Publish callbacks ['neutron.plugins.ml2.plugin.Ml2Plugin._handle_segment_change-898110', 'neutron.services.segments.plugin.NovaSegmentNotifier._notify_segment_deleted-30448635'] for segment (5dbf40e0-308a-4943-ac9d-48b6db500fa9), after_delete {{(pid=107029) _notify_loop /usr/local/lib/python3.8/dist-packages/neutron_lib/callbacks/manager.py:176}}
Sep 02 10:56:46.049070 dv-neutron-841459-35-hyperv neutron-server[107031]: DEBUG neutron_lib.callbacks.manager [None req-c0aa0054-bb87-46f1-ba33-d4d9f6c61eec None None] Publish callbacks [] for port (b23353b6-b38a-4831-9701-09f35613e5ce), precommit_update {{(pid=107031) _notify_loop /usr/local/lib/python3.8/dist-packages/neutron_lib/callbacks/manager.py:176}}
Sep 02 10:56:46.063111 dv-neutron-841459-35-hyperv neutron-server[107030]: DEBUG neutron.plugins.ml2.db [None req-d778f946-abde-40ad-a5f6-2104ece2e063 None None] For port 4a1b0fa2-38df-4c0a-8e57-2216ce96b562, host dv-neutron-841459-35-hyperv, got binding levels [PortBindingLevel(driver='openvswitch',host='dv-neutron-841459-35-hyperv',level=0,port_id=4a1b0fa2-38df-4c0a-8e57-2216ce96b562,segment=NetworkSegment(5bca18cd-cd42-40bf-aceb-af2628983c6f),segment_id=5bca18cd-cd42-40bf-aceb-af2628983c6f)] {{(pid=107030) get_binding_level_objs /opt/stack/neutron/neutron/plugins/ml2/db.py:74}}
Sep 02 10:56:46.064021 dv-neutron-841459-35-hyperv neutron-server[107029]: DEBUG neutron.api.rpc.agentnotifiers.l3_rpc_agent_api [None req-149d14e4-ec34-4a26-8151-bb7b74d560f5 tempest-ExternalNetworksTestJSON-1586828963 tempest-ExternalNetworksTestJSON-1586828963-project-admin] Fanout notify agent at l3_agent the message fipnamespace_delete_on_ext_net for external_network d474c88b-dabe-4c23-be27-a32cc2f944a6 {{(pid=107029) _notification_fanout /opt/stack/neutron/neutron/api/rpc/agentnotifiers/l3_rpc_agent_api.py:120}}
Sep 02 10:56:46.069851 dv-neutron-841459-35-hyperv neutron-server[107031]: DEBUG neutron_lib.callbacks.manager [None req-c0aa0054-bb87-46f1-ba33-d4d9f6c61eec None None] Publish callbacks ['neutron.plugins.ml2.plugin.SecurityGroupServerNotifierRpcMixin._notify_sg_on_port_change-928870', 'neutron.plugins.ml2.ovo_rpc._ObjectChangeHandler.handle_event-33479342', 'neutron.api.rpc.agentnotifiers.dhcp_rpc_agent_api.DhcpAgentNotifyAPI._native_event_send_dhcp_notification-33062486', 'neutron.db.l3_db.L3RpcNotifierMixin._notify_gateway_port_ip_changed-8735812524162', 'neutron.db.l3_dvrscheduler_db._notify_l3_agent_port_update-8735812144550', 'neutron.db.l3_hascheduler_db._notify_l3_agent_ha_port_update-8735812144568'] for port (b23353b6-b38a-4831-9701-09f35613e5ce), after_update {{(pid=107031) _notify_loop /usr/local/lib/python3.8/dist-packages/neutron_lib/callbacks/manager.py:176}}
Sep 02 10:56:46.072457 dv-neutron-841459-35-hyperv neutron-server[107030]: DEBUG neutron_lib.callbacks.manager [None req-d778f946-abde-40ad-a5f6-2104ece2e063 None None] Publish callbacks ['neutron.plugins.ml2.plugin.SecurityGroupServerNotifierRpcMixin._notify_sg_on_port_change-928870', 'neutron.plugins.ml2.ovo_rpc._ObjectChangeHandler.handle_event-33479342', 'neutron.api.rpc.agentnotifiers.dhcp_rpc_agent_api.DhcpAgentNotifyAPI._native_event_send_dhcp_notification-33062486', 'neutron.db.l3_db.L3RpcNotifierMixin._notify_gateway_port_ip_changed-8735812524162', 'neutron.db.l3_dvrscheduler_db._notify_l3_agent_port_update-8735812144550', 'neutron.db.l3_hascheduler_db._notify_l3_agent_ha_port_update-8735812144568'] for port (4a1b0fa2-38df-4c0a-8e57-2216ce96b562), after_update {{(pid=107030) _notify_loop /usr/local/lib/python3.8/dist-packages/neutron_lib/callbacks/manager.py:176}}
Sep 02 10:56:46.073519 dv-neutron-841459-35-hyperv neutron-server[107030]: DEBUG neutron.plugins.ml2.rpc [None req-d778f946-abde-40ad-a5f6-2104ece2e063 None None] Device bdea27c5-22fd-460b-891b-47e093c3bd8b up at agent ovs-agent-dv-neutron-841459-35-hyperv {{(pid=107030) update_device_up /opt/stack/neutron/neutron/plugins/ml2/rpc.py:296}}
Sep 02 10:56:46.081714 dv-neutron-841459-35-hyperv neutron-server[107029]: DEBUG neutron_lib.callbacks.manager [None req-149d14e4-ec34-4a26-8151-bb7b74d560f5 tempest-ExternalNetworksTestJSON-1586828963 tempest-ExternalNetworksTestJSON-1586828963-project-admin] Publish callbacks ['neutron.api.rpc.agentnotifiers.dhcp_rpc_agent_api.DhcpAgentNotifyAPI._send_dhcp_notification-33062468'] for network (None), before_response {{(pid=107029) _notify_loop /usr/local/lib/python3.8/dist-packages/neutron_lib/callbacks/manager.py:176}}
Sep 02 10:56:46.085578 dv-neutron-841459-35-hyperv neutron-server[107029]: INFO neutron.wsgi [None req-149d14e4-ec34-4a26-8151-bb7b74d560f5 tempest-ExternalNetworksTestJSON-1586828963 tempest-ExternalNetworksTestJSON-1586828963-project-admin] 10.222.0.66 "DELETE /networking/v2.0/networks/d474c88b-dabe-4c23-be27-a32cc2f944a6 HTTP/1.1" status: 204 len: 168 time: 4.0122612
Sep 02 10:56:46.125333 dv-neutron-841459-35-hyperv neutron-server[107029]: DEBUG neutron.wsgi [-] (107029) accepted ('10.222.0.66', 50088) {{(pid=107029) server /usr/local/lib/python3.8/dist-packages/eventlet/wsgi.py:1004}}
Sep 02 10:56:46.126677 dv-neutron-841459-35-hyperv neutron-server[107029]: DEBUG neutron.api.rpc.handlers.resources_rpc [None req-149d14e4-ec34-4a26-8151-bb7b74d560f5 tempest-ExternalNetworksTestJSON-1586828963 tempest-ExternalNetworksTestJSON-1586828963-project-admin] Pushing event deleted for resources: {'Network': ['ID=d474c88b-dabe-4c23-be27-a32cc2f944a6,revision_number=None']} {{(pid=107029) push /opt/stack/neutron/neutron/api/rpc/handlers/resources_rpc.py:237}}
Sep 02 10:56:46.138486 dv-neutron-841459-35-hyperv neutron-server[107031]: DEBUG neutron.plugins.ml2.managers [None req-c0aa0054-bb87-46f1-ba33-d4d9f6c61eec None None] Attempting to bind port b23353b6-b38a-4831-9701-09f35613e5ce on host dv-neutron-841459-35-hyperv for vnic_type normal with profile {{(pid=107031) bind_port /opt/stack/neutron/neutron/plugins/ml2/managers.py:810}}
Sep 02 10:56:46.139078 dv-neutron-841459-35-hyperv neutron-server[107031]: DEBUG neutron.plugins.ml2.managers [None req-c0aa0054-bb87-46f1-ba33-d4d9f6c61eec None None] Attempting to bind port b23353b6-b38a-4831-9701-09f35613e5ce by drivers openvswitch,hyperv on host dv-neutron-841459-35-hyperv at level 0 using segments [{'id': 'd8275d0c-9971-442a-b10e-751d36e19112', 'network_type': 'flat', 'physical_network': 'physnet1', 'segmentation_id': None, 'network_id': '4ffd8dad-0b07-4a42-b757-260e951f1327'}] {{(pid=107031) _bind_port_level /opt/stack/neutron/neutron/plugins/ml2/managers.py:835}}
Sep 02 10:56:46.139669 dv-neutron-841459-35-hyperv neutron-server[107031]: DEBUG neutron.plugins.ml2.drivers.mech_agent [None req-c0aa0054-bb87-46f1-ba33-d4d9f6c61eec None None] Attempting to bind port b23353b6-b38a-4831-9701-09f35613e5ce on network 4ffd8dad-0b07-4a42-b757-260e951f1327 {{(pid=107031) bind_port /opt/stack/neutron/neutron/plugins/ml2/drivers/mech_agent.py:91}}
Sep 02 10:56:46.174177 dv-neutron-841459-35-hyperv neutron-server[107029]: DEBUG neutron.api.v2.base [None req-45b527f3-42c0-4188-8bb3-58f2f97714bd tempest-ExternalNetworksTestJSON-1586828963 tempest-ExternalNetworksTestJSON-1586828963-project-admin] Request body: {'network': {'router:external': True}} {{(pid=107029) prepare_request_body /opt/stack/neutron/neutron/api/v2/base.py:730}}
Sep 02 10:56:46.183039 dv-neutron-841459-35-hyperv neutron-server[107030]: DEBUG dbcounter [-] [107030] Writing DB stats neutron:SELECT=98,neutron:UPDATE=1,neutron:INSERT=1 {{(pid=107030) stat_writer /usr/local/lib/python3.8/dist-packages/dbcounter.py:114}}
Sep 02 10:56:46.226114 dv-neutron-841459-35-hyperv neutron-server[107030]: DEBUG neutron.api.rpc.handlers.resources_rpc [None req-d778f946-abde-40ad-a5f6-2104ece2e063 None None] Pushing event updated for resources: {'Port': ['ID=4a1b0fa2-38df-4c0a-8e57-2216ce96b562,revision_number=5']} {{(pid=107030) push /opt/stack/neutron/neutron/api/rpc/handlers/resources_rpc.py:237}}
Sep 02 10:56:46.254489 dv-neutron-841459-35-hyperv neutron-server[107030]: DEBUG neutron.db.provisioning_blocks [None req-d778f946-abde-40ad-a5f6-2104ece2e063 None None] Provisioning complete for port bdea27c5-22fd-460b-891b-47e093c3bd8b triggered by entity L2. {{(pid=107030) provisioning_complete /opt/stack/neutron/neutron/db/provisioning_blocks.py:144}}
Sep 02 10:56:46.255475 dv-neutron-841459-35-hyperv neutron-server[107030]: DEBUG neutron_lib.callbacks.manager [None req-d778f946-abde-40ad-a5f6-2104ece2e063 None None] Publish callbacks ['neutron.plugins.ml2.plugin.Ml2Plugin._port_provisioned-836793'] for port (bdea27c5-22fd-460b-891b-47e093c3bd8b), provisioning_complete {{(pid=107030) _notify_loop /usr/local/lib/python3.8/dist-packages/neutron_lib/callbacks/manager.py:176}}
Sep 02 10:56:46.264220 dv-neutron-841459-35-hyperv neutron-server[107029]: DEBUG neutron_lib.callbacks.manager [None req-82b3b2b9-4fe0-421b-bf81-8f8b0d6580ec tempest-QuotasNegativeTest-1283626830 tempest-QuotasNegativeTest-1283626830-project-admin] Publish callbacks ['neutron.plugins.ml2.plugin.Ml2Plugin._network_delete_after_delete_handler-835931', 'neutron.plugins.ml2.ovo_rpc._ObjectChangeHandler.handle_event-33184827', 'neutron.api.rpc.agentnotifiers.dhcp_rpc_agent_api.DhcpAgentNotifyAPI._native_event_send_dhcp_notification-33062486', 'neutron.services.l3_router.l3_router_plugin.DVRResourceOperationHandler.delete_fip_namespaces_for_ext_net-33220549'] for network (98b48159-053a-419d-8984-6a4d4dd8fc83), after_delete {{(pid=107029) _notify_loop /usr/local/lib/python3.8/dist-packages/neutron_lib/callbacks/manager.py:176}}
Sep 02 10:56:46.287048 dv-neutron-841459-35-hyperv neutron-server[107028]: DEBUG neutron_lib.callbacks.manager [None req-e273d8ef-e488-4f7c-9ab5-ca49b6fe568f tempest-DHCPAgentSchedulersTestJSON-1791396590 tempest-DHCPAgentSchedulersTestJSON-1791396590-project] Publish callbacks [] for port (71da1df9-a93d-4e61-8f19-00c65cb00c26), precommit_create {{(pid=107028) _notify_loop /usr/local/lib/python3.8/dist-packages/neutron_lib/callbacks/manager.py:176}}
Sep 02 10:56:46.297262 dv-neutron-841459-35-hyperv neutron-server[107029]: DEBUG neutron_lib.callbacks.manager [None req-82b3b2b9-4fe0-421b-bf81-8f8b0d6580ec tempest-QuotasNegativeTest-1283626830 tempest-QuotasNegativeTest-1283626830-project-admin] Publish callbacks ['neutron.api.rpc.agentnotifiers.dhcp_rpc_agent_api.DhcpAgentNotifyAPI._send_dhcp_notification-33062468'] for network (None), before_response {{(pid=107029) _notify_loop /usr/local/lib/python3.8/dist-packages/neutron_lib/callbacks/manager.py:176}}
Sep 02 10:56:46.303730 dv-neutron-841459-35-hyperv neutron-server[107029]: INFO neutron.wsgi [None req-82b3b2b9-4fe0-421b-bf81-8f8b0d6580ec tempest-QuotasNegativeTest-1283626830 tempest-QuotasNegativeTest-1283626830-project-admin] 10.222.0.66 "DELETE /networking/v2.0/networks/98b48159-053a-419d-8984-6a4d4dd8fc83 HTTP/1.1" status: 204 len: 168 time: 3.4899540
