Sep 02 11:35:48.532675 dv-neutron-841459-35-hyperv devstack@placement-api.service[107554]: INFO placement.requestlog [req-a0fdac20-6b55-4a2d-a804-b3053b405c86 req-751179b3-a8d9-4f71-91bb-3089d6fc03fa service placement] 10.222.0.66 "GET /placement/allocations/ad1b6ffe-5a87-427e-acfb-b9c83a3023e9" status: 200 len: 19 microversion: 1.28
Sep 02 11:35:48.539339 dv-neutron-841459-35-hyperv devstack@placement-api.service[107554]: [pid: 107554|app: 0|req: 478/954] 10.222.0.66 () {60 vars in 1380 bytes} [Fri Sep 2 11:35:48 2022] GET /placement/allocations/ad1b6ffe-5a87-427e-acfb-b9c83a3023e9 => generated 19 bytes in 18 msecs (HTTP/1.1 200) 8 headers in 295 bytes (1 switches on core 0)
Sep 02 11:35:48.540614 dv-neutron-841459-35-hyperv devstack@placement-api.service[107553]: DEBUG placement.requestlog [req-a0fdac20-6b55-4a2d-a804-b3053b405c86 req-cb16f8f3-89c7-4728-b88d-80e6db7ec27a None None] Starting request: 10.222.0.66 "PUT /placement/allocations/ad1b6ffe-5a87-427e-acfb-b9c83a3023e9" {{(pid=107553) __call__ /opt/stack/placement/placement/requestlog.py:55}}
Sep 02 11:35:48.672409 dv-neutron-841459-35-hyperv devstack@placement-api.service[107553]: DEBUG placement.handlers.allocation [req-a0fdac20-6b55-4a2d-a804-b3053b405c86 req-cb16f8f3-89c7-4728-b88d-80e6db7ec27a service placement] Successfully wrote allocations [, , ] {{(pid=107553) _update_consumers_and_create_allocations /opt/stack/placement/placement/handlers/allocation.py:462}}
Sep 02 11:35:48.679281 dv-neutron-841459-35-hyperv devstack@placement-api.service[107553]: INFO placement.requestlog [req-a0fdac20-6b55-4a2d-a804-b3053b405c86 req-cb16f8f3-89c7-4728-b88d-80e6db7ec27a service placement] 10.222.0.66 "PUT /placement/allocations/ad1b6ffe-5a87-427e-acfb-b9c83a3023e9" status: 204 len: 0 microversion: 1.36
Sep 02 11:35:48.679679 dv-neutron-841459-35-hyperv devstack@placement-api.service[107553]: [pid: 107553|app: 0|req: 477/955] 10.222.0.66 () {64 vars in 1433 bytes} [Fri Sep 2 11:35:48 2022] PUT /placement/allocations/ad1b6ffe-5a87-427e-acfb-b9c83a3023e9 => generated 0 bytes in 139 msecs (HTTP/1.1 204) 5 headers in 199 bytes (1 switches on core 0)
Sep 02 11:35:49.076403 dv-neutron-841459-35-hyperv devstack@placement-api.service[107554]: DEBUG placement.requestlog [req-a0fdac20-6b55-4a2d-a804-b3053b405c86 req-fe17b3b5-e2b9-47ad-b0ea-0e3934662fa3 None None] Starting request: 10.222.0.50 "GET /placement/allocations/ad1b6ffe-5a87-427e-acfb-b9c83a3023e9" {{(pid=107554) __call__ /opt/stack/placement/placement/requestlog.py:55}}
Sep 02 11:35:49.093959 dv-neutron-841459-35-hyperv devstack@placement-api.service[107554]: INFO placement.requestlog [req-a0fdac20-6b55-4a2d-a804-b3053b405c86 req-fe17b3b5-e2b9-47ad-b0ea-0e3934662fa3 service placement] 10.222.0.50 "GET /placement/allocations/ad1b6ffe-5a87-427e-acfb-b9c83a3023e9" status: 200 len: 259 microversion: 1.28
Sep 02 11:35:49.094591 dv-neutron-841459-35-hyperv devstack@placement-api.service[107554]: [pid: 107554|app: 0|req: 479/956] 10.222.0.50 () {60 vars in 1377 bytes} [Fri Sep 2 11:35:49 2022] GET /placement/allocations/ad1b6ffe-5a87-427e-acfb-b9c83a3023e9 => generated 259 bytes in 18 msecs (HTTP/1.1 200) 8 headers in 296 bytes (1 switches on core 0)
Sep 02 11:35:49.224315 dv-neutron-841459-35-hyperv devstack@placement-api.service[107553]: DEBUG placement.requestlog [req-a0fdac20-6b55-4a2d-a804-b3053b405c86 req-8343acbd-b431-428c-8660-8618ed9aa993 None None] Starting request: 10.222.0.50 "GET /placement/resource_providers/eeb08ca3-15e9-4595-9554-627029cc3a8e/allocations" {{(pid=107553) __call__ /opt/stack/placement/placement/requestlog.py:55}}
Sep 02 11:35:49.256682 dv-neutron-841459-35-hyperv devstack@placement-api.service[107553]: INFO placement.requestlog [req-a0fdac20-6b55-4a2d-a804-b3053b405c86 req-8343acbd-b431-428c-8660-8618ed9aa993 service placement] 10.222.0.50 "GET /placement/resource_providers/eeb08ca3-15e9-4595-9554-627029cc3a8e/allocations" status: 200 len: 154 microversion: 1.0
Sep 02 11:35:49.257278 dv-neutron-841459-35-hyperv devstack@placement-api.service[107553]: [pid: 107553|app: 0|req: 478/957] 10.222.0.50 () {58 vars in 1390 bytes} [Fri Sep 2 11:35:49 2022] GET /placement/resource_providers/eeb08ca3-15e9-4595-9554-627029cc3a8e/allocations => generated 154 bytes in 33 msecs (HTTP/1.1 200) 6 headers in 224 bytes (1 switches on core 0)
Sep 02 11:35:49.273447 dv-neutron-841459-35-hyperv devstack@placement-api.service[107554]: DEBUG placement.requestlog [req-a0fdac20-6b55-4a2d-a804-b3053b405c86 req-306fe300-f65b-4dde-928d-5b1b31ba0678 None None] Starting request: 10.222.0.50 "GET /placement/allocations/ad1b6ffe-5a87-427e-acfb-b9c83a3023e9" {{(pid=107554) __call__ /opt/stack/placement/placement/requestlog.py:55}}
Sep 02 11:35:49.302059 dv-neutron-841459-35-hyperv devstack@placement-api.service[107554]: INFO placement.requestlog [req-a0fdac20-6b55-4a2d-a804-b3053b405c86 req-306fe300-f65b-4dde-928d-5b1b31ba0678 service placement] 10.222.0.50 "GET /placement/allocations/ad1b6ffe-5a87-427e-acfb-b9c83a3023e9" status: 200 len: 259 microversion: 1.28
Sep 02 11:35:49.302798 dv-neutron-841459-35-hyperv devstack@placement-api.service[107554]: [pid: 107554|app: 0|req: 480/958] 10.222.0.50 () {60 vars in 1377 bytes} [Fri Sep 2 11:35:49 2022] GET /placement/allocations/ad1b6ffe-5a87-427e-acfb-b9c83a3023e9 => generated 259 bytes in 30 msecs (HTTP/1.1 200) 8 headers in 296 bytes (1 switches on core 0)
Sep 02 11:35:59.254088 dv-neutron-841459-35-hyperv devstack@placement-api.service[107553]: DEBUG dbcounter [-] [107553] Writing DB stats placement:SELECT=33,placement:INSERT=6,placement:DELETE=2,placement:UPDATE=2 {{(pid=107553) stat_writer /usr/local/lib/python3.8/dist-packages/dbcounter.py:114}}
Sep 02 11:35:59.296665 dv-neutron-841459-35-hyperv devstack@placement-api.service[107554]: DEBUG dbcounter [-] [107554] Writing DB stats placement:SELECT=10 {{(pid=107554) stat_writer /usr/local/lib/python3.8/dist-packages/dbcounter.py:114}}
Sep 02 11:36:33.340687 dv-neutron-841459-35-hyperv devstack@placement-api.service[107553]: DEBUG placement.requestlog [req-5c4a21e9-4e1d-4e06-aa72-cb5894ebc929 req-8b9a0b39-3ef5-4454-8db9-5b0611520af7 None None] Starting request: 10.222.0.50 "GET /placement/resource_providers/eeb08ca3-15e9-4595-9554-627029cc3a8e/allocations" {{(pid=107553) __call__ /opt/stack/placement/placement/requestlog.py:55}}
Sep 02 11:36:33.359911 dv-neutron-841459-35-hyperv devstack@placement-api.service[107553]: INFO placement.requestlog [req-5c4a21e9-4e1d-4e06-aa72-cb5894ebc929 req-8b9a0b39-3ef5-4454-8db9-5b0611520af7 service placement] 10.222.0.50 "GET /placement/resource_providers/eeb08ca3-15e9-4595-9554-627029cc3a8e/allocations" status: 200 len: 154 microversion: 1.0
Sep 02 11:36:33.360236 dv-neutron-841459-35-hyperv devstack@placement-api.service[107553]: [pid: 107553|app: 0|req: 479/959] 10.222.0.50 () {58 vars in 1390 bytes} [Fri Sep 2 11:36:33 2022] GET /placement/resource_providers/eeb08ca3-15e9-4595-9554-627029cc3a8e/allocations => generated 154 bytes in 20 msecs (HTTP/1.1 200) 6 headers in 224 bytes (1 switches on core 0)
Sep 02 11:36:33.397924 dv-neutron-841459-35-hyperv devstack@placement-api.service[107554]: DEBUG placement.requestlog [req-5c4a21e9-4e1d-4e06-aa72-cb5894ebc929 req-a0dc71df-b261-4bdc-b831-4b9979143bbb None None] Starting request: 10.222.0.50 "GET /placement/resource_providers/eeb08ca3-15e9-4595-9554-627029cc3a8e/allocations" {{(pid=107554) __call__ /opt/stack/placement/placement/requestlog.py:55}}
Sep 02 11:36:33.421843 dv-neutron-841459-35-hyperv devstack@placement-api.service[107554]: INFO placement.requestlog [req-5c4a21e9-4e1d-4e06-aa72-cb5894ebc929 req-a0dc71df-b261-4bdc-b831-4b9979143bbb service placement] 10.222.0.50 "GET /placement/resource_providers/eeb08ca3-15e9-4595-9554-627029cc3a8e/allocations" status: 200 len: 154 microversion: 1.0
Sep 02 11:36:33.422218 dv-neutron-841459-35-hyperv devstack@placement-api.service[107554]: [pid: 107554|app: 0|req: 481/960] 10.222.0.50 () {58 vars in 1390 bytes} [Fri Sep 2 11:36:33 2022] GET /placement/resource_providers/eeb08ca3-15e9-4595-9554-627029cc3a8e/allocations => generated 154 bytes in 25 msecs (HTTP/1.1 200) 6 headers in 224 bytes (1 switches on core 0)
Sep 02 11:36:33.429456 dv-neutron-841459-35-hyperv devstack@placement-api.service[107553]: DEBUG placement.requestlog [req-5c4a21e9-4e1d-4e06-aa72-cb5894ebc929 req-a6f2d8cd-ef89-4ef1-90a4-7a895c6bdf46 None None] Starting request: 10.222.0.50 "GET /placement/allocations/ad1b6ffe-5a87-427e-acfb-b9c83a3023e9" {{(pid=107553) __call__ /opt/stack/placement/placement/requestlog.py:55}}
Sep 02 11:36:33.445715 dv-neutron-841459-35-hyperv devstack@placement-api.service[107553]: INFO placement.requestlog [req-5c4a21e9-4e1d-4e06-aa72-cb5894ebc929 req-a6f2d8cd-ef89-4ef1-90a4-7a895c6bdf46 service placement] 10.222.0.50 "GET /placement/allocations/ad1b6ffe-5a87-427e-acfb-b9c83a3023e9" status: 200 len: 259 microversion: 1.28
Sep 02 11:36:33.446085 dv-neutron-841459-35-hyperv devstack@placement-api.service[107553]: [pid: 107553|app: 0|req: 480/961] 10.222.0.50 () {60 vars in 1377 bytes} [Fri Sep 2 11:36:33 2022] GET /placement/allocations/ad1b6ffe-5a87-427e-acfb-b9c83a3023e9 => generated 259 bytes in 17 msecs (HTTP/1.1 200) 8 headers in 296 bytes (1 switches on core 0)
Sep 02 11:36:40.492979 dv-neutron-841459-35-hyperv devstack@placement-api.service[107554]: DEBUG placement.requestlog [req-79764bac-a135-4894-847e-dae367e7b9c9 req-c11c47a7-b669-4cde-a28e-318fc21829f7 None None] Starting request: 10.222.0.50 "GET /placement/resource_providers/eeb08ca3-15e9-4595-9554-627029cc3a8e/allocations" {{(pid=107554) __call__ /opt/stack/placement/placement/requestlog.py:55}}
Sep 02 11:36:40.512564 dv-neutron-841459-35-hyperv devstack@placement-api.service[107554]: INFO placement.requestlog [req-79764bac-a135-4894-847e-dae367e7b9c9 req-c11c47a7-b669-4cde-a28e-318fc21829f7 service placement] 10.222.0.50 "GET /placement/resource_providers/eeb08ca3-15e9-4595-9554-627029cc3a8e/allocations" status: 200 len: 154 microversion: 1.0
Sep 02 11:36:40.512888 dv-neutron-841459-35-hyperv devstack@placement-api.service[107554]: [pid: 107554|app: 0|req: 482/962] 10.222.0.50 () {58 vars in 1390 bytes} [Fri Sep 2 11:36:40 2022] GET /placement/resource_providers/eeb08ca3-15e9-4595-9554-627029cc3a8e/allocations => generated 154 bytes in 20 msecs (HTTP/1.1 200) 6 headers in 224 bytes (1 switches on core 0)
Sep 02 11:36:40.520490 dv-neutron-841459-35-hyperv devstack@placement-api.service[107553]: DEBUG placement.requestlog [req-79764bac-a135-4894-847e-dae367e7b9c9 req-fcff2221-10e7-4f5b-b4ba-546a7f8c06f3 None None] Starting request: 10.222.0.50 "GET /placement/allocations/ad1b6ffe-5a87-427e-acfb-b9c83a3023e9" {{(pid=107553) __call__ /opt/stack/placement/placement/requestlog.py:55}}
Sep 02 11:36:40.535359 dv-neutron-841459-35-hyperv devstack@placement-api.service[107553]: INFO placement.requestlog [req-79764bac-a135-4894-847e-dae367e7b9c9 req-fcff2221-10e7-4f5b-b4ba-546a7f8c06f3 service placement] 10.222.0.50 "GET /placement/allocations/ad1b6ffe-5a87-427e-acfb-b9c83a3023e9" status: 200 len: 259 microversion: 1.28
Sep 02 11:36:40.535620 dv-neutron-841459-35-hyperv devstack@placement-api.service[107553]: [pid: 107553|app: 0|req: 481/963] 10.222.0.50 () {60 vars in 1377 bytes} [Fri Sep 2 11:36:40 2022] GET /placement/allocations/ad1b6ffe-5a87-427e-acfb-b9c83a3023e9 => generated 259 bytes in 15 msecs (HTTP/1.1 200) 8 headers in 296 bytes (1 switches on core 0)
Sep 02 11:36:40.746302 dv-neutron-841459-35-hyperv devstack@placement-api.service[107554]: DEBUG placement.requestlog [req-79764bac-a135-4894-847e-dae367e7b9c9 req-1b75dcd7-5dc6-4f19-a239-7c818f74f277 None None] Starting request: 10.222.0.50 "DELETE /placement/allocations/ad1b6ffe-5a87-427e-acfb-b9c83a3023e9" {{(pid=107554) __call__ /opt/stack/placement/placement/requestlog.py:55}}
Sep 02 11:36:40.783055 dv-neutron-841459-35-hyperv devstack@placement-api.service[107554]: DEBUG placement.handlers.allocation [req-79764bac-a135-4894-847e-dae367e7b9c9 req-1b75dcd7-5dc6-4f19-a239-7c818f74f277 service placement] Successfully deleted allocations [, , ] {{(pid=107554) delete_allocations /opt/stack/placement/placement/handlers/allocation.py:627}}
Sep 02 11:36:40.783868 dv-neutron-841459-35-hyperv devstack@placement-api.service[107554]: INFO placement.requestlog [req-79764bac-a135-4894-847e-dae367e7b9c9 req-1b75dcd7-5dc6-4f19-a239-7c818f74f277 service placement] 10.222.0.50 "DELETE /placement/allocations/ad1b6ffe-5a87-427e-acfb-b9c83a3023e9" status: 204 len: 0 microversion: 1.0
Sep 02 11:36:40.784542 dv-neutron-841459-35-hyperv devstack@placement-api.service[107554]: [pid: 107554|app: 0|req: 483/964] 10.222.0.50 () {60 vars in 1355 bytes} [Fri Sep 2 11:36:40 2022] DELETE /placement/allocations/ad1b6ffe-5a87-427e-acfb-b9c83a3023e9 => generated 0 bytes in 39 msecs (HTTP/1.1 204) 5 headers in 198 bytes (1 switches on core 0)
Sep 02 11:36:45.037327 dv-neutron-841459-35-hyperv devstack@placement-api.service[107553]: DEBUG placement.requestlog [None req-30ab96ce-61fb-4c46-a9f7-eacaa9db4349 None None] Starting request: 10.222.0.66 "GET /placement/resource_providers/5d5a68bb-2d4c-464d-ac8c-6301ef713c38/aggregates" {{(pid=107553) __call__ /opt/stack/placement/placement/requestlog.py:55}}
Sep 02 11:36:45.220348 dv-neutron-841459-35-hyperv devstack@placement-api.service[107553]: INFO placement.requestlog [None req-30ab96ce-61fb-4c46-a9f7-eacaa9db4349 service placement] 10.222.0.66 "GET /placement/resource_providers/5d5a68bb-2d4c-464d-ac8c-6301ef713c38/aggregates" status: 404 len: 235 microversion: 1.1
Sep 02 11:36:45.220804 dv-neutron-841459-35-hyperv devstack@placement-api.service[107553]: [pid: 107553|app: 0|req: 482/965] 10.222.0.66 () {58 vars in 1362 bytes} [Fri Sep 2 11:36:45 2022] GET /placement/resource_providers/5d5a68bb-2d4c-464d-ac8c-6301ef713c38/aggregates => generated 235 bytes in 184 msecs (HTTP/1.1 404) 5 headers in 202 bytes (1 switches on core 0)
Sep 02 11:36:45.227011 dv-neutron-841459-35-hyperv devstack@placement-api.service[107554]: DEBUG placement.requestlog [None req-1aef642a-7342-4d92-8976-d0fe840fb1d0 None None] Starting request: 10.222.0.66 "DELETE /placement/resource_providers/5d5a68bb-2d4c-464d-ac8c-6301ef713c38" {{(pid=107554) __call__ /opt/stack/placement/placement/requestlog.py:55}}
Sep 02 11:36:45.238394 dv-neutron-841459-35-hyperv devstack@placement-api.service[107554]: DEBUG placement.wsgi_wrapper [None req-1aef642a-7342-4d92-8976-d0fe840fb1d0 service placement] Placement API returning an error response: No resource provider with uuid 5d5a68bb-2d4c-464d-ac8c-6301ef713c38 found for delete {{(pid=107554) call_func /opt/stack/placement/placement/wsgi_wrapper.py:31}}
Sep 02 11:36:45.239529 dv-neutron-841459-35-hyperv devstack@placement-api.service[107554]: INFO placement.requestlog [None req-1aef642a-7342-4d92-8976-d0fe840fb1d0 service placement] 10.222.0.66 "DELETE /placement/resource_providers/5d5a68bb-2d4c-464d-ac8c-6301ef713c38" status: 404 len: 246 microversion: 1.1
Sep 02 11:36:45.239938 dv-neutron-841459-35-hyperv devstack@placement-api.service[107554]: [pid: 107554|app: 0|req: 484/966] 10.222.0.66 () {60 vars in 1351 bytes} [Fri Sep 2 11:36:45 2022] DELETE /placement/resource_providers/5d5a68bb-2d4c-464d-ac8c-6301ef713c38 => generated 246 bytes in 13 msecs (HTTP/1.1 404) 6 headers in 231 bytes (2 switches on core 0)
Sep 02 11:36:54.185748 dv-neutron-841459-35-hyperv devstack@placement-api.service[107553]: DEBUG placement.requestlog [req-0b501d15-e12e-40fa-9811-4edd225c37ff req-77d97efd-49d5-4730-b5f5-7a0c9d80ea8b None None] Starting request: 10.222.0.66 "GET /placement/allocation_candidates?limit=1000&resources=DISK_GB%3A1%2CMEMORY_MB%3A1024%2CVCPU%3A1&root_required=%21COMPUTE_STATUS_DISABLED" {{(pid=107553) __call__ /opt/stack/placement/placement/requestlog.py:55}}
Sep 02 11:36:54.245467 dv-neutron-841459-35-hyperv devstack@placement-api.service[107553]: DEBUG placement.objects.research_context [req-0b501d15-e12e-40fa-9811-4edd225c37ff req-77d97efd-49d5-4730-b5f5-7a0c9d80ea8b service placement] getting providers with 1 DISK_GB {{(pid=107553) __init__ /opt/stack/placement/placement/objects/research_context.py:136}}
Sep 02 11:36:54.254593 dv-neutron-841459-35-hyperv devstack@placement-api.service[107553]: DEBUG placement.objects.research_context [req-0b501d15-e12e-40fa-9811-4edd225c37ff req-77d97efd-49d5-4730-b5f5-7a0c9d80ea8b service placement] getting providers with 1024 MEMORY_MB {{(pid=107553) __init__ /opt/stack/placement/placement/objects/research_context.py:136}}
Sep 02 11:36:54.266055 dv-neutron-841459-35-hyperv devstack@placement-api.service[107553]: DEBUG placement.objects.research_context [req-0b501d15-e12e-40fa-9811-4edd225c37ff req-77d97efd-49d5-4730-b5f5-7a0c9d80ea8b service placement] getting providers with 1 VCPU {{(pid=107553) __init__ /opt/stack/placement/placement/objects/research_context.py:136}}
Sep 02 11:36:54.274640 dv-neutron-841459-35-hyperv devstack@placement-api.service[107553]: DEBUG placement.objects.research_context [req-0b501d15-e12e-40fa-9811-4edd225c37ff req-77d97efd-49d5-4730-b5f5-7a0c9d80ea8b service placement] found 1 providers with available 1 DISK_GB {{(pid=107553) get_provider_ids_matching /opt/stack/placement/placement/objects/research_context.py:563}}
Sep 02 11:36:54.274640 dv-neutron-841459-35-hyperv devstack@placement-api.service[107553]: DEBUG placement.objects.research_context [req-0b501d15-e12e-40fa-9811-4edd225c37ff req-77d97efd-49d5-4730-b5f5-7a0c9d80ea8b service placement] found 1 providers with available 1024 MEMORY_MB {{(pid=107553) get_provider_ids_matching /opt/stack/placement/placement/objects/research_context.py:563}}
Sep 02 11:36:54.274976 dv-neutron-841459-35-hyperv devstack@placement-api.service[107553]: DEBUG placement.objects.research_context [req-0b501d15-e12e-40fa-9811-4edd225c37ff req-77d97efd-49d5-4730-b5f5-7a0c9d80ea8b service placement] found 1 providers after filtering by previous result {{(pid=107553) get_provider_ids_matching /opt/stack/placement/placement/objects/research_context.py:594}}
Sep 02 11:36:54.275146 dv-neutron-841459-35-hyperv devstack@placement-api.service[107553]: DEBUG placement.objects.research_context [req-0b501d15-e12e-40fa-9811-4edd225c37ff req-77d97efd-49d5-4730-b5f5-7a0c9d80ea8b service placement] found 1 providers with available 1 VCPU {{(pid=107553) get_provider_ids_matching /opt/stack/placement/placement/objects/research_context.py:563}}
Sep 02 11:36:54.275337 dv-neutron-841459-35-hyperv devstack@placement-api.service[107553]: DEBUG placement.objects.research_context [req-0b501d15-e12e-40fa-9811-4edd225c37ff req-77d97efd-49d5-4730-b5f5-7a0c9d80ea8b service placement] found 1 providers after filtering by previous result {{(pid=107553) get_provider_ids_matching /opt/stack/placement/placement/objects/research_context.py:594}}
Sep 02 11:36:54.289599 dv-neutron-841459-35-hyperv devstack@placement-api.service[107553]: DEBUG placement.objects.allocation_candidate [req-0b501d15-e12e-40fa-9811-4edd225c37ff req-77d97efd-49d5-4730-b5f5-7a0c9d80ea8b service placement] RequestGroup(use_same_provider=False, resources={DISK_GB:1, MEMORY_MB:1024, VCPU:1}, traits=(), aggregates=[]) (suffix '') returned 1 matches {{(pid=107553) _get_by_requests /opt/stack/placement/placement/objects/allocation_candidate.py:156}}
Sep 02 11:36:54.290002 dv-neutron-841459-35-hyperv devstack@placement-api.service[107553]: DEBUG placement.objects.allocation_candidate [req-0b501d15-e12e-40fa-9811-4edd225c37ff req-77d97efd-49d5-4730-b5f5-7a0c9d80ea8b service placement] Merging candidates yields 1 allocation requests and 1 provider summaries {{(pid=107553) _merge_candidates /opt/stack/placement/placement/objects/allocation_candidate.py:809}}
Sep 02 11:36:54.291564 dv-neutron-841459-35-hyperv devstack@placement-api.service[107553]: INFO placement.requestlog [req-0b501d15-e12e-40fa-9811-4edd225c37ff req-77d97efd-49d5-4730-b5f5-7a0c9d80ea8b service placement] 10.222.0.66 "GET /placement/allocation_candidates?limit=1000&resources=DISK_GB%3A1%2CMEMORY_MB%3A1024%2CVCPU%3A1&root_required=%21COMPUTE_STATUS_DISABLED" status: 200 len: 764 microversion: 1.36
Sep 02 11:36:54.292023 dv-neutron-841459-35-hyperv devstack@placement-api.service[107553]: [pid: 107553|app: 0|req: 483/967] 10.222.0.66 () {60 vars in 1506 bytes} [Fri Sep 2 11:36:54 2022] GET /placement/allocation_candidates?limit=1000&resources=DISK_GB%3A1%2CMEMORY_MB%3A1024%2CVCPU%3A1&root_required=%21COMPUTE_STATUS_DISABLED => generated 764 bytes in 107 msecs (HTTP/1.1 200) 8 headers in 296 bytes (1 switches on core 0)
Sep 02 11:36:54.332038 dv-neutron-841459-35-hyperv devstack@placement-api.service[107554]: DEBUG placement.requestlog [req-0b501d15-e12e-40fa-9811-4edd225c37ff req-bdebcdb5-523d-4f76-82df-1af402cd24f9 None None] Starting request: 10.222.0.66 "GET /placement/allocations/18c6f10d-562d-4db7-a211-59e56765d4c0" {{(pid=107554) __call__ /opt/stack/placement/placement/requestlog.py:55}}
Sep 02 11:36:54.344001 dv-neutron-841459-35-hyperv devstack@placement-api.service[107554]: INFO placement.requestlog [req-0b501d15-e12e-40fa-9811-4edd225c37ff req-bdebcdb5-523d-4f76-82df-1af402cd24f9 service placement] 10.222.0.66 "GET /placement/allocations/18c6f10d-562d-4db7-a211-59e56765d4c0" status: 200 len: 19 microversion: 1.28
Sep 02 11:36:54.344451 dv-neutron-841459-35-hyperv devstack@placement-api.service[107554]: [pid: 107554|app: 0|req: 485/968] 10.222.0.66 () {60 vars in 1380 bytes} [Fri Sep 2 11:36:54 2022] GET /placement/allocations/18c6f10d-562d-4db7-a211-59e56765d4c0 => generated 19 bytes in 13 msecs (HTTP/1.1 200) 8 headers in 295 bytes (1 switches on core 0)
Sep 02 11:36:54.351607 dv-neutron-841459-35-hyperv devstack@placement-api.service[107553]: DEBUG placement.requestlog [req-0b501d15-e12e-40fa-9811-4edd225c37ff req-dc0c5cf6-fc2f-44e1-91a4-b6f21b2ef0ed None None] Starting request: 10.222.0.66 "PUT /placement/allocations/18c6f10d-562d-4db7-a211-59e56765d4c0" {{(pid=107553) __call__ /opt/stack/placement/placement/requestlog.py:55}}
Sep 02 11:36:54.424578 dv-neutron-841459-35-hyperv devstack@placement-api.service[107553]: DEBUG placement.handlers.allocation [req-0b501d15-e12e-40fa-9811-4edd225c37ff req-dc0c5cf6-fc2f-44e1-91a4-b6f21b2ef0ed service placement] Successfully wrote allocations [, , ] {{(pid=107553) _update_consumers_and_create_allocations /opt/stack/placement/placement/handlers/allocation.py:462}}
Sep 02 11:36:54.429076 dv-neutron-841459-35-hyperv devstack@placement-api.service[107553]: INFO placement.requestlog [req-0b501d15-e12e-40fa-9811-4edd225c37ff req-dc0c5cf6-fc2f-44e1-91a4-b6f21b2ef0ed service placement] 10.222.0.66 "PUT /placement/allocations/18c6f10d-562d-4db7-a211-59e56765d4c0" status: 204 len: 0 microversion: 1.36
Sep 02 11:36:54.429424 dv-neutron-841459-35-hyperv devstack@placement-api.service[107553]: [pid: 107553|app: 0|req: 484/969] 10.222.0.66 () {64 vars in 1433 bytes} [Fri Sep 2 11:36:54 2022] PUT /placement/allocations/18c6f10d-562d-4db7-a211-59e56765d4c0 => generated 0 bytes in 78 msecs (HTTP/1.1 204) 5 headers in 199 bytes (1 switches on core 0)
Sep 02 11:36:55.721533 dv-neutron-841459-35-hyperv devstack@placement-api.service[107554]: DEBUG placement.requestlog [req-0b501d15-e12e-40fa-9811-4edd225c37ff req-1512c586-4573-4d05-9235-8196dd089e18 None None] Starting request: 10.222.0.50 "GET /placement/allocations/18c6f10d-562d-4db7-a211-59e56765d4c0" {{(pid=107554) __call__ /opt/stack/placement/placement/requestlog.py:55}}
Sep 02 11:36:55.737154 dv-neutron-841459-35-hyperv devstack@placement-api.service[107554]: INFO placement.requestlog [req-0b501d15-e12e-40fa-9811-4edd225c37ff req-1512c586-4573-4d05-9235-8196dd089e18 service placement] 10.222.0.50 "GET /placement/allocations/18c6f10d-562d-4db7-a211-59e56765d4c0" status: 200 len: 259 microversion: 1.28
Sep 02 11:36:55.737507 dv-neutron-841459-35-hyperv devstack@placement-api.service[107554]: [pid: 107554|app: 0|req: 486/970] 10.222.0.50 () {60 vars in 1377 bytes} [Fri Sep 2 11:36:55 2022] GET /placement/allocations/18c6f10d-562d-4db7-a211-59e56765d4c0 => generated 259 bytes in 16 msecs (HTTP/1.1 200) 8 headers in 296 bytes (1 switches on core 0)
Sep 02 11:36:55.856691 dv-neutron-841459-35-hyperv devstack@placement-api.service[107553]: DEBUG placement.requestlog [req-0b501d15-e12e-40fa-9811-4edd225c37ff req-087ad2b7-59bb-4449-9240-d6f110ad7284 None None] Starting request: 10.222.0.50 "GET /placement/resource_providers/eeb08ca3-15e9-4595-9554-627029cc3a8e/allocations" {{(pid=107553) __call__ /opt/stack/placement/placement/requestlog.py:55}}
Sep 02 11:36:55.877116 dv-neutron-841459-35-hyperv devstack@placement-api.service[107553]: INFO placement.requestlog [req-0b501d15-e12e-40fa-9811-4edd225c37ff req-087ad2b7-59bb-4449-9240-d6f110ad7284 service placement] 10.222.0.50 "GET /placement/resource_providers/eeb08ca3-15e9-4595-9554-627029cc3a8e/allocations" status: 200 len: 154 microversion: 1.0
Sep 02 11:36:55.877480 dv-neutron-841459-35-hyperv devstack@placement-api.service[107553]: [pid: 107553|app: 0|req: 485/971] 10.222.0.50 () {58 vars in 1390 bytes} [Fri Sep 2 11:36:55 2022] GET /placement/resource_providers/eeb08ca3-15e9-4595-9554-627029cc3a8e/allocations => generated 154 bytes in 21 msecs (HTTP/1.1 200) 6 headers in 224 bytes (1 switches on core 0)
Sep 02 11:36:55.884179 dv-neutron-841459-35-hyperv devstack@placement-api.service[107554]: DEBUG placement.requestlog [req-0b501d15-e12e-40fa-9811-4edd225c37ff req-8eaaee98-adf7-4621-a156-513703b7d509 None None] Starting request: 10.222.0.50 "GET /placement/allocations/18c6f10d-562d-4db7-a211-59e56765d4c0" {{(pid=107554) __call__ /opt/stack/placement/placement/requestlog.py:55}}
Sep 02 11:36:55.899265 dv-neutron-841459-35-hyperv devstack@placement-api.service[107554]: INFO placement.requestlog [req-0b501d15-e12e-40fa-9811-4edd225c37ff req-8eaaee98-adf7-4621-a156-513703b7d509 service placement] 10.222.0.50 "GET /placement/allocations/18c6f10d-562d-4db7-a211-59e56765d4c0" status: 200 len: 259 microversion: 1.28
Sep 02 11:36:55.899597 dv-neutron-841459-35-hyperv devstack@placement-api.service[107554]: [pid: 107554|app: 0|req: 487/972] 10.222.0.50 () {60 vars in 1377 bytes} [Fri Sep 2 11:36:55 2022] GET /placement/allocations/18c6f10d-562d-4db7-a211-59e56765d4c0 => generated 259 bytes in 16 msecs (HTTP/1.1 200) 8 headers in 296 bytes (1 switches on core 0)
Sep 02 11:37:05.875093 dv-neutron-841459-35-hyperv devstack@placement-api.service[107553]: DEBUG dbcounter [-] [107553] Writing DB stats placement:SELECT=47,placement:INSERT=4,placement:DELETE=2,placement:UPDATE=2 {{(pid=107553) stat_writer /usr/local/lib/python3.8/dist-packages/dbcounter.py:114}}
Sep 02 11:37:05.896978 dv-neutron-841459-35-hyperv devstack@placement-api.service[107554]: DEBUG dbcounter [-] [107554] Writing DB stats placement:SELECT=31,placement:DELETE=2 {{(pid=107554) stat_writer /usr/local/lib/python3.8/dist-packages/dbcounter.py:114}}
Sep 02 11:37:34.350460 dv-neutron-841459-35-hyperv devstack@placement-api.service[107553]: DEBUG placement.requestlog [req-22683fa8-2a5f-4459-bd25-89c3a5e759e7 req-0beea8a3-44d9-4cc1-bc9a-bcfec5d5530e None None] Starting request: 10.222.0.50 "GET /placement/resource_providers/eeb08ca3-15e9-4595-9554-627029cc3a8e/allocations" {{(pid=107553) __call__ /opt/stack/placement/placement/requestlog.py:55}}
Sep 02 11:37:34.370436 dv-neutron-841459-35-hyperv devstack@placement-api.service[107553]: INFO placement.requestlog [req-22683fa8-2a5f-4459-bd25-89c3a5e759e7 req-0beea8a3-44d9-4cc1-bc9a-bcfec5d5530e service placement] 10.222.0.50 "GET /placement/resource_providers/eeb08ca3-15e9-4595-9554-627029cc3a8e/allocations" status: 200 len: 154 microversion: 1.0
Sep 02 11:37:34.370939 dv-neutron-841459-35-hyperv devstack@placement-api.service[107553]: [pid: 107553|app: 0|req: 486/973] 10.222.0.50 () {58 vars in 1390 bytes} [Fri Sep 2 11:37:34 2022] GET /placement/resource_providers/eeb08ca3-15e9-4595-9554-627029cc3a8e/allocations => generated 154 bytes in 21 msecs (HTTP/1.1 200) 6 headers in 224 bytes (1 switches on core 0)
Sep 02 11:37:34.407465 dv-neutron-841459-35-hyperv devstack@placement-api.service[107554]: DEBUG placement.requestlog [req-22683fa8-2a5f-4459-bd25-89c3a5e759e7 req-e4b9cc8d-4340-46e8-bb1b-f50673a5c503 None None] Starting request: 10.222.0.50 "GET /placement/resource_providers/eeb08ca3-15e9-4595-9554-627029cc3a8e/allocations" {{(pid=107554) __call__ /opt/stack/placement/placement/requestlog.py:55}}
Sep 02 11:37:34.428002 dv-neutron-841459-35-hyperv devstack@placement-api.service[107554]: INFO placement.requestlog [req-22683fa8-2a5f-4459-bd25-89c3a5e759e7 req-e4b9cc8d-4340-46e8-bb1b-f50673a5c503 service placement] 10.222.0.50 "GET /placement/resource_providers/eeb08ca3-15e9-4595-9554-627029cc3a8e/allocations" status: 200 len: 154 microversion: 1.0
Sep 02 11:37:34.428328 dv-neutron-841459-35-hyperv devstack@placement-api.service[107554]: [pid: 107554|app: 0|req: 488/974] 10.222.0.50 () {58 vars in 1390 bytes} [Fri Sep 2 11:37:34 2022] GET /placement/resource_providers/eeb08ca3-15e9-4595-9554-627029cc3a8e/allocations => generated 154 bytes in 21 msecs (HTTP/1.1 200) 6 headers in 224 bytes (1 switches on core 0)
Sep 02 11:37:34.434598 dv-neutron-841459-35-hyperv devstack@placement-api.service[107553]: DEBUG placement.requestlog [req-22683fa8-2a5f-4459-bd25-89c3a5e759e7 req-261d93af-a43c-43fe-b09e-09c3b0d795da None None] Starting request: 10.222.0.50 "GET /placement/allocations/18c6f10d-562d-4db7-a211-59e56765d4c0" {{(pid=107553) __call__ /opt/stack/placement/placement/requestlog.py:55}}
Sep 02 11:37:34.449143 dv-neutron-841459-35-hyperv devstack@placement-api.service[107553]: INFO placement.requestlog [req-22683fa8-2a5f-4459-bd25-89c3a5e759e7 req-261d93af-a43c-43fe-b09e-09c3b0d795da service placement] 10.222.0.50 "GET /placement/allocations/18c6f10d-562d-4db7-a211-59e56765d4c0" status: 200 len: 259 microversion: 1.28
Sep 02 11:37:34.449497 dv-neutron-841459-35-hyperv devstack@placement-api.service[107553]: [pid: 107553|app: 0|req: 487/975] 10.222.0.50 () {60 vars in 1377 bytes} [Fri Sep 2 11:37:34 2022] GET /placement/allocations/18c6f10d-562d-4db7-a211-59e56765d4c0 => generated 259 bytes in 15 msecs (HTTP/1.1 200) 8 headers in 296 bytes (1 switches on core 0)
Sep 02 11:37:44.425376 dv-neutron-841459-35-hyperv devstack@placement-api.service[107554]: DEBUG dbcounter [-] [107554] Writing DB stats placement:SELECT=6 {{(pid=107554) stat_writer /usr/local/lib/python3.8/dist-packages/dbcounter.py:114}}
Sep 02 11:37:44.447079 dv-neutron-841459-35-hyperv devstack@placement-api.service[107553]: DEBUG dbcounter [-] [107553] Writing DB stats placement:SELECT=10 {{(pid=107553) stat_writer /usr/local/lib/python3.8/dist-packages/dbcounter.py:114}}
Sep 02 11:38:30.695874 dv-neutron-841459-35-hyperv devstack@placement-api.service[107554]: DEBUG placement.requestlog [req-b9cabda9-4584-4533-b61c-5459cdd29e43 req-3092263f-03a2-4264-82be-78bb3eb9f721 None None] Starting request: 10.222.0.50 "GET /placement/resource_providers/eeb08ca3-15e9-4595-9554-627029cc3a8e/allocations" {{(pid=107554) __call__ /opt/stack/placement/placement/requestlog.py:55}}
Sep 02 11:38:30.717764 dv-neutron-841459-35-hyperv devstack@placement-api.service[107554]: INFO placement.requestlog [req-b9cabda9-4584-4533-b61c-5459cdd29e43 req-3092263f-03a2-4264-82be-78bb3eb9f721 service placement] 10.222.0.50 "GET /placement/resource_providers/eeb08ca3-15e9-4595-9554-627029cc3a8e/allocations" status: 200 len: 154 microversion: 1.0
Sep 02 11:38:30.718391 dv-neutron-841459-35-hyperv devstack@placement-api.service[107554]: [pid: 107554|app: 0|req: 489/976] 10.222.0.50 () {58 vars in 1390 bytes} [Fri Sep 2 11:38:30 2022] GET /placement/resource_providers/eeb08ca3-15e9-4595-9554-627029cc3a8e/allocations => generated 154 bytes in 23 msecs (HTTP/1.1 200) 6 headers in 224 bytes (2 switches on core 0)
Sep 02 11:38:30.725343 dv-neutron-841459-35-hyperv devstack@placement-api.service[107553]: DEBUG placement.requestlog [req-b9cabda9-4584-4533-b61c-5459cdd29e43 req-851c7fd9-4757-46c9-9a66-1cc39ca9bc87 None None] Starting request: 10.222.0.50 "GET /placement/allocations/18c6f10d-562d-4db7-a211-59e56765d4c0" {{(pid=107553) __call__ /opt/stack/placement/placement/requestlog.py:55}}
Sep 02 11:38:30.750089 dv-neutron-841459-35-hyperv devstack@placement-api.service[107553]: INFO placement.requestlog [req-b9cabda9-4584-4533-b61c-5459cdd29e43 req-851c7fd9-4757-46c9-9a66-1cc39ca9bc87 service placement] 10.222.0.50 "GET /placement/allocations/18c6f10d-562d-4db7-a211-59e56765d4c0" status: 200 len: 259 microversion: 1.28
Sep 02 11:38:30.750461 dv-neutron-841459-35-hyperv devstack@placement-api.service[107553]: [pid: 107553|app: 0|req: 488/977] 10.222.0.50 () {60 vars in 1377 bytes} [Fri Sep 2 11:38:30 2022] GET /placement/allocations/18c6f10d-562d-4db7-a211-59e56765d4c0 => generated 259 bytes in 25 msecs (HTTP/1.1 200) 8 headers in 296 bytes (1 switches on core 0)
Sep 02 11:38:30.979241 dv-neutron-841459-35-hyperv devstack@placement-api.service[107554]: DEBUG placement.requestlog [req-b9cabda9-4584-4533-b61c-5459cdd29e43 req-582f705d-9a91-41b1-ab79-b480ab0d911c None None] Starting request: 10.222.0.50 "DELETE /placement/allocations/18c6f10d-562d-4db7-a211-59e56765d4c0" {{(pid=107554) __call__ /opt/stack/placement/placement/requestlog.py:55}}
Sep 02 11:38:31.006872 dv-neutron-841459-35-hyperv devstack@placement-api.service[107554]: DEBUG placement.handlers.allocation [req-b9cabda9-4584-4533-b61c-5459cdd29e43 req-582f705d-9a91-41b1-ab79-b480ab0d911c service placement] Successfully deleted allocations [, , ] {{(pid=107554) delete_allocations /opt/stack/placement/placement/handlers/allocation.py:627}}
Sep 02 11:38:31.007409 dv-neutron-841459-35-hyperv devstack@placement-api.service[107554]: INFO placement.requestlog [req-b9cabda9-4584-4533-b61c-5459cdd29e43 req-582f705d-9a91-41b1-ab79-b480ab0d911c service placement] 10.222.0.50 "DELETE /placement/allocations/18c6f10d-562d-4db7-a211-59e56765d4c0" status: 204 len: 0 microversion: 1.0
Sep 02 11:38:31.007792 dv-neutron-841459-35-hyperv devstack@placement-api.service[107554]: [pid: 107554|app: 0|req: 490/978] 10.222.0.50 () {60 vars in 1355 bytes} [Fri Sep 2 11:38:30 2022] DELETE /placement/allocations/18c6f10d-562d-4db7-a211-59e56765d4c0 => generated 0 bytes in 29 msecs (HTTP/1.1 204) 5 headers in 198 bytes (1 switches on core 0)
Sep 02 11:38:35.077416 dv-neutron-841459-35-hyperv devstack@placement-api.service[107553]: DEBUG placement.requestlog [None req-0aef13ec-129e-45d6-bec7-e387677b7645 None None] Starting request: 10.222.0.66 "GET /placement/resource_providers/e0881037-2632-4424-9f8e-5f6f50b59bdd/aggregates" {{(pid=107553) __call__ /opt/stack/placement/placement/requestlog.py:55}}
Sep 02 11:38:35.087694 dv-neutron-841459-35-hyperv devstack@placement-api.service[107553]: INFO placement.requestlog [None req-0aef13ec-129e-45d6-bec7-e387677b7645 service placement] 10.222.0.66 "GET /placement/resource_providers/e0881037-2632-4424-9f8e-5f6f50b59bdd/aggregates" status: 404 len: 235 microversion: 1.1
Sep 02 11:38:35.088039 dv-neutron-841459-35-hyperv devstack@placement-api.service[107553]: [pid: 107553|app: 0|req: 489/979] 10.222.0.66 () {58 vars in 1362 bytes} [Fri Sep 2 11:38:35 2022] GET /placement/resource_providers/e0881037-2632-4424-9f8e-5f6f50b59bdd/aggregates => generated 235 bytes in 11 msecs (HTTP/1.1 404) 5 headers in 202 bytes (1 switches on core 0)
Sep 02 11:38:35.113976 dv-neutron-841459-35-hyperv devstack@placement-api.service[107554]: DEBUG placement.requestlog [None req-625626c1-9c22-46c4-9536-af0baf35854a None None] Starting request: 10.222.0.66 "DELETE /placement/resource_providers/e0881037-2632-4424-9f8e-5f6f50b59bdd" {{(pid=107554) __call__ /opt/stack/placement/placement/requestlog.py:55}}
Sep 02 11:38:35.124965 dv-neutron-841459-35-hyperv devstack@placement-api.service[107554]: DEBUG placement.wsgi_wrapper [None req-625626c1-9c22-46c4-9536-af0baf35854a service placement] Placement API returning an error response: No resource provider with uuid e0881037-2632-4424-9f8e-5f6f50b59bdd found for delete {{(pid=107554) call_func /opt/stack/placement/placement/wsgi_wrapper.py:31}}
Sep 02 11:38:35.125722 dv-neutron-841459-35-hyperv devstack@placement-api.service[107554]: INFO placement.requestlog [None req-625626c1-9c22-46c4-9536-af0baf35854a service placement] 10.222.0.66 "DELETE /placement/resource_providers/e0881037-2632-4424-9f8e-5f6f50b59bdd" status: 404 len: 246 microversion: 1.1
Sep 02 11:38:35.126054 dv-neutron-841459-35-hyperv devstack@placement-api.service[107554]: [pid: 107554|app: 0|req: 491/980] 10.222.0.66 () {60 vars in 1351 bytes} [Fri Sep 2 11:38:35 2022] DELETE /placement/resource_providers/e0881037-2632-4424-9f8e-5f6f50b59bdd => generated 246 bytes in 12 msecs (HTTP/1.1 404) 6 headers in 231 bytes (2 switches on core 0)
Sep 02 11:38:35.321285 dv-neutron-841459-35-hyperv devstack@placement-api.service[107553]: DEBUG placement.requestlog [req-d3813ea3-bd9f-4866-b58a-91349e92edbf req-0c723023-0821-484e-8f99-8c5f5eea3357 None None] Starting request: 10.222.0.50 "GET /placement/resource_providers/eeb08ca3-15e9-4595-9554-627029cc3a8e/allocations" {{(pid=107553) __call__ /opt/stack/placement/placement/requestlog.py:55}}
Sep 02 11:38:35.359685 dv-neutron-841459-35-hyperv devstack@placement-api.service[107553]: INFO placement.requestlog [req-d3813ea3-bd9f-4866-b58a-91349e92edbf req-0c723023-0821-484e-8f99-8c5f5eea3357 service placement] 10.222.0.50 "GET /placement/resource_providers/eeb08ca3-15e9-4595-9554-627029cc3a8e/allocations" status: 200 len: 55 microversion: 1.0
Sep 02 11:38:35.359685 dv-neutron-841459-35-hyperv devstack@placement-api.service[107553]: [pid: 107553|app: 0|req: 490/981] 10.222.0.50 () {58 vars in 1390 bytes} [Fri Sep 2 11:38:35 2022] GET /placement/resource_providers/eeb08ca3-15e9-4595-9554-627029cc3a8e/allocations => generated 55 bytes in 38 msecs (HTTP/1.1 200) 6 headers in 223 bytes (1 switches on core 0)
Sep 02 11:38:35.397306 dv-neutron-841459-35-hyperv devstack@placement-api.service[107554]: DEBUG placement.requestlog [req-d3813ea3-bd9f-4866-b58a-91349e92edbf req-c623ab8f-5fc3-4b85-b63b-5c3fe3c2d5d0 None None] Starting request: 10.222.0.50 "GET /placement/resource_providers/eeb08ca3-15e9-4595-9554-627029cc3a8e/allocations" {{(pid=107554) __call__ /opt/stack/placement/placement/requestlog.py:55}}
Sep 02 11:38:35.416461 dv-neutron-841459-35-hyperv devstack@placement-api.service[107554]: INFO placement.requestlog [req-d3813ea3-bd9f-4866-b58a-91349e92edbf req-c623ab8f-5fc3-4b85-b63b-5c3fe3c2d5d0 service placement] 10.222.0.50 "GET /placement/resource_providers/eeb08ca3-15e9-4595-9554-627029cc3a8e/allocations" status: 200 len: 55 microversion: 1.0
Sep 02 11:38:35.417069 dv-neutron-841459-35-hyperv devstack@placement-api.service[107554]: [pid: 107554|app: 0|req: 492/982] 10.222.0.50 () {58 vars in 1390 bytes} [Fri Sep 2 11:38:35 2022] GET /placement/resource_providers/eeb08ca3-15e9-4595-9554-627029cc3a8e/allocations => generated 55 bytes in 20 msecs (HTTP/1.1 200) 6 headers in 223 bytes (1 switches on core 0)
Sep 02 11:38:43.085666 dv-neutron-841459-35-hyperv devstack@placement-api.service[107553]: DEBUG placement.requestlog [req-1ac3c555-36f4-4571-84ba-51f13b401b97 req-cf9c811c-5da4-46b1-a051-6ce572616716 None None] Starting request: 10.222.0.66 "GET /placement/allocation_candidates?limit=1000&resources=DISK_GB%3A1%2CMEMORY_MB%3A1024%2CVCPU%3A1&root_required=%21COMPUTE_STATUS_DISABLED" {{(pid=107553) __call__ /opt/stack/placement/placement/requestlog.py:55}}
Sep 02 11:38:43.221304 dv-neutron-841459-35-hyperv devstack@placement-api.service[107553]: DEBUG placement.objects.research_context [req-1ac3c555-36f4-4571-84ba-51f13b401b97 req-cf9c811c-5da4-46b1-a051-6ce572616716 service placement] getting providers with 1 DISK_GB {{(pid=107553) __init__ /opt/stack/placement/placement/objects/research_context.py:136}}
Sep 02 11:38:43.229393 dv-neutron-841459-35-hyperv devstack@placement-api.service[107553]: DEBUG placement.objects.research_context [req-1ac3c555-36f4-4571-84ba-51f13b401b97 req-cf9c811c-5da4-46b1-a051-6ce572616716 service placement] getting providers with 1024 MEMORY_MB {{(pid=107553) __init__ /opt/stack/placement/placement/objects/research_context.py:136}}
Sep 02 11:38:43.237104 dv-neutron-841459-35-hyperv devstack@placement-api.service[107553]: DEBUG placement.objects.research_context [req-1ac3c555-36f4-4571-84ba-51f13b401b97 req-cf9c811c-5da4-46b1-a051-6ce572616716 service placement] getting providers with 1 VCPU {{(pid=107553) __init__ /opt/stack/placement/placement/objects/research_context.py:136}}
Sep 02 11:38:43.244409 dv-neutron-841459-35-hyperv devstack@placement-api.service[107553]: DEBUG placement.objects.research_context [req-1ac3c555-36f4-4571-84ba-51f13b401b97 req-cf9c811c-5da4-46b1-a051-6ce572616716 service placement] found 1 providers with available 1 DISK_GB {{(pid=107553) get_provider_ids_matching /opt/stack/placement/placement/objects/research_context.py:563}}
Sep 02 11:38:43.244683 dv-neutron-841459-35-hyperv devstack@placement-api.service[107553]: DEBUG placement.objects.research_context [req-1ac3c555-36f4-4571-84ba-51f13b401b97 req-cf9c811c-5da4-46b1-a051-6ce572616716 service placement] found 1 providers with available 1024 MEMORY_MB {{(pid=107553) get_provider_ids_matching /opt/stack/placement/placement/objects/research_context.py:563}}
Sep 02 11:38:43.245196 dv-neutron-841459-35-hyperv devstack@placement-api.service[107553]: DEBUG placement.objects.research_context [req-1ac3c555-36f4-4571-84ba-51f13b401b97 req-cf9c811c-5da4-46b1-a051-6ce572616716 service placement] found 1 providers after filtering by previous result {{(pid=107553) get_provider_ids_matching /opt/stack/placement/placement/objects/research_context.py:594}}
Sep 02 11:38:43.245573 dv-neutron-841459-35-hyperv devstack@placement-api.service[107553]: DEBUG placement.objects.research_context [req-1ac3c555-36f4-4571-84ba-51f13b401b97 req-cf9c811c-5da4-46b1-a051-6ce572616716 service placement] found 1 providers with available 1 VCPU {{(pid=107553) get_provider_ids_matching /opt/stack/placement/placement/objects/research_context.py:563}}
Sep 02 11:38:43.245719 dv-neutron-841459-35-hyperv devstack@placement-api.service[107553]: DEBUG placement.objects.research_context [req-1ac3c555-36f4-4571-84ba-51f13b401b97 req-cf9c811c-5da4-46b1-a051-6ce572616716 service placement] found 1 providers after filtering by previous result {{(pid=107553) get_provider_ids_matching /opt/stack/placement/placement/objects/research_context.py:594}}
Sep 02 11:38:43.260674 dv-neutron-841459-35-hyperv devstack@placement-api.service[107553]: DEBUG placement.objects.allocation_candidate [req-1ac3c555-36f4-4571-84ba-51f13b401b97 req-cf9c811c-5da4-46b1-a051-6ce572616716 service placement] RequestGroup(use_same_provider=False, resources={DISK_GB:1, MEMORY_MB:1024, VCPU:1}, traits=(), aggregates=[]) (suffix '') returned 1 matches {{(pid=107553) _get_by_requests /opt/stack/placement/placement/objects/allocation_candidate.py:156}}
Sep 02 11:38:43.261131 dv-neutron-841459-35-hyperv devstack@placement-api.service[107553]: DEBUG placement.objects.allocation_candidate [req-1ac3c555-36f4-4571-84ba-51f13b401b97 req-cf9c811c-5da4-46b1-a051-6ce572616716 service placement] Merging candidates yields 1 allocation requests and 1 provider summaries {{(pid=107553) _merge_candidates /opt/stack/placement/placement/objects/allocation_candidate.py:809}}
Sep 02 11:38:43.262802 dv-neutron-841459-35-hyperv devstack@placement-api.service[107553]: INFO placement.requestlog [req-1ac3c555-36f4-4571-84ba-51f13b401b97 req-cf9c811c-5da4-46b1-a051-6ce572616716 service placement] 10.222.0.66 "GET /placement/allocation_candidates?limit=1000&resources=DISK_GB%3A1%2CMEMORY_MB%3A1024%2CVCPU%3A1&root_required=%21COMPUTE_STATUS_DISABLED" status: 200 len: 764 microversion: 1.36
Sep 02 11:38:43.263172 dv-neutron-841459-35-hyperv devstack@placement-api.service[107553]: [pid: 107553|app: 0|req: 491/983] 10.222.0.66 () {60 vars in 1506 bytes} [Fri Sep 2 11:38:43 2022] GET /placement/allocation_candidates?limit=1000&resources=DISK_GB%3A1%2CMEMORY_MB%3A1024%2CVCPU%3A1&root_required=%21COMPUTE_STATUS_DISABLED => generated 764 bytes in 178 msecs (HTTP/1.1 200) 8 headers in 296 bytes (1 switches on core 0)
Sep 02 11:38:43.316430 dv-neutron-841459-35-hyperv devstack@placement-api.service[107554]: DEBUG placement.requestlog [req-1ac3c555-36f4-4571-84ba-51f13b401b97 req-b00032c0-4aed-4b9a-99fe-38b3630d31c9 None None] Starting request: 10.222.0.66 "GET /placement/allocations/03508c7b-fbee-4897-850f-d81499552835" {{(pid=107554) __call__ /opt/stack/placement/placement/requestlog.py:55}}
Sep 02 11:38:43.334227 dv-neutron-841459-35-hyperv devstack@placement-api.service[107554]: INFO placement.requestlog [req-1ac3c555-36f4-4571-84ba-51f13b401b97 req-b00032c0-4aed-4b9a-99fe-38b3630d31c9 service placement] 10.222.0.66 "GET /placement/allocations/03508c7b-fbee-4897-850f-d81499552835" status: 200 len: 19 microversion: 1.28
Sep 02 11:38:43.334227 dv-neutron-841459-35-hyperv devstack@placement-api.service[107554]: [pid: 107554|app: 0|req: 493/984] 10.222.0.66 () {60 vars in 1380 bytes} [Fri Sep 2 11:38:43 2022] GET /placement/allocations/03508c7b-fbee-4897-850f-d81499552835 => generated 19 bytes in 18 msecs (HTTP/1.1 200) 8 headers in 295 bytes (2 switches on core 0)
Sep 02 11:38:43.335686 dv-neutron-841459-35-hyperv devstack@placement-api.service[107553]: DEBUG placement.requestlog [req-1ac3c555-36f4-4571-84ba-51f13b401b97 req-3a022252-0b41-4d3d-a43a-c91ae389a7c5 None None] Starting request: 10.222.0.66 "PUT /placement/allocations/03508c7b-fbee-4897-850f-d81499552835" {{(pid=107553) __call__ /opt/stack/placement/placement/requestlog.py:55}}
Sep 02 11:38:43.413944 dv-neutron-841459-35-hyperv devstack@placement-api.service[107553]: DEBUG placement.handlers.allocation [req-1ac3c555-36f4-4571-84ba-51f13b401b97 req-3a022252-0b41-4d3d-a43a-c91ae389a7c5 service placement] Successfully wrote allocations [, , ] {{(pid=107553) _update_consumers_and_create_allocations /opt/stack/placement/placement/handlers/allocation.py:462}}
Sep 02 11:38:43.418791 dv-neutron-841459-35-hyperv devstack@placement-api.service[107553]: INFO placement.requestlog [req-1ac3c555-36f4-4571-84ba-51f13b401b97 req-3a022252-0b41-4d3d-a43a-c91ae389a7c5 service placement] 10.222.0.66 "PUT /placement/allocations/03508c7b-fbee-4897-850f-d81499552835" status: 204 len: 0 microversion: 1.36
Sep 02 11:38:43.419244 dv-neutron-841459-35-hyperv devstack@placement-api.service[107553]: [pid: 107553|app: 0|req: 492/985] 10.222.0.66 () {64 vars in 1433 bytes} [Fri Sep 2 11:38:43 2022] PUT /placement/allocations/03508c7b-fbee-4897-850f-d81499552835 => generated 0 bytes in 84 msecs (HTTP/1.1 204) 5 headers in 199 bytes (1 switches on core 0)
Sep 02 11:38:44.800961 dv-neutron-841459-35-hyperv devstack@placement-api.service[107554]: DEBUG placement.requestlog [req-1ac3c555-36f4-4571-84ba-51f13b401b97 req-741ca491-4951-4b1d-8af7-9e929d12c256 None None] Starting request: 10.222.0.50 "GET /placement/allocations/03508c7b-fbee-4897-850f-d81499552835" {{(pid=107554) __call__ /opt/stack/placement/placement/requestlog.py:55}}
Sep 02 11:38:44.816138 dv-neutron-841459-35-hyperv devstack@placement-api.service[107554]: INFO placement.requestlog [req-1ac3c555-36f4-4571-84ba-51f13b401b97 req-741ca491-4951-4b1d-8af7-9e929d12c256 service placement] 10.222.0.50 "GET /placement/allocations/03508c7b-fbee-4897-850f-d81499552835" status: 200 len: 259 microversion: 1.28
Sep 02 11:38:44.816505 dv-neutron-841459-35-hyperv devstack@placement-api.service[107554]: [pid: 107554|app: 0|req: 494/986] 10.222.0.50 () {60 vars in 1377 bytes} [Fri Sep 2 11:38:44 2022] GET /placement/allocations/03508c7b-fbee-4897-850f-d81499552835 => generated 259 bytes in 16 msecs (HTTP/1.1 200) 8 headers in 296 bytes (1 switches on core 0)
Sep 02 11:38:44.941673 dv-neutron-841459-35-hyperv devstack@placement-api.service[107553]: DEBUG placement.requestlog [req-1ac3c555-36f4-4571-84ba-51f13b401b97 req-d6205f72-e6f6-4cae-be29-a23cf216b30e None None] Starting request: 10.222.0.50 "GET /placement/resource_providers/eeb08ca3-15e9-4595-9554-627029cc3a8e/allocations" {{(pid=107553) __call__ /opt/stack/placement/placement/requestlog.py:55}}
Sep 02 11:38:44.962332 dv-neutron-841459-35-hyperv devstack@placement-api.service[107553]: INFO placement.requestlog [req-1ac3c555-36f4-4571-84ba-51f13b401b97 req-d6205f72-e6f6-4cae-be29-a23cf216b30e service placement] 10.222.0.50 "GET /placement/resource_providers/eeb08ca3-15e9-4595-9554-627029cc3a8e/allocations" status: 200 len: 154 microversion: 1.0
Sep 02 11:38:44.962694 dv-neutron-841459-35-hyperv devstack@placement-api.service[107553]: [pid: 107553|app: 0|req: 493/987] 10.222.0.50 () {58 vars in 1390 bytes} [Fri Sep 2 11:38:44 2022] GET /placement/resource_providers/eeb08ca3-15e9-4595-9554-627029cc3a8e/allocations => generated 154 bytes in 21 msecs (HTTP/1.1 200) 6 headers in 224 bytes (1 switches on core 0)
Sep 02 11:38:44.969511 dv-neutron-841459-35-hyperv devstack@placement-api.service[107554]: DEBUG placement.requestlog [req-1ac3c555-36f4-4571-84ba-51f13b401b97 req-594dfae7-5e41-4ee8-8538-7d3bced1c535 None None] Starting request: 10.222.0.50 "GET /placement/allocations/03508c7b-fbee-4897-850f-d81499552835" {{(pid=107554) __call__ /opt/stack/placement/placement/requestlog.py:55}}
Sep 02 11:38:44.984725 dv-neutron-841459-35-hyperv devstack@placement-api.service[107554]: INFO placement.requestlog [req-1ac3c555-36f4-4571-84ba-51f13b401b97 req-594dfae7-5e41-4ee8-8538-7d3bced1c535 service placement] 10.222.0.50 "GET /placement/allocations/03508c7b-fbee-4897-850f-d81499552835" status: 200 len: 259 microversion: 1.28
