File "/usr/local/lib/python3.8/dist-packages/flask_restful/__init__.py", line 467, in wrapper
Sep 02 10:42:33.036930 dv-neutron-841459-35-hyperv devstack@keystone.service[81804]: ERROR keystone.server.flask.application resp = resource(*args, **kwargs)
Sep 02 10:42:33.036930 dv-neutron-841459-35-hyperv devstack@keystone.service[81804]: ERROR keystone.server.flask.application
File "/usr/local/lib/python3.8/dist-packages/flask/views.py", line 107, in view
Sep 02 10:42:33.036930 dv-neutron-841459-35-hyperv devstack@keystone.service[81804]: ERROR keystone.server.flask.application return current_app.ensure_sync(self.dispatch_request)(**kwargs)
Sep 02 10:42:33.036930 dv-neutron-841459-35-hyperv devstack@keystone.service[81804]: ERROR keystone.server.flask.application
File "/usr/local/lib/python3.8/dist-packages/flask_restful/__init__.py", line 582, in dispatch_request
Sep 02 10:42:33.036930 dv-neutron-841459-35-hyperv devstack@keystone.service[81804]: ERROR keystone.server.flask.application resp = meth(*args, **kwargs)
Sep 02 10:42:33.036930 dv-neutron-841459-35-hyperv devstack@keystone.service[81804]: ERROR keystone.server.flask.application
File "/opt/stack/keystone/keystone/api/roles.py", line 50, in get
Sep 02 10:42:33.036930 dv-neutron-841459-35-hyperv devstack@keystone.service[81804]: ERROR keystone.server.flask.application return self._get_role(role_id)
Sep 02 10:42:33.036930 dv-neutron-841459-35-hyperv devstack@keystone.service[81804]: ERROR keystone.server.flask.application
File "/opt/stack/keystone/keystone/api/roles.py", line 70, in _get_role
Sep 02 10:42:33.036930 dv-neutron-841459-35-hyperv devstack@keystone.service[81804]: ERROR keystone.server.flask.application ENFORCER.enforce_call(action='identity:get_role')
Sep 02 10:42:33.039072 dv-neutron-841459-35-hyperv devstack@keystone.service[81804]: ERROR keystone.server.flask.application
File "/opt/stack/keystone/keystone/common/rbac_enforcer/enforcer.py", line 402, in enforce_call
Sep 02 10:42:33.039072 dv-neutron-841459-35-hyperv devstack@keystone.service[81804]: ERROR keystone.server.flask.application policy_dict.update(cls._extract_member_target_data(
Sep 02 10:42:33.039072 dv-neutron-841459-35-hyperv devstack@keystone.service[81804]: ERROR keystone.server.flask.application
File "/opt/stack/keystone/keystone/common/rbac_enforcer/enforcer.py", line 234, in _extract_member_target_data
Sep 02 10:42:33.039072 dv-neutron-841459-35-hyperv devstack@keystone.service[81804]: ERROR keystone.server.flask.application member_name: func(flask.request.view_args[key])
Sep 02 10:42:33.039072 dv-neutron-841459-35-hyperv devstack@keystone.service[81804]: ERROR keystone.server.flask.application
File "/opt/stack/keystone/keystone/common/manager.py", line 115, in wrapped
Sep 02 10:42:33.039072 dv-neutron-841459-35-hyperv devstack@keystone.service[81804]: ERROR keystone.server.flask.application __ret_val = __f(*args, **kwargs)
Sep 02 10:42:33.039072 dv-neutron-841459-35-hyperv devstack@keystone.service[81804]: ERROR keystone.server.flask.application
File "/usr/local/lib/python3.8/dist-packages/decorator.py", line 232, in fun
Sep 02 10:42:33.039072 dv-neutron-841459-35-hyperv devstack@keystone.service[81804]: ERROR keystone.server.flask.application return caller(func, *(extras + args), **kw)
Sep 02 10:42:33.039072 dv-neutron-841459-35-hyperv devstack@keystone.service[81804]: ERROR keystone.server.flask.application
File "/usr/local/lib/python3.8/dist-packages/dogpile/cache/region.py", line 1577, in get_or_create_for_user_func
Sep 02 10:42:33.039072 dv-neutron-841459-35-hyperv devstack@keystone.service[81804]: ERROR keystone.server.flask.application return self.get_or_create(
Sep 02 10:42:33.039072 dv-neutron-841459-35-hyperv devstack@keystone.service[81804]: ERROR keystone.server.flask.application
File "/usr/local/lib/python3.8/dist-packages/dogpile/cache/region.py", line 1042, in get_or_create
Sep 02 10:42:33.039072 dv-neutron-841459-35-hyperv devstack@keystone.service[81804]: ERROR keystone.server.flask.application with Lock(
Sep 02 10:42:33.039072 dv-neutron-841459-35-hyperv devstack@keystone.service[81804]: ERROR keystone.server.flask.application
File "/usr/local/lib/python3.8/dist-packages/dogpile/lock.py", line 185, in __enter__
Sep 02 10:42:33.039072 dv-neutron-841459-35-hyperv devstack@keystone.service[81804]: ERROR keystone.server.flask.application return self._enter()
Sep 02 10:42:33.039072 dv-neutron-841459-35-hyperv devstack@keystone.service[81804]: ERROR keystone.server.flask.application
File "/usr/local/lib/python3.8/dist-packages/dogpile/lock.py", line 94, in _enter
Sep 02 10:42:33.039072 dv-neutron-841459-35-hyperv devstack@keystone.service[81804]: ERROR keystone.server.flask.application generated = self._enter_create(value, createdtime)
Sep 02 10:42:33.040709 dv-neutron-841459-35-hyperv devstack@keystone.service[81804]: ERROR keystone.server.flask.application
File "/usr/local/lib/python3.8/dist-packages/dogpile/lock.py", line 178, in _enter_create
Sep 02 10:42:33.040709 dv-neutron-841459-35-hyperv devstack@keystone.service[81804]: ERROR keystone.server.flask.application return self.creator()
Sep 02 10:42:33.040709 dv-neutron-841459-35-hyperv devstack@keystone.service[81804]: ERROR keystone.server.flask.application
File "/usr/local/lib/python3.8/dist-packages/dogpile/cache/region.py", line 995, in gen_value
Sep 02 10:42:33.040709 dv-neutron-841459-35-hyperv devstack@keystone.service[81804]: ERROR keystone.server.flask.application created_value = creator(
Sep 02 10:42:33.040709 dv-neutron-841459-35-hyperv devstack@keystone.service[81804]: ERROR keystone.server.flask.application
File "/opt/stack/keystone/keystone/assignment/core.py", line 1276, in get_role
Sep 02 10:42:33.040709 dv-neutron-841459-35-hyperv devstack@keystone.service[81804]: ERROR keystone.server.flask.application return self.driver.get_role(role_id)
Sep 02 10:42:33.040709 dv-neutron-841459-35-hyperv devstack@keystone.service[81804]: ERROR keystone.server.flask.application
File "/opt/stack/keystone/keystone/assignment/role_backends/sql.py", line 70, in get_role
Sep 02 10:42:33.040709 dv-neutron-841459-35-hyperv devstack@keystone.service[81804]: ERROR keystone.server.flask.application return self._get_role(session, role_id).to_dict()
Sep 02 10:42:33.040709 dv-neutron-841459-35-hyperv devstack@keystone.service[81804]: ERROR keystone.server.flask.application
File "/opt/stack/keystone/keystone/assignment/role_backends/sql.py", line 65, in _get_role
Sep 02 10:42:33.040709 dv-neutron-841459-35-hyperv devstack@keystone.service[81804]: ERROR keystone.server.flask.application raise exception.RoleNotFound(role_id=role_id)
Sep 02 10:42:33.040709 dv-neutron-841459-35-hyperv devstack@keystone.service[81804]: ERROR keystone.server.flask.application keystone.exception.RoleNotFound: Could not find role: admin.
Sep 02 10:42:33.040709 dv-neutron-841459-35-hyperv devstack@keystone.service[81804]: ERROR keystone.server.flask.application
Sep 02 10:42:33.040709 dv-neutron-841459-35-hyperv devstack@keystone.service[81804]: [pid: 81804|app: 0|req: 7/15] 10.222.0.66 () {56 vars in 1096 bytes} [Fri Sep 2 10:42:32 2022] GET /identity/v3/roles/admin => generated 83 bytes in 228 msecs (HTTP/1.1 404) 5 headers in 183 bytes (2 switches on core 0)
Sep 02 10:42:33.044818 dv-neutron-841459-35-hyperv devstack@keystone.service[81805]: DEBUG keystone.server.flask.request_processing.middleware.auth_context [None req-11dcc986-e32f-4d56-980f-87bb9165377c None admin] Authenticating user token {{(pid=81805) process_request /usr/local/lib/python3.8/dist-packages/keystonemiddleware/auth_token/__init__.py:407}}
Sep 02 10:42:33.045024 dv-neutron-841459-35-hyperv devstack@keystone.service[81804]: DEBUG keystone.server.flask.request_processing.middleware.auth_context [None req-f5f44bdb-f724-457b-b1da-d2d82ea04b38 None admin] Authenticating user token {{(pid=81804) process_request /usr/local/lib/python3.8/dist-packages/keystonemiddleware/auth_token/__init__.py:407}}
Sep 02 10:42:33.062484 dv-neutron-841459-35-hyperv devstack@keystone.service[81804]: DEBUG dbcounter [-] [81804] Writing DB stats keystone:SELECT=100 {{(pid=81804) stat_writer /usr/local/lib/python3.8/dist-packages/dbcounter.py:114}}
Sep 02 10:42:33.144470 dv-neutron-841459-35-hyperv devstack@keystone.service[81805]: DEBUG dbcounter [-] [81805] Writing DB stats keystone:SELECT=100 {{(pid=81805) stat_writer /usr/local/lib/python3.8/dist-packages/dbcounter.py:114}}
Sep 02 10:42:33.185058 dv-neutron-841459-35-hyperv devstack@keystone.service[81804]: DEBUG keystone.server.flask.request_processing.middleware.auth_context [None req-f5f44bdb-f724-457b-b1da-d2d82ea04b38 None admin] Validating token access rules against request {{(pid=81804) validate_allowed_request /usr/local/lib/python3.8/dist-packages/keystonemiddleware/auth_token/__init__.py:545}}
Sep 02 10:42:33.199147 dv-neutron-841459-35-hyperv devstack@keystone.service[81805]: DEBUG keystone.server.flask.request_processing.middleware.auth_context [None req-11dcc986-e32f-4d56-980f-87bb9165377c None admin] Validating token access rules against request {{(pid=81805) validate_allowed_request /usr/local/lib/python3.8/dist-packages/keystonemiddleware/auth_token/__init__.py:545}}
Sep 02 10:42:33.245726 dv-neutron-841459-35-hyperv devstack@keystone.service[81804]: DEBUG keystone.server.flask.request_processing.middleware.auth_context [None req-124710c4-2ab2-448a-9e67-b2242e5021d6 None admin] RBAC: auth_context: {'token': , 'domain_id': None, 'trust_id': None, 'trustor_id': None, 'trustee_id': None, 'domain_name': None, 'group_ids': [], 'user_id': 'ea5fc6650ee14ee1bf1328e240b5b03e', 'user_domain_id': 'default', 'system_scope': 'all', 'project_id': None, 'project_domain_id': None, 'roles': ['admin', 'member', 'reader'], 'is_admin_project': True, 'service_user_id': None, 'service_user_domain_id': None, 'service_project_id': None, 'service_project_domain_id': None, 'service_roles': []} {{(pid=81804) fill_context /opt/stack/keystone/keystone/server/flask/request_processing/middleware/auth_context.py:478}}
Sep 02 10:42:33.246403 dv-neutron-841459-35-hyperv devstack@keystone.service[81804]: DEBUG keystone.server.flask.request_processing.req_logging [None req-124710c4-2ab2-448a-9e67-b2242e5021d6 None admin] REQUEST_METHOD: `GET` {{(pid=81804) log_request_info /opt/stack/keystone/keystone/server/flask/request_processing/req_logging.py:27}}
Sep 02 10:42:33.246726 dv-neutron-841459-35-hyperv devstack@keystone.service[81804]: DEBUG keystone.server.flask.request_processing.req_logging [None req-124710c4-2ab2-448a-9e67-b2242e5021d6 None admin] SCRIPT_NAME: `/identity` {{(pid=81804) log_request_info /opt/stack/keystone/keystone/server/flask/request_processing/req_logging.py:28}}
Sep 02 10:42:33.247144 dv-neutron-841459-35-hyperv devstack@keystone.service[81804]: DEBUG keystone.server.flask.request_processing.req_logging [None req-124710c4-2ab2-448a-9e67-b2242e5021d6 None admin] PATH_INFO: `/v3/domains/Default` {{(pid=81804) log_request_info /opt/stack/keystone/keystone/server/flask/request_processing/req_logging.py:29}}
Sep 02 10:42:33.261881 dv-neutron-841459-35-hyperv devstack@keystone.service[81805]: DEBUG keystone.server.flask.request_processing.middleware.auth_context [None req-2523ba8b-8672-447c-961d-b7c5e74b9876 None admin] RBAC: auth_context: {'token': , 'domain_id': None, 'trust_id': None, 'trustor_id': None, 'trustee_id': None, 'domain_name': None, 'group_ids': [], 'user_id': 'ea5fc6650ee14ee1bf1328e240b5b03e', 'user_domain_id': 'default', 'system_scope': 'all', 'project_id': None, 'project_domain_id': None, 'roles': ['admin', 'member', 'reader'], 'is_admin_project': True, 'service_user_id': None, 'service_user_domain_id': None, 'service_project_id': None, 'service_project_domain_id': None, 'service_roles': []} {{(pid=81805) fill_context /opt/stack/keystone/keystone/server/flask/request_processing/middleware/auth_context.py:478}}
Sep 02 10:42:33.262828 dv-neutron-841459-35-hyperv devstack@keystone.service[81805]: DEBUG keystone.server.flask.request_processing.req_logging [None req-2523ba8b-8672-447c-961d-b7c5e74b9876 None admin] REQUEST_METHOD: `GET` {{(pid=81805) log_request_info /opt/stack/keystone/keystone/server/flask/request_processing/req_logging.py:27}}
Sep 02 10:42:33.263297 dv-neutron-841459-35-hyperv devstack@keystone.service[81805]: DEBUG keystone.server.flask.request_processing.req_logging [None req-2523ba8b-8672-447c-961d-b7c5e74b9876 None admin] SCRIPT_NAME: `/identity` {{(pid=81805) log_request_info /opt/stack/keystone/keystone/server/flask/request_processing/req_logging.py:28}}
Sep 02 10:42:33.263587 dv-neutron-841459-35-hyperv devstack@keystone.service[81804]: DEBUG keystone.common.rbac_enforcer.enforcer [None req-124710c4-2ab2-448a-9e67-b2242e5021d6 None admin] RBAC: Authorizing `identity:get_domain(domain_id=Default)` {{(pid=81804) enforce_call /opt/stack/keystone/keystone/common/rbac_enforcer/enforcer.py:449}}
Sep 02 10:42:33.263815 dv-neutron-841459-35-hyperv devstack@keystone.service[81805]: DEBUG keystone.server.flask.request_processing.req_logging [None req-2523ba8b-8672-447c-961d-b7c5e74b9876 None admin] PATH_INFO: `/v3/roles` {{(pid=81805) log_request_info /opt/stack/keystone/keystone/server/flask/request_processing/req_logging.py:29}}
Sep 02 10:42:33.265049 dv-neutron-841459-35-hyperv devstack@keystone.service[81805]: DEBUG keystone.common.rbac_enforcer.enforcer [None req-2523ba8b-8672-447c-961d-b7c5e74b9876 None admin] RBAC: Adding query filter params (name=admin) {{(pid=81805) _extract_filter_values /opt/stack/keystone/keystone/common/rbac_enforcer/enforcer.py:167}}
Sep 02 10:42:33.265628 dv-neutron-841459-35-hyperv devstack@keystone.service[81805]: DEBUG keystone.common.rbac_enforcer.enforcer [None req-2523ba8b-8672-447c-961d-b7c5e74b9876 None admin] RBAC: Authorizing `identity:list_roles()` {{(pid=81805) enforce_call /opt/stack/keystone/keystone/common/rbac_enforcer/enforcer.py:449}}
Sep 02 10:42:33.266201 dv-neutron-841459-35-hyperv devstack@keystone.service[81804]: DEBUG keystone.common.rbac_enforcer.enforcer [None req-124710c4-2ab2-448a-9e67-b2242e5021d6 None admin] RBAC: Authorization granted {{(pid=81804) enforce_call /opt/stack/keystone/keystone/common/rbac_enforcer/enforcer.py:457}}
Sep 02 10:42:33.268326 dv-neutron-841459-35-hyperv devstack@keystone.service[81805]: DEBUG keystone.common.rbac_enforcer.enforcer [None req-2523ba8b-8672-447c-961d-b7c5e74b9876 None admin] RBAC: Authorization granted {{(pid=81805) enforce_call /opt/stack/keystone/keystone/common/rbac_enforcer/enforcer.py:457}}
Sep 02 10:42:33.288558 dv-neutron-841459-35-hyperv devstack@keystone.service[81804]: ERROR keystone.server.flask.application [None req-124710c4-2ab2-448a-9e67-b2242e5021d6 None admin] Could not find domain: Default.: keystone.exception.DomainNotFound: Could not find domain: Default.
Sep 02 10:42:33.288558 dv-neutron-841459-35-hyperv devstack@keystone.service[81804]: ERROR keystone.server.flask.application
Traceback (most recent call last):
Sep 02 10:42:33.288558 dv-neutron-841459-35-hyperv devstack@keystone.service[81804]: ERROR keystone.server.flask.application
File "/usr/local/lib/python3.8/dist-packages/flask/app.py", line 1820, in full_dispatch_request
Sep 02 10:42:33.288558 dv-neutron-841459-35-hyperv devstack@keystone.service[81804]: ERROR keystone.server.flask.application rv = self.dispatch_request()
Sep 02 10:42:33.288558 dv-neutron-841459-35-hyperv devstack@keystone.service[81804]: ERROR keystone.server.flask.application
File "/usr/local/lib/python3.8/dist-packages/flask/app.py", line 1796, in dispatch_request
Sep 02 10:42:33.288558 dv-neutron-841459-35-hyperv devstack@keystone.service[81804]: ERROR keystone.server.flask.application return self.ensure_sync(self.view_functions[rule.endpoint])(**view_args)
Sep 02 10:42:33.288558 dv-neutron-841459-35-hyperv devstack@keystone.service[81804]: ERROR keystone.server.flask.application
File "/usr/local/lib/python3.8/dist-packages/flask_restful/__init__.py", line 467, in wrapper
Sep 02 10:42:33.288558 dv-neutron-841459-35-hyperv devstack@keystone.service[81804]: ERROR keystone.server.flask.application resp = resource(*args, **kwargs)
Sep 02 10:42:33.288558 dv-neutron-841459-35-hyperv devstack@keystone.service[81804]: ERROR keystone.server.flask.application
File "/usr/local/lib/python3.8/dist-packages/flask/views.py", line 107, in view
Sep 02 10:42:33.288558 dv-neutron-841459-35-hyperv devstack@keystone.service[81804]: ERROR keystone.server.flask.application return current_app.ensure_sync(self.dispatch_request)(**kwargs)
Sep 02 10:42:33.288558 dv-neutron-841459-35-hyperv devstack@keystone.service[81804]: ERROR keystone.server.flask.application
File "/usr/local/lib/python3.8/dist-packages/flask_restful/__init__.py", line 582, in dispatch_request
Sep 02 10:42:33.288558 dv-neutron-841459-35-hyperv devstack@keystone.service[81804]: ERROR keystone.server.flask.application resp = meth(*args, **kwargs)
Sep 02 10:42:33.288558 dv-neutron-841459-35-hyperv devstack@keystone.service[81804]: ERROR keystone.server.flask.application
File "/opt/stack/keystone/keystone/api/domains.py", line 89, in get
Sep 02 10:42:33.288558 dv-neutron-841459-35-hyperv devstack@keystone.service[81804]: ERROR keystone.server.flask.application return self._get_domain(domain_id)
Sep 02 10:42:33.288558 dv-neutron-841459-35-hyperv devstack@keystone.service[81804]: ERROR keystone.server.flask.application
File "/opt/stack/keystone/keystone/api/domains.py", line 97, in _get_domain
Sep 02 10:42:33.288558 dv-neutron-841459-35-hyperv devstack@keystone.service[81804]: ERROR keystone.server.flask.application domain = PROVIDERS.resource_api.get_domain(domain_id)
Sep 02 10:42:33.290349 dv-neutron-841459-35-hyperv devstack@keystone.service[81804]: ERROR keystone.server.flask.application
File "/opt/stack/keystone/keystone/common/manager.py", line 115, in wrapped
Sep 02 10:42:33.290349 dv-neutron-841459-35-hyperv devstack@keystone.service[81804]: ERROR keystone.server.flask.application __ret_val = __f(*args, **kwargs)
Sep 02 10:42:33.290349 dv-neutron-841459-35-hyperv devstack@keystone.service[81804]: ERROR keystone.server.flask.application
File "/usr/local/lib/python3.8/dist-packages/decorator.py", line 232, in fun
Sep 02 10:42:33.290349 dv-neutron-841459-35-hyperv devstack@keystone.service[81804]: ERROR keystone.server.flask.application return caller(func, *(extras + args), **kw)
Sep 02 10:42:33.290349 dv-neutron-841459-35-hyperv devstack@keystone.service[81804]: ERROR keystone.server.flask.application
File "/usr/local/lib/python3.8/dist-packages/dogpile/cache/region.py", line 1577, in get_or_create_for_user_func
Sep 02 10:42:33.290349 dv-neutron-841459-35-hyperv devstack@keystone.service[81804]: ERROR keystone.server.flask.application return self.get_or_create(
Sep 02 10:42:33.290349 dv-neutron-841459-35-hyperv devstack@keystone.service[81804]: ERROR keystone.server.flask.application
File "/usr/local/lib/python3.8/dist-packages/dogpile/cache/region.py", line 1042, in get_or_create
Sep 02 10:42:33.290349 dv-neutron-841459-35-hyperv devstack@keystone.service[81804]: ERROR keystone.server.flask.application with Lock(
Sep 02 10:42:33.290349 dv-neutron-841459-35-hyperv devstack@keystone.service[81804]: ERROR keystone.server.flask.application
File "/usr/local/lib/python3.8/dist-packages/dogpile/lock.py", line 185, in __enter__
Sep 02 10:42:33.290349 dv-neutron-841459-35-hyperv devstack@keystone.service[81804]: ERROR keystone.server.flask.application return self._enter()
Sep 02 10:42:33.290349 dv-neutron-841459-35-hyperv devstack@keystone.service[81804]: ERROR keystone.server.flask.application
File "/usr/local/lib/python3.8/dist-packages/dogpile/lock.py", line 94, in _enter
Sep 02 10:42:33.290349 dv-neutron-841459-35-hyperv devstack@keystone.service[81804]: ERROR keystone.server.flask.application generated = self._enter_create(value, createdtime)
Sep 02 10:42:33.290349 dv-neutron-841459-35-hyperv devstack@keystone.service[81804]: ERROR keystone.server.flask.application
File "/usr/local/lib/python3.8/dist-packages/dogpile/lock.py", line 178, in _enter_create
Sep 02 10:42:33.290349 dv-neutron-841459-35-hyperv devstack@keystone.service[81804]: ERROR keystone.server.flask.application return self.creator()
Sep 02 10:42:33.290349 dv-neutron-841459-35-hyperv devstack@keystone.service[81804]: ERROR keystone.server.flask.application
File "/usr/local/lib/python3.8/dist-packages/dogpile/cache/region.py", line 995, in gen_value
Sep 02 10:42:33.290349 dv-neutron-841459-35-hyperv devstack@keystone.service[81804]: ERROR keystone.server.flask.application created_value = creator(
Sep 02 10:42:33.290349 dv-neutron-841459-35-hyperv devstack@keystone.service[81804]: ERROR keystone.server.flask.application
File "/opt/stack/keystone/keystone/resource/core.py", line 716, in get_domain
Sep 02 10:42:33.291367 dv-neutron-841459-35-hyperv devstack@keystone.service[81804]: ERROR keystone.server.flask.application raise exception.DomainNotFound(domain_id=domain_id)
Sep 02 10:42:33.291367 dv-neutron-841459-35-hyperv devstack@keystone.service[81804]: ERROR keystone.server.flask.application keystone.exception.DomainNotFound: Could not find domain: Default.
Sep 02 10:42:33.291367 dv-neutron-841459-35-hyperv devstack@keystone.service[81804]: ERROR keystone.server.flask.application
Sep 02 10:42:33.291367 dv-neutron-841459-35-hyperv devstack@keystone.service[81804]: [pid: 81804|app: 0|req: 8/16] 10.222.0.66 () {56 vars in 1108 bytes} [Fri Sep 2 10:42:33 2022] GET /identity/v3/domains/Default => generated 87 bytes in 246 msecs (HTTP/1.1 404) 5 headers in 183 bytes (2 switches on core 0)
Sep 02 10:42:33.296673 dv-neutron-841459-35-hyperv devstack@keystone.service[81804]: DEBUG keystone.server.flask.request_processing.middleware.auth_context [None req-124710c4-2ab2-448a-9e67-b2242e5021d6 None admin] Authenticating user token {{(pid=81804) process_request /usr/local/lib/python3.8/dist-packages/keystonemiddleware/auth_token/__init__.py:407}}
Sep 02 10:42:33.299756 dv-neutron-841459-35-hyperv devstack@keystone.service[81805]: [pid: 81805|app: 0|req: 9/17] 10.222.0.66 () {56 vars in 1099 bytes} [Fri Sep 2 10:42:33 2022] GET /identity/v3/roles?name=admin => generated 339 bytes in 255 msecs (HTTP/1.1 200) 5 headers in 177 bytes (1 switches on core 0)
Sep 02 10:42:33.308940 dv-neutron-841459-35-hyperv devstack@keystone.service[81805]: DEBUG keystone.server.flask.request_processing.middleware.auth_context [None req-2523ba8b-8672-447c-961d-b7c5e74b9876 None admin] Authenticating user token {{(pid=81805) process_request /usr/local/lib/python3.8/dist-packages/keystonemiddleware/auth_token/__init__.py:407}}
Sep 02 10:42:33.376893 dv-neutron-841459-35-hyperv devstack@keystone.service[81804]: DEBUG dbcounter [-] [81804] Writing DB stats keystone:SELECT=100 {{(pid=81804) stat_writer /usr/local/lib/python3.8/dist-packages/dbcounter.py:114}}
Sep 02 10:42:33.422613 dv-neutron-841459-35-hyperv devstack@keystone.service[81804]: DEBUG keystone.server.flask.request_processing.middleware.auth_context [None req-124710c4-2ab2-448a-9e67-b2242e5021d6 None admin] Validating token access rules against request {{(pid=81804) validate_allowed_request /usr/local/lib/python3.8/dist-packages/keystonemiddleware/auth_token/__init__.py:545}}
Sep 02 10:42:33.447223 dv-neutron-841459-35-hyperv devstack@keystone.service[81805]: DEBUG keystone.server.flask.request_processing.middleware.auth_context [None req-2523ba8b-8672-447c-961d-b7c5e74b9876 None admin] Validating token access rules against request {{(pid=81805) validate_allowed_request /usr/local/lib/python3.8/dist-packages/keystonemiddleware/auth_token/__init__.py:545}}
Sep 02 10:42:33.460067 dv-neutron-841459-35-hyperv devstack@keystone.service[81804]: DEBUG keystone.server.flask.request_processing.middleware.auth_context [None req-571f9b2c-b4cc-40f1-a31d-fdaeba524bbb None admin] RBAC: auth_context: {'token': , 'domain_id': None, 'trust_id': None, 'trustor_id': None, 'trustee_id': None, 'domain_name': None, 'group_ids': [], 'user_id': 'ea5fc6650ee14ee1bf1328e240b5b03e', 'user_domain_id': 'default', 'system_scope': 'all', 'project_id': None, 'project_domain_id': None, 'roles': ['admin', 'member', 'reader'], 'is_admin_project': True, 'service_user_id': None, 'service_user_domain_id': None, 'service_project_id': None, 'service_project_domain_id': None, 'service_roles': []} {{(pid=81804) fill_context /opt/stack/keystone/keystone/server/flask/request_processing/middleware/auth_context.py:478}}
Sep 02 10:42:33.460677 dv-neutron-841459-35-hyperv devstack@keystone.service[81804]: DEBUG keystone.server.flask.request_processing.req_logging [None req-571f9b2c-b4cc-40f1-a31d-fdaeba524bbb None admin] REQUEST_METHOD: `GET` {{(pid=81804) log_request_info /opt/stack/keystone/keystone/server/flask/request_processing/req_logging.py:27}}
Sep 02 10:42:33.460960 dv-neutron-841459-35-hyperv devstack@keystone.service[81804]: DEBUG keystone.server.flask.request_processing.req_logging [None req-571f9b2c-b4cc-40f1-a31d-fdaeba524bbb None admin] SCRIPT_NAME: `/identity` {{(pid=81804) log_request_info /opt/stack/keystone/keystone/server/flask/request_processing/req_logging.py:28}}
Sep 02 10:42:33.461260 dv-neutron-841459-35-hyperv devstack@keystone.service[81804]: DEBUG keystone.server.flask.request_processing.req_logging [None req-571f9b2c-b4cc-40f1-a31d-fdaeba524bbb None admin] PATH_INFO: `/v3/domains` {{(pid=81804) log_request_info /opt/stack/keystone/keystone/server/flask/request_processing/req_logging.py:29}}
Sep 02 10:42:33.461902 dv-neutron-841459-35-hyperv devstack@keystone.service[81804]: DEBUG keystone.common.rbac_enforcer.enforcer [None req-571f9b2c-b4cc-40f1-a31d-fdaeba524bbb None admin] RBAC: Adding query filter params (name=Default) {{(pid=81804) _extract_filter_values /opt/stack/keystone/keystone/common/rbac_enforcer/enforcer.py:167}}
Sep 02 10:42:33.462199 dv-neutron-841459-35-hyperv devstack@keystone.service[81804]: DEBUG keystone.common.rbac_enforcer.enforcer [None req-571f9b2c-b4cc-40f1-a31d-fdaeba524bbb None admin] RBAC: Authorizing `identity:list_domains()` {{(pid=81804) enforce_call /opt/stack/keystone/keystone/common/rbac_enforcer/enforcer.py:449}}
Sep 02 10:42:33.463614 dv-neutron-841459-35-hyperv devstack@keystone.service[81804]: DEBUG keystone.common.rbac_enforcer.enforcer [None req-571f9b2c-b4cc-40f1-a31d-fdaeba524bbb None admin] RBAC: Authorization granted {{(pid=81804) enforce_call /opt/stack/keystone/keystone/common/rbac_enforcer/enforcer.py:457}}
Sep 02 10:42:33.481742 dv-neutron-841459-35-hyperv devstack@keystone.service[81804]: [pid: 81804|app: 0|req: 9/18] 10.222.0.66 () {56 vars in 1109 bytes} [Fri Sep 2 10:42:33 2022] GET /identity/v3/domains?name=Default => generated 308 bytes in 186 msecs (HTTP/1.1 200) 5 headers in 177 bytes (2 switches on core 0)
Sep 02 10:42:33.509070 dv-neutron-841459-35-hyperv devstack@keystone.service[81805]: DEBUG keystone.server.flask.request_processing.middleware.auth_context [None req-e7b9dbde-695f-4ed6-984a-e18aabccb100 None admin] RBAC: auth_context: {'token': , 'domain_id': None, 'trust_id': None, 'trustor_id': None, 'trustee_id': None, 'domain_name': None, 'group_ids': [], 'user_id': 'ea5fc6650ee14ee1bf1328e240b5b03e', 'user_domain_id': 'default', 'system_scope': 'all', 'project_id': None, 'project_domain_id': None, 'roles': ['admin', 'member', 'reader'], 'is_admin_project': True, 'service_user_id': None, 'service_user_domain_id': None, 'service_project_id': None, 'service_project_domain_id': None, 'service_roles': []} {{(pid=81805) fill_context /opt/stack/keystone/keystone/server/flask/request_processing/middleware/auth_context.py:478}}
Sep 02 10:42:33.510566 dv-neutron-841459-35-hyperv devstack@keystone.service[81805]: DEBUG keystone.server.flask.request_processing.req_logging [None req-e7b9dbde-695f-4ed6-984a-e18aabccb100 None admin] REQUEST_METHOD: `GET` {{(pid=81805) log_request_info /opt/stack/keystone/keystone/server/flask/request_processing/req_logging.py:27}}
Sep 02 10:42:33.511047 dv-neutron-841459-35-hyperv devstack@keystone.service[81805]: DEBUG keystone.server.flask.request_processing.req_logging [None req-e7b9dbde-695f-4ed6-984a-e18aabccb100 None admin] SCRIPT_NAME: `/identity` {{(pid=81805) log_request_info /opt/stack/keystone/keystone/server/flask/request_processing/req_logging.py:28}}
Sep 02 10:42:33.511501 dv-neutron-841459-35-hyperv devstack@keystone.service[81805]: DEBUG keystone.server.flask.request_processing.req_logging [None req-e7b9dbde-695f-4ed6-984a-e18aabccb100 None admin] PATH_INFO: `/v3/users/ea5fc6650ee14ee1bf1328e240b5b03e` {{(pid=81805) log_request_info /opt/stack/keystone/keystone/server/flask/request_processing/req_logging.py:29}}
Sep 02 10:42:33.515151 dv-neutron-841459-35-hyperv devstack@keystone.service[81805]: DEBUG keystone.common.rbac_enforcer.enforcer [None req-e7b9dbde-695f-4ed6-984a-e18aabccb100 None admin] RBAC: Authorizing `identity:get_user(user_id=ea5fc6650ee14ee1bf1328e240b5b03e)` {{(pid=81805) enforce_call /opt/stack/keystone/keystone/common/rbac_enforcer/enforcer.py:449}}
Sep 02 10:42:33.518203 dv-neutron-841459-35-hyperv devstack@keystone.service[81805]: DEBUG keystone.common.rbac_enforcer.enforcer [None req-e7b9dbde-695f-4ed6-984a-e18aabccb100 None admin] RBAC: Authorization granted {{(pid=81805) enforce_call /opt/stack/keystone/keystone/common/rbac_enforcer/enforcer.py:457}}
Sep 02 10:42:33.521251 dv-neutron-841459-35-hyperv devstack@keystone.service[81805]: [pid: 81805|app: 0|req: 10/19] 10.222.0.66 () {56 vars in 1177 bytes} [Fri Sep 2 10:42:33 2022] GET /identity/v3/users/ea5fc6650ee14ee1bf1328e240b5b03e => generated 247 bytes in 213 msecs (HTTP/1.1 200) 5 headers in 177 bytes (1 switches on core 0)
Sep 02 10:42:33.531144 dv-neutron-841459-35-hyperv devstack@keystone.service[81804]: DEBUG keystone.server.flask.request_processing.middleware.auth_context [None req-571f9b2c-b4cc-40f1-a31d-fdaeba524bbb None admin] Authenticating user token {{(pid=81804) process_request /usr/local/lib/python3.8/dist-packages/keystonemiddleware/auth_token/__init__.py:407}}
Sep 02 10:42:33.718688 dv-neutron-841459-35-hyperv devstack@keystone.service[81804]: DEBUG keystone.server.flask.request_processing.middleware.auth_context [None req-571f9b2c-b4cc-40f1-a31d-fdaeba524bbb None admin] Validating token access rules against request {{(pid=81804) validate_allowed_request /usr/local/lib/python3.8/dist-packages/keystonemiddleware/auth_token/__init__.py:545}}
Sep 02 10:42:33.752526 dv-neutron-841459-35-hyperv devstack@keystone.service[81804]: DEBUG dbcounter [-] [81804] Writing DB stats keystone:SELECT=100 {{(pid=81804) stat_writer /usr/local/lib/python3.8/dist-packages/dbcounter.py:114}}
Sep 02 10:42:33.769098 dv-neutron-841459-35-hyperv devstack@keystone.service[81804]: DEBUG keystone.server.flask.request_processing.middleware.auth_context [None req-6903759d-9d95-48d4-851e-3c7f4be1751d None admin] RBAC: auth_context: {'token': , 'domain_id': None, 'trust_id': None, 'trustor_id': None, 'trustee_id': None, 'domain_name': None, 'group_ids': [], 'user_id': 'ea5fc6650ee14ee1bf1328e240b5b03e', 'user_domain_id': 'default', 'system_scope': 'all', 'project_id': None, 'project_domain_id': None, 'roles': ['admin', 'member', 'reader'], 'is_admin_project': True, 'service_user_id': None, 'service_user_domain_id': None, 'service_project_id': None, 'service_project_domain_id': None, 'service_roles': []} {{(pid=81804) fill_context /opt/stack/keystone/keystone/server/flask/request_processing/middleware/auth_context.py:478}}
Sep 02 10:42:33.770101 dv-neutron-841459-35-hyperv devstack@keystone.service[81804]: DEBUG keystone.server.flask.request_processing.req_logging [None req-6903759d-9d95-48d4-851e-3c7f4be1751d None admin] REQUEST_METHOD: `GET` {{(pid=81804) log_request_info /opt/stack/keystone/keystone/server/flask/request_processing/req_logging.py:27}}
Sep 02 10:42:33.770556 dv-neutron-841459-35-hyperv devstack@keystone.service[81804]: DEBUG keystone.server.flask.request_processing.req_logging [None req-6903759d-9d95-48d4-851e-3c7f4be1751d None admin] SCRIPT_NAME: `/identity` {{(pid=81804) log_request_info /opt/stack/keystone/keystone/server/flask/request_processing/req_logging.py:28}}
Sep 02 10:42:33.771018 dv-neutron-841459-35-hyperv devstack@keystone.service[81804]: DEBUG keystone.server.flask.request_processing.req_logging [None req-6903759d-9d95-48d4-851e-3c7f4be1751d None admin] PATH_INFO: `/v3/domains/default` {{(pid=81804) log_request_info /opt/stack/keystone/keystone/server/flask/request_processing/req_logging.py:29}}
Sep 02 10:42:33.772732 dv-neutron-841459-35-hyperv devstack@keystone.service[81804]: DEBUG keystone.common.rbac_enforcer.enforcer [None req-6903759d-9d95-48d4-851e-3c7f4be1751d None admin] RBAC: Authorizing `identity:get_domain(domain_id=default)` {{(pid=81804) enforce_call /opt/stack/keystone/keystone/common/rbac_enforcer/enforcer.py:449}}
Sep 02 10:42:33.775341 dv-neutron-841459-35-hyperv devstack@keystone.service[81804]: DEBUG keystone.common.rbac_enforcer.enforcer [None req-6903759d-9d95-48d4-851e-3c7f4be1751d None admin] RBAC: Authorization granted {{(pid=81804) enforce_call /opt/stack/keystone/keystone/common/rbac_enforcer/enforcer.py:457}}
Sep 02 10:42:33.778147 dv-neutron-841459-35-hyperv devstack@keystone.service[81804]: [pid: 81804|app: 0|req: 10/20] 10.222.0.66 () {56 vars in 1108 bytes} [Fri Sep 2 10:42:33 2022] GET /identity/v3/domains/default => generated 199 bytes in 249 msecs (HTTP/1.1 200) 5 headers in 177 bytes (1 switches on core 0)
Sep 02 10:42:33.787372 dv-neutron-841459-35-hyperv devstack@keystone.service[81805]: DEBUG keystone.server.flask.request_processing.middleware.auth_context [None req-e7b9dbde-695f-4ed6-984a-e18aabccb100 None admin] Authenticating user token {{(pid=81805) process_request /usr/local/lib/python3.8/dist-packages/keystonemiddleware/auth_token/__init__.py:407}}
Sep 02 10:42:33.795192 dv-neutron-841459-35-hyperv devstack@keystone.service[81805]: DEBUG dbcounter [-] [81805] Writing DB stats keystone:SELECT=100 {{(pid=81805) stat_writer /usr/local/lib/python3.8/dist-packages/dbcounter.py:114}}
Sep 02 10:42:33.969049 dv-neutron-841459-35-hyperv devstack@keystone.service[81805]: DEBUG keystone.server.flask.request_processing.middleware.auth_context [None req-e7b9dbde-695f-4ed6-984a-e18aabccb100 None admin] Validating token access rules against request {{(pid=81805) validate_allowed_request /usr/local/lib/python3.8/dist-packages/keystonemiddleware/auth_token/__init__.py:545}}
Sep 02 10:42:34.029467 dv-neutron-841459-35-hyperv devstack@keystone.service[81805]: DEBUG keystone.server.flask.request_processing.middleware.auth_context [None req-cae8cfdf-5caa-41f0-8115-61ee9b3e18b6 None admin] RBAC: auth_context: {'token': , 'domain_id': None, 'trust_id': None, 'trustor_id': None, 'trustee_id': None, 'domain_name': None, 'group_ids': [], 'user_id': 'ea5fc6650ee14ee1bf1328e240b5b03e', 'user_domain_id': 'default', 'system_scope': 'all', 'project_id': None, 'project_domain_id': None, 'roles': ['admin', 'member', 'reader'], 'is_admin_project': True, 'service_user_id': None, 'service_user_domain_id': None, 'service_project_id': None, 'service_project_domain_id': None, 'service_roles': []} {{(pid=81805) fill_context /opt/stack/keystone/keystone/server/flask/request_processing/middleware/auth_context.py:478}}
Sep 02 10:42:34.030401 dv-neutron-841459-35-hyperv devstack@keystone.service[81805]: DEBUG keystone.server.flask.request_processing.req_logging [None req-cae8cfdf-5caa-41f0-8115-61ee9b3e18b6 None admin] REQUEST_METHOD: `GET` {{(pid=81805) log_request_info /opt/stack/keystone/keystone/server/flask/request_processing/req_logging.py:27}}
Sep 02 10:42:34.030873 dv-neutron-841459-35-hyperv devstack@keystone.service[81805]: DEBUG keystone.server.flask.request_processing.req_logging [None req-cae8cfdf-5caa-41f0-8115-61ee9b3e18b6 None admin] SCRIPT_NAME: `/identity` {{(pid=81805) log_request_info /opt/stack/keystone/keystone/server/flask/request_processing/req_logging.py:28}}
Sep 02 10:42:34.031337 dv-neutron-841459-35-hyperv devstack@keystone.service[81805]: DEBUG keystone.server.flask.request_processing.req_logging [None req-cae8cfdf-5caa-41f0-8115-61ee9b3e18b6 None admin] PATH_INFO: `/v3/role_assignments` {{(pid=81805) log_request_info /opt/stack/keystone/keystone/server/flask/request_processing/req_logging.py:29}}
Sep 02 10:42:34.032621 dv-neutron-841459-35-hyperv devstack@keystone.service[81805]: DEBUG keystone.common.rbac_enforcer.enforcer [None req-cae8cfdf-5caa-41f0-8115-61ee9b3e18b6 None admin] RBAC: Adding query filter params (role.id=f5e17282d7e6427c873df937c9fed133, scope.domain.id=default, user.id=ea5fc6650ee14ee1bf1328e240b5b03e) {{(pid=81805) _extract_filter_values /opt/stack/keystone/keystone/common/rbac_enforcer/enforcer.py:167}}
Sep 02 10:42:34.033145 dv-neutron-841459-35-hyperv devstack@keystone.service[81805]: DEBUG keystone.common.rbac_enforcer.enforcer [None req-cae8cfdf-5caa-41f0-8115-61ee9b3e18b6 None admin] RBAC: Authorizing `identity:list_role_assignments()` {{(pid=81805) enforce_call /opt/stack/keystone/keystone/common/rbac_enforcer/enforcer.py:449}}
Sep 02 10:42:34.035756 dv-neutron-841459-35-hyperv devstack@keystone.service[81805]: DEBUG keystone.common.rbac_enforcer.enforcer [None req-cae8cfdf-5caa-41f0-8115-61ee9b3e18b6 None admin] RBAC: Authorization granted {{(pid=81805) enforce_call /opt/stack/keystone/keystone/common/rbac_enforcer/enforcer.py:457}}
Sep 02 10:42:34.052565 dv-neutron-841459-35-hyperv devstack@keystone.service[81805]: [pid: 81805|app: 0|req: 11/21] 10.222.0.66 () {56 vars in 1322 bytes} [Fri Sep 2 10:42:33 2022] GET /identity/v3/role_assignments?user.id=ea5fc6650ee14ee1bf1328e240b5b03e&scope.domain.id=default&role.id=f5e17282d7e6427c873df937c9fed133 => generated 233 bytes in 266 msecs (HTTP/1.1 200) 5 headers in 177 bytes (1 switches on core 0)
Sep 02 10:42:36.423624 dv-neutron-841459-35-hyperv devstack@keystone.service[81804]: DEBUG keystone.server.flask.request_processing.req_logging [None req-18a2e261-692e-4a20-87e5-15b9ddd9ba4e None None] REQUEST_METHOD: `GET` {{(pid=81804) log_request_info /opt/stack/keystone/keystone/server/flask/request_processing/req_logging.py:27}}
Sep 02 10:42:36.424596 dv-neutron-841459-35-hyperv devstack@keystone.service[81804]: DEBUG keystone.server.flask.request_processing.req_logging [None req-18a2e261-692e-4a20-87e5-15b9ddd9ba4e None None] SCRIPT_NAME: `/identity` {{(pid=81804) log_request_info /opt/stack/keystone/keystone/server/flask/request_processing/req_logging.py:28}}
Sep 02 10:42:36.425088 dv-neutron-841459-35-hyperv devstack@keystone.service[81804]: DEBUG keystone.server.flask.request_processing.req_logging [None req-18a2e261-692e-4a20-87e5-15b9ddd9ba4e None None] PATH_INFO: `/` {{(pid=81804) log_request_info /opt/stack/keystone/keystone/server/flask/request_processing/req_logging.py:29}}
Sep 02 10:42:36.427844 dv-neutron-841459-35-hyperv devstack@keystone.service[81804]: [pid: 81804|app: 0|req: 11/22] 10.222.0.66 () {54 vars in 927 bytes} [Fri Sep 2 10:42:36 2022] GET /identity => generated 270 bytes in 5 msecs (HTTP/1.1 300) 6 headers in 234 bytes (1 switches on core 0)
Sep 02 10:42:36.437101 dv-neutron-841459-35-hyperv devstack@keystone.service[81805]: DEBUG keystone.server.flask.request_processing.req_logging [None req-65f3549d-1161-4671-8afe-7d84ddde0a0a None None] REQUEST_METHOD: `POST` {{(pid=81805) log_request_info /opt/stack/keystone/keystone/server/flask/request_processing/req_logging.py:27}}
Sep 02 10:42:36.438103 dv-neutron-841459-35-hyperv devstack@keystone.service[81805]: DEBUG keystone.server.flask.request_processing.req_logging [None req-65f3549d-1161-4671-8afe-7d84ddde0a0a None None] SCRIPT_NAME: `/identity` {{(pid=81805) log_request_info /opt/stack/keystone/keystone/server/flask/request_processing/req_logging.py:28}}
Sep 02 10:42:36.438575 dv-neutron-841459-35-hyperv devstack@keystone.service[81805]: DEBUG keystone.server.flask.request_processing.req_logging [None req-65f3549d-1161-4671-8afe-7d84ddde0a0a None None] PATH_INFO: `/v3/auth/tokens` {{(pid=81805) log_request_info /opt/stack/keystone/keystone/server/flask/request_processing/req_logging.py:29}}
Sep 02 10:42:36.461354 dv-neutron-841459-35-hyperv devstack@keystone.service[81805]: DEBUG passlib.handlers.bcrypt [None req-65f3549d-1161-4671-8afe-7d84ddde0a0a None None] detected 'bcrypt' backend, version '4.0.0' {{(pid=81805) _load_backend_mixin /usr/local/lib/python3.8/dist-packages/passlib/handlers/bcrypt.py:625}}
Sep 02 10:42:36.462069 dv-neutron-841459-35-hyperv devstack@keystone.service[81805]: DEBUG passlib.handlers.bcrypt [None req-65f3549d-1161-4671-8afe-7d84ddde0a0a None None] 'bcrypt' backend lacks $2$ support, enabling workaround {{(pid=81805) _finalize_backend_mixin /usr/local/lib/python3.8/dist-packages/passlib/handlers/bcrypt.py:406}}
Sep 02 10:42:36.524817 dv-neutron-841459-35-hyperv devstack@keystone.service[81805]: DEBUG keystone.auth.core [None req-65f3549d-1161-4671-8afe-7d84ddde0a0a None None] MFA Rules not processed for user `ea5fc6650ee14ee1bf1328e240b5b03e`. Rule list: `[]` (Enabled: `True`). {{(pid=81805) check_auth_methods_against_rules /opt/stack/keystone/keystone/auth/core.py:438}}
Sep 02 10:42:36.531219 dv-neutron-841459-35-hyperv devstack@keystone.service[81805]: DEBUG keystone.common.fernet_utils [None req-65f3549d-1161-4671-8afe-7d84ddde0a0a None None] Loaded 2 Fernet keys from /etc/keystone/fernet-keys/, but `[fernet_tokens] max_active_keys = 3`; perhaps there have not been enough key rotations to reach `max_active_keys` yet? {{(pid=81805) load_keys /opt/stack/keystone/keystone/common/fernet_utils.py:286}}
Sep 02 10:42:36.643622 dv-neutron-841459-35-hyperv devstack@keystone.service[81805]: DEBUG dbcounter [-] [81805] Writing DB stats keystone:SELECT=100 {{(pid=81805) stat_writer /usr/local/lib/python3.8/dist-packages/dbcounter.py:114}}
Sep 02 10:42:36.649789 dv-neutron-841459-35-hyperv devstack@keystone.service[81805]: [pid: 81805|app: 0|req: 12/23] 10.222.0.66 () {58 vars in 1024 bytes} [Fri Sep 2 10:42:36 2022] POST /identity/v3/auth/tokens => generated 799 bytes in 214 msecs (HTTP/1.1 201) 6 headers in 363 bytes (2 switches on core 0)
Sep 02 10:42:37.265302 dv-neutron-841459-35-hyperv devstack@keystone.service[81804]: DEBUG keystone.server.flask.request_processing.middleware.auth_context [None req-18a2e261-692e-4a20-87e5-15b9ddd9ba4e None None] Authenticating user token {{(pid=81804) process_request /usr/local/lib/python3.8/dist-packages/keystonemiddleware/auth_token/__init__.py:407}}
Sep 02 10:42:37.340797 dv-neutron-841459-35-hyperv devstack@keystone.service[81805]: DEBUG keystone.server.flask.request_processing.req_logging [None req-801cf761-8f91-45b3-9bae-0da8f30b3492 None None] REQUEST_METHOD: `GET` {{(pid=81805) log_request_info /opt/stack/keystone/keystone/server/flask/request_processing/req_logging.py:27}}
Sep 02 10:42:37.341143 dv-neutron-841459-35-hyperv devstack@keystone.service[81805]: DEBUG keystone.server.flask.request_processing.req_logging [None req-801cf761-8f91-45b3-9bae-0da8f30b3492 None None] SCRIPT_NAME: `/identity` {{(pid=81805) log_request_info /opt/stack/keystone/keystone/server/flask/request_processing/req_logging.py:28}}
Sep 02 10:42:37.341371 dv-neutron-841459-35-hyperv devstack@keystone.service[81805]: DEBUG keystone.server.flask.request_processing.req_logging [None req-801cf761-8f91-45b3-9bae-0da8f30b3492 None None] PATH_INFO: `/` {{(pid=81805) log_request_info /opt/stack/keystone/keystone/server/flask/request_processing/req_logging.py:29}}
Sep 02 10:42:37.342788 dv-neutron-841459-35-hyperv devstack@keystone.service[81805]: [pid: 81805|app: 0|req: 13/24] 10.222.0.66 () {54 vars in 927 bytes} [Fri Sep 2 10:42:37 2022] GET /identity => generated 270 bytes in 3 msecs (HTTP/1.1 300) 6 headers in 234 bytes (1 switches on core 0)
Sep 02 10:42:37.348383 dv-neutron-841459-35-hyperv devstack@keystone.service[81805]: DEBUG keystone.server.flask.request_processing.req_logging [None req-de0d1f86-89a8-466b-88ca-9578b7bffa47 None None] REQUEST_METHOD: `POST` {{(pid=81805) log_request_info /opt/stack/keystone/keystone/server/flask/request_processing/req_logging.py:27}}
Sep 02 10:42:37.348681 dv-neutron-841459-35-hyperv devstack@keystone.service[81805]: DEBUG keystone.server.flask.request_processing.req_logging [None req-de0d1f86-89a8-466b-88ca-9578b7bffa47 None None] SCRIPT_NAME: `/identity` {{(pid=81805) log_request_info /opt/stack/keystone/keystone/server/flask/request_processing/req_logging.py:28}}
Sep 02 10:42:37.348890 dv-neutron-841459-35-hyperv devstack@keystone.service[81805]: DEBUG keystone.server.flask.request_processing.req_logging [None req-de0d1f86-89a8-466b-88ca-9578b7bffa47 None None] PATH_INFO: `/v3/auth/tokens` {{(pid=81805) log_request_info /opt/stack/keystone/keystone/server/flask/request_processing/req_logging.py:29}}
Sep 02 10:42:37.380340 dv-neutron-841459-35-hyperv devstack@keystone.service[81805]: DEBUG keystone.auth.core [None req-de0d1f86-89a8-466b-88ca-9578b7bffa47 None None] MFA Rules not processed for user `ea5fc6650ee14ee1bf1328e240b5b03e`. Rule list: `[]` (Enabled: `True`). {{(pid=81805) check_auth_methods_against_rules /opt/stack/keystone/keystone/auth/core.py:438}}
Sep 02 10:42:37.381654 dv-neutron-841459-35-hyperv devstack@keystone.service[81805]: DEBUG keystone.common.fernet_utils [None req-de0d1f86-89a8-466b-88ca-9578b7bffa47 None None] Loaded 2 Fernet keys from /etc/keystone/fernet-keys/, but `[fernet_tokens] max_active_keys = 3`; perhaps there have not been enough key rotations to reach `max_active_keys` yet? {{(pid=81805) load_keys /opt/stack/keystone/keystone/common/fernet_utils.py:286}}
Sep 02 10:42:37.472155 dv-neutron-841459-35-hyperv devstack@keystone.service[81804]: DEBUG keystone.server.flask.request_processing.middleware.auth_context [None req-18a2e261-692e-4a20-87e5-15b9ddd9ba4e None None] Validating token access rules against request {{(pid=81804) validate_allowed_request /usr/local/lib/python3.8/dist-packages/keystonemiddleware/auth_token/__init__.py:545}}
Sep 02 10:42:37.566831 dv-neutron-841459-35-hyperv devstack@keystone.service[81804]: DEBUG keystone.server.flask.request_processing.middleware.auth_context [None req-929be026-cba7-4210-a52c-749cb62a1038 None admin] RBAC: auth_context: {'token': , 'domain_id': None, 'trust_id': None, 'trustor_id': None, 'trustee_id': None, 'domain_name': None, 'group_ids': [], 'user_id': 'ea5fc6650ee14ee1bf1328e240b5b03e', 'user_domain_id': 'default', 'system_scope': 'all', 'project_id': None, 'project_domain_id': None, 'roles': ['admin', 'member', 'reader'], 'is_admin_project': True, 'service_user_id': None, 'service_user_domain_id': None, 'service_project_id': None, 'service_project_domain_id': None, 'service_roles': []} {{(pid=81804) fill_context /opt/stack/keystone/keystone/server/flask/request_processing/middleware/auth_context.py:478}}
Sep 02 10:42:37.568277 dv-neutron-841459-35-hyperv devstack@keystone.service[81804]: DEBUG keystone.server.flask.request_processing.req_logging [None req-929be026-cba7-4210-a52c-749cb62a1038 None admin] REQUEST_METHOD: `GET` {{(pid=81804) log_request_info /opt/stack/keystone/keystone/server/flask/request_processing/req_logging.py:27}}
Sep 02 10:42:37.568698 dv-neutron-841459-35-hyperv devstack@keystone.service[81804]: DEBUG keystone.server.flask.request_processing.req_logging [None req-929be026-cba7-4210-a52c-749cb62a1038 None admin] SCRIPT_NAME: `/identity` {{(pid=81804) log_request_info /opt/stack/keystone/keystone/server/flask/request_processing/req_logging.py:28}}
Sep 02 10:42:37.569301 dv-neutron-841459-35-hyperv devstack@keystone.service[81804]: DEBUG keystone.server.flask.request_processing.req_logging [None req-929be026-cba7-4210-a52c-749cb62a1038 None admin] PATH_INFO: `/v3/domains/Default` {{(pid=81804) log_request_info /opt/stack/keystone/keystone/server/flask/request_processing/req_logging.py:29}}
Sep 02 10:42:37.581955 dv-neutron-841459-35-hyperv devstack@keystone.service[81804]: DEBUG keystone.common.rbac_enforcer.enforcer [None req-929be026-cba7-4210-a52c-749cb62a1038 None admin] RBAC: Authorizing `identity:get_domain(domain_id=Default)` {{(pid=81804) enforce_call /opt/stack/keystone/keystone/common/rbac_enforcer/enforcer.py:449}}
Sep 02 10:42:37.582668 dv-neutron-841459-35-hyperv devstack@keystone.service[81805]: [pid: 81805|app: 0|req: 14/25] 10.222.0.66 () {58 vars in 1024 bytes} [Fri Sep 2 10:42:37 2022] POST /identity/v3/auth/tokens => generated 799 bytes in 235 msecs (HTTP/1.1 201) 6 headers in 363 bytes (2 switches on core 0)
Sep 02 10:42:37.584106 dv-neutron-841459-35-hyperv devstack@keystone.service[81805]: DEBUG keystone.server.flask.request_processing.req_logging [None req-a7edf6f2-96b3-41d0-90a5-4c14951518e1 None None] REQUEST_METHOD: `GET` {{(pid=81805) log_request_info /opt/stack/keystone/keystone/server/flask/request_processing/req_logging.py:27}}
Sep 02 10:42:37.584355 dv-neutron-841459-35-hyperv devstack@keystone.service[81804]: DEBUG keystone.common.rbac_enforcer.enforcer [None req-929be026-cba7-4210-a52c-749cb62a1038 None admin] RBAC: Authorization granted {{(pid=81804) enforce_call /opt/stack/keystone/keystone/common/rbac_enforcer/enforcer.py:457}}
Sep 02 10:42:37.584583 dv-neutron-841459-35-hyperv devstack@keystone.service[81805]: DEBUG keystone.server.flask.request_processing.req_logging [None req-a7edf6f2-96b3-41d0-90a5-4c14951518e1 None None] SCRIPT_NAME: `/identity` {{(pid=81805) log_request_info /opt/stack/keystone/keystone/server/flask/request_processing/req_logging.py:28}}
Sep 02 10:42:37.585024 dv-neutron-841459-35-hyperv devstack@keystone.service[81805]: DEBUG keystone.server.flask.request_processing.req_logging [None req-a7edf6f2-96b3-41d0-90a5-4c14951518e1 None None] PATH_INFO: `/` {{(pid=81805) log_request_info /opt/stack/keystone/keystone/server/flask/request_processing/req_logging.py:29}}
