Aug 31 07:46:10.533532 dv-neutron-841459-33-hyperv neutron-server[113598]: DEBUG neutron.db.l3_hamode_db [None req-e39f59d5-9359-4f19-91d3-0d801ae3935a None None] neutron.services.l3_router.l3_router_plugin.L3RouterPlugin method get_ha_sync_data_for_host called with arguments (, 'dv-neutron-841459-33-hyperv', Agent(admin_state_up=True,agent_type='L3 agent',availability_zone='nova',binary='neutron-l3-agent',configurations={"agent_mode": "legacy", "ex_gw_ports": 1, "extensions": [], "floating_ips": 0, "handle_internal_only_routers": true, "interface_driver": "openvswitch", "interfaces": 1, "log_agent_heartbeats": false, "routers": 1},created_at=2022-08-31T07:38:39Z,description=,heartbeat_timestamp=2022-08-31T07:46:09Z,host='dv-neutron-841459-33-hyperv',id=f67376fa-a04a-4d8e-bcd7-d4aff0ed668c,load=0,resource_versions=,resources_synced=,started_at=2022-08-31T07:38:39Z,topic='l3_agent')) {'router_ids': ['2b9c2a17-7e10-4b03-a9a9-583cc2bd70a7'], 'active': True} {{(pid=113598) wrapper /usr/local/lib/python3.8/dist-packages/oslo_log/helpers.py:65}}
Aug 31 07:46:10.543259 dv-neutron-841459-33-hyperv neutron-server[113596]: DEBUG neutron_lib.callbacks.manager [None req-f7c5bfa6-866a-4590-a004-708d4e296705 tempest-RoutersAdminTest-890755109 tempest-RoutersAdminTest-890755109-project-admin] Publish callbacks ['neutron.plugins.ml2.ovo_rpc._ObjectChangeHandler.handle_event-440123', 'neutron.api.rpc.agentnotifiers.dhcp_rpc_agent_api.DhcpAgentNotifyAPI._native_event_send_dhcp_notification-554070'] for network (21f9b6ab-9ad1-45bd-94c9-19cbeb0a9b97), after_create {{(pid=113596) _notify_loop /usr/local/lib/python3.8/dist-packages/neutron_lib/callbacks/manager.py:176}}
Aug 31 07:46:10.545161 dv-neutron-841459-33-hyperv neutron-server[113596]: DEBUG neutron.pecan_wsgi.hooks.policy_enforcement [None req-f7c5bfa6-866a-4590-a004-708d4e296705 tempest-RoutersAdminTest-890755109 tempest-RoutersAdminTest-890755109-project-admin] Attributes excluded by policy engine: ['standard_attr_id', 'vlan_transparent'] {{(pid=113596) _exclude_attributes_by_policy /opt/stack/neutron/neutron/pecan_wsgi/hooks/policy_enforcement.py:259}}
Aug 31 07:46:10.546614 dv-neutron-841459-33-hyperv neutron-server[113596]: DEBUG neutron_lib.callbacks.manager [None req-f7c5bfa6-866a-4590-a004-708d4e296705 tempest-RoutersAdminTest-890755109 tempest-RoutersAdminTest-890755109-project-admin] Publish callbacks ['neutron.api.rpc.agentnotifiers.dhcp_rpc_agent_api.DhcpAgentNotifyAPI._send_dhcp_notification-554052'] for network (None), before_response {{(pid=113596) _notify_loop /usr/local/lib/python3.8/dist-packages/neutron_lib/callbacks/manager.py:176}}
Aug 31 07:46:10.548437 dv-neutron-841459-33-hyperv neutron-server[113597]: DEBUG neutron_lib.callbacks.manager [None req-45db4fe5-fba5-4845-8e98-d0d2784025c7 None None] Publish callbacks ['neutron.services.segments.db._update_segment_host_mapping_for_agent-8785431523395', 'neutron.plugins.ml2.plugin.Ml2Plugin._retry_binding_revived_agents-1406714'] for agent (eb6488fc-2fb8-42f1-976e-b82cac802fb8), after_update {{(pid=113597) _notify_loop /usr/local/lib/python3.8/dist-packages/neutron_lib/callbacks/manager.py:176}}
Aug 31 07:46:10.562042 dv-neutron-841459-33-hyperv neutron-server[113597]: DEBUG neutron.plugins.ml2.rpc [None req-e330eec9-1375-4562-b8e3-0e601946ecc7 None None] Network 060d99f3-0237-4dca-b364-31fa06ea7700 details requested by agent ovs-agent-dv-neutron-841459-33-hyperv with host dv-neutron-841459-33-hyperv {{(pid=113597) get_network_details /opt/stack/neutron/neutron/plugins/ml2/rpc.py:248}}
Aug 31 07:46:10.594021 dv-neutron-841459-33-hyperv neutron-server[113597]: DEBUG dbcounter [-] [113597] Writing DB stats neutron:SELECT=93,neutron:INSERT=4,neutron:UPDATE=3 {{(pid=113597) stat_writer /usr/local/lib/python3.8/dist-packages/dbcounter.py:114}}
Aug 31 07:46:10.598059 dv-neutron-841459-33-hyperv neutron-server[113596]: DEBUG neutron_lib.callbacks.manager [None req-bd701d76-a909-4784-8812-4847bcab803a admin admin] Publish callbacks [] for port (d210e690-a975-49ac-aaf0-8299f3449997), precommit_create {{(pid=113596) _notify_loop /usr/local/lib/python3.8/dist-packages/neutron_lib/callbacks/manager.py:176}}
Aug 31 07:46:10.609423 dv-neutron-841459-33-hyperv neutron-server[113598]: DEBUG neutron.api.rpc.handlers.resources_rpc [None req-d7f3faec-d2a5-4ff8-a91e-3ba508373677 None None] Pushing event updated for resources: {'Port': ['ID=cad99d8d-d7b8-4081-9374-10507ffd0d5c,revision_number=3']} {{(pid=113598) push /opt/stack/neutron/neutron/api/rpc/handlers/resources_rpc.py:237}}
Aug 31 07:46:10.624821 dv-neutron-841459-33-hyperv neutron-server[113595]: DEBUG neutron.db.db_base_plugin_common [None req-cf93f3f4-db95-444d-b463-1d7846caf5a6 tempest-ExternalNetworksAdminNegativeTestJSON-524640288 tempest-ExternalNetworksAdminNegativeTestJSON-524640288-project-admin] Allocated IP 172.26.10.57 (8079b950-b898-4209-a68f-51af986e0beb/6a98152d-a89e-41ad-985b-2f0b42fe25a5/85afa80d-e291-45f3-943e-a75574c095d6) {{(pid=113595) _store_ip_allocation /opt/stack/neutron/neutron/db/db_base_plugin_common.py:131}}
Aug 31 07:46:10.656616 dv-neutron-841459-33-hyperv neutron-server[113598]: DEBUG dbcounter [-] [113598] Writing DB stats neutron:SELECT=94,neutron:UPDATE=5,neutron:INSERT=1 {{(pid=113598) stat_writer /usr/local/lib/python3.8/dist-packages/dbcounter.py:114}}
Aug 31 07:46:10.704937 dv-neutron-841459-33-hyperv neutron-server[113596]: INFO neutron.wsgi [None req-f7c5bfa6-866a-4590-a004-708d4e296705 tempest-RoutersAdminTest-890755109 tempest-RoutersAdminTest-890755109-project-admin] 10.222.0.26 "POST /networking/v2.0/networks HTTP/1.1" status: 201 len: 870 time: 1.7624319
Aug 31 07:46:10.713410 dv-neutron-841459-33-hyperv neutron-server[113596]: DEBUG neutron.wsgi [-] (113596) accepted ('10.222.0.26', 46248) {{(pid=113596) server /usr/local/lib/python3.8/dist-packages/eventlet/wsgi.py:1004}}
Aug 31 07:46:10.718958 dv-neutron-841459-33-hyperv neutron-server[113596]: DEBUG neutron.api.v2.base [None req-6e7db8d9-809f-430d-a23d-40425e27aa9c tempest-ExternalNetworksTestJSON-1676401742 tempest-ExternalNetworksTestJSON-1676401742-project-admin] Request body: {'network': {'name': 'tempest-network--1080128133', 'router:external': True}} {{(pid=113596) prepare_request_body /opt/stack/neutron/neutron/api/v2/base.py:730}}
Aug 31 07:46:10.730408 dv-neutron-841459-33-hyperv neutron-server[113598]: DEBUG neutron.db.l3_dvr_db [None req-e39f59d5-9359-4f19-91d3-0d801ae3935a None None] Set router 2b9c2a17-7e10-4b03-a9a9-583cc2bd70a7 gateway port host: dv-neutron-841459-33-hyperv {{(pid=113598) _build_routers_list /opt/stack/neutron/neutron/db/l3_dvr_db.py:907}}
Aug 31 07:46:10.783671 dv-neutron-841459-33-hyperv neutron-server[113596]: DEBUG dbcounter [-] [113596] Writing DB stats neutron:INSERT=4,neutron:UPDATE=2,neutron:SELECT=92,neutron:DELETE=2 {{(pid=113596) stat_writer /usr/local/lib/python3.8/dist-packages/dbcounter.py:114}}
Aug 31 07:46:10.798572 dv-neutron-841459-33-hyperv neutron-server[113596]: DEBUG neutron.api.v2.base [None req-4152a26c-c33d-481c-82c0-5d0b4d0966f0 tempest-RoutersAdminTest-890755109 tempest-RoutersAdminTest-890755109-project-admin] Request body: {'subnet': {'network_id': '21f9b6ab-9ad1-45bd-94c9-19cbeb0a9b97', 'cidr': '172.20.0.0/28', 'ip_version': 4, 'gateway_ip': '172.20.0.1', 'enable_dhcp': False}} {{(pid=113596) prepare_request_body /opt/stack/neutron/neutron/api/v2/base.py:730}}
Aug 31 07:46:10.802746 dv-neutron-841459-33-hyperv neutron-server[113596]: DEBUG neutron_lib.callbacks.manager [None req-295559f4-c88d-4258-b138-4ce17a0a49a8 admin admin] Publish callbacks [] for router_gateway (4bfbecca-ab5e-4cac-acc4-d8281a48c7ee), before_create {{(pid=113596) _notify_loop /usr/local/lib/python3.8/dist-packages/neutron_lib/callbacks/manager.py:176}}
Aug 31 07:46:10.804526 dv-neutron-841459-33-hyperv neutron-server[113596]: DEBUG neutron.pecan_wsgi.hooks.quota_enforcement [None req-6e7db8d9-809f-430d-a23d-40425e27aa9c tempest-ExternalNetworksTestJSON-1676401742 tempest-ExternalNetworksTestJSON-1676401742-project-admin] Made reservation on behalf of e2ae832920f749528f9048061411fbc3 for: {'network': 1} {{(pid=113596) before /opt/stack/neutron/neutron/pecan_wsgi/hooks/quota_enforcement.py:53}}
Aug 31 07:46:10.806950 dv-neutron-841459-33-hyperv neutron-server[113596]: DEBUG neutron_lib.callbacks.manager [None req-6e7db8d9-809f-430d-a23d-40425e27aa9c tempest-ExternalNetworksTestJSON-1676401742 tempest-ExternalNetworksTestJSON-1676401742-project-admin] Publish callbacks ['neutron.plugins.ml2.plugin.SecurityGroupDbMixin._ensure_default_security_group_handler-1547045'] for network (None), before_create {{(pid=113596) _notify_loop /usr/local/lib/python3.8/dist-packages/neutron_lib/callbacks/manager.py:176}}
Aug 31 07:46:10.823828 dv-neutron-841459-33-hyperv neutron-server[113596]: DEBUG neutron_lib.callbacks.manager [None req-6e7db8d9-809f-430d-a23d-40425e27aa9c tempest-ExternalNetworksTestJSON-1676401742 tempest-ExternalNetworksTestJSON-1676401742-project-admin] Publish callbacks [] for security_group (None), before_create {{(pid=113596) _notify_loop /usr/local/lib/python3.8/dist-packages/neutron_lib/callbacks/manager.py:176}}
Aug 31 07:46:10.825614 dv-neutron-841459-33-hyperv neutron-server[113598]: DEBUG dbcounter [-] [113598] Writing DB stats neutron:SELECT=100 {{(pid=113598) stat_writer /usr/local/lib/python3.8/dist-packages/dbcounter.py:114}}
Aug 31 07:46:10.884011 dv-neutron-841459-33-hyperv neutron-server[113596]: DEBUG neutron.api.rpc.handlers.resources_rpc [None req-f7c5bfa6-866a-4590-a004-708d4e296705 tempest-RoutersAdminTest-890755109 tempest-RoutersAdminTest-890755109-project-admin] Pushing event updated for resources: {'Network': ['ID=21f9b6ab-9ad1-45bd-94c9-19cbeb0a9b97,revision_number=1']} {{(pid=113596) push /opt/stack/neutron/neutron/api/rpc/handlers/resources_rpc.py:237}}
Aug 31 07:46:10.893350 dv-neutron-841459-33-hyperv neutron-server[113596]: DEBUG neutron_lib.callbacks.manager [None req-295559f4-c88d-4258-b138-4ce17a0a49a8 admin admin] Publish callbacks ['neutron.plugins.ml2.plugin.SecurityGroupDbMixin._ensure_default_security_group_handler-1547045'] for port (None), before_create {{(pid=113596) _notify_loop /usr/local/lib/python3.8/dist-packages/neutron_lib/callbacks/manager.py:176}}
Aug 31 07:46:10.900867 dv-neutron-841459-33-hyperv neutron-server[113597]: DEBUG neutron.plugins.ml2.rpc [None req-e330eec9-1375-4562-b8e3-0e601946ecc7 None None] Network 21f9b6ab-9ad1-45bd-94c9-19cbeb0a9b97 details requested by agent ovs-agent-dv-neutron-841459-33-hyperv with host dv-neutron-841459-33-hyperv {{(pid=113597) get_network_details /opt/stack/neutron/neutron/plugins/ml2/rpc.py:248}}
Aug 31 07:46:10.922900 dv-neutron-841459-33-hyperv neutron-server[113598]: DEBUG neutron.db.l3_hamode_db [None req-e39f59d5-9359-4f19-91d3-0d801ae3935a None None] neutron.services.l3_router.l3_router_plugin.L3RouterPlugin method _process_sync_ha_data called with arguments (, [{'id': '2b9c2a17-7e10-4b03-a9a9-583cc2bd70a7', 'name': 'tempest-ServersTestManualDisk-1977577386-router', 'tenant_id': 'fae549f0aca3466bb96d6c18928d2287', 'admin_state_up': True, 'status': 'ACTIVE', 'external_gateway_info': {'network_id': '8079b950-b898-4209-a68f-51af986e0beb', 'external_fixed_ips': [{'subnet_id': '6a98152d-a89e-41ad-985b-2f0b42fe25a5', 'ip_address': '172.26.10.82'}], 'enable_snat': True}, 'gw_port_id': 'cad99d8d-d7b8-4081-9374-10507ffd0d5c', 'description': '', 'availability_zones': ['nova'], 'distributed': False, 'ha': False, 'ha_vr_id': 0, 'availability_zone_hints': [], 'routes': [], 'flavor_id': None, 'tags': [], 'created_at': '2022-08-31T07:46:05Z', 'updated_at': '2022-08-31T07:46:06Z', 'revision_number': 3, 'project_id': 'fae549f0aca3466bb96d6c18928d2287', 'gw_port': {'id': 'cad99d8d-d7b8-4081-9374-10507ffd0d5c', 'name': '', 'network_id': '8079b950-b898-4209-a68f-51af986e0beb', 'tenant_id': '', 'mac_address': 'fa:16:3e:82:e2:2c', 'admin_state_up': True, 'status': 'DOWN', 'device_id': '2b9c2a17-7e10-4b03-a9a9-583cc2bd70a7', 'device_owner': 'network:router_gateway', 'standard_attr_id': 41, 'fixed_ips': [{'subnet_id': '6a98152d-a89e-41ad-985b-2f0b42fe25a5', 'ip_address': '172.26.10.82', 'prefixlen': 24}], 'allowed_address_pairs': [], 'extra_dhcp_opts': [], 'security_groups': [], 'description': '', 'binding:vnic_type': 'normal', 'binding:profile': {}, 'binding:host_id': 'dv-neutron-841459-33-hyperv', 'binding:vif_type': 'ovs', 'binding:vif_details': {'connectivity': 'l2', 'port_filter': True, 'ovs_hybrid_plug': False, 'datapath_type': 'system', 'bridge_name': 'br-int', 'bound_drivers': {'0': 'openvswitch'}}, 'port_security_enabled': False, 'tags': [], 'created_at': '2022-08-31T07:46:05Z', 'updated_at': '2022-08-31T07:46:10Z', 'revision_number': 3, 'project_id': '', 'subnets': [{'id': '6a98152d-a89e-41ad-985b-2f0b42fe25a5', 'cidr': '172.26.10.0/24', 'gateway_ip': '172.26.10.1', 'dns_nameservers': [], 'ipv6_ra_mode': None, 'subnetpool_id': None}], 'extra_subnets': [], 'address_scopes': {4: None, 6: None}, 'mtu': 1500}, 'enable_snat': True, 'gw_port_host': 'dv-neutron-841459-33-hyperv'}], 'dv-neutron-841459-33-hyperv', False) {} {{(pid=113598) wrapper /usr/local/lib/python3.8/dist-packages/oslo_log/helpers.py:65}}
Aug 31 07:46:10.931149 dv-neutron-841459-33-hyperv neutron-server[113595]: DEBUG neutron_lib.callbacks.manager [None req-d6352f4c-b73a-4da1-bc33-02a26725a76e tempest-MeteringIpV6TestJSON-299024236 tempest-MeteringIpV6TestJSON-299024236-project-admin] Publish callbacks [] for metering_label (None), before_response {{(pid=113595) _notify_loop /usr/local/lib/python3.8/dist-packages/neutron_lib/callbacks/manager.py:176}}
Aug 31 07:46:10.939285 dv-neutron-841459-33-hyperv neutron-server[113595]: INFO neutron.wsgi [None req-d6352f4c-b73a-4da1-bc33-02a26725a76e tempest-MeteringIpV6TestJSON-299024236 tempest-MeteringIpV6TestJSON-299024236-project-admin] 10.222.0.26 "POST /networking/v2.0/metering/metering-labels HTTP/1.1" status: 201 len: 469 time: 0.5506504
Aug 31 07:46:10.939976 dv-neutron-841459-33-hyperv neutron-server[113595]: DEBUG neutron.wsgi [-] (113595) accepted ('10.222.0.26', 46250) {{(pid=113595) server /usr/local/lib/python3.8/dist-packages/eventlet/wsgi.py:1004}}
Aug 31 07:46:10.963554 dv-neutron-841459-33-hyperv neutron-server[113598]: DEBUG neutron.api.rpc.handlers.l3_rpc [None req-e39f59d5-9359-4f19-91d3-0d801ae3935a None None] The sync data for ids ['2b9c2a17-7e10-4b03-a9a9-583cc2bd70a7'] in dv-neutron-841459-33-hyperv is: [{'id': '2b9c2a17-7e10-4b03-a9a9-583cc2bd70a7', 'name': 'tempest-ServersTestManualDisk-1977577386-router', 'tenant_id': 'fae549f0aca3466bb96d6c18928d2287', 'admin_state_up': True, 'status': 'ACTIVE', 'external_gateway_info': {'network_id': '8079b950-b898-4209-a68f-51af986e0beb', 'external_fixed_ips': [{'subnet_id': '6a98152d-a89e-41ad-985b-2f0b42fe25a5', 'ip_address': '172.26.10.82'}], 'enable_snat': True}, 'gw_port_id': 'cad99d8d-d7b8-4081-9374-10507ffd0d5c', 'description': '', 'availability_zones': ['nova'], 'distributed': False, 'ha': False, 'ha_vr_id': 0, 'availability_zone_hints': [], 'routes': [], 'flavor_id': None, 'tags': [], 'created_at': '2022-08-31T07:46:05Z', 'updated_at': '2022-08-31T07:46:06Z', 'revision_number': 3, 'project_id': 'fae549f0aca3466bb96d6c18928d2287', 'gw_port': {'id': 'cad99d8d-d7b8-4081-9374-10507ffd0d5c', 'name': '', 'network_id': '8079b950-b898-4209-a68f-51af986e0beb', 'tenant_id': '', 'mac_address': 'fa:16:3e:82:e2:2c', 'admin_state_up': True, 'status': 'DOWN', 'device_id': '2b9c2a17-7e10-4b03-a9a9-583cc2bd70a7', 'device_owner': 'network:router_gateway', 'standard_attr_id': 41, 'fixed_ips': [{'subnet_id': '6a98152d-a89e-41ad-985b-2f0b42fe25a5', 'ip_address': '172.26.10.82', 'prefixlen': 24}], 'allowed_address_pairs': [], 'extra_dhcp_opts': [], 'security_groups': [], 'description': '', 'binding:vnic_type': 'normal', 'binding:profile': {}, 'binding:host_id': 'dv-neutron-841459-33-hyperv', 'binding:vif_type': 'ovs', 'binding:vif_details': {'connectivity': 'l2', 'port_filter': True, 'ovs_hybrid_plug': False, 'datapath_type': 'system', 'bridge_name': 'br-int', 'bound_drivers': {'0': 'openvswitch'}}, 'port_security_enabled': False, 'tags': [], 'created_at': '2022-08-31T07:46:05Z', 'updated_at': '2022-08-31T07:46:10Z', 'revision_number': 3, 'project_id': '', 'subnets': [{'id': '6a98152d-a89e-41ad-985b-2f0b42fe25a5', 'cidr': '172.26.10.0/24', 'gateway_ip': '172.26.10.1', 'dns_nameservers': [], 'ipv6_ra_mode': None, 'subnetpool_id': None}], 'extra_subnets': [], 'address_scopes': {4: None, 6: None}, 'mtu': 1500}, 'enable_snat': True, 'gw_port_host': 'dv-neutron-841459-33-hyperv'}] {{(pid=113598) sync_routers /opt/stack/neutron/neutron/api/rpc/handlers/l3_rpc.py:137}}
Aug 31 07:46:10.993601 dv-neutron-841459-33-hyperv neutron-server[113596]: DEBUG neutron.pecan_wsgi.hooks.quota_enforcement [None req-4152a26c-c33d-481c-82c0-5d0b4d0966f0 tempest-RoutersAdminTest-890755109 tempest-RoutersAdminTest-890755109-project-admin] Made reservation on behalf of 19ea3ab295e84e149986d7e6a5870544 for: {'subnet': 1} {{(pid=113596) before /opt/stack/neutron/neutron/pecan_wsgi/hooks/quota_enforcement.py:53}}
Aug 31 07:46:10.996599 dv-neutron-841459-33-hyperv neutron-server[113596]: DEBUG neutron_lib.callbacks.manager [None req-4152a26c-c33d-481c-82c0-5d0b4d0966f0 tempest-RoutersAdminTest-890755109 tempest-RoutersAdminTest-890755109-project-admin] Publish callbacks [] for subnet (None), before_create {{(pid=113596) _notify_loop /usr/local/lib/python3.8/dist-packages/neutron_lib/callbacks/manager.py:176}}
Aug 31 07:46:11.003568 dv-neutron-841459-33-hyperv neutron-server[113596]: DEBUG neutron_lib.callbacks.manager [None req-bd701d76-a909-4784-8812-4847bcab803a admin admin] Publish callbacks ['neutron.plugins.ml2.plugin.SecurityGroupServerNotifierRpcMixin._notify_sg_on_port_change-1547114', 'neutron.plugins.ml2.ovo_rpc._ObjectChangeHandler.handle_event-211236', 'neutron.api.rpc.agentnotifiers.dhcp_rpc_agent_api.DhcpAgentNotifyAPI._native_event_send_dhcp_notification-554070', 'neutron.db.l3_dvrscheduler_db._notify_l3_agent_new_port-8785431088168'] for port (d210e690-a975-49ac-aaf0-8299f3449997), after_create {{(pid=113596) _notify_loop /usr/local/lib/python3.8/dist-packages/neutron_lib/callbacks/manager.py:176}}
Aug 31 07:46:11.090316 dv-neutron-841459-33-hyperv neutron-server[113595]: DEBUG dbcounter [-] [113595] Writing DB stats neutron:SELECT=90,neutron:INSERT=8,neutron:DELETE=1,neutron:UPDATE=1 {{(pid=113595) stat_writer /usr/local/lib/python3.8/dist-packages/dbcounter.py:114}}
Aug 31 07:46:11.097804 dv-neutron-841459-33-hyperv neutron-server[113595]: INFO neutron.wsgi [None req-ec6e5281-c530-4caa-949f-ad05280c732d tempest-MeteringIpV6TestJSON-299024236 tempest-MeteringIpV6TestJSON-299024236-project-admin] 10.222.0.26 "GET /networking/v2.0/metering/metering-labels?id=2149725b-2718-4dec-9fd9-6c5ccdd9f273 HTTP/1.1" status: 200 len: 467 time: 0.1447356
Aug 31 07:46:11.108663 dv-neutron-841459-33-hyperv neutron-server[113596]: DEBUG neutron.wsgi [-] (113596) accepted ('10.222.0.26', 46252) {{(pid=113596) server /usr/local/lib/python3.8/dist-packages/eventlet/wsgi.py:1004}}
Aug 31 07:46:11.135734 dv-neutron-841459-33-hyperv neutron-server[113596]: DEBUG dbcounter [-] [113596] Writing DB stats neutron:SELECT=87,neutron:INSERT=9,neutron:DELETE=2,neutron:UPDATE=2 {{(pid=113596) stat_writer /usr/local/lib/python3.8/dist-packages/dbcounter.py:114}}
Aug 31 07:46:11.136364 dv-neutron-841459-33-hyperv neutron-server[113595]: DEBUG neutron_lib.callbacks.manager [None req-cf93f3f4-db95-444d-b463-1d7846caf5a6 tempest-ExternalNetworksAdminNegativeTestJSON-524640288 tempest-ExternalNetworksAdminNegativeTestJSON-524640288-project-admin] Publish callbacks [] for port (85afa80d-e291-45f3-943e-a75574c095d6), precommit_create {{(pid=113595) _notify_loop /usr/local/lib/python3.8/dist-packages/neutron_lib/callbacks/manager.py:176}}
Aug 31 07:46:11.166226 dv-neutron-841459-33-hyperv neutron-server[113595]: DEBUG neutron_lib.callbacks.manager [None req-c7d43f90-cdd2-4cbe-be74-817d0a6289b6 admin admin] Publish callbacks [] for router_gateway (917d9e59-6436-4343-9527-c7a0ca8c9a2e), after_create {{(pid=113595) _notify_loop /usr/local/lib/python3.8/dist-packages/neutron_lib/callbacks/manager.py:176}}
Aug 31 07:46:11.170759 dv-neutron-841459-33-hyperv neutron-server[113596]: DEBUG neutron.scheduler.dhcp_agent_scheduler [None req-bd701d76-a909-4784-8812-4847bcab803a admin admin] Network e34b2bc9-fad4-417b-8a41-2292edb3fe56 is already hosted by enough agents. {{(pid=113596) _get_dhcp_agents_hosting_network /opt/stack/neutron/neutron/scheduler/dhcp_agent_scheduler.py:275}}
Aug 31 07:46:11.254242 dv-neutron-841459-33-hyperv neutron-server[113596]: DEBUG neutron.scheduler.base_scheduler [None req-bd701d76-a909-4784-8812-4847bcab803a admin admin] Resources bound (agent type, host, resource id): {{(pid=113596) schedule /opt/stack/neutron/neutron/scheduler/base_scheduler.py:57}}
Aug 31 07:46:11.257663 dv-neutron-841459-33-hyperv neutron-server[113596]: DEBUG neutron.db.l3_dvrscheduler_db [None req-bd701d76-a909-4784-8812-4847bcab803a admin admin] Received port after_create {{(pid=113596) _notify_l3_agent_new_port /opt/stack/neutron/neutron/db/l3_dvrscheduler_db.py:538}}
Aug 31 07:46:11.258425 dv-neutron-841459-33-hyperv neutron-server[113596]: DEBUG neutron_lib.callbacks.manager [None req-bd701d76-a909-4784-8812-4847bcab803a admin admin] Publish callbacks ['neutron.services.l3_router.l3_router_plugin.DVRResourceOperationHandler._add_csnat_on_interface_create-338947'] for router_interface (2b9c2a17-7e10-4b03-a9a9-583cc2bd70a7), before_create {{(pid=113596) _notify_loop /usr/local/lib/python3.8/dist-packages/neutron_lib/callbacks/manager.py:176}}
Aug 31 07:46:11.261156 dv-neutron-841459-33-hyperv neutron-server[113596]: DEBUG neutron.api.rpc.handlers.resources_rpc [None req-bd701d76-a909-4784-8812-4847bcab803a admin admin] Pushing event updated for resources: {'Port': ['ID=d210e690-a975-49ac-aaf0-8299f3449997,revision_number=1']} {{(pid=113596) push /opt/stack/neutron/neutron/api/rpc/handlers/resources_rpc.py:237}}
Aug 31 07:46:11.302171 dv-neutron-841459-33-hyperv neutron-server[113595]: DEBUG neutron_lib.callbacks.manager [None req-cf93f3f4-db95-444d-b463-1d7846caf5a6 tempest-ExternalNetworksAdminNegativeTestJSON-524640288 tempest-ExternalNetworksAdminNegativeTestJSON-524640288-project-admin] Publish callbacks ['neutron.plugins.ml2.plugin.SecurityGroupServerNotifierRpcMixin._notify_sg_on_port_change-1547114', 'neutron.plugins.ml2.ovo_rpc._ObjectChangeHandler.handle_event-211236', 'neutron.api.rpc.agentnotifiers.dhcp_rpc_agent_api.DhcpAgentNotifyAPI._native_event_send_dhcp_notification-554070', 'neutron.db.l3_dvrscheduler_db._notify_l3_agent_new_port-8785431088168'] for port (85afa80d-e291-45f3-943e-a75574c095d6), after_create {{(pid=113595) _notify_loop /usr/local/lib/python3.8/dist-packages/neutron_lib/callbacks/manager.py:176}}
Aug 31 07:46:11.431946 dv-neutron-841459-33-hyperv neutron-server[113595]: DEBUG dbcounter [-] [113595] Writing DB stats neutron:SELECT=91,neutron:UPDATE=5,neutron:INSERT=4 {{(pid=113595) stat_writer /usr/local/lib/python3.8/dist-packages/dbcounter.py:114}}
Aug 31 07:46:11.441230 dv-neutron-841459-33-hyperv neutron-server[113595]: DEBUG neutron.scheduler.dhcp_agent_scheduler [None req-cf93f3f4-db95-444d-b463-1d7846caf5a6 tempest-ExternalNetworksAdminNegativeTestJSON-524640288 tempest-ExternalNetworksAdminNegativeTestJSON-524640288-project-admin] Network 8079b950-b898-4209-a68f-51af986e0beb is already hosted by enough agents. {{(pid=113595) _get_dhcp_agents_hosting_network /opt/stack/neutron/neutron/scheduler/dhcp_agent_scheduler.py:275}}
Aug 31 07:46:11.449601 dv-neutron-841459-33-hyperv neutron-server[113595]: DEBUG neutron.scheduler.base_scheduler [None req-cf93f3f4-db95-444d-b463-1d7846caf5a6 tempest-ExternalNetworksAdminNegativeTestJSON-524640288 tempest-ExternalNetworksAdminNegativeTestJSON-524640288-project-admin] Resources bound (agent type, host, resource id): {{(pid=113595) schedule /opt/stack/neutron/neutron/scheduler/base_scheduler.py:57}}
Aug 31 07:46:11.490443 dv-neutron-841459-33-hyperv neutron-server[113595]: DEBUG neutron.api.rpc.handlers.resources_rpc [None req-cf93f3f4-db95-444d-b463-1d7846caf5a6 tempest-ExternalNetworksAdminNegativeTestJSON-524640288 tempest-ExternalNetworksAdminNegativeTestJSON-524640288-project-admin] Pushing event updated for resources: {'Port': ['ID=85afa80d-e291-45f3-943e-a75574c095d6,revision_number=1']} {{(pid=113595) push /opt/stack/neutron/neutron/api/rpc/handlers/resources_rpc.py:237}}
Aug 31 07:46:11.503242 dv-neutron-841459-33-hyperv neutron-server[113595]: DEBUG neutron.db.l3_dvrscheduler_db [None req-cf93f3f4-db95-444d-b463-1d7846caf5a6 tempest-ExternalNetworksAdminNegativeTestJSON-524640288 tempest-ExternalNetworksAdminNegativeTestJSON-524640288-project-admin] Received port after_create {{(pid=113595) _notify_l3_agent_new_port /opt/stack/neutron/neutron/db/l3_dvrscheduler_db.py:538}}
Aug 31 07:46:11.525246 dv-neutron-841459-33-hyperv neutron-server[113595]: DEBUG neutron.db.db_base_plugin_common [None req-d141963f-e516-4c29-962e-6b30b7914f8a tempest-FloatingIPAdminTestJSON-207946317 tempest-FloatingIPAdminTestJSON-207946317-project] Allocated IP 172.26.10.210 (8079b950-b898-4209-a68f-51af986e0beb/6a98152d-a89e-41ad-985b-2f0b42fe25a5/d4151e76-e606-45b1-bc2a-c505c52f5628) {{(pid=113595) _store_ip_allocation /opt/stack/neutron/neutron/db/db_base_plugin_common.py:131}}
Aug 31 07:46:11.603132 dv-neutron-841459-33-hyperv neutron-server[113596]: DEBUG neutron_lib.callbacks.manager [None req-6e7db8d9-809f-430d-a23d-40425e27aa9c tempest-ExternalNetworksTestJSON-1676401742 tempest-ExternalNetworksTestJSON-1676401742-project-admin] Publish callbacks [] for security_group (2040bc31-b7aa-4bb5-9438-632884067da5), precommit_create {{(pid=113596) _notify_loop /usr/local/lib/python3.8/dist-packages/neutron_lib/callbacks/manager.py:176}}
Aug 31 07:46:11.618309 dv-neutron-841459-33-hyperv neutron-server[113597]: DEBUG neutron.api.rpc.handlers.dhcp_rpc [None req-f308e9ef-6638-4b48-8340-1efabcdfa9b1 None None] Network 0ec28800-f19c-4d62-a34a-cd91b98e6ff8 requested from dv-neutron-841459-33-hyperv {{(pid=113597) get_network_info /opt/stack/neutron/neutron/api/rpc/handlers/dhcp_rpc.py:193}}
Aug 31 07:46:11.703781 dv-neutron-841459-33-hyperv neutron-server[113596]: DEBUG neutron_lib.callbacks.manager [None req-6e7db8d9-809f-430d-a23d-40425e27aa9c tempest-ExternalNetworksTestJSON-1676401742 tempest-ExternalNetworksTestJSON-1676401742-project-admin] Publish callbacks ['neutron.plugins.ml2.ovo_rpc._ObjectChangeHandler.handle_event-434572'] for security_group (2040bc31-b7aa-4bb5-9438-632884067da5), after_create {{(pid=113596) _notify_loop /usr/local/lib/python3.8/dist-packages/neutron_lib/callbacks/manager.py:176}}
Aug 31 07:46:11.735760 dv-neutron-841459-33-hyperv neutron-server[113597]: DEBUG neutron.db.provisioning_blocks [None req-52ca4f92-7d6c-474d-bf32-9b00154ea173 None None] Provisioning complete for port 9fa9c60e-362d-4316-9497-ce23d8f6a4c1 triggered by entity DHCP. {{(pid=113597) provisioning_complete /opt/stack/neutron/neutron/db/provisioning_blocks.py:144}}
Aug 31 07:46:11.736141 dv-neutron-841459-33-hyperv neutron-server[113597]: DEBUG neutron_lib.callbacks.manager [None req-52ca4f92-7d6c-474d-bf32-9b00154ea173 None None] Publish callbacks ['neutron.plugins.ml2.plugin.Ml2Plugin._port_provisioned-1406608'] for port (9fa9c60e-362d-4316-9497-ce23d8f6a4c1), provisioning_complete {{(pid=113597) _notify_loop /usr/local/lib/python3.8/dist-packages/neutron_lib/callbacks/manager.py:176}}
Aug 31 07:46:11.768498 dv-neutron-841459-33-hyperv neutron-server[113595]: DEBUG neutron_lib.callbacks.manager [None req-cf93f3f4-db95-444d-b463-1d7846caf5a6 tempest-ExternalNetworksAdminNegativeTestJSON-524640288 tempest-ExternalNetworksAdminNegativeTestJSON-524640288-project-admin] Publish callbacks [] for floatingip (564b22c9-921b-478f-b48f-a53336835a69), precommit_create {{(pid=113595) _notify_loop /usr/local/lib/python3.8/dist-packages/neutron_lib/callbacks/manager.py:176}}
Aug 31 07:46:11.789159 dv-neutron-841459-33-hyperv neutron-server[113597]: DEBUG neutron_lib.callbacks.manager [None req-09d133b2-67f8-440d-a749-c1358af2f6f7 None None] Publish callbacks ['neutron.services.segments.db._update_segment_host_mapping_for_agent-8785431523395', 'neutron.plugins.ml2.plugin.Ml2Plugin._retry_binding_revived_agents-1406714'] for agent (4b9bea34-5115-4a19-918b-ebed15b71360), after_update {{(pid=113597) _notify_loop /usr/local/lib/python3.8/dist-packages/neutron_lib/callbacks/manager.py:176}}
Aug 31 07:46:11.812198 dv-neutron-841459-33-hyperv neutron-server[113595]: DEBUG neutron_lib.callbacks.manager [None req-c7d43f90-cdd2-4cbe-be74-817d0a6289b6 admin admin] Publish callbacks ['neutron.services.l3_router.l3_router_plugin.L3_HA_NAT_db_mixin._after_router_create-504020', 'neutron.services.l3_router.l3_router_plugin.DVRResourceOperationHandler._create_snat_interfaces_after_change-495152'] for router (917d9e59-6436-4343-9527-c7a0ca8c9a2e), after_create {{(pid=113595) _notify_loop /usr/local/lib/python3.8/dist-packages/neutron_lib/callbacks/manager.py:176}}
Aug 31 07:46:11.864018 dv-neutron-841459-33-hyperv neutron-server[113596]: DEBUG neutron.plugins.ml2.drivers.helpers [None req-6e7db8d9-809f-430d-a23d-40425e27aa9c tempest-ExternalNetworksTestJSON-1676401742 tempest-ExternalNetworksTestJSON-1676401742-project-admin] vlan segment allocate from pool success with {'physical_network': 'physnet1', 'vlan_id': 406} {{(pid=113596) allocate_partially_specified_segment /opt/stack/neutron/neutron/plugins/ml2/drivers/helpers.py:153}}
Aug 31 07:46:11.873041 dv-neutron-841459-33-hyperv neutron-server[113596]: DEBUG neutron_lib.callbacks.manager [None req-85ee1462-dcb5-4e47-8baa-e0c11e5d83da tempest-MeteringIpV6TestJSON-299024236 tempest-MeteringIpV6TestJSON-299024236-project-admin] Publish callbacks [] for metering_label (None), before_response {{(pid=113596) _notify_loop /usr/local/lib/python3.8/dist-packages/neutron_lib/callbacks/manager.py:176}}
Aug 31 07:46:11.890667 dv-neutron-841459-33-hyperv neutron-server[113596]: INFO neutron.wsgi [None req-85ee1462-dcb5-4e47-8baa-e0c11e5d83da tempest-MeteringIpV6TestJSON-299024236 tempest-MeteringIpV6TestJSON-299024236-project-admin] 10.222.0.26 "DELETE /networking/v2.0/metering/metering-labels/2149725b-2718-4dec-9fd9-6c5ccdd9f273 HTTP/1.1" status: 204 len: 168 time: 0.7779901
Aug 31 07:46:11.905251 dv-neutron-841459-33-hyperv neutron-server[113596]: DEBUG neutron.wsgi [-] (113596) accepted ('10.222.0.26', 46256) {{(pid=113596) server /usr/local/lib/python3.8/dist-packages/eventlet/wsgi.py:1004}}
Aug 31 07:46:11.926374 dv-neutron-841459-33-hyperv neutron-server[113596]: DEBUG neutron.api.rpc.handlers.resources_rpc [None req-6e7db8d9-809f-430d-a23d-40425e27aa9c tempest-ExternalNetworksTestJSON-1676401742 tempest-ExternalNetworksTestJSON-1676401742-project-admin] Pushing event updated for resources: {'SecurityGroup': ['ID=2040bc31-b7aa-4bb5-9438-632884067da5,revision_number=1']} {{(pid=113596) push /opt/stack/neutron/neutron/api/rpc/handlers/resources_rpc.py:237}}
Aug 31 07:46:11.937376 dv-neutron-841459-33-hyperv neutron-server[113595]: DEBUG neutron_lib.callbacks.manager [None req-cf93f3f4-db95-444d-b463-1d7846caf5a6 tempest-ExternalNetworksAdminNegativeTestJSON-524640288 tempest-ExternalNetworksAdminNegativeTestJSON-524640288-project-admin] Publish callbacks ['neutron.plugins.ml2.plugin.SecurityGroupDbMixin._ensure_default_security_group_handler-1547045'] for port (85afa80d-e291-45f3-943e-a75574c095d6), before_update {{(pid=113595) _notify_loop /usr/local/lib/python3.8/dist-packages/neutron_lib/callbacks/manager.py:176}}
Aug 31 07:46:11.953102 dv-neutron-841459-33-hyperv neutron-server[113596]: DEBUG neutron_lib.callbacks.manager [None req-6e7db8d9-809f-430d-a23d-40425e27aa9c tempest-ExternalNetworksTestJSON-1676401742 tempest-ExternalNetworksTestJSON-1676401742-project-admin] Publish callbacks ['neutron.plugins.ml2.plugin.Ml2Plugin._handle_segment_change-1402149'] for segment (f7df9f49-40aa-4b03-a735-1501636ca88c), precommit_create {{(pid=113596) _notify_loop /usr/local/lib/python3.8/dist-packages/neutron_lib/callbacks/manager.py:176}}
Aug 31 07:46:11.953443 dv-neutron-841459-33-hyperv neutron-server[113596]: INFO neutron.db.segments_db [None req-6e7db8d9-809f-430d-a23d-40425e27aa9c tempest-ExternalNetworksTestJSON-1676401742 tempest-ExternalNetworksTestJSON-1676401742-project-admin] Added segment f7df9f49-40aa-4b03-a735-1501636ca88c of type vlan for network 078aac01-b1aa-44b9-91fe-cb9038bad6ff
Aug 31 07:46:12.043588 dv-neutron-841459-33-hyperv neutron-server[113596]: INFO neutron.wsgi [None req-ce31a1b4-e3a0-4877-8418-1304ea1201d3 tempest-MeteringIpV6TestJSON-299024236 tempest-MeteringIpV6TestJSON-299024236-project-admin] 10.222.0.26 "GET /networking/v2.0/metering/metering-labels?id=2149725b-2718-4dec-9fd9-6c5ccdd9f273 HTTP/1.1" status: 200 len: 216 time: 0.1317561
Aug 31 07:46:12.071516 dv-neutron-841459-33-hyperv neutron-server[113595]: DEBUG neutron.wsgi [-] (113595) accepted ('10.222.0.26', 46258) {{(pid=113595) server /usr/local/lib/python3.8/dist-packages/eventlet/wsgi.py:1004}}
Aug 31 07:46:12.081722 dv-neutron-841459-33-hyperv neutron-server[113595]: DEBUG neutron_lib.callbacks.manager [None req-d141963f-e516-4c29-962e-6b30b7914f8a tempest-FloatingIPAdminTestJSON-207946317 tempest-FloatingIPAdminTestJSON-207946317-project] Publish callbacks [] for port (d4151e76-e606-45b1-bc2a-c505c52f5628), precommit_create {{(pid=113595) _notify_loop /usr/local/lib/python3.8/dist-packages/neutron_lib/callbacks/manager.py:176}}
Aug 31 07:46:12.088958 dv-neutron-841459-33-hyperv neutron-server[113595]: DEBUG dbcounter [-] [113595] Writing DB stats neutron:SELECT=91,neutron:INSERT=5,neutron:UPDATE=4 {{(pid=113595) stat_writer /usr/local/lib/python3.8/dist-packages/dbcounter.py:114}}
Aug 31 07:46:12.143668 dv-neutron-841459-33-hyperv neutron-server[113595]: INFO neutron.wsgi [None req-11521303-923c-4d91-8d30-96c50831ef7a tempest-MeteringIpV6TestJSON-299024236 tempest-MeteringIpV6TestJSON-299024236-project-admin] 10.222.0.26 "GET /networking/v2.0/metering/metering-label-rules?id=33 HTTP/1.1" status: 200 len: 221 time: 0.0551090
Aug 31 07:46:12.157889 dv-neutron-841459-33-hyperv neutron-server[113595]: DEBUG neutron.wsgi [-] (113595) accepted ('10.222.0.26', 46260) {{(pid=113595) server /usr/local/lib/python3.8/dist-packages/eventlet/wsgi.py:1004}}
Aug 31 07:46:12.180143 dv-neutron-841459-33-hyperv neutron-server[113597]: DEBUG neutron.api.rpc.handlers.dhcp_rpc [None req-bc78b1c0-664e-4a7b-9020-f2fe35a0265f None None] Network 8b4f8b89-4c6c-4563-9e8c-234dc6b68201 requested from dv-neutron-841459-33-hyperv {{(pid=113597) get_network_info /opt/stack/neutron/neutron/api/rpc/handlers/dhcp_rpc.py:193}}
Aug 31 07:46:12.195037 dv-neutron-841459-33-hyperv neutron-server[113597]: DEBUG neutron.plugins.ml2.rpc [None req-e330eec9-1375-4562-b8e3-0e601946ecc7 None None] Device 9fa9c60e-362d-4316-9497-ce23d8f6a4c1 up at agent ovs-agent-dv-neutron-841459-33-hyperv {{(pid=113597) update_device_up /opt/stack/neutron/neutron/plugins/ml2/rpc.py:296}}
Aug 31 07:46:12.195505 dv-neutron-841459-33-hyperv neutron-server[113596]: DEBUG neutron_lib.callbacks.manager [None req-bd701d76-a909-4784-8812-4847bcab803a admin admin] Publish callbacks ['neutron.plugins.ml2.plugin.SecurityGroupDbMixin._ensure_default_security_group_handler-1547045'] for port (d210e690-a975-49ac-aaf0-8299f3449997), before_update {{(pid=113596) _notify_loop /usr/local/lib/python3.8/dist-packages/neutron_lib/callbacks/manager.py:176}}
Aug 31 07:46:12.217518 dv-neutron-841459-33-hyperv neutron-server[113596]: DEBUG neutron_lib.callbacks.manager [None req-6e7db8d9-809f-430d-a23d-40425e27aa9c tempest-ExternalNetworksTestJSON-1676401742 tempest-ExternalNetworksTestJSON-1676401742-project-admin] Publish callbacks ['neutron.services.auto_allocate.db._ensure_external_network_default_value_callback-8785431106151'] for network (078aac01-b1aa-44b9-91fe-cb9038bad6ff), precommit_create {{(pid=113596) _notify_loop /usr/local/lib/python3.8/dist-packages/neutron_lib/callbacks/manager.py:176}}
Aug 31 07:46:12.234768 dv-neutron-841459-33-hyperv neutron-server[113595]: INFO neutron.wsgi [None req-5d83f0c1-d4df-4662-916a-b3019ca5691c tempest-MeteringIpV6TestJSON-299024236 tempest-MeteringIpV6TestJSON-299024236-project-admin] 10.222.0.26 "GET /networking/v2.0/metering/metering-labels?id=33 HTTP/1.1" status: 200 len: 216 time: 0.0726500
Aug 31 07:46:12.246497 dv-neutron-841459-33-hyperv neutron-server[113595]: DEBUG neutron.wsgi [-] (113595) accepted ('10.222.0.26', 46264) {{(pid=113595) server /usr/local/lib/python3.8/dist-packages/eventlet/wsgi.py:1004}}
Aug 31 07:46:12.281391 dv-neutron-841459-33-hyperv neutron-server[113597]: DEBUG neutron_lib.callbacks.manager [None req-e330eec9-1375-4562-b8e3-0e601946ecc7 None None] Publish callbacks ['neutron.services.segments.db._update_segment_host_mapping_for_agent-8785431523395', 'neutron.plugins.ml2.plugin.Ml2Plugin._retry_binding_revived_agents-1406714'] for agent (3ca0bb33-e6d4-429d-88de-b8fc88d8ed77), after_update {{(pid=113597) _notify_loop /usr/local/lib/python3.8/dist-packages/neutron_lib/callbacks/manager.py:176}}
Aug 31 07:46:12.286847 dv-neutron-841459-33-hyperv neutron-server[113596]: DEBUG dbcounter [-] [113596] Writing DB stats neutron:SELECT=79,neutron:INSERT=15,neutron:UPDATE=5,neutron:DELETE=1 {{(pid=113596) stat_writer /usr/local/lib/python3.8/dist-packages/dbcounter.py:114}}
Aug 31 07:46:12.359739 dv-neutron-841459-33-hyperv neutron-server[113597]: DEBUG dbcounter [-] [113597] Writing DB stats neutron:SELECT=96,neutron:UPDATE=4 {{(pid=113597) stat_writer /usr/local/lib/python3.8/dist-packages/dbcounter.py:114}}
Aug 31 07:46:12.360880 dv-neutron-841459-33-hyperv neutron-server[113595]: DEBUG neutron_lib.callbacks.manager [None req-d141963f-e516-4c29-962e-6b30b7914f8a tempest-FloatingIPAdminTestJSON-207946317 tempest-FloatingIPAdminTestJSON-207946317-project] Publish callbacks ['neutron.plugins.ml2.plugin.SecurityGroupServerNotifierRpcMixin._notify_sg_on_port_change-1547114', 'neutron.plugins.ml2.ovo_rpc._ObjectChangeHandler.handle_event-211236', 'neutron.api.rpc.agentnotifiers.dhcp_rpc_agent_api.DhcpAgentNotifyAPI._native_event_send_dhcp_notification-554070', 'neutron.db.l3_dvrscheduler_db._notify_l3_agent_new_port-8785431088168'] for port (d4151e76-e606-45b1-bc2a-c505c52f5628), after_create {{(pid=113595) _notify_loop /usr/local/lib/python3.8/dist-packages/neutron_lib/callbacks/manager.py:176}}
Aug 31 07:46:12.364019 dv-neutron-841459-33-hyperv neutron-server[113597]: DEBUG neutron.plugins.ml2.plugin [None req-52ca4f92-7d6c-474d-bf32-9b00154ea173 None None] Current status of the port 9fa9c60e-362d-4316-9497-ce23d8f6a4c1 is: DOWN; New status is: ACTIVE {{(pid=113597) _update_individual_port_db_status /opt/stack/neutron/neutron/plugins/ml2/plugin.py:2302}}
Aug 31 07:46:12.364397 dv-neutron-841459-33-hyperv neutron-server[113597]: DEBUG neutron_lib.callbacks.manager [None req-52ca4f92-7d6c-474d-bf32-9b00154ea173 None None] Publish callbacks ['neutron.plugins.ml2.plugin.SecurityGroupDbMixin._ensure_default_security_group_handler-1547045'] for port (9fa9c60e-362d-4316-9497-ce23d8f6a4c1), before_update {{(pid=113597) _notify_loop /usr/local/lib/python3.8/dist-packages/neutron_lib/callbacks/manager.py:176}}
Aug 31 07:46:12.376147 dv-neutron-841459-33-hyperv neutron-server[113595]: INFO neutron.wsgi [None req-f8b096f6-2bf3-4230-9644-aacfdff1abab tempest-MeteringIpV6TestJSON-299024236 tempest-MeteringIpV6TestJSON-299024236-project-admin] 10.222.0.26 "GET /networking/v2.0/metering/metering-labels/4dc3b698-326a-410a-8783-958b4182eb71 HTTP/1.1" status: 200 len: 472 time: 0.1248560
Aug 31 07:46:12.384029 dv-neutron-841459-33-hyperv neutron-server[113595]: DEBUG neutron.wsgi [-] (113595) accepted ('10.222.0.26', 46266) {{(pid=113595) server /usr/local/lib/python3.8/dist-packages/eventlet/wsgi.py:1004}}
Aug 31 07:46:12.445591 dv-neutron-841459-33-hyperv neutron-server[113595]: INFO neutron.wsgi [None req-88b83886-691d-4f7a-afe2-c2b71ebfcdd0 tempest-MeteringIpV6TestJSON-299024236 tempest-MeteringIpV6TestJSON-299024236-project-admin] 10.222.0.26 "GET /networking/v2.0/metering/metering-label-rules/f3101b70-7af8-4b5e-9e12-62edf641a608 HTTP/1.1" status: 200 len: 459 time: 0.0489242
Aug 31 07:46:12.454117 dv-neutron-841459-33-hyperv neutron-server[113595]: DEBUG neutron.scheduler.dhcp_agent_scheduler [None req-d141963f-e516-4c29-962e-6b30b7914f8a tempest-FloatingIPAdminTestJSON-207946317 tempest-FloatingIPAdminTestJSON-207946317-project] Network 8079b950-b898-4209-a68f-51af986e0beb is already hosted by enough agents. {{(pid=113595) _get_dhcp_agents_hosting_network /opt/stack/neutron/neutron/scheduler/dhcp_agent_scheduler.py:275}}
Aug 31 07:46:12.463952 dv-neutron-841459-33-hyperv neutron-server[113595]: DEBUG neutron.wsgi [-] (113595) accepted ('10.222.0.26', 46268) {{(pid=113595) server /usr/local/lib/python3.8/dist-packages/eventlet/wsgi.py:1004}}
Aug 31 07:46:12.472909 dv-neutron-841459-33-hyperv neutron-server[113597]: DEBUG neutron.db.provisioning_blocks [None req-e330eec9-1375-4562-b8e3-0e601946ecc7 None None] Provisioning complete for port 9fa9c60e-362d-4316-9497-ce23d8f6a4c1 triggered by entity L2. {{(pid=113597) provisioning_complete /opt/stack/neutron/neutron/db/provisioning_blocks.py:144}}
Aug 31 07:46:12.473529 dv-neutron-841459-33-hyperv neutron-server[113597]: DEBUG neutron_lib.callbacks.manager [None req-e330eec9-1375-4562-b8e3-0e601946ecc7 None None] Publish callbacks ['neutron.plugins.ml2.plugin.Ml2Plugin._port_provisioned-1406608'] for port (9fa9c60e-362d-4316-9497-ce23d8f6a4c1), provisioning_complete {{(pid=113597) _notify_loop /usr/local/lib/python3.8/dist-packages/neutron_lib/callbacks/manager.py:176}}
Aug 31 07:46:12.476659 dv-neutron-841459-33-hyperv neutron-server[113595]: DEBUG neutron.scheduler.base_scheduler [None req-d141963f-e516-4c29-962e-6b30b7914f8a tempest-FloatingIPAdminTestJSON-207946317 tempest-FloatingIPAdminTestJSON-207946317-project] Resources bound (agent type, host, resource id): {{(pid=113595) schedule /opt/stack/neutron/neutron/scheduler/base_scheduler.py:57}}
Aug 31 07:46:12.481576 dv-neutron-841459-33-hyperv neutron-server[113595]: DEBUG neutron_lib.callbacks.manager [None req-cf93f3f4-db95-444d-b463-1d7846caf5a6 tempest-ExternalNetworksAdminNegativeTestJSON-524640288 tempest-ExternalNetworksAdminNegativeTestJSON-524640288-project-admin] Publish callbacks [] for port (85afa80d-e291-45f3-943e-a75574c095d6), precommit_update {{(pid=113595) _notify_loop /usr/local/lib/python3.8/dist-packages/neutron_lib/callbacks/manager.py:176}}
Aug 31 07:46:12.482642 dv-neutron-841459-33-hyperv neutron-server[113597]: DEBUG neutron.plugins.ml2.db [None req-52ca4f92-7d6c-474d-bf32-9b00154ea173 None None] For port 9fa9c60e-362d-4316-9497-ce23d8f6a4c1, host dv-neutron-841459-33-hyperv, got binding levels [PortBindingLevel(driver='openvswitch',host='dv-neutron-841459-33-hyperv',level=0,port_id=9fa9c60e-362d-4316-9497-ce23d8f6a4c1,segment=NetworkSegment(81cc72c9-03fe-49e0-bafa-099ee56a2935),segment_id=81cc72c9-03fe-49e0-bafa-099ee56a2935)] {{(pid=113597) get_binding_level_objs /opt/stack/neutron/neutron/plugins/ml2/db.py:74}}
Aug 31 07:46:12.488062 dv-neutron-841459-33-hyperv neutron-server[113595]: DEBUG neutron.scheduler.l3_agent_scheduler [None req-c7d43f90-cdd2-4cbe-be74-817d0a6289b6 admin admin] Router 917d9e59-6436-4343-9527-c7a0ca8c9a2e is scheduled to L3 agent f67376fa-a04a-4d8e-bcd7-d4aff0ed668c with binding_index 1 {{(pid=113595) bind_router /opt/stack/neutron/neutron/scheduler/l3_agent_scheduler.py:209}}
Aug 31 07:46:12.490679 dv-neutron-841459-33-hyperv neutron-server[113595]: DEBUG neutron.db.l3_dvrscheduler_db [None req-d141963f-e516-4c29-962e-6b30b7914f8a tempest-FloatingIPAdminTestJSON-207946317 tempest-FloatingIPAdminTestJSON-207946317-project] Received port after_create {{(pid=113595) _notify_l3_agent_new_port /opt/stack/neutron/neutron/db/l3_dvrscheduler_db.py:538}}
Aug 31 07:46:12.503524 dv-neutron-841459-33-hyperv neutron-server[113595]: DEBUG dbcounter [-] [113595] Writing DB stats neutron:UPDATE=1,neutron:SELECT=97,neutron:INSERT=2 {{(pid=113595) stat_writer /usr/local/lib/python3.8/dist-packages/dbcounter.py:114}}
Aug 31 07:46:12.504461 dv-neutron-841459-33-hyperv neutron-server[113595]: DEBUG neutron_lib.callbacks.manager [None req-cf93f3f4-db95-444d-b463-1d7846caf5a6 tempest-ExternalNetworksAdminNegativeTestJSON-524640288 tempest-ExternalNetworksAdminNegativeTestJSON-524640288-project-admin] Publish callbacks ['neutron.plugins.ml2.plugin.SecurityGroupServerNotifierRpcMixin._notify_sg_on_port_change-1547114', 'neutron.plugins.ml2.ovo_rpc._ObjectChangeHandler.handle_event-211236', 'neutron.api.rpc.agentnotifiers.dhcp_rpc_agent_api.DhcpAgentNotifyAPI._native_event_send_dhcp_notification-554070', 'neutron.db.l3_db.L3RpcNotifierMixin._notify_gateway_port_ip_changed-8785431466626', 'neutron.db.l3_dvrscheduler_db._notify_l3_agent_port_update-8785431088186', 'neutron.db.l3_hascheduler_db._notify_l3_agent_ha_port_update-8785431088204'] for port (85afa80d-e291-45f3-943e-a75574c095d6), after_update {{(pid=113595) _notify_loop /usr/local/lib/python3.8/dist-packages/neutron_lib/callbacks/manager.py:176}}
Aug 31 07:46:12.505153 dv-neutron-841459-33-hyperv neutron-server[113595]: DEBUG neutron_lib.callbacks.manager [None req-cf93f3f4-db95-444d-b463-1d7846caf5a6 tempest-ExternalNetworksAdminNegativeTestJSON-524640288 tempest-ExternalNetworksAdminNegativeTestJSON-524640288-project-admin] Publish callbacks ['neutron.services.l3_router.l3_router_plugin.DVRResourceOperationHandler._create_dvr_floating_gw_port-495242'] for floatingip (564b22c9-921b-478f-b48f-a53336835a69), after_create {{(pid=113595) _notify_loop /usr/local/lib/python3.8/dist-packages/neutron_lib/callbacks/manager.py:176}}
Aug 31 07:46:12.507922 dv-neutron-841459-33-hyperv neutron-server[113595]: DEBUG neutron.api.rpc.handlers.resources_rpc [None req-d141963f-e516-4c29-962e-6b30b7914f8a tempest-FloatingIPAdminTestJSON-207946317 tempest-FloatingIPAdminTestJSON-207946317-project] Pushing event updated for resources: {'Port': ['ID=d4151e76-e606-45b1-bc2a-c505c52f5628,revision_number=1']} {{(pid=113595) push /opt/stack/neutron/neutron/api/rpc/handlers/resources_rpc.py:237}}
Aug 31 07:46:12.519661 dv-neutron-841459-33-hyperv neutron-server[113597]: DEBUG neutron_lib.callbacks.manager [None req-52ca4f92-7d6c-474d-bf32-9b00154ea173 None None] Publish callbacks ['neutron.plugins.ml2.plugin.SecurityGroupServerNotifierRpcMixin._notify_sg_on_port_change-1547114', 'neutron.plugins.ml2.ovo_rpc._ObjectChangeHandler.handle_event-211236', 'neutron.api.rpc.agentnotifiers.dhcp_rpc_agent_api.DhcpAgentNotifyAPI._native_event_send_dhcp_notification-554070', 'neutron.db.l3_db.L3RpcNotifierMixin._notify_gateway_port_ip_changed-8785431466626', 'neutron.db.l3_dvrscheduler_db._notify_l3_agent_port_update-8785431088186', 'neutron.db.l3_hascheduler_db._notify_l3_agent_ha_port_update-8785431088204'] for port (9fa9c60e-362d-4316-9497-ce23d8f6a4c1), after_update {{(pid=113597) _notify_loop /usr/local/lib/python3.8/dist-packages/neutron_lib/callbacks/manager.py:176}}
Aug 31 07:46:12.531287 dv-neutron-841459-33-hyperv neutron-server[113597]: DEBUG dbcounter [-] [113597] Writing DB stats neutron:SELECT=95,neutron:UPDATE=4,neutron:INSERT=1 {{(pid=113597) stat_writer /usr/local/lib/python3.8/dist-packages/dbcounter.py:114}}
Aug 31 07:46:12.559159 dv-neutron-841459-33-hyperv neutron-server[113596]: DEBUG neutron_lib.db.resource_extend [None req-6e7db8d9-809f-430d-a23d-40425e27aa9c tempest-ExternalNetworksTestJSON-1676401742 tempest-ExternalNetworksTestJSON-1676401742-project-admin] It took 0.31 seconds to run function 'neutron_lib.db.resource_extend.apply_funcs' {{(pid=113596) wrapper /usr/local/lib/python3.8/dist-packages/oslo_utils/timeutils.py:322}}
Aug 31 07:46:12.619454 dv-neutron-841459-33-hyperv neutron-server[113597]: DEBUG neutron.api.rpc.handlers.resources_rpc [None req-52ca4f92-7d6c-474d-bf32-9b00154ea173 None None] Pushing event updated for resources: {'Port': ['ID=9fa9c60e-362d-4316-9497-ce23d8f6a4c1,revision_number=3']} {{(pid=113597) push /opt/stack/neutron/neutron/api/rpc/handlers/resources_rpc.py:237}}
Aug 31 07:46:12.636287 dv-neutron-841459-33-hyperv neutron-server[113596]: DEBUG neutron_lib.callbacks.manager [None req-6e7db8d9-809f-430d-a23d-40425e27aa9c tempest-ExternalNetworksTestJSON-1676401742 tempest-ExternalNetworksTestJSON-1676401742-project-admin] Publish callbacks ['neutron.plugins.ml2.ovo_rpc._ObjectChangeHandler.handle_event-440123', 'neutron.api.rpc.agentnotifiers.dhcp_rpc_agent_api.DhcpAgentNotifyAPI._native_event_send_dhcp_notification-554070'] for network (078aac01-b1aa-44b9-91fe-cb9038bad6ff), after_create {{(pid=113596) _notify_loop /usr/local/lib/python3.8/dist-packages/neutron_lib/callbacks/manager.py:176}}
Aug 31 07:46:12.637150 dv-neutron-841459-33-hyperv neutron-server[113596]: DEBUG neutron.pecan_wsgi.hooks.policy_enforcement [None req-6e7db8d9-809f-430d-a23d-40425e27aa9c tempest-ExternalNetworksTestJSON-1676401742 tempest-ExternalNetworksTestJSON-1676401742-project-admin] Attributes excluded by policy engine: ['standard_attr_id', 'vlan_transparent'] {{(pid=113596) _exclude_attributes_by_policy /opt/stack/neutron/neutron/pecan_wsgi/hooks/policy_enforcement.py:259}}
