May 23 11:25:50.770083 dv-neutron-841459-3-hyperv neutron-server[104514]: DEBUG neutron.db.l3_hamode_db [None req-bbddb3a5-ab46-4823-bb26-80ed9fe23a30 None None] neutron.services.l3_router.l3_router_plugin.L3RouterPlugin method get_ha_sync_data_for_host called with arguments (, 'dv-neutron-841459-3-hyperv', Agent(admin_state_up=True,agent_type='L3 agent',availability_zone='nova',binary='neutron-l3-agent',configurations={"agent_mode": "legacy", "ex_gw_ports": 1, "extensions": [], "floating_ips": 0, "handle_internal_only_routers": true, "interface_driver": "openvswitch", "interfaces": 1, "log_agent_heartbeats": false, "routers": 1},created_at=2022-05-23T11:17:29Z,description=,heartbeat_timestamp=2022-05-23T11:25:29Z,host='dv-neutron-841459-3-hyperv',id=4d234bb7-9545-4017-9ef0-aca930649f68,load=0,resource_versions=,resources_synced=,started_at=2022-05-23T11:17:29Z,topic='l3_agent')) {'router_ids': ['2624795f-382c-4449-9c20-38abe6b1cf06'], 'active': True} {{(pid=104514) wrapper /usr/local/lib/python3.8/dist-packages/oslo_log/helpers.py:65}}
May 23 11:25:50.850764 dv-neutron-841459-3-hyperv neutron-server[104511]: DEBUG neutron.api.rpc.handlers.resources_rpc [None req-bf0d5271-8900-4475-9c43-b669f63dd23a admin admin] Pushing event updated for resources: {'SecurityGroup': ['ID=d31a29f5-1169-4fa4-ad59-c3d6ecadae07,revision_number=1']} {{(pid=104511) push /opt/stack/neutron/neutron/api/rpc/handlers/resources_rpc.py:237}}
May 23 11:25:50.851489 dv-neutron-841459-3-hyperv neutron-server[104512]: DEBUG neutron.services.segments.db [None req-e8168bc8-18b1-4e70-bff6-a3284380972a tempest-ExternalNetworksTestJSON-46251925 tempest-ExternalNetworksTestJSON-46251925-project-admin] neutron.services.segments.plugin.Plugin method get_segments called with arguments (,) {'filters': {'network_id': ['177f8893-505e-4f3f-851b-48c1e302c562']}} {{(pid=104512) wrapper /usr/local/lib/python3.8/dist-packages/oslo_log/helpers.py:65}}
May 23 11:25:50.895990 dv-neutron-841459-3-hyperv neutron-server[104512]: DEBUG neutron.services.segments.db [None req-e8168bc8-18b1-4e70-bff6-a3284380972a tempest-ExternalNetworksTestJSON-46251925 tempest-ExternalNetworksTestJSON-46251925-project-admin] neutron.services.segments.plugin.Plugin method delete_segment called with arguments (, 'ce793d11-1d20-477b-9595-708a687f7fac') {'for_net_delete': True} {{(pid=104512) wrapper /usr/local/lib/python3.8/dist-packages/oslo_log/helpers.py:65}}
May 23 11:25:50.895990 dv-neutron-841459-3-hyperv neutron-server[104512]: DEBUG neutron.services.segments.db [None req-e8168bc8-18b1-4e70-bff6-a3284380972a tempest-ExternalNetworksTestJSON-46251925 tempest-ExternalNetworksTestJSON-46251925-project-admin] neutron.services.segments.plugin.Plugin method get_segment called with arguments (, 'ce793d11-1d20-477b-9595-708a687f7fac') {} {{(pid=104512) wrapper /usr/local/lib/python3.8/dist-packages/oslo_log/helpers.py:65}}
May 23 11:25:50.906935 dv-neutron-841459-3-hyperv neutron-server[104511]: DEBUG neutron_lib.callbacks.manager [None req-5651696d-41b7-49a1-bbf4-fa05d17d5afa admin admin] Publish callbacks ['neutron.plugins.ml2.ovo_rpc._ObjectChangeHandler.handle_event-997383'] for security_group (5ae70de6-7b61-4002-a617-b256a8cb4db3), after_delete {{(pid=104511) _notify_loop /usr/local/lib/python3.8/dist-packages/neutron_lib/callbacks/manager.py:176}}
May 23 11:25:50.915192 dv-neutron-841459-3-hyperv neutron-server[104511]: DEBUG neutron_lib.callbacks.manager [None req-5651696d-41b7-49a1-bbf4-fa05d17d5afa admin admin] Publish callbacks [] for security_group (None), before_response {{(pid=104511) _notify_loop /usr/local/lib/python3.8/dist-packages/neutron_lib/callbacks/manager.py:176}}
May 23 11:25:50.916799 dv-neutron-841459-3-hyperv neutron-server[104511]: INFO neutron.wsgi [None req-5651696d-41b7-49a1-bbf4-fa05d17d5afa admin admin] 10.222.0.90 "DELETE /v2.0/security-groups/5ae70de6-7b61-4002-a617-b256a8cb4db3 HTTP/1.1" status: 204 len: 168 time: 2.3506284
May 23 11:25:50.924460 dv-neutron-841459-3-hyperv neutron-server[104514]: DEBUG neutron.db.l3_dvr_db [None req-bbddb3a5-ab46-4823-bb26-80ed9fe23a30 None None] Set router 2624795f-382c-4449-9c20-38abe6b1cf06 gateway port host: dv-neutron-841459-3-hyperv {{(pid=104514) _build_routers_list /opt/stack/neutron/neutron/db/l3_dvr_db.py:906}}
May 23 11:25:50.962699 dv-neutron-841459-3-hyperv neutron-server[104512]: DEBUG neutron_lib.callbacks.manager [None req-e8168bc8-18b1-4e70-bff6-a3284380972a tempest-ExternalNetworksTestJSON-46251925 tempest-ExternalNetworksTestJSON-46251925-project-admin] Publish callbacks ['neutron.plugins.ml2.db._prevent_segment_delete_with_port_bound-8749151105904', 'neutron.services.segments.plugin.Plugin._prevent_segment_delete_with_subnet_associated-64262136'] for segment (ce793d11-1d20-477b-9595-708a687f7fac), before_delete {{(pid=104512) _notify_loop /usr/local/lib/python3.8/dist-packages/neutron_lib/callbacks/manager.py:176}}
May 23 11:25:51.041292 dv-neutron-841459-3-hyperv neutron-server[104512]: DEBUG neutron_lib.callbacks.manager [None req-4b02b161-c447-4b0f-8b18-f93c8a49002a admin admin] Publish callbacks [] for security_group (d31a29f5-1169-4fa4-ad59-c3d6ecadae07), before_delete {{(pid=104512) _notify_loop /usr/local/lib/python3.8/dist-packages/neutron_lib/callbacks/manager.py:176}}
May 23 11:25:51.050346 dv-neutron-841459-3-hyperv neutron-server[104511]: DEBUG neutron.api.rpc.handlers.resources_rpc [None req-5651696d-41b7-49a1-bbf4-fa05d17d5afa admin admin] Pushing event deleted for resources: {'SecurityGroup': ['ID=5ae70de6-7b61-4002-a617-b256a8cb4db3,revision_number=None']} {{(pid=104511) push /opt/stack/neutron/neutron/api/rpc/handlers/resources_rpc.py:237}}
May 23 11:25:51.153389 dv-neutron-841459-3-hyperv neutron-server[104512]: DEBUG neutron_lib.callbacks.manager [None req-e8168bc8-18b1-4e70-bff6-a3284380972a tempest-ExternalNetworksTestJSON-46251925 tempest-ExternalNetworksTestJSON-46251925-project-admin] Publish callbacks ['neutron.plugins.ml2.plugin.Ml2Plugin._handle_segment_change-1904552'] for segment (ce793d11-1d20-477b-9595-708a687f7fac), precommit_delete {{(pid=104512) _notify_loop /usr/local/lib/python3.8/dist-packages/neutron_lib/callbacks/manager.py:176}}
May 23 11:25:51.209970 dv-neutron-841459-3-hyperv neutron-server[104512]: DEBUG neutron.plugins.ml2.drivers.type_vlan [None req-e8168bc8-18b1-4e70-bff6-a3284380972a tempest-ExternalNetworksTestJSON-46251925 tempest-ExternalNetworksTestJSON-46251925-project-admin] Releasing vlan 715 on physical network physnet1 to pool {{(pid=104512) release_segment /opt/stack/neutron/neutron/plugins/ml2/drivers/type_vlan.py:304}}
May 23 11:25:51.210438 dv-neutron-841459-3-hyperv neutron-server[104512]: DEBUG neutron_lib.callbacks.manager [None req-e8168bc8-18b1-4e70-bff6-a3284380972a tempest-ExternalNetworksTestJSON-46251925 tempest-ExternalNetworksTestJSON-46251925-project-admin] Publish callbacks ['neutron.plugins.ml2.plugin.Ml2Plugin._handle_segment_change-1904552', 'neutron.services.segments.plugin.NovaSegmentNotifier._notify_segment_deleted-65542499'] for segment (ce793d11-1d20-477b-9595-708a687f7fac), after_delete {{(pid=104512) _notify_loop /usr/local/lib/python3.8/dist-packages/neutron_lib/callbacks/manager.py:176}}
May 23 11:25:51.237039 dv-neutron-841459-3-hyperv neutron-server[104511]: DEBUG neutron_lib.callbacks.manager [None req-fa93aa3e-ad91-422b-85d4-f11d379dfe20 admin admin] Publish callbacks ['neutron.plugins.ml2.plugin.SecurityGroupDbMixin._ensure_default_security_group_handler-2092238'] for port (None), before_create {{(pid=104511) _notify_loop /usr/local/lib/python3.8/dist-packages/neutron_lib/callbacks/manager.py:176}}
May 23 11:25:51.297689 dv-neutron-841459-3-hyperv neutron-server[104511]: INFO neutron.wsgi [None req-aecac11b-6e4c-40a9-8c7f-ec0758381c99 tempest-DHCPAgentSchedulersTestJSON-750189510 tempest-DHCPAgentSchedulersTestJSON-750189510-project-admin] 10.222.0.90 "GET /v2.0/agents HTTP/1.1" status: 200 len: 4560 time: 0.8637640
May 23 11:25:51.310145 dv-neutron-841459-3-hyperv neutron-server[104514]: DEBUG neutron.db.l3_hamode_db [None req-bbddb3a5-ab46-4823-bb26-80ed9fe23a30 None None] neutron.services.l3_router.l3_router_plugin.L3RouterPlugin method _process_sync_ha_data called with arguments (, [{'id': '2624795f-382c-4449-9c20-38abe6b1cf06', 'name': 'tempest-ServersTestManualDisk-36132032-router', 'tenant_id': '504b3e92aabf41bfb30afe3d04ae2577', 'admin_state_up': True, 'status': 'ACTIVE', 'external_gateway_info': {'network_id': 'f825919a-e016-4aa2-af17-7aaa3aa70956', 'external_fixed_ips': [{'subnet_id': 'b89e300f-4093-4bcb-b812-a3aa6e6a2a90', 'ip_address': '172.26.3.71'}], 'enable_snat': True}, 'gw_port_id': 'b05de515-ca12-43d8-98ee-47141c86aad0', 'description': '', 'availability_zones': ['nova'], 'distributed': False, 'ha': False, 'ha_vr_id': 0, 'availability_zone_hints': [], 'routes': [], 'flavor_id': None, 'tags': [], 'created_at': '2022-05-23T11:25:38Z', 'updated_at': '2022-05-23T11:25:43Z', 'revision_number': 3, 'project_id': '504b3e92aabf41bfb30afe3d04ae2577', 'gw_port': {'id': 'b05de515-ca12-43d8-98ee-47141c86aad0', 'name': '', 'network_id': 'f825919a-e016-4aa2-af17-7aaa3aa70956', 'tenant_id': '', 'mac_address': 'fa:16:3e:d9:fe:4f', 'admin_state_up': True, 'status': 'DOWN', 'device_id': '2624795f-382c-4449-9c20-38abe6b1cf06', 'device_owner': 'network:router_gateway', 'standard_attr_id': 106, 'fixed_ips': [{'subnet_id': 'b89e300f-4093-4bcb-b812-a3aa6e6a2a90', 'ip_address': '172.26.3.71', 'prefixlen': 24}], 'allowed_address_pairs': [], 'extra_dhcp_opts': [], 'security_groups': [], 'description': '', 'binding:vnic_type': 'normal', 'binding:profile': {}, 'binding:host_id': 'dv-neutron-841459-3-hyperv', 'binding:vif_type': 'ovs', 'binding:vif_details': {'connectivity': 'l2', 'port_filter': True, 'ovs_hybrid_plug': False, 'datapath_type': 'system', 'bridge_name': 'br-int', 'bound_drivers': {'0': 'openvswitch'}}, 'port_security_enabled': False, 'tags': [], 'created_at': '2022-05-23T11:25:41Z', 'updated_at': '2022-05-23T11:25:50Z', 'revision_number': 3, 'project_id': '', 'subnets': [{'id': 'b89e300f-4093-4bcb-b812-a3aa6e6a2a90', 'cidr': '172.26.3.0/24', 'gateway_ip': '172.26.3.1', 'dns_nameservers': [], 'ipv6_ra_mode': None, 'subnetpool_id': None}], 'extra_subnets': [], 'address_scopes': {4: None, 6: None}, 'mtu': 1500}, 'enable_snat': True, 'gw_port_host': 'dv-neutron-841459-3-hyperv'}], 'dv-neutron-841459-3-hyperv', False) {} {{(pid=104514) wrapper /usr/local/lib/python3.8/dist-packages/oslo_log/helpers.py:65}}
May 23 11:25:51.313817 dv-neutron-841459-3-hyperv neutron-server[104511]: DEBUG neutron.wsgi [-] (104511) accepted ('10.222.0.90', 54672) {{(pid=104511) server /usr/local/lib/python3.8/dist-packages/eventlet/wsgi.py:1004}}
May 23 11:25:51.314479 dv-neutron-841459-3-hyperv neutron-server[104511]: DEBUG dbcounter [-] [104511] Writing DB stats neutron:SELECT=94,neutron:DELETE=4,neutron:INSERT=2 {{(pid=104511) stat_writer /usr/local/lib/python3.8/dist-packages/dbcounter.py:114}}
May 23 11:25:51.340715 dv-neutron-841459-3-hyperv neutron-server[104511]: DEBUG neutron.api.v2.base [None req-6826b2fe-6e53-4c2d-801b-55d15ac358c1 tempest-DHCPAgentSchedulersTestJSON-354986309 tempest-DHCPAgentSchedulersTestJSON-354986309-project] Request body: {'network': {'name': 'tempest-DHCPAgentSchedulersTestJSON-test-network-339720350'}} {{(pid=104511) prepare_request_body /opt/stack/neutron/neutron/api/v2/base.py:730}}
May 23 11:25:51.376694 dv-neutron-841459-3-hyperv neutron-server[104514]: DEBUG neutron.api.rpc.handlers.l3_rpc [None req-bbddb3a5-ab46-4823-bb26-80ed9fe23a30 None None] The sync data for ids ['2624795f-382c-4449-9c20-38abe6b1cf06'] in dv-neutron-841459-3-hyperv is: [{'id': '2624795f-382c-4449-9c20-38abe6b1cf06', 'name': 'tempest-ServersTestManualDisk-36132032-router', 'tenant_id': '504b3e92aabf41bfb30afe3d04ae2577', 'admin_state_up': True, 'status': 'ACTIVE', 'external_gateway_info': {'network_id': 'f825919a-e016-4aa2-af17-7aaa3aa70956', 'external_fixed_ips': [{'subnet_id': 'b89e300f-4093-4bcb-b812-a3aa6e6a2a90', 'ip_address': '172.26.3.71'}], 'enable_snat': True}, 'gw_port_id': 'b05de515-ca12-43d8-98ee-47141c86aad0', 'description': '', 'availability_zones': ['nova'], 'distributed': False, 'ha': False, 'ha_vr_id': 0, 'availability_zone_hints': [], 'routes': [], 'flavor_id': None, 'tags': [], 'created_at': '2022-05-23T11:25:38Z', 'updated_at': '2022-05-23T11:25:43Z', 'revision_number': 3, 'project_id': '504b3e92aabf41bfb30afe3d04ae2577', 'gw_port': {'id': 'b05de515-ca12-43d8-98ee-47141c86aad0', 'name': '', 'network_id': 'f825919a-e016-4aa2-af17-7aaa3aa70956', 'tenant_id': '', 'mac_address': 'fa:16:3e:d9:fe:4f', 'admin_state_up': True, 'status': 'DOWN', 'device_id': '2624795f-382c-4449-9c20-38abe6b1cf06', 'device_owner': 'network:router_gateway', 'standard_attr_id': 106, 'fixed_ips': [{'subnet_id': 'b89e300f-4093-4bcb-b812-a3aa6e6a2a90', 'ip_address': '172.26.3.71', 'prefixlen': 24}], 'allowed_address_pairs': [], 'extra_dhcp_opts': [], 'security_groups': [], 'description': '', 'binding:vnic_type': 'normal', 'binding:profile': {}, 'binding:host_id': 'dv-neutron-841459-3-hyperv', 'binding:vif_type': 'ovs', 'binding:vif_details': {'connectivity': 'l2', 'port_filter': True, 'ovs_hybrid_plug': False, 'datapath_type': 'system', 'bridge_name': 'br-int', 'bound_drivers': {'0': 'openvswitch'}}, 'port_security_enabled': False, 'tags': [], 'created_at': '2022-05-23T11:25:41Z', 'updated_at': '2022-05-23T11:25:50Z', 'revision_number': 3, 'project_id': '', 'subnets': [{'id': 'b89e300f-4093-4bcb-b812-a3aa6e6a2a90', 'cidr': '172.26.3.0/24', 'gateway_ip': '172.26.3.1', 'dns_nameservers': [], 'ipv6_ra_mode': None, 'subnetpool_id': None}], 'extra_subnets': [], 'address_scopes': {4: None, 6: None}, 'mtu': 1500}, 'enable_snat': True, 'gw_port_host': 'dv-neutron-841459-3-hyperv'}] {{(pid=104514) sync_routers /opt/stack/neutron/neutron/api/rpc/handlers/l3_rpc.py:137}}
May 23 11:25:51.380158 dv-neutron-841459-3-hyperv neutron-server[104513]: DEBUG neutron.plugins.ml2.rpc [None req-390db8be-e63f-4d2b-8efe-a4868b8f5fb3 None None] Device 46f8960a-c4aa-4df7-b4ac-d106faa51b02 up at agent ovs-agent-dv-neutron-841459-3-hyperv {{(pid=104513) update_device_up /opt/stack/neutron/neutron/plugins/ml2/rpc.py:296}}
May 23 11:25:51.529252 dv-neutron-841459-3-hyperv neutron-server[104512]: INFO neutron.services.segments.plugin [-] Segment ce793d11-1d20-477b-9595-708a687f7fac resource provider aggregate not found
May 23 11:25:51.538652 dv-neutron-841459-3-hyperv neutron-server[104512]: DEBUG neutron_lib.callbacks.manager [None req-4b02b161-c447-4b0f-8b18-f93c8a49002a admin admin] Publish callbacks [] for security_group (d31a29f5-1169-4fa4-ad59-c3d6ecadae07), precommit_delete {{(pid=104512) _notify_loop /usr/local/lib/python3.8/dist-packages/neutron_lib/callbacks/manager.py:176}}
May 23 11:25:51.549447 dv-neutron-841459-3-hyperv neutron-server[104513]: DEBUG neutron.db.provisioning_blocks [None req-390db8be-e63f-4d2b-8efe-a4868b8f5fb3 None None] Provisioning complete for port 46f8960a-c4aa-4df7-b4ac-d106faa51b02 triggered by entity L2. {{(pid=104513) provisioning_complete /opt/stack/neutron/neutron/db/provisioning_blocks.py:145}}
May 23 11:25:51.549829 dv-neutron-841459-3-hyperv neutron-server[104513]: DEBUG neutron_lib.callbacks.manager [None req-390db8be-e63f-4d2b-8efe-a4868b8f5fb3 None None] Publish callbacks ['neutron.plugins.ml2.plugin.Ml2Plugin._port_provisioned-2004315'] for port (46f8960a-c4aa-4df7-b4ac-d106faa51b02), provisioning_complete {{(pid=104513) _notify_loop /usr/local/lib/python3.8/dist-packages/neutron_lib/callbacks/manager.py:176}}
May 23 11:25:51.568920 dv-neutron-841459-3-hyperv neutron-server[104511]: DEBUG neutron_lib.callbacks.manager [None req-2dafea1d-5f4d-4268-af9b-1c16105bc299 tempest-AllowedAddressPairIpV6TestJSON-1122169731 tempest-AllowedAddressPairIpV6TestJSON-1122169731-project] Publish callbacks ['neutron.plugins.ml2.plugin.SecurityGroupDbMixin._ensure_default_security_group_handler-2092238'] for port (0702d280-28bb-4f3a-bc4b-446e3858ce76), before_update {{(pid=104511) _notify_loop /usr/local/lib/python3.8/dist-packages/neutron_lib/callbacks/manager.py:176}}
May 23 11:25:51.605547 dv-neutron-841459-3-hyperv neutron-server[104512]: INFO neutron.services.segments.plugin [-] Segment ce793d11-1d20-477b-9595-708a687f7fac resource provider not found; error: Placement Client Error (4xx): {"errors": [{"status": 404, "title": "Not Found", "detail": "The resource could not be found.\n\n No resource provider with uuid ce793d11-1d20-477b-9595-708a687f7fac found for delete ", "request_id": "req-42f1ff44-70a6-470c-8cbd-c3610ed2b82e"}]}
May 23 11:25:51.681470 dv-neutron-841459-3-hyperv neutron-server[104512]: DEBUG neutron_lib.callbacks.manager [None req-e8168bc8-18b1-4e70-bff6-a3284380972a tempest-ExternalNetworksTestJSON-46251925 tempest-ExternalNetworksTestJSON-46251925-project-admin] Publish callbacks ['neutron.plugins.ml2.plugin.Ml2Plugin._network_delete_after_delete_handler-1907765', 'neutron.plugins.ml2.ovo_rpc._ObjectChangeHandler.handle_event-997586', 'neutron.api.rpc.agentnotifiers.dhcp_rpc_agent_api.DhcpAgentNotifyAPI._native_event_send_dhcp_notification-295833', 'neutron.services.l3_router.l3_router_plugin.DVRResourceOperationHandler.delete_fip_namespaces_for_ext_net-744157'] for network (177f8893-505e-4f3f-851b-48c1e302c562), after_delete {{(pid=104512) _notify_loop /usr/local/lib/python3.8/dist-packages/neutron_lib/callbacks/manager.py:176}}
May 23 11:25:51.688348 dv-neutron-841459-3-hyperv neutron-server[104512]: DEBUG neutron.api.rpc.agentnotifiers.l3_rpc_agent_api [None req-e8168bc8-18b1-4e70-bff6-a3284380972a tempest-ExternalNetworksTestJSON-46251925 tempest-ExternalNetworksTestJSON-46251925-project-admin] Fanout notify agent at l3_agent the message fipnamespace_delete_on_ext_net for external_network 177f8893-505e-4f3f-851b-48c1e302c562 {{(pid=104512) _notification_fanout /opt/stack/neutron/neutron/api/rpc/agentnotifiers/l3_rpc_agent_api.py:120}}
May 23 11:25:51.691316 dv-neutron-841459-3-hyperv neutron-server[104512]: DEBUG neutron_lib.callbacks.manager [None req-e8168bc8-18b1-4e70-bff6-a3284380972a tempest-ExternalNetworksTestJSON-46251925 tempest-ExternalNetworksTestJSON-46251925-project-admin] Publish callbacks ['neutron.api.rpc.agentnotifiers.dhcp_rpc_agent_api.DhcpAgentNotifyAPI._send_dhcp_notification-295819'] for network (None), before_response {{(pid=104512) _notify_loop /usr/local/lib/python3.8/dist-packages/neutron_lib/callbacks/manager.py:176}}
May 23 11:25:51.694575 dv-neutron-841459-3-hyperv neutron-server[104512]: INFO neutron.wsgi [None req-e8168bc8-18b1-4e70-bff6-a3284380972a tempest-ExternalNetworksTestJSON-46251925 tempest-ExternalNetworksTestJSON-46251925-project-admin] 10.222.0.90 "DELETE /v2.0/networks/177f8893-505e-4f3f-851b-48c1e302c562 HTTP/1.1" status: 204 len: 168 time: 2.9903665
May 23 11:25:51.703008 dv-neutron-841459-3-hyperv neutron-server[104511]: DEBUG neutron.wsgi [-] (104511) accepted ('10.222.0.90', 54684) {{(pid=104511) server /usr/local/lib/python3.8/dist-packages/eventlet/wsgi.py:1004}}
May 23 11:25:51.744617 dv-neutron-841459-3-hyperv neutron-server[104512]: DEBUG neutron.api.rpc.handlers.resources_rpc [None req-e8168bc8-18b1-4e70-bff6-a3284380972a tempest-ExternalNetworksTestJSON-46251925 tempest-ExternalNetworksTestJSON-46251925-project-admin] Pushing event deleted for resources: {'Network': ['ID=177f8893-505e-4f3f-851b-48c1e302c562,revision_number=None']} {{(pid=104512) push /opt/stack/neutron/neutron/api/rpc/handlers/resources_rpc.py:237}}
May 23 11:25:51.766586 dv-neutron-841459-3-hyperv neutron-server[104513]: DEBUG neutron.plugins.ml2.plugin [None req-390db8be-e63f-4d2b-8efe-a4868b8f5fb3 None None] Current status of the port 46f8960a-c4aa-4df7-b4ac-d106faa51b02 is: DOWN; New status is: ACTIVE {{(pid=104513) _update_individual_port_db_status /opt/stack/neutron/neutron/plugins/ml2/plugin.py:2296}}
May 23 11:25:51.770041 dv-neutron-841459-3-hyperv neutron-server[104512]: DEBUG neutron.db.db_base_plugin_common [None req-84d3ea6c-7167-4803-96a2-a3b0ff07bf41 admin admin] Allocated IP 172.20.0.1 (9dcbfc21-1435-4a70-8687-9b558815d49f/5cec1787-5c8a-4956-a6b4-d1205ef244ea/b1932452-8d40-46cf-ae23-e523e6585cf2) {{(pid=104512) _store_ip_allocation /opt/stack/neutron/neutron/db/db_base_plugin_common.py:131}}
May 23 11:25:51.779836 dv-neutron-841459-3-hyperv neutron-server[104513]: DEBUG neutron_lib.callbacks.manager [None req-390db8be-e63f-4d2b-8efe-a4868b8f5fb3 None None] Publish callbacks ['neutron.plugins.ml2.plugin.SecurityGroupDbMixin._ensure_default_security_group_handler-2092238'] for port (46f8960a-c4aa-4df7-b4ac-d106faa51b02), before_update {{(pid=104513) _notify_loop /usr/local/lib/python3.8/dist-packages/neutron_lib/callbacks/manager.py:176}}
May 23 11:25:51.780977 dv-neutron-841459-3-hyperv neutron-server[104511]: DEBUG neutron.pecan_wsgi.hooks.quota_enforcement [None req-6826b2fe-6e53-4c2d-801b-55d15ac358c1 tempest-DHCPAgentSchedulersTestJSON-354986309 tempest-DHCPAgentSchedulersTestJSON-354986309-project] Made reservation on behalf of abbe46ea4b984ba19eae2699e71a8e12 for: {'network': 1} {{(pid=104511) before /opt/stack/neutron/neutron/pecan_wsgi/hooks/quota_enforcement.py:53}}
May 23 11:25:51.785547 dv-neutron-841459-3-hyperv neutron-server[104511]: DEBUG neutron_lib.callbacks.manager [None req-6826b2fe-6e53-4c2d-801b-55d15ac358c1 tempest-DHCPAgentSchedulersTestJSON-354986309 tempest-DHCPAgentSchedulersTestJSON-354986309-project] Publish callbacks ['neutron.plugins.ml2.plugin.SecurityGroupDbMixin._ensure_default_security_group_handler-2092238'] for network (None), before_create {{(pid=104511) _notify_loop /usr/local/lib/python3.8/dist-packages/neutron_lib/callbacks/manager.py:176}}
May 23 11:25:51.798781 dv-neutron-841459-3-hyperv neutron-server[104511]: INFO neutron.wsgi [None req-15765e07-4581-4fb2-ac29-e53375bf194a tempest-ExternalNetworksTestJSON-46251925 tempest-ExternalNetworksTestJSON-46251925-project-admin] 10.222.0.90 "GET /v2.0/floatingips HTTP/1.1" status: 200 len: 212 time: 0.0881412
May 23 11:25:51.806326 dv-neutron-841459-3-hyperv neutron-server[104512]: DEBUG neutron_lib.callbacks.manager [None req-4b02b161-c447-4b0f-8b18-f93c8a49002a admin admin] Publish callbacks ['neutron.plugins.ml2.ovo_rpc._ObjectChangeHandler.handle_event-997383'] for security_group (d31a29f5-1169-4fa4-ad59-c3d6ecadae07), after_delete {{(pid=104512) _notify_loop /usr/local/lib/python3.8/dist-packages/neutron_lib/callbacks/manager.py:176}}
May 23 11:25:51.809455 dv-neutron-841459-3-hyperv neutron-server[104512]: DEBUG neutron_lib.callbacks.manager [None req-4b02b161-c447-4b0f-8b18-f93c8a49002a admin admin] Publish callbacks [] for security_group (None), before_response {{(pid=104512) _notify_loop /usr/local/lib/python3.8/dist-packages/neutron_lib/callbacks/manager.py:176}}
May 23 11:25:51.810804 dv-neutron-841459-3-hyperv neutron-server[104512]: INFO neutron.wsgi [None req-4b02b161-c447-4b0f-8b18-f93c8a49002a admin admin] 10.222.0.90 "DELETE /v2.0/security-groups/d31a29f5-1169-4fa4-ad59-c3d6ecadae07 HTTP/1.1" status: 204 len: 168 time: 1.0909839
May 23 11:25:51.820090 dv-neutron-841459-3-hyperv neutron-server[104512]: DEBUG neutron.wsgi [-] (104512) accepted ('10.222.0.90', 54686) {{(pid=104512) server /usr/local/lib/python3.8/dist-packages/eventlet/wsgi.py:1004}}
May 23 11:25:51.849361 dv-neutron-841459-3-hyperv neutron-server[104513]: DEBUG neutron.plugins.ml2.db [None req-390db8be-e63f-4d2b-8efe-a4868b8f5fb3 None None] For port 46f8960a-c4aa-4df7-b4ac-d106faa51b02, host dv-neutron-841459-3-hyperv, got binding levels [PortBindingLevel(driver='openvswitch',host='dv-neutron-841459-3-hyperv',level=0,port_id=46f8960a-c4aa-4df7-b4ac-d106faa51b02,segment=NetworkSegment(2059aefe-6281-4d9d-a638-abd2e5b4b898),segment_id=2059aefe-6281-4d9d-a638-abd2e5b4b898)] {{(pid=104513) get_binding_level_objs /opt/stack/neutron/neutron/plugins/ml2/db.py:74}}
May 23 11:25:51.861830 dv-neutron-841459-3-hyperv neutron-server[104513]: DEBUG neutron_lib.callbacks.manager [None req-390db8be-e63f-4d2b-8efe-a4868b8f5fb3 None None] Publish callbacks ['neutron.plugins.ml2.plugin.SecurityGroupServerNotifierRpcMixin._notify_sg_on_port_change-2091124', 'neutron.plugins.ml2.ovo_rpc._ObjectChangeHandler.handle_event-130422', 'neutron.api.rpc.agentnotifiers.dhcp_rpc_agent_api.DhcpAgentNotifyAPI._native_event_send_dhcp_notification-295833', 'neutron.db.l3_db.L3RpcNotifierMixin._notify_gateway_port_ip_changed-8749150936266', 'neutron.db.l3_dvrscheduler_db._notify_l3_agent_port_update-8749150627103', 'neutron.db.l3_hascheduler_db._notify_l3_agent_ha_port_update-8749150627121'] for port (46f8960a-c4aa-4df7-b4ac-d106faa51b02), after_update {{(pid=104513) _notify_loop /usr/local/lib/python3.8/dist-packages/neutron_lib/callbacks/manager.py:176}}
May 23 11:25:51.863140 dv-neutron-841459-3-hyperv neutron-server[104513]: DEBUG neutron.plugins.ml2.rpc [None req-390db8be-e63f-4d2b-8efe-a4868b8f5fb3 None None] Device 23ac860e-52de-45cf-b215-f018f93eaeb8 up at agent ovs-agent-dv-neutron-841459-3-hyperv {{(pid=104513) update_device_up /opt/stack/neutron/neutron/plugins/ml2/rpc.py:296}}
May 23 11:25:51.942434 dv-neutron-841459-3-hyperv neutron-server[104511]: DEBUG neutron.plugins.ml2.drivers.helpers [None req-6826b2fe-6e53-4c2d-801b-55d15ac358c1 tempest-DHCPAgentSchedulersTestJSON-354986309 tempest-DHCPAgentSchedulersTestJSON-354986309-project] vlan segment allocate from pool success with {'vlan_id': 718, 'physical_network': 'physnet1'} {{(pid=104511) allocate_partially_specified_segment /opt/stack/neutron/neutron/plugins/ml2/drivers/helpers.py:153}}
May 23 11:25:51.965745 dv-neutron-841459-3-hyperv neutron-server[104511]: DEBUG neutron_lib.callbacks.manager [None req-6826b2fe-6e53-4c2d-801b-55d15ac358c1 tempest-DHCPAgentSchedulersTestJSON-354986309 tempest-DHCPAgentSchedulersTestJSON-354986309-project] Publish callbacks ['neutron.services.segments.db._add_segment_host_mapping_for_segment-8749151106142', 'neutron.plugins.ml2.plugin.Ml2Plugin._handle_segment_change-1904552'] for segment (30f6438e-2b9b-4c32-a032-158462a6eee3), precommit_create {{(pid=104511) _notify_loop /usr/local/lib/python3.8/dist-packages/neutron_lib/callbacks/manager.py:176}}
May 23 11:25:51.966818 dv-neutron-841459-3-hyperv neutron-server[104511]: INFO neutron.db.segments_db [None req-6826b2fe-6e53-4c2d-801b-55d15ac358c1 tempest-DHCPAgentSchedulersTestJSON-354986309 tempest-DHCPAgentSchedulersTestJSON-354986309-project] Added segment 30f6438e-2b9b-4c32-a032-158462a6eee3 of type vlan for network 5b1e4d01-0d8e-4c6c-b7d3-87bb1d4542f1
May 23 11:25:52.024423 dv-neutron-841459-3-hyperv neutron-server[104511]: DEBUG neutron_lib.callbacks.manager [None req-6826b2fe-6e53-4c2d-801b-55d15ac358c1 tempest-DHCPAgentSchedulersTestJSON-354986309 tempest-DHCPAgentSchedulersTestJSON-354986309-project] Publish callbacks ['neutron.services.auto_allocate.db._ensure_external_network_default_value_callback-8749150598476'] for network (5b1e4d01-0d8e-4c6c-b7d3-87bb1d4542f1), precommit_create {{(pid=104511) _notify_loop /usr/local/lib/python3.8/dist-packages/neutron_lib/callbacks/manager.py:176}}
May 23 11:25:52.066330 dv-neutron-841459-3-hyperv neutron-server[104511]: DEBUG neutron_lib.callbacks.manager [None req-6826b2fe-6e53-4c2d-801b-55d15ac358c1 tempest-DHCPAgentSchedulersTestJSON-354986309 tempest-DHCPAgentSchedulersTestJSON-354986309-project] Publish callbacks ['neutron.plugins.ml2.ovo_rpc._ObjectChangeHandler.handle_event-997586', 'neutron.api.rpc.agentnotifiers.dhcp_rpc_agent_api.DhcpAgentNotifyAPI._native_event_send_dhcp_notification-295833'] for network (5b1e4d01-0d8e-4c6c-b7d3-87bb1d4542f1), after_create {{(pid=104511) _notify_loop /usr/local/lib/python3.8/dist-packages/neutron_lib/callbacks/manager.py:176}}
May 23 11:25:52.072018 dv-neutron-841459-3-hyperv neutron-server[104511]: DEBUG neutron.pecan_wsgi.hooks.policy_enforcement [None req-6826b2fe-6e53-4c2d-801b-55d15ac358c1 tempest-DHCPAgentSchedulersTestJSON-354986309 tempest-DHCPAgentSchedulersTestJSON-354986309-project] Attributes excluded by policy engine: ['standard_attr_id', 'provider:network_type', 'provider:physical_network', 'provider:segmentation_id', 'vlan_transparent'] {{(pid=104511) _exclude_attributes_by_policy /opt/stack/neutron/neutron/pecan_wsgi/hooks/policy_enforcement.py:259}}
May 23 11:25:52.072863 dv-neutron-841459-3-hyperv neutron-server[104511]: DEBUG neutron_lib.callbacks.manager [None req-6826b2fe-6e53-4c2d-801b-55d15ac358c1 tempest-DHCPAgentSchedulersTestJSON-354986309 tempest-DHCPAgentSchedulersTestJSON-354986309-project] Publish callbacks ['neutron.api.rpc.agentnotifiers.dhcp_rpc_agent_api.DhcpAgentNotifyAPI._send_dhcp_notification-295819'] for network (None), before_response {{(pid=104511) _notify_loop /usr/local/lib/python3.8/dist-packages/neutron_lib/callbacks/manager.py:176}}
May 23 11:25:52.076196 dv-neutron-841459-3-hyperv neutron-server[104511]: DEBUG neutron.db.db_base_plugin_common [None req-64e584d0-efdb-4e72-bd35-e5cfd62908cd admin admin] Allocated IP 172.20.0.1 (7cf770cb-a823-4522-a760-744fc2606400/0eb31899-fa31-4c47-98f5-16d3fbd55352/f04a8fa7-d893-4483-9b1b-74891cbe196a) {{(pid=104511) _store_ip_allocation /opt/stack/neutron/neutron/db/db_base_plugin_common.py:131}}
May 23 11:25:52.079394 dv-neutron-841459-3-hyperv neutron-server[104512]: DEBUG neutron.api.rpc.handlers.resources_rpc [None req-4b02b161-c447-4b0f-8b18-f93c8a49002a admin admin] Pushing event deleted for resources: {'SecurityGroup': ['ID=d31a29f5-1169-4fa4-ad59-c3d6ecadae07,revision_number=None']} {{(pid=104512) push /opt/stack/neutron/neutron/api/rpc/handlers/resources_rpc.py:237}}
May 23 11:25:52.087851 dv-neutron-841459-3-hyperv neutron-server[104512]: DEBUG neutron.pecan_wsgi.hooks.policy_enforcement [None req-47aa720f-3243-424e-8a19-96ee7bcb7523 tempest-ExternalNetworksTestJSON-46251925 tempest-ExternalNetworksTestJSON-46251925-project-admin] Attributes excluded by policy engine: ['standard_attr_id', 'shared', 'segment_id'] {{(pid=104512) _exclude_attributes_by_policy /opt/stack/neutron/neutron/pecan_wsgi/hooks/policy_enforcement.py:259}}
May 23 11:25:52.088351 dv-neutron-841459-3-hyperv neutron-server[104512]: DEBUG neutron.pecan_wsgi.hooks.policy_enforcement [None req-47aa720f-3243-424e-8a19-96ee7bcb7523 tempest-ExternalNetworksTestJSON-46251925 tempest-ExternalNetworksTestJSON-46251925-project-admin] Attributes excluded by policy engine: ['standard_attr_id', 'shared', 'segment_id'] {{(pid=104512) _exclude_attributes_by_policy /opt/stack/neutron/neutron/pecan_wsgi/hooks/policy_enforcement.py:259}}
May 23 11:25:52.088892 dv-neutron-841459-3-hyperv neutron-server[104512]: DEBUG neutron.pecan_wsgi.hooks.policy_enforcement [None req-47aa720f-3243-424e-8a19-96ee7bcb7523 tempest-ExternalNetworksTestJSON-46251925 tempest-ExternalNetworksTestJSON-46251925-project-admin] Attributes excluded by policy engine: ['standard_attr_id', 'shared', 'segment_id'] {{(pid=104512) _exclude_attributes_by_policy /opt/stack/neutron/neutron/pecan_wsgi/hooks/policy_enforcement.py:259}}
May 23 11:25:52.089538 dv-neutron-841459-3-hyperv neutron-server[104512]: DEBUG neutron.pecan_wsgi.hooks.policy_enforcement [None req-47aa720f-3243-424e-8a19-96ee7bcb7523 tempest-ExternalNetworksTestJSON-46251925 tempest-ExternalNetworksTestJSON-46251925-project-admin] Attributes excluded by policy engine: ['standard_attr_id', 'shared', 'segment_id'] {{(pid=104512) _exclude_attributes_by_policy /opt/stack/neutron/neutron/pecan_wsgi/hooks/policy_enforcement.py:259}}
May 23 11:25:52.090078 dv-neutron-841459-3-hyperv neutron-server[104512]: DEBUG neutron.pecan_wsgi.hooks.policy_enforcement [None req-47aa720f-3243-424e-8a19-96ee7bcb7523 tempest-ExternalNetworksTestJSON-46251925 tempest-ExternalNetworksTestJSON-46251925-project-admin] Attributes excluded by policy engine: ['standard_attr_id', 'shared', 'segment_id'] {{(pid=104512) _exclude_attributes_by_policy /opt/stack/neutron/neutron/pecan_wsgi/hooks/policy_enforcement.py:259}}
May 23 11:25:52.090476 dv-neutron-841459-3-hyperv neutron-server[104512]: DEBUG neutron.pecan_wsgi.hooks.policy_enforcement [None req-47aa720f-3243-424e-8a19-96ee7bcb7523 tempest-ExternalNetworksTestJSON-46251925 tempest-ExternalNetworksTestJSON-46251925-project-admin] Attributes excluded by policy engine: ['standard_attr_id', 'shared', 'segment_id'] {{(pid=104512) _exclude_attributes_by_policy /opt/stack/neutron/neutron/pecan_wsgi/hooks/policy_enforcement.py:259}}
May 23 11:25:52.090929 dv-neutron-841459-3-hyperv neutron-server[104512]: DEBUG neutron.pecan_wsgi.hooks.policy_enforcement [None req-47aa720f-3243-424e-8a19-96ee7bcb7523 tempest-ExternalNetworksTestJSON-46251925 tempest-ExternalNetworksTestJSON-46251925-project-admin] Attributes excluded by policy engine: ['standard_attr_id', 'shared', 'segment_id'] {{(pid=104512) _exclude_attributes_by_policy /opt/stack/neutron/neutron/pecan_wsgi/hooks/policy_enforcement.py:259}}
May 23 11:25:52.091501 dv-neutron-841459-3-hyperv neutron-server[104512]: DEBUG neutron.pecan_wsgi.hooks.policy_enforcement [None req-47aa720f-3243-424e-8a19-96ee7bcb7523 tempest-ExternalNetworksTestJSON-46251925 tempest-ExternalNetworksTestJSON-46251925-project-admin] Attributes excluded by policy engine: ['standard_attr_id', 'shared', 'segment_id'] {{(pid=104512) _exclude_attributes_by_policy /opt/stack/neutron/neutron/pecan_wsgi/hooks/policy_enforcement.py:259}}
May 23 11:25:52.094194 dv-neutron-841459-3-hyperv neutron-server[104512]: INFO neutron.wsgi [None req-47aa720f-3243-424e-8a19-96ee7bcb7523 tempest-ExternalNetworksTestJSON-46251925 tempest-ExternalNetworksTestJSON-46251925-project-admin] 10.222.0.90 "GET /v2.0/subnets HTTP/1.1" status: 200 len: 5218 time: 0.2653744
May 23 11:25:52.097894 dv-neutron-841459-3-hyperv neutron-server[104512]: DEBUG neutron.wsgi [-] (104512) accepted ('10.222.0.90', 54692) {{(pid=104512) server /usr/local/lib/python3.8/dist-packages/eventlet/wsgi.py:1004}}
May 23 11:25:52.113785 dv-neutron-841459-3-hyperv neutron-server[104513]: DEBUG neutron.api.rpc.handlers.resources_rpc [None req-390db8be-e63f-4d2b-8efe-a4868b8f5fb3 None None] Pushing event updated for resources: {'Port': ['ID=46f8960a-c4aa-4df7-b4ac-d106faa51b02,revision_number=4']} {{(pid=104513) push /opt/stack/neutron/neutron/api/rpc/handlers/resources_rpc.py:237}}
May 23 11:25:52.171685 dv-neutron-841459-3-hyperv neutron-server[104513]: DEBUG neutron.db.provisioning_blocks [None req-390db8be-e63f-4d2b-8efe-a4868b8f5fb3 None None] Provisioning complete for port 23ac860e-52de-45cf-b215-f018f93eaeb8 triggered by entity L2. {{(pid=104513) provisioning_complete /opt/stack/neutron/neutron/db/provisioning_blocks.py:145}}
May 23 11:25:52.171685 dv-neutron-841459-3-hyperv neutron-server[104513]: DEBUG neutron_lib.callbacks.manager [None req-390db8be-e63f-4d2b-8efe-a4868b8f5fb3 None None] Publish callbacks ['neutron.plugins.ml2.plugin.Ml2Plugin._port_provisioned-2004315'] for port (23ac860e-52de-45cf-b215-f018f93eaeb8), provisioning_complete {{(pid=104513) _notify_loop /usr/local/lib/python3.8/dist-packages/neutron_lib/callbacks/manager.py:176}}
May 23 11:25:52.175014 dv-neutron-841459-3-hyperv neutron-server[104511]: DEBUG neutron.api.rpc.handlers.resources_rpc [None req-6826b2fe-6e53-4c2d-801b-55d15ac358c1 tempest-DHCPAgentSchedulersTestJSON-354986309 tempest-DHCPAgentSchedulersTestJSON-354986309-project] Pushing event updated for resources: {'Network': ['ID=5b1e4d01-0d8e-4c6c-b7d3-87bb1d4542f1,revision_number=1']} {{(pid=104511) push /opt/stack/neutron/neutron/api/rpc/handlers/resources_rpc.py:237}}
May 23 11:25:52.182562 dv-neutron-841459-3-hyperv neutron-server[104512]: INFO neutron.api.v2.resource [None req-8519bc63-bc04-411d-8484-4a674232a2e9 tempest-ExternalNetworksTestJSON-46251925 tempest-ExternalNetworksTestJSON-46251925-project-admin] delete failed (client error): The resource could not be found.
May 23 11:25:52.188718 dv-neutron-841459-3-hyperv neutron-server[104512]: INFO neutron.wsgi [None req-8519bc63-bc04-411d-8484-4a674232a2e9 tempest-ExternalNetworksTestJSON-46251925 tempest-ExternalNetworksTestJSON-46251925-project-admin] 10.222.0.90 "DELETE /v2.0/floatingips/c12164bd-8022-4f5b-acf3-e2a3a7649b56 HTTP/1.1" status: 404 len: 345 time: 0.0864525
May 23 11:25:52.192807 dv-neutron-841459-3-hyperv neutron-server[104512]: DEBUG neutron.wsgi [-] (104512) accepted ('10.222.0.90', 54694) {{(pid=104512) server /usr/local/lib/python3.8/dist-packages/eventlet/wsgi.py:1004}}
May 23 11:25:52.209946 dv-neutron-841459-3-hyperv neutron-server[104511]: DEBUG dbcounter [-] [104511] Writing DB stats neutron:SELECT=91,neutron:INSERT=5,neutron:UPDATE=3,neutron:DELETE=1 {{(pid=104511) stat_writer /usr/local/lib/python3.8/dist-packages/dbcounter.py:114}}
May 23 11:25:52.229361 dv-neutron-841459-3-hyperv neutron-server[104512]: INFO neutron.pecan_wsgi.hooks.translation [None req-5f4de0e3-3094-433f-b797-2ed673c02c05 tempest-ExternalNetworksTestJSON-46251925 tempest-ExternalNetworksTestJSON-46251925-project-admin] DELETE failed (client error): The resource could not be found.
May 23 11:25:52.230294 dv-neutron-841459-3-hyperv neutron-server[104512]: DEBUG neutron.pecan_wsgi.hooks.notifier [None req-5f4de0e3-3094-433f-b797-2ed673c02c05 tempest-ExternalNetworksTestJSON-46251925 tempest-ExternalNetworksTestJSON-46251925-project-admin] No notification will be sent due to unsuccessful status code: 404 {{(pid=104512) after /opt/stack/neutron/neutron/pecan_wsgi/hooks/notifier.py:78}}
May 23 11:25:52.234359 dv-neutron-841459-3-hyperv neutron-server[104512]: INFO neutron.wsgi [None req-5f4de0e3-3094-433f-b797-2ed673c02c05 tempest-ExternalNetworksTestJSON-46251925 tempest-ExternalNetworksTestJSON-46251925-project-admin] 10.222.0.90 "DELETE /v2.0/networks/177f8893-505e-4f3f-851b-48c1e302c562 HTTP/1.1" status: 404 len: 339 time: 0.0394235
May 23 11:25:52.238603 dv-neutron-841459-3-hyperv neutron-server[104513]: DEBUG neutron.plugins.ml2.rpc [None req-390db8be-e63f-4d2b-8efe-a4868b8f5fb3 None None] Network 5b1e4d01-0d8e-4c6c-b7d3-87bb1d4542f1 details requested by agent ovs-agent-dv-neutron-841459-3-hyperv with host dv-neutron-841459-3-hyperv {{(pid=104513) get_network_details /opt/stack/neutron/neutron/plugins/ml2/rpc.py:248}}
May 23 11:25:52.241924 dv-neutron-841459-3-hyperv neutron-server[104512]: DEBUG neutron.wsgi [-] (104512) accepted ('10.222.0.90', 54698) {{(pid=104512) server /usr/local/lib/python3.8/dist-packages/eventlet/wsgi.py:1004}}
May 23 11:25:52.256962 dv-neutron-841459-3-hyperv neutron-server[104512]: DEBUG neutron.api.v2.base [None req-41e18be2-8606-441e-8847-c5767f7b1c50 tempest-ExternalNetworksTestJSON-46251925 tempest-ExternalNetworksTestJSON-46251925-project-admin] Request body: {'network': {'name': 'tempest-network--1835213625', 'router:external': True}} {{(pid=104512) prepare_request_body /opt/stack/neutron/neutron/api/v2/base.py:730}}
May 23 11:25:52.296483 dv-neutron-841459-3-hyperv neutron-server[104511]: INFO neutron.wsgi [None req-6826b2fe-6e53-4c2d-801b-55d15ac358c1 tempest-DHCPAgentSchedulersTestJSON-354986309 tempest-DHCPAgentSchedulersTestJSON-354986309-project] 10.222.0.90 "POST /v2.0/networks HTTP/1.1" status: 201 len: 775 time: 0.9804695
May 23 11:25:52.298709 dv-neutron-841459-3-hyperv neutron-server[104512]: DEBUG neutron.wsgi [-] (104512) accepted ('10.222.0.90', 54700) {{(pid=104512) server /usr/local/lib/python3.8/dist-packages/eventlet/wsgi.py:1004}}
May 23 11:25:52.479674 dv-neutron-841459-3-hyperv neutron-server[104512]: DEBUG neutron_lib.callbacks.manager [None req-84d3ea6c-7167-4803-96a2-a3b0ff07bf41 admin admin] Publish callbacks [] for port (b1932452-8d40-46cf-ae23-e523e6585cf2), precommit_create {{(pid=104512) _notify_loop /usr/local/lib/python3.8/dist-packages/neutron_lib/callbacks/manager.py:176}}
May 23 11:25:52.511683 dv-neutron-841459-3-hyperv neutron-server[104513]: DEBUG neutron.plugins.ml2.plugin [None req-390db8be-e63f-4d2b-8efe-a4868b8f5fb3 None None] Current status of the port 23ac860e-52de-45cf-b215-f018f93eaeb8 is: DOWN; New status is: ACTIVE {{(pid=104513) _update_individual_port_db_status /opt/stack/neutron/neutron/plugins/ml2/plugin.py:2296}}
May 23 11:25:52.512301 dv-neutron-841459-3-hyperv neutron-server[104513]: DEBUG neutron_lib.callbacks.manager [None req-390db8be-e63f-4d2b-8efe-a4868b8f5fb3 None None] Publish callbacks ['neutron.plugins.ml2.plugin.SecurityGroupDbMixin._ensure_default_security_group_handler-2092238'] for port (23ac860e-52de-45cf-b215-f018f93eaeb8), before_update {{(pid=104513) _notify_loop /usr/local/lib/python3.8/dist-packages/neutron_lib/callbacks/manager.py:176}}
May 23 11:25:52.540960 dv-neutron-841459-3-hyperv neutron-server[104513]: DEBUG neutron.plugins.ml2.db [None req-390db8be-e63f-4d2b-8efe-a4868b8f5fb3 None None] For port 23ac860e-52de-45cf-b215-f018f93eaeb8, host dv-neutron-841459-3-hyperv, got binding levels [PortBindingLevel(driver='openvswitch',host='dv-neutron-841459-3-hyperv',level=0,port_id=23ac860e-52de-45cf-b215-f018f93eaeb8,segment=NetworkSegment(2059aefe-6281-4d9d-a638-abd2e5b4b898),segment_id=2059aefe-6281-4d9d-a638-abd2e5b4b898)] {{(pid=104513) get_binding_level_objs /opt/stack/neutron/neutron/plugins/ml2/db.py:74}}
May 23 11:25:52.548045 dv-neutron-841459-3-hyperv neutron-server[104513]: DEBUG neutron_lib.callbacks.manager [None req-390db8be-e63f-4d2b-8efe-a4868b8f5fb3 None None] Publish callbacks ['neutron.plugins.ml2.plugin.SecurityGroupServerNotifierRpcMixin._notify_sg_on_port_change-2091124', 'neutron.plugins.ml2.ovo_rpc._ObjectChangeHandler.handle_event-130422', 'neutron.api.rpc.agentnotifiers.dhcp_rpc_agent_api.DhcpAgentNotifyAPI._native_event_send_dhcp_notification-295833', 'neutron.db.l3_db.L3RpcNotifierMixin._notify_gateway_port_ip_changed-8749150936266', 'neutron.db.l3_dvrscheduler_db._notify_l3_agent_port_update-8749150627103', 'neutron.db.l3_hascheduler_db._notify_l3_agent_ha_port_update-8749150627121'] for port (23ac860e-52de-45cf-b215-f018f93eaeb8), after_update {{(pid=104513) _notify_loop /usr/local/lib/python3.8/dist-packages/neutron_lib/callbacks/manager.py:176}}
May 23 11:25:52.574043 dv-neutron-841459-3-hyperv neutron-server[104511]: DEBUG neutron.db.db_base_plugin_common [None req-fa93aa3e-ad91-422b-85d4-f11d379dfe20 admin admin] Allocated IP 172.20.0.1 (ca752b3e-2abd-44fd-b89b-da3697eeb33d/d2a72506-4cd9-4a4d-8121-83b07a22878c/ca183c58-49f1-4363-9edd-7f5fd8d986f9) {{(pid=104511) _store_ip_allocation /opt/stack/neutron/neutron/db/db_base_plugin_common.py:131}}
May 23 11:25:52.635664 dv-neutron-841459-3-hyperv neutron-server[104512]: DEBUG dbcounter [-] [104512] Writing DB stats neutron:SELECT=91,neutron:INSERT=4,neutron:DELETE=5 {{(pid=104512) stat_writer /usr/local/lib/python3.8/dist-packages/dbcounter.py:114}}
May 23 11:25:52.640224 dv-neutron-841459-3-hyperv neutron-server[104512]: DEBUG neutron.pecan_wsgi.hooks.quota_enforcement [None req-41e18be2-8606-441e-8847-c5767f7b1c50 tempest-ExternalNetworksTestJSON-46251925 tempest-ExternalNetworksTestJSON-46251925-project-admin] Made reservation on behalf of 72895591017540dab27258c5e0214772 for: {'network': 1} {{(pid=104512) before /opt/stack/neutron/neutron/pecan_wsgi/hooks/quota_enforcement.py:53}}
May 23 11:25:52.645302 dv-neutron-841459-3-hyperv neutron-server[104512]: DEBUG neutron_lib.callbacks.manager [None req-41e18be2-8606-441e-8847-c5767f7b1c50 tempest-ExternalNetworksTestJSON-46251925 tempest-ExternalNetworksTestJSON-46251925-project-admin] Publish callbacks ['neutron.plugins.ml2.plugin.SecurityGroupDbMixin._ensure_default_security_group_handler-2092238'] for network (None), before_create {{(pid=104512) _notify_loop /usr/local/lib/python3.8/dist-packages/neutron_lib/callbacks/manager.py:176}}
May 23 11:25:52.658111 dv-neutron-841459-3-hyperv neutron-server[104511]: DEBUG dbcounter [-] [104511] Writing DB stats neutron:INSERT=8,neutron:SELECT=85,neutron:UPDATE=6,neutron:DELETE=1 {{(pid=104511) stat_writer /usr/local/lib/python3.8/dist-packages/dbcounter.py:114}}
May 23 11:25:52.667372 dv-neutron-841459-3-hyperv neutron-server[104513]: DEBUG neutron.api.rpc.handlers.resources_rpc [None req-390db8be-e63f-4d2b-8efe-a4868b8f5fb3 None None] Pushing event updated for resources: {'Port': ['ID=23ac860e-52de-45cf-b215-f018f93eaeb8,revision_number=4']} {{(pid=104513) push /opt/stack/neutron/neutron/api/rpc/handlers/resources_rpc.py:237}}
May 23 11:25:52.677496 dv-neutron-841459-3-hyperv neutron-server[104512]: DEBUG dbcounter [-] [104512] Writing DB stats neutron:SELECT=85,neutron:INSERT=4,neutron:UPDATE=5,neutron:DELETE=6 {{(pid=104512) stat_writer /usr/local/lib/python3.8/dist-packages/dbcounter.py:114}}
May 23 11:25:52.721157 dv-neutron-841459-3-hyperv neutron-server[104511]: DEBUG neutron_lib.callbacks.manager [None req-64e584d0-efdb-4e72-bd35-e5cfd62908cd admin admin] Publish callbacks [] for port (f04a8fa7-d893-4483-9b1b-74891cbe196a), precommit_create {{(pid=104511) _notify_loop /usr/local/lib/python3.8/dist-packages/neutron_lib/callbacks/manager.py:176}}
May 23 11:25:52.751916 dv-neutron-841459-3-hyperv neutron-server[104511]: DEBUG neutron_lib.callbacks.manager [None req-2dafea1d-5f4d-4268-af9b-1c16105bc299 tempest-AllowedAddressPairIpV6TestJSON-1122169731 tempest-AllowedAddressPairIpV6TestJSON-1122169731-project] Publish callbacks [] for port (0702d280-28bb-4f3a-bc4b-446e3858ce76), precommit_update {{(pid=104511) _notify_loop /usr/local/lib/python3.8/dist-packages/neutron_lib/callbacks/manager.py:176}}
May 23 11:25:52.866041 dv-neutron-841459-3-hyperv neutron-server[104512]: DEBUG neutron.plugins.ml2.drivers.helpers [None req-41e18be2-8606-441e-8847-c5767f7b1c50 tempest-ExternalNetworksTestJSON-46251925 tempest-ExternalNetworksTestJSON-46251925-project-admin] vlan segment allocate from pool success with {'vlan_id': 720, 'physical_network': 'physnet1'} {{(pid=104512) allocate_partially_specified_segment /opt/stack/neutron/neutron/plugins/ml2/drivers/helpers.py:153}}
May 23 11:25:52.889966 dv-neutron-841459-3-hyperv neutron-server[104512]: DEBUG neutron_lib.callbacks.manager [None req-41e18be2-8606-441e-8847-c5767f7b1c50 tempest-ExternalNetworksTestJSON-46251925 tempest-ExternalNetworksTestJSON-46251925-project-admin] Publish callbacks ['neutron.services.segments.db._add_segment_host_mapping_for_segment-8749151106142', 'neutron.plugins.ml2.plugin.Ml2Plugin._handle_segment_change-1904552'] for segment (aa7ad162-27ed-4547-b06c-ff3edef2ac78), precommit_create {{(pid=104512) _notify_loop /usr/local/lib/python3.8/dist-packages/neutron_lib/callbacks/manager.py:176}}
May 23 11:25:52.890322 dv-neutron-841459-3-hyperv neutron-server[104512]: INFO neutron.db.segments_db [None req-41e18be2-8606-441e-8847-c5767f7b1c50 tempest-ExternalNetworksTestJSON-46251925 tempest-ExternalNetworksTestJSON-46251925-project-admin] Added segment aa7ad162-27ed-4547-b06c-ff3edef2ac78 of type vlan for network 71d71eae-dd3e-476a-b42d-e3bbdf911c81
May 23 11:25:53.033732 dv-neutron-841459-3-hyperv neutron-server[104512]: DEBUG neutron_lib.callbacks.manager [None req-41e18be2-8606-441e-8847-c5767f7b1c50 tempest-ExternalNetworksTestJSON-46251925 tempest-ExternalNetworksTestJSON-46251925-project-admin] Publish callbacks ['neutron.services.auto_allocate.db._ensure_external_network_default_value_callback-8749150598476'] for network (71d71eae-dd3e-476a-b42d-e3bbdf911c81), precommit_create {{(pid=104512) _notify_loop /usr/local/lib/python3.8/dist-packages/neutron_lib/callbacks/manager.py:176}}
May 23 11:25:53.154447 dv-neutron-841459-3-hyperv neutron-server[104512]: DEBUG neutron_lib.callbacks.manager [None req-41e18be2-8606-441e-8847-c5767f7b1c50 tempest-ExternalNetworksTestJSON-46251925 tempest-ExternalNetworksTestJSON-46251925-project-admin] Publish callbacks ['neutron.plugins.ml2.ovo_rpc._ObjectChangeHandler.handle_event-997586', 'neutron.api.rpc.agentnotifiers.dhcp_rpc_agent_api.DhcpAgentNotifyAPI._native_event_send_dhcp_notification-295833'] for network (71d71eae-dd3e-476a-b42d-e3bbdf911c81), after_create {{(pid=104512) _notify_loop /usr/local/lib/python3.8/dist-packages/neutron_lib/callbacks/manager.py:176}}
May 23 11:25:53.156036 dv-neutron-841459-3-hyperv neutron-server[104512]: DEBUG neutron.pecan_wsgi.hooks.policy_enforcement [None req-41e18be2-8606-441e-8847-c5767f7b1c50 tempest-ExternalNetworksTestJSON-46251925 tempest-ExternalNetworksTestJSON-46251925-project-admin] Attributes excluded by policy engine: ['standard_attr_id', 'vlan_transparent'] {{(pid=104512) _exclude_attributes_by_policy /opt/stack/neutron/neutron/pecan_wsgi/hooks/policy_enforcement.py:259}}
May 23 11:25:53.156519 dv-neutron-841459-3-hyperv neutron-server[104512]: DEBUG neutron_lib.callbacks.manager [None req-41e18be2-8606-441e-8847-c5767f7b1c50 tempest-ExternalNetworksTestJSON-46251925 tempest-ExternalNetworksTestJSON-46251925-project-admin] Publish callbacks ['neutron.api.rpc.agentnotifiers.dhcp_rpc_agent_api.DhcpAgentNotifyAPI._send_dhcp_notification-295819'] for network (None), before_response {{(pid=104512) _notify_loop /usr/local/lib/python3.8/dist-packages/neutron_lib/callbacks/manager.py:176}}
May 23 11:25:53.231666 dv-neutron-841459-3-hyperv neutron-server[104512]: DEBUG neutron_lib.callbacks.manager [None req-84d3ea6c-7167-4803-96a2-a3b0ff07bf41 admin admin] Publish callbacks ['neutron.plugins.ml2.plugin.SecurityGroupServerNotifierRpcMixin._notify_sg_on_port_change-2091124', 'neutron.plugins.ml2.ovo_rpc._ObjectChangeHandler.handle_event-130422', 'neutron.api.rpc.agentnotifiers.dhcp_rpc_agent_api.DhcpAgentNotifyAPI._native_event_send_dhcp_notification-295833', 'neutron.db.l3_dvrscheduler_db._notify_l3_agent_new_port-8749150627085', 'neutron.services.segments.plugin.NovaSegmentNotifier._notify_port_created_or_deleted-65542486'] for port (b1932452-8d40-46cf-ae23-e523e6585cf2), after_create {{(pid=104512) _notify_loop /usr/local/lib/python3.8/dist-packages/neutron_lib/callbacks/manager.py:176}}
