Aug 01 15:06:56.520531 dv-neutron-841459-28-hyperv neutron-server[104795]: DEBUG neutron.db.provisioning_blocks [None req-001a900b-a7a4-4322-bc9e-f4c5c4e87c0c None None] Provisioning complete for port 22b52d52-7010-42eb-874d-6034e69ce013 triggered by entity DHCP. {{(pid=104795) provisioning_complete /opt/stack/neutron/neutron/db/provisioning_blocks.py:145}}
Aug 01 15:06:56.520905 dv-neutron-841459-28-hyperv neutron-server[104795]: DEBUG neutron_lib.callbacks.manager [None req-001a900b-a7a4-4322-bc9e-f4c5c4e87c0c None None] Publish callbacks ['neutron.plugins.ml2.plugin.Ml2Plugin._port_provisioned-3518107'] for port (22b52d52-7010-42eb-874d-6034e69ce013), provisioning_complete {{(pid=104795) _notify_loop /usr/local/lib/python3.8/dist-packages/neutron_lib/callbacks/manager.py:176}}
Aug 01 15:06:56.553430 dv-neutron-841459-28-hyperv neutron-server[104794]: DEBUG neutron.scheduler.dhcp_agent_scheduler [None req-c803a56c-48b8-4c63-bf0f-ef7b54eb86c6 admin admin] Network cb03278d-24fb-4a9a-afae-dc5e4aed0cd4 is already hosted by enough agents. {{(pid=104794) _get_dhcp_agents_hosting_network /opt/stack/neutron/neutron/scheduler/dhcp_agent_scheduler.py:275}}
Aug 01 15:06:56.576569 dv-neutron-841459-28-hyperv neutron-server[104795]: DEBUG neutron.plugins.ml2.plugin [None req-001a900b-a7a4-4322-bc9e-f4c5c4e87c0c None None] Port 22b52d52-7010-42eb-874d-6034e69ce013 cannot update to ACTIVE because it is not bound. {{(pid=104795) _port_provisioned /opt/stack/neutron/neutron/plugins/ml2/plugin.py:348}}
Aug 01 15:06:56.622974 dv-neutron-841459-28-hyperv neutron-server[104793]: DEBUG neutron_lib.callbacks.manager [None req-7ee25183-ed97-4dda-a6d2-9c493527f2ea admin admin] Publish callbacks [] for security_group (a148c30f-616b-4989-81fe-47bad96b55a2), precommit_create {{(pid=104793) _notify_loop /usr/local/lib/python3.8/dist-packages/neutron_lib/callbacks/manager.py:176}}
Aug 01 15:06:56.627728 dv-neutron-841459-28-hyperv neutron-server[104793]: DEBUG neutron_lib.db.resource_extend [None req-5b2ed144-9126-455c-bb0d-e12cf1e10907 tempest-DHCPAgentSchedulersTestJSON-890404393 tempest-DHCPAgentSchedulersTestJSON-890404393-project] It took 0.12 seconds to run function 'neutron_lib.db.resource_extend.apply_funcs' {{(pid=104793) wrapper /usr/local/lib/python3.8/dist-packages/oslo_utils/timeutils.py:322}}
Aug 01 15:06:56.630856 dv-neutron-841459-28-hyperv neutron-server[104794]: DEBUG neutron.scheduler.base_scheduler [None req-c803a56c-48b8-4c63-bf0f-ef7b54eb86c6 admin admin] Resources bound (agent type, host, resource id): {{(pid=104794) schedule /opt/stack/neutron/neutron/scheduler/base_scheduler.py:57}}
Aug 01 15:06:56.655718 dv-neutron-841459-28-hyperv neutron-server[104794]: WARNING neutron.services.metering.metering_plugin [None req-a5edc409-9b00-4a8b-a4aa-a76694fb9f84 tempest-MeteringTestJSON-489744281 tempest-MeteringTestJSON-489744281-project-admin] The use of 'remote_ip_prefix' in metering label rules is deprecated and will be removed in future releases. One should use instead the 'source_ip_prefix' and/or 'destination_ip_prefix' parameters. For more details, you can check the spec: https://review.opendev.org/#/c/744702/.
Aug 01 15:06:56.680452 dv-neutron-841459-28-hyperv neutron-server[104793]: DEBUG neutron_lib.callbacks.manager [None req-bbc8dd9d-659a-4255-808a-bf9623188c83 tempest-ExternalNetworksTestJSON-500265235 tempest-ExternalNetworksTestJSON-500265235-project-admin] Publish callbacks ['neutron.services.l3_router.l3_router_plugin.DVRResourceOperationHandler._create_dvr_floating_gw_port-1630561'] for floatingip (27e80c90-fa9a-4c01-8592-d57cf5fac838), after_create {{(pid=104793) _notify_loop /usr/local/lib/python3.8/dist-packages/neutron_lib/callbacks/manager.py:176}}
Aug 01 15:06:56.683692 dv-neutron-841459-28-hyperv neutron-server[104793]: DEBUG neutron_lib.callbacks.manager [None req-7ee25183-ed97-4dda-a6d2-9c493527f2ea admin admin] Publish callbacks ['neutron.plugins.ml2.ovo_rpc._ObjectChangeHandler.handle_event-2050670'] for security_group (a148c30f-616b-4989-81fe-47bad96b55a2), after_create {{(pid=104793) _notify_loop /usr/local/lib/python3.8/dist-packages/neutron_lib/callbacks/manager.py:176}}
Aug 01 15:06:56.779924 dv-neutron-841459-28-hyperv neutron-server[104793]: DEBUG neutron.api.rpc.handlers.resources_rpc [None req-7ee25183-ed97-4dda-a6d2-9c493527f2ea admin admin] Pushing event updated for resources: {'SecurityGroup': ['ID=a148c30f-616b-4989-81fe-47bad96b55a2,revision_number=1']} {{(pid=104793) push /opt/stack/neutron/neutron/api/rpc/handlers/resources_rpc.py:237}}
Aug 01 15:06:56.826210 dv-neutron-841459-28-hyperv neutron-server[104793]: DEBUG neutron_lib.callbacks.manager [None req-5b2ed144-9126-455c-bb0d-e12cf1e10907 tempest-DHCPAgentSchedulersTestJSON-890404393 tempest-DHCPAgentSchedulersTestJSON-890404393-project] Publish callbacks ['neutron.plugins.ml2.ovo_rpc._ObjectChangeHandler.handle_event-2050619', 'neutron.api.rpc.agentnotifiers.dhcp_rpc_agent_api.DhcpAgentNotifyAPI._native_event_send_dhcp_notification-1581418'] for network (4b7df84e-9f2c-40a7-b638-8cdfe74daedb), after_create {{(pid=104793) _notify_loop /usr/local/lib/python3.8/dist-packages/neutron_lib/callbacks/manager.py:176}}
Aug 01 15:06:56.833420 dv-neutron-841459-28-hyperv neutron-server[104793]: DEBUG neutron.pecan_wsgi.hooks.policy_enforcement [None req-5b2ed144-9126-455c-bb0d-e12cf1e10907 tempest-DHCPAgentSchedulersTestJSON-890404393 tempest-DHCPAgentSchedulersTestJSON-890404393-project] Attributes excluded by policy engine: ['standard_attr_id', 'provider:network_type', 'provider:physical_network', 'provider:segmentation_id', 'vlan_transparent'] {{(pid=104793) _exclude_attributes_by_policy /opt/stack/neutron/neutron/pecan_wsgi/hooks/policy_enforcement.py:259}}
Aug 01 15:06:56.834488 dv-neutron-841459-28-hyperv neutron-server[104793]: DEBUG neutron_lib.callbacks.manager [None req-5b2ed144-9126-455c-bb0d-e12cf1e10907 tempest-DHCPAgentSchedulersTestJSON-890404393 tempest-DHCPAgentSchedulersTestJSON-890404393-project] Publish callbacks ['neutron.api.rpc.agentnotifiers.dhcp_rpc_agent_api.DhcpAgentNotifyAPI._send_dhcp_notification-1581464'] for network (None), before_response {{(pid=104793) _notify_loop /usr/local/lib/python3.8/dist-packages/neutron_lib/callbacks/manager.py:176}}
Aug 01 15:06:56.862129 dv-neutron-841459-28-hyperv neutron-server[104793]: INFO neutron.wsgi [None req-7ee25183-ed97-4dda-a6d2-9c493527f2ea admin admin] 10.222.0.98 "GET /v2.0/security-groups?tenant_id=04c6e4bad04341aba591fb1ebbb804de&name=default HTTP/1.1" status: 200 len: 2996 time: 1.6742749
Aug 01 15:06:56.870063 dv-neutron-841459-28-hyperv neutron-server[104793]: DEBUG neutron.wsgi [-] (104793) accepted ('10.222.0.98', 52832) {{(pid=104793) server /usr/local/lib/python3.8/dist-packages/eventlet/wsgi.py:1004}}
Aug 01 15:06:56.881608 dv-neutron-841459-28-hyperv neutron-server[104794]: DEBUG neutron_lib.callbacks.manager [None req-a5edc409-9b00-4a8b-a4aa-a76694fb9f84 tempest-MeteringTestJSON-489744281 tempest-MeteringTestJSON-489744281-project-admin] Publish callbacks [] for metering_label_rule (None), before_response {{(pid=104794) _notify_loop /usr/local/lib/python3.8/dist-packages/neutron_lib/callbacks/manager.py:176}}
Aug 01 15:06:56.887715 dv-neutron-841459-28-hyperv neutron-server[104794]: INFO neutron.wsgi [None req-a5edc409-9b00-4a8b-a4aa-a76694fb9f84 tempest-MeteringTestJSON-489744281 tempest-MeteringTestJSON-489744281-project-admin] 10.222.0.98 "POST /v2.0/metering/metering-label-rules HTTP/1.1" status: 201 len: 466 time: 0.5299621
Aug 01 15:06:56.888615 dv-neutron-841459-28-hyperv neutron-server[104794]: DEBUG neutron.wsgi [-] (104794) accepted ('10.222.0.98', 52834) {{(pid=104794) server /usr/local/lib/python3.8/dist-packages/eventlet/wsgi.py:1004}}
Aug 01 15:06:56.902106 dv-neutron-841459-28-hyperv neutron-server[104794]: DEBUG neutron.api.v2.base [None req-a58bfb93-1f57-490a-adc3-0792ea1de947 tempest-MeteringTestJSON-489744281 tempest-MeteringTestJSON-489744281-project-admin] Request body: {'metering_label_rule': {'remote_ip_prefix': '10.0.1.0/24', 'direction': 'ingress', 'metering_label_id': '7cc3c625-c2b0-45ef-bd78-22ad35281e0c'}} {{(pid=104794) prepare_request_body /opt/stack/neutron/neutron/api/v2/base.py:730}}
Aug 01 15:06:56.902888 dv-neutron-841459-28-hyperv neutron-server[104794]: DEBUG neutron.api.v2.base [None req-a58bfb93-1f57-490a-adc3-0792ea1de947 tempest-MeteringTestJSON-489744281 tempest-MeteringTestJSON-489744281-project-admin] Unknown quota resources ['metering_label_rule']. {{(pid=104794) _create /opt/stack/neutron/neutron/api/v2/base.py:497}}
Aug 01 15:06:56.955454 dv-neutron-841459-28-hyperv neutron-server[104793]: INFO neutron.wsgi [None req-5b2ed144-9126-455c-bb0d-e12cf1e10907 tempest-DHCPAgentSchedulersTestJSON-890404393 tempest-DHCPAgentSchedulersTestJSON-890404393-project] 10.222.0.98 "POST /v2.0/networks HTTP/1.1" status: 201 len: 776 time: 1.0360394
Aug 01 15:06:56.956829 dv-neutron-841459-28-hyperv neutron-server[104794]: DEBUG neutron.wsgi [-] (104794) accepted ('10.222.0.98', 52836) {{(pid=104794) server /usr/local/lib/python3.8/dist-packages/eventlet/wsgi.py:1004}}
Aug 01 15:06:56.966228 dv-neutron-841459-28-hyperv neutron-server[104793]: DEBUG neutron_lib.callbacks.manager [None req-bbc8dd9d-659a-4255-808a-bf9623188c83 tempest-ExternalNetworksTestJSON-500265235 tempest-ExternalNetworksTestJSON-500265235-project-admin] Publish callbacks ['neutron.notifiers.nova.Notifier._send_nova_notification-483427'] for floatingip (None), before_response {{(pid=104793) _notify_loop /usr/local/lib/python3.8/dist-packages/neutron_lib/callbacks/manager.py:176}}
Aug 01 15:06:56.970631 dv-neutron-841459-28-hyperv neutron-server[104793]: INFO neutron.wsgi [None req-bbc8dd9d-659a-4255-808a-bf9623188c83 tempest-ExternalNetworksTestJSON-500265235 tempest-ExternalNetworksTestJSON-500265235-project-admin] 10.222.0.98 "POST /v2.0/floatingips HTTP/1.1" status: 201 len: 691 time: 4.8588774
Aug 01 15:06:56.970631 dv-neutron-841459-28-hyperv neutron-server[104793]: DEBUG neutron.api.rpc.handlers.resources_rpc [None req-bbc8dd9d-659a-4255-808a-bf9623188c83 tempest-ExternalNetworksTestJSON-500265235 tempest-ExternalNetworksTestJSON-500265235-project-admin] Pushing event updated for resources: {'Port': ['ID=4f264e25-f9b1-4244-b450-10597c199634,revision_number=2']} {{(pid=104793) push /opt/stack/neutron/neutron/api/rpc/handlers/resources_rpc.py:237}}
Aug 01 15:06:56.974045 dv-neutron-841459-28-hyperv neutron-server[104794]: DEBUG neutron.wsgi [-] (104794) accepted ('10.222.0.98', 52838) {{(pid=104794) server /usr/local/lib/python3.8/dist-packages/eventlet/wsgi.py:1004}}
Aug 01 15:06:57.034366 dv-neutron-841459-28-hyperv neutron-server[104795]: DEBUG neutron.db.provisioning_blocks [None req-9dfaa085-eac8-4bca-8dbd-3952d5e395da None None] Provisioning complete for port 8f11db2a-c0a2-4fc2-a8cc-fcd332259fd1 triggered by entity DHCP. {{(pid=104795) provisioning_complete /opt/stack/neutron/neutron/db/provisioning_blocks.py:145}}
Aug 01 15:06:57.035304 dv-neutron-841459-28-hyperv neutron-server[104795]: DEBUG neutron_lib.callbacks.manager [None req-9dfaa085-eac8-4bca-8dbd-3952d5e395da None None] Publish callbacks ['neutron.plugins.ml2.plugin.Ml2Plugin._port_provisioned-3518107'] for port (8f11db2a-c0a2-4fc2-a8cc-fcd332259fd1), provisioning_complete {{(pid=104795) _notify_loop /usr/local/lib/python3.8/dist-packages/neutron_lib/callbacks/manager.py:176}}
Aug 01 15:06:57.048141 dv-neutron-841459-28-hyperv neutron-server[104793]: DEBUG neutron_lib.callbacks.manager [None req-8ff6518a-aa36-49f4-bbac-3a86fed5bced admin admin] Publish callbacks [] for port (0ca00e8c-8294-4bfc-a2da-fab94cb18f5e), precommit_create {{(pid=104793) _notify_loop /usr/local/lib/python3.8/dist-packages/neutron_lib/callbacks/manager.py:176}}
Aug 01 15:06:57.085386 dv-neutron-841459-28-hyperv neutron-server[104793]: DEBUG dbcounter [-] [104793] Writing DB stats neutron:SELECT=83,neutron:INSERT=6,neutron:UPDATE=3,neutron:DELETE=8 {{(pid=104793) stat_writer /usr/local/lib/python3.8/dist-packages/dbcounter.py:114}}
Aug 01 15:06:57.092211 dv-neutron-841459-28-hyperv neutron-server[104795]: DEBUG neutron.plugins.ml2.plugin [None req-9dfaa085-eac8-4bca-8dbd-3952d5e395da None None] Port 8f11db2a-c0a2-4fc2-a8cc-fcd332259fd1 cannot update to ACTIVE because it is not bound. {{(pid=104795) _port_provisioned /opt/stack/neutron/neutron/plugins/ml2/plugin.py:348}}
Aug 01 15:06:57.106771 dv-neutron-841459-28-hyperv neutron-server[104793]: DEBUG neutron.api.rpc.handlers.resources_rpc [None req-5b2ed144-9126-455c-bb0d-e12cf1e10907 tempest-DHCPAgentSchedulersTestJSON-890404393 tempest-DHCPAgentSchedulersTestJSON-890404393-project] Pushing event updated for resources: {'Network': ['ID=4b7df84e-9f2c-40a7-b638-8cdfe74daedb,revision_number=1']} {{(pid=104793) push /opt/stack/neutron/neutron/api/rpc/handlers/resources_rpc.py:237}}
Aug 01 15:06:57.120597 dv-neutron-841459-28-hyperv neutron-server[104795]: DEBUG neutron.plugins.ml2.rpc [None req-6f053f83-eab0-4637-aadd-9f2355ef9d94 None None] Network 4b7df84e-9f2c-40a7-b638-8cdfe74daedb details requested by agent ovs-agent-dv-neutron-841459-28-hyperv with host dv-neutron-841459-28-hyperv {{(pid=104795) get_network_details /opt/stack/neutron/neutron/plugins/ml2/rpc.py:248}}
Aug 01 15:06:57.154838 dv-neutron-841459-28-hyperv neutron-server[104794]: DEBUG neutron_lib.callbacks.manager [None req-1c77213a-0a37-4683-ab0b-b7a87a72fcd0 admin admin] Publish callbacks ['neutron.plugins.ml2.plugin.SecurityGroupDbMixin._ensure_default_security_group_handler-3527202'] for port (22b52d52-7010-42eb-874d-6034e69ce013), before_update {{(pid=104794) _notify_loop /usr/local/lib/python3.8/dist-packages/neutron_lib/callbacks/manager.py:176}}
Aug 01 15:06:57.207349 dv-neutron-841459-28-hyperv neutron-server[104794]: INFO neutron.wsgi [None req-d20d4ca7-86c6-47bc-9c8b-410d00471a92 tempest-ExternalNetworksTestJSON-500265235 tempest-ExternalNetworksTestJSON-500265235-project-admin] 10.222.0.98 "GET /v2.0/floatingips?floating_network_id=9de04f23-ed85-43cd-a6d1-8505ae85cb2c HTTP/1.1" status: 200 len: 689 time: 0.2302105
Aug 01 15:06:57.208615 dv-neutron-841459-28-hyperv neutron-server[104794]: WARNING neutron.services.metering.metering_plugin [None req-a58bfb93-1f57-490a-adc3-0792ea1de947 tempest-MeteringTestJSON-489744281 tempest-MeteringTestJSON-489744281-project-admin] The use of 'remote_ip_prefix' in metering label rules is deprecated and will be removed in future releases. One should use instead the 'source_ip_prefix' and/or 'destination_ip_prefix' parameters. For more details, you can check the spec: https://review.opendev.org/#/c/744702/.
Aug 01 15:06:57.222323 dv-neutron-841459-28-hyperv neutron-server[104793]: DEBUG neutron.wsgi [-] (104793) accepted ('10.222.0.98', 52840) {{(pid=104793) server /usr/local/lib/python3.8/dist-packages/eventlet/wsgi.py:1004}}
Aug 01 15:06:57.263153 dv-neutron-841459-28-hyperv neutron-server[104793]: DEBUG neutron_lib.callbacks.manager [None req-34b34a4f-59ee-496e-8035-568bf6528c33 tempest-RoutersIpV6AdminTest-2107097137 tempest-RoutersIpV6AdminTest-2107097137-project-admin] Publish callbacks ['neutron.plugins.ml2.plugin.SecurityGroupServerNotifierRpcMixin._notify_sg_on_port_change-3527265', 'neutron.plugins.ml2.ovo_rpc._ObjectChangeHandler.handle_event-65842', 'neutron.api.rpc.agentnotifiers.dhcp_rpc_agent_api.DhcpAgentNotifyAPI._native_event_send_dhcp_notification-1581418', 'neutron.db.l3_db.L3RpcNotifierMixin._notify_routers_callback-8775886207726', 'neutron.db.l3_dvrscheduler_db._notify_port_delete-8775885746023', 'neutron.services.segments.plugin.NovaSegmentNotifier._notify_port_created_or_deleted-15813947'] for port (cc85d650-70f0-4e9c-b62d-c1fa46fc48ef), after_delete {{(pid=104793) _notify_loop /usr/local/lib/python3.8/dist-packages/neutron_lib/callbacks/manager.py:176}}
Aug 01 15:06:57.358221 dv-neutron-841459-28-hyperv neutron-server[104793]: DEBUG neutron_lib.callbacks.manager [None req-e3c7712d-92e8-4ea6-9263-6c6441644eab admin admin] Publish callbacks [] for security_group (a148c30f-616b-4989-81fe-47bad96b55a2), before_delete {{(pid=104793) _notify_loop /usr/local/lib/python3.8/dist-packages/neutron_lib/callbacks/manager.py:176}}
Aug 01 15:06:57.402021 dv-neutron-841459-28-hyperv neutron-server[104793]: DEBUG neutron_lib.callbacks.manager [None req-8ff6518a-aa36-49f4-bbac-3a86fed5bced admin admin] Publish callbacks ['neutron.plugins.ml2.plugin.SecurityGroupServerNotifierRpcMixin._notify_sg_on_port_change-3527265', 'neutron.plugins.ml2.ovo_rpc._ObjectChangeHandler.handle_event-65842', 'neutron.api.rpc.agentnotifiers.dhcp_rpc_agent_api.DhcpAgentNotifyAPI._native_event_send_dhcp_notification-1581418', 'neutron.db.l3_dvrscheduler_db._notify_l3_agent_new_port-8775885746014', 'neutron.services.segments.plugin.NovaSegmentNotifier._notify_port_created_or_deleted-15813947'] for port (0ca00e8c-8294-4bfc-a2da-fab94cb18f5e), after_create {{(pid=104793) _notify_loop /usr/local/lib/python3.8/dist-packages/neutron_lib/callbacks/manager.py:176}}
Aug 01 15:06:57.405274 dv-neutron-841459-28-hyperv neutron-server[104793]: DEBUG neutron.api.rpc.handlers.resources_rpc [None req-34b34a4f-59ee-496e-8035-568bf6528c33 tempest-RoutersIpV6AdminTest-2107097137 tempest-RoutersIpV6AdminTest-2107097137-project-admin] Pushing event deleted for resources: {'Port': ['ID=cc85d650-70f0-4e9c-b62d-c1fa46fc48ef,revision_number=None']} {{(pid=104793) push /opt/stack/neutron/neutron/api/rpc/handlers/resources_rpc.py:237}}
Aug 01 15:06:57.406246 dv-neutron-841459-28-hyperv neutron-server[104795]: DEBUG neutron.plugins.ml2.rpc [None req-6f053f83-eab0-4637-aadd-9f2355ef9d94 None None] Device fe578576-865e-4543-b27d-f1b9e8aae60d up at agent ovs-agent-dv-neutron-841459-28-hyperv {{(pid=104795) update_device_up /opt/stack/neutron/neutron/plugins/ml2/rpc.py:296}}
Aug 01 15:06:57.465980 dv-neutron-841459-28-hyperv neutron-server[104795]: DEBUG neutron.db.provisioning_blocks [None req-6f053f83-eab0-4637-aadd-9f2355ef9d94 None None] Provisioning complete for port fe578576-865e-4543-b27d-f1b9e8aae60d triggered by entity L2. {{(pid=104795) provisioning_complete /opt/stack/neutron/neutron/db/provisioning_blocks.py:145}}
Aug 01 15:06:57.466372 dv-neutron-841459-28-hyperv neutron-server[104795]: DEBUG neutron_lib.callbacks.manager [None req-6f053f83-eab0-4637-aadd-9f2355ef9d94 None None] Publish callbacks ['neutron.plugins.ml2.plugin.Ml2Plugin._port_provisioned-3518107'] for port (fe578576-865e-4543-b27d-f1b9e8aae60d), provisioning_complete {{(pid=104795) _notify_loop /usr/local/lib/python3.8/dist-packages/neutron_lib/callbacks/manager.py:176}}
Aug 01 15:06:57.523408 dv-neutron-841459-28-hyperv neutron-server[104793]: DEBUG neutron_lib.callbacks.manager [None req-e3c7712d-92e8-4ea6-9263-6c6441644eab admin admin] Publish callbacks [] for security_group (a148c30f-616b-4989-81fe-47bad96b55a2), precommit_delete {{(pid=104793) _notify_loop /usr/local/lib/python3.8/dist-packages/neutron_lib/callbacks/manager.py:176}}
Aug 01 15:06:57.543911 dv-neutron-841459-28-hyperv neutron-server[104793]: DEBUG neutron_lib.callbacks.manager [None req-34b34a4f-59ee-496e-8035-568bf6528c33 tempest-RoutersIpV6AdminTest-2107097137 tempest-RoutersIpV6AdminTest-2107097137-project-admin] Publish callbacks ['neutron.notifiers.nova.Notifier._send_nova_notification-483427'] for port (None), before_response {{(pid=104793) _notify_loop /usr/local/lib/python3.8/dist-packages/neutron_lib/callbacks/manager.py:176}}
Aug 01 15:06:57.547273 dv-neutron-841459-28-hyperv neutron-server[104793]: INFO neutron.wsgi [None req-34b34a4f-59ee-496e-8035-568bf6528c33 tempest-RoutersIpV6AdminTest-2107097137 tempest-RoutersIpV6AdminTest-2107097137-project-admin] 10.222.0.98 "DELETE /v2.0/ports/cc85d650-70f0-4e9c-b62d-c1fa46fc48ef HTTP/1.1" status: 204 len: 168 time: 3.2491040
Aug 01 15:06:57.553701 dv-neutron-841459-28-hyperv neutron-server[104793]: DEBUG neutron.scheduler.dhcp_agent_scheduler [None req-8ff6518a-aa36-49f4-bbac-3a86fed5bced admin admin] Network fa93b2d5-abc8-4bb0-9ff4-ebac8f4559bc is already hosted by enough agents. {{(pid=104793) _get_dhcp_agents_hosting_network /opt/stack/neutron/neutron/scheduler/dhcp_agent_scheduler.py:275}}
Aug 01 15:06:57.562096 dv-neutron-841459-28-hyperv neutron-server[104793]: DEBUG neutron.wsgi [-] (104793) accepted ('10.222.0.98', 52842) {{(pid=104793) server /usr/local/lib/python3.8/dist-packages/eventlet/wsgi.py:1004}}
Aug 01 15:06:57.569069 dv-neutron-841459-28-hyperv neutron-server[104793]: DEBUG neutron.api.v2.base [None req-ea34b393-59d2-4684-b6de-6c02e0cc5f47 tempest-RoutersIpV6AdminTest-2107097137 tempest-RoutersIpV6AdminTest-2107097137-project-admin] Request body: {'router': {'external_gateway_info': {'network_id': 'e7d29a65-91ec-4e5e-b137-5827ca88b11a', 'external_fixed_ips': [{'subnet_id': '3f4baa02-5978-4ae5-9a40-9d35f455621e', 'ip_address': '2001:db8::218'}]}}} {{(pid=104793) prepare_request_body /opt/stack/neutron/neutron/api/v2/base.py:730}}
Aug 01 15:06:57.569272 dv-neutron-841459-28-hyperv neutron-server[104795]: DEBUG neutron.plugins.ml2.plugin [None req-6f053f83-eab0-4637-aadd-9f2355ef9d94 None None] Current status of the port fe578576-865e-4543-b27d-f1b9e8aae60d is: ACTIVE; New status is: ACTIVE {{(pid=104795) _update_individual_port_db_status /opt/stack/neutron/neutron/plugins/ml2/plugin.py:2292}}
Aug 01 15:06:57.570397 dv-neutron-841459-28-hyperv neutron-server[104795]: DEBUG neutron.plugins.ml2.rpc [None req-6f053f83-eab0-4637-aadd-9f2355ef9d94 None None] Device 55d65675-6367-4cdc-846a-9a4a19ef9f63 up at agent ovs-agent-dv-neutron-841459-28-hyperv {{(pid=104795) update_device_up /opt/stack/neutron/neutron/plugins/ml2/rpc.py:296}}
Aug 01 15:06:57.586035 dv-neutron-841459-28-hyperv neutron-server[104793]: DEBUG neutron.scheduler.base_scheduler [None req-8ff6518a-aa36-49f4-bbac-3a86fed5bced admin admin] Resources bound (agent type, host, resource id): {{(pid=104793) schedule /opt/stack/neutron/neutron/scheduler/base_scheduler.py:57}}
Aug 01 15:06:57.605050 dv-neutron-841459-28-hyperv neutron-server[104793]: DEBUG neutron.db.l3_dvrscheduler_db [None req-8ff6518a-aa36-49f4-bbac-3a86fed5bced admin admin] Received port after_create {{(pid=104793) _notify_l3_agent_new_port /opt/stack/neutron/neutron/db/l3_dvrscheduler_db.py:542}}
Aug 01 15:06:57.607276 dv-neutron-841459-28-hyperv neutron-server[104793]: DEBUG neutron.api.rpc.handlers.resources_rpc [None req-8ff6518a-aa36-49f4-bbac-3a86fed5bced admin admin] Pushing event updated for resources: {'Port': ['ID=0ca00e8c-8294-4bfc-a2da-fab94cb18f5e,revision_number=1']} {{(pid=104793) push /opt/stack/neutron/neutron/api/rpc/handlers/resources_rpc.py:237}}
Aug 01 15:06:57.627520 dv-neutron-841459-28-hyperv neutron-server[104793]: DEBUG neutron_lib.callbacks.manager [None req-bb201438-2b45-4c5d-882d-3082f2d2a722 tempest-ExternalNetworksTestJSON-500265235 tempest-ExternalNetworksTestJSON-500265235-project-admin] Publish callbacks ['neutron.plugins.ml2.plugin.External_net_db_mixin._before_network_delete_handler-3421842'] for network (9de04f23-ed85-43cd-a6d1-8505ae85cb2c), before_delete {{(pid=104793) _notify_loop /usr/local/lib/python3.8/dist-packages/neutron_lib/callbacks/manager.py:176}}
Aug 01 15:06:57.642599 dv-neutron-841459-28-hyperv neutron-server[104795]: DEBUG neutron.db.provisioning_blocks [None req-6f053f83-eab0-4637-aadd-9f2355ef9d94 None None] Provisioning complete for port 55d65675-6367-4cdc-846a-9a4a19ef9f63 triggered by entity L2. {{(pid=104795) provisioning_complete /opt/stack/neutron/neutron/db/provisioning_blocks.py:145}}
Aug 01 15:06:57.643180 dv-neutron-841459-28-hyperv neutron-server[104795]: DEBUG neutron_lib.callbacks.manager [None req-6f053f83-eab0-4637-aadd-9f2355ef9d94 None None] Publish callbacks ['neutron.plugins.ml2.plugin.Ml2Plugin._port_provisioned-3518107'] for port (55d65675-6367-4cdc-846a-9a4a19ef9f63), provisioning_complete {{(pid=104795) _notify_loop /usr/local/lib/python3.8/dist-packages/neutron_lib/callbacks/manager.py:176}}
Aug 01 15:06:57.655314 dv-neutron-841459-28-hyperv neutron-server[104793]: DEBUG dbcounter [-] [104793] Writing DB stats neutron:SELECT=96,neutron:DELETE=3,neutron:INSERT=1 {{(pid=104793) stat_writer /usr/local/lib/python3.8/dist-packages/dbcounter.py:114}}
Aug 01 15:06:57.694555 dv-neutron-841459-28-hyperv neutron-server[104794]: DEBUG neutron.scheduler.l3_agent_scheduler [None req-c803a56c-48b8-4c63-bf0f-ef7b54eb86c6 admin admin] Router 0f729443-7a12-4a76-b55d-53b27b5eeace has already been hosted by L3 agent 215f4c5c-0a71-48e4-87dc-b7d6eba2c1a3 {{(pid=104794) _get_candidates /opt/stack/neutron/neutron/scheduler/l3_agent_scheduler.py:126}}
Aug 01 15:06:57.708368 dv-neutron-841459-28-hyperv neutron-server[104794]: DEBUG neutron_lib.callbacks.manager [None req-a58bfb93-1f57-490a-adc3-0792ea1de947 tempest-MeteringTestJSON-489744281 tempest-MeteringTestJSON-489744281-project-admin] Publish callbacks [] for metering_label_rule (None), before_response {{(pid=104794) _notify_loop /usr/local/lib/python3.8/dist-packages/neutron_lib/callbacks/manager.py:176}}
Aug 01 15:06:57.708368 dv-neutron-841459-28-hyperv neutron-server[104794]: INFO neutron.wsgi [None req-a58bfb93-1f57-490a-adc3-0792ea1de947 tempest-MeteringTestJSON-489744281 tempest-MeteringTestJSON-489744281-project-admin] 10.222.0.98 "POST /v2.0/metering/metering-label-rules HTTP/1.1" status: 201 len: 466 time: 0.8038018
Aug 01 15:06:57.714701 dv-neutron-841459-28-hyperv neutron-server[104794]: DEBUG neutron.wsgi [-] (104794) accepted ('10.222.0.98', 52844) {{(pid=104794) server /usr/local/lib/python3.8/dist-packages/eventlet/wsgi.py:1004}}
Aug 01 15:06:57.722819 dv-neutron-841459-28-hyperv neutron-server[104793]: DEBUG neutron_lib.callbacks.manager [None req-ea34b393-59d2-4684-b6de-6c02e0cc5f47 tempest-RoutersIpV6AdminTest-2107097137 tempest-RoutersIpV6AdminTest-2107097137-project-admin] Publish callbacks ['neutron.services.l3_router.l3_router_plugin.L3_HA_NAT_db_mixin._before_router_create_handler-1636888', 'neutron.services.l3_router.service_providers.driver_controller.DriverController._check_router_request-608'] for router (eed0914a-6d8a-40cb-86ed-4c2e86daf595), before_create {{(pid=104793) _notify_loop /usr/local/lib/python3.8/dist-packages/neutron_lib/callbacks/manager.py:176}}
Aug 01 15:06:57.723880 dv-neutron-841459-28-hyperv neutron-server[104793]: DEBUG neutron_lib.callbacks.manager [None req-ea34b393-59d2-4684-b6de-6c02e0cc5f47 tempest-RoutersIpV6AdminTest-2107097137 tempest-RoutersIpV6AdminTest-2107097137-project-admin] Publish callbacks ['neutron.services.l3_router.l3_router_plugin.L3_HA_NAT_db_mixin._precommit_router_create-1631805', 'neutron.services.l3_router.l3_router_plugin.DVRResourceOperationHandler._set_distributed_flag-1688291', 'neutron.services.l3_router.l3_router_plugin.RouterAvailabilityZoneMixin._process_az_request-2055081', 'neutron.services.l3_router.service_providers.driver_controller.DriverController._set_router_provider-639'] for router (eed0914a-6d8a-40cb-86ed-4c2e86daf595), precommit_create {{(pid=104793) _notify_loop /usr/local/lib/python3.8/dist-packages/neutron_lib/callbacks/manager.py:176}}
Aug 01 15:06:57.750288 dv-neutron-841459-28-hyperv neutron-server[104794]: DEBUG dbcounter [-] [104794] Writing DB stats neutron:SELECT=97,neutron:INSERT=2,neutron:UPDATE=1 {{(pid=104794) stat_writer /usr/local/lib/python3.8/dist-packages/dbcounter.py:114}}
Aug 01 15:06:57.791147 dv-neutron-841459-28-hyperv neutron-server[104795]: DEBUG neutron.plugins.ml2.plugin [None req-6f053f83-eab0-4637-aadd-9f2355ef9d94 None None] Current status of the port 55d65675-6367-4cdc-846a-9a4a19ef9f63 is: DOWN; New status is: ACTIVE {{(pid=104795) _update_individual_port_db_status /opt/stack/neutron/neutron/plugins/ml2/plugin.py:2292}}
Aug 01 15:06:57.792037 dv-neutron-841459-28-hyperv neutron-server[104795]: DEBUG neutron_lib.callbacks.manager [None req-6f053f83-eab0-4637-aadd-9f2355ef9d94 None None] Publish callbacks ['neutron.plugins.ml2.plugin.SecurityGroupDbMixin._ensure_default_security_group_handler-3527202'] for port (55d65675-6367-4cdc-846a-9a4a19ef9f63), before_update {{(pid=104795) _notify_loop /usr/local/lib/python3.8/dist-packages/neutron_lib/callbacks/manager.py:176}}
Aug 01 15:06:57.803353 dv-neutron-841459-28-hyperv neutron-server[104793]: DEBUG neutron_lib.callbacks.manager [None req-8ff6518a-aa36-49f4-bbac-3a86fed5bced admin admin] Publish callbacks ['neutron.services.l3_router.l3_router_plugin.DVRResourceOperationHandler._add_csnat_on_interface_create-1630596'] for router_interface (3a1061d9-29b4-4cf6-9e3d-06db64537186), before_create {{(pid=104793) _notify_loop /usr/local/lib/python3.8/dist-packages/neutron_lib/callbacks/manager.py:176}}
Aug 01 15:06:57.837085 dv-neutron-841459-28-hyperv neutron-server[104795]: DEBUG neutron.plugins.ml2.db [None req-6f053f83-eab0-4637-aadd-9f2355ef9d94 None None] For port 55d65675-6367-4cdc-846a-9a4a19ef9f63, host dv-neutron-841459-28-hyperv, got binding levels [PortBindingLevel(driver='openvswitch',host='dv-neutron-841459-28-hyperv',level=0,port_id=55d65675-6367-4cdc-846a-9a4a19ef9f63,segment=NetworkSegment(a57394e2-4817-479d-80f3-6e6eb6d374ba),segment_id=a57394e2-4817-479d-80f3-6e6eb6d374ba)] {{(pid=104795) get_binding_level_objs /opt/stack/neutron/neutron/plugins/ml2/db.py:74}}
Aug 01 15:06:57.847815 dv-neutron-841459-28-hyperv neutron-server[104795]: DEBUG neutron_lib.callbacks.manager [None req-6f053f83-eab0-4637-aadd-9f2355ef9d94 None None] Publish callbacks ['neutron.plugins.ml2.plugin.SecurityGroupServerNotifierRpcMixin._notify_sg_on_port_change-3527265', 'neutron.plugins.ml2.ovo_rpc._ObjectChangeHandler.handle_event-65842', 'neutron.api.rpc.agentnotifiers.dhcp_rpc_agent_api.DhcpAgentNotifyAPI._native_event_send_dhcp_notification-1581418', 'neutron.db.l3_db.L3RpcNotifierMixin._notify_gateway_port_ip_changed-8775886207699', 'neutron.db.l3_dvrscheduler_db._notify_l3_agent_port_update-8775885746032', 'neutron.db.l3_hascheduler_db._notify_l3_agent_ha_port_update-8775885746050'] for port (55d65675-6367-4cdc-846a-9a4a19ef9f63), after_update {{(pid=104795) _notify_loop /usr/local/lib/python3.8/dist-packages/neutron_lib/callbacks/manager.py:176}}
Aug 01 15:06:57.854087 dv-neutron-841459-28-hyperv neutron-server[104794]: INFO neutron.wsgi [None req-a5362038-6811-43b0-8db7-a819035bbaa3 tempest-MeteringTestJSON-489744281 tempest-MeteringTestJSON-489744281-project-admin] 10.222.0.98 "GET /v2.0/metering/metering-label-rules?id=7c6a3cbd-18d8-4a58-acdc-1b12d24bf97f HTTP/1.1" status: 200 len: 464 time: 0.1271138
Aug 01 15:06:57.890105 dv-neutron-841459-28-hyperv neutron-server[104794]: DEBUG neutron.wsgi [-] (104794) accepted ('10.222.0.98', 52846) {{(pid=104794) server /usr/local/lib/python3.8/dist-packages/eventlet/wsgi.py:1004}}
Aug 01 15:06:57.909953 dv-neutron-841459-28-hyperv neutron-server[104795]: DEBUG neutron.api.rpc.handlers.resources_rpc [None req-6f053f83-eab0-4637-aadd-9f2355ef9d94 None None] Pushing event updated for resources: {'Port': ['ID=55d65675-6367-4cdc-846a-9a4a19ef9f63,revision_number=4']} {{(pid=104795) push /opt/stack/neutron/neutron/api/rpc/handlers/resources_rpc.py:237}}
Aug 01 15:06:57.929119 dv-neutron-841459-28-hyperv neutron-server[104795]: DEBUG neutron.db.provisioning_blocks [None req-11f3d134-42cc-470b-b8ce-8505655f2707 None None] Provisioning complete for port 0ca00e8c-8294-4bfc-a2da-fab94cb18f5e triggered by entity DHCP. {{(pid=104795) provisioning_complete /opt/stack/neutron/neutron/db/provisioning_blocks.py:145}}
Aug 01 15:06:57.929497 dv-neutron-841459-28-hyperv neutron-server[104795]: DEBUG neutron_lib.callbacks.manager [None req-11f3d134-42cc-470b-b8ce-8505655f2707 None None] Publish callbacks ['neutron.plugins.ml2.plugin.Ml2Plugin._port_provisioned-3518107'] for port (0ca00e8c-8294-4bfc-a2da-fab94cb18f5e), provisioning_complete {{(pid=104795) _notify_loop /usr/local/lib/python3.8/dist-packages/neutron_lib/callbacks/manager.py:176}}
Aug 01 15:06:57.966351 dv-neutron-841459-28-hyperv neutron-server[104795]: DEBUG neutron.plugins.ml2.plugin [None req-11f3d134-42cc-470b-b8ce-8505655f2707 None None] Port 0ca00e8c-8294-4bfc-a2da-fab94cb18f5e cannot update to ACTIVE because it is not bound. {{(pid=104795) _port_provisioned /opt/stack/neutron/neutron/plugins/ml2/plugin.py:348}}
Aug 01 15:06:58.022102 dv-neutron-841459-28-hyperv neutron-server[104794]: INFO neutron.wsgi [None req-035a331d-8ef4-4f67-9ae2-274174d17fa6 tempest-DHCPAgentSchedulersTestJSON-771609658 tempest-DHCPAgentSchedulersTestJSON-771609658-project-admin] 10.222.0.98 "GET /v2.0/agents/31fb1a8a-3614-49fd-9350-0b3dac722998/dhcp-networks HTTP/1.1" status: 200 len: 7254 time: 1.0587108
Aug 01 15:06:58.026297 dv-neutron-841459-28-hyperv neutron-server[104794]: DEBUG neutron.wsgi [-] (104794) accepted ('10.222.0.98', 52848) {{(pid=104794) server /usr/local/lib/python3.8/dist-packages/eventlet/wsgi.py:1004}}
Aug 01 15:06:58.044239 dv-neutron-841459-28-hyperv neutron-server[104793]: DEBUG neutron_lib.callbacks.manager [None req-e3c7712d-92e8-4ea6-9263-6c6441644eab admin admin] Publish callbacks ['neutron.plugins.ml2.ovo_rpc._ObjectChangeHandler.handle_event-2050670'] for security_group (a148c30f-616b-4989-81fe-47bad96b55a2), after_delete {{(pid=104793) _notify_loop /usr/local/lib/python3.8/dist-packages/neutron_lib/callbacks/manager.py:176}}
Aug 01 15:06:58.047129 dv-neutron-841459-28-hyperv neutron-server[104793]: DEBUG neutron_lib.callbacks.manager [None req-e3c7712d-92e8-4ea6-9263-6c6441644eab admin admin] Publish callbacks [] for security_group (None), before_response {{(pid=104793) _notify_loop /usr/local/lib/python3.8/dist-packages/neutron_lib/callbacks/manager.py:176}}
Aug 01 15:06:58.050968 dv-neutron-841459-28-hyperv neutron-server[104793]: INFO neutron.wsgi [None req-e3c7712d-92e8-4ea6-9263-6c6441644eab admin admin] 10.222.0.98 "DELETE /v2.0/security-groups/a148c30f-616b-4989-81fe-47bad96b55a2 HTTP/1.1" status: 204 len: 168 time: 1.0945613
Aug 01 15:06:58.070597 dv-neutron-841459-28-hyperv neutron-server[104794]: DEBUG dbcounter [-] [104794] Writing DB stats neutron:SELECT=97,neutron:UPDATE=1,neutron:INSERT=1,neutron:DELETE=1 {{(pid=104794) stat_writer /usr/local/lib/python3.8/dist-packages/dbcounter.py:114}}
Aug 01 15:06:58.121181 dv-neutron-841459-28-hyperv neutron-server[104793]: DEBUG neutron.api.rpc.handlers.resources_rpc [None req-e3c7712d-92e8-4ea6-9263-6c6441644eab admin admin] Pushing event deleted for resources: {'SecurityGroup': ['ID=a148c30f-616b-4989-81fe-47bad96b55a2,revision_number=None']} {{(pid=104793) push /opt/stack/neutron/neutron/api/rpc/handlers/resources_rpc.py:237}}
Aug 01 15:06:58.174047 dv-neutron-841459-28-hyperv neutron-server[104793]: DEBUG neutron.plugins.ml2.plugin [None req-bb201438-2b45-4c5d-882d-3082f2d2a722 tempest-ExternalNetworksTestJSON-500265235 tempest-ExternalNetworksTestJSON-500265235-project-admin] Deleting port 4f264e25-f9b1-4244-b450-10597c199634 {{(pid=104793) _pre_delete_port /opt/stack/neutron/neutron/plugins/ml2/plugin.py:2037}}
Aug 01 15:06:58.174395 dv-neutron-841459-28-hyperv neutron-server[104793]: DEBUG neutron_lib.callbacks.manager [None req-bb201438-2b45-4c5d-882d-3082f2d2a722 tempest-ExternalNetworksTestJSON-500265235 tempest-ExternalNetworksTestJSON-500265235-project-admin] Publish callbacks ['neutron.db.l3_db.L3_NAT_dbonly_mixin._prevent_l3_port_delete_callback-8775886203944'] for port (4f264e25-f9b1-4244-b450-10597c199634), before_delete {{(pid=104793) _notify_loop /usr/local/lib/python3.8/dist-packages/neutron_lib/callbacks/manager.py:176}}
Aug 01 15:06:58.223066 dv-neutron-841459-28-hyperv neutron-server[104793]: DEBUG neutron_lib.callbacks.manager [None req-ea34b393-59d2-4684-b6de-6c02e0cc5f47 tempest-RoutersIpV6AdminTest-2107097137 tempest-RoutersIpV6AdminTest-2107097137-project-admin] Publish callbacks [] for router_controller (eed0914a-6d8a-40cb-86ed-4c2e86daf595), precommit_add_association {{(pid=104793) _notify_loop /usr/local/lib/python3.8/dist-packages/neutron_lib/callbacks/manager.py:176}}
Aug 01 15:06:58.240887 dv-neutron-841459-28-hyperv neutron-server[104794]: DEBUG neutron_lib.callbacks.manager [None req-99a6a69f-565e-42e6-b3f1-ac181a04939a tempest-MeteringTestJSON-489744281 tempest-MeteringTestJSON-489744281-project-admin] Publish callbacks [] for metering_label_rule (None), before_response {{(pid=104794) _notify_loop /usr/local/lib/python3.8/dist-packages/neutron_lib/callbacks/manager.py:176}}
Aug 01 15:06:58.245105 dv-neutron-841459-28-hyperv neutron-server[104794]: INFO neutron.wsgi [None req-99a6a69f-565e-42e6-b3f1-ac181a04939a tempest-MeteringTestJSON-489744281 tempest-MeteringTestJSON-489744281-project-admin] 10.222.0.98 "DELETE /v2.0/metering/metering-label-rules/7c6a3cbd-18d8-4a58-acdc-1b12d24bf97f HTTP/1.1" status: 204 len: 168 time: 0.3506155
Aug 01 15:06:58.251845 dv-neutron-841459-28-hyperv neutron-server[104794]: DEBUG neutron.wsgi [-] (104794) accepted ('10.222.0.98', 52852) {{(pid=104794) server /usr/local/lib/python3.8/dist-packages/eventlet/wsgi.py:1004}}
Aug 01 15:06:58.272180 dv-neutron-841459-28-hyperv neutron-server[104794]: DEBUG neutron.api.rpc.agentnotifiers.l3_rpc_agent_api [None req-c803a56c-48b8-4c63-bf0f-ef7b54eb86c6 admin admin] Notify agent at l3_agent.dv-neutron-841459-28-hyperv the message routers_updated {{(pid=104794) _agent_notification /opt/stack/neutron/neutron/api/rpc/agentnotifiers/l3_rpc_agent_api.py:65}}
Aug 01 15:06:58.279226 dv-neutron-841459-28-hyperv neutron-server[104794]: DEBUG neutron_lib.callbacks.manager [None req-1c77213a-0a37-4683-ab0b-b7a87a72fcd0 admin admin] Publish callbacks [] for port (22b52d52-7010-42eb-874d-6034e69ce013), precommit_update {{(pid=104794) _notify_loop /usr/local/lib/python3.8/dist-packages/neutron_lib/callbacks/manager.py:176}}
Aug 01 15:06:58.284592 dv-neutron-841459-28-hyperv neutron-server[104794]: INFO neutron.wsgi [None req-c803a56c-48b8-4c63-bf0f-ef7b54eb86c6 admin admin] 10.222.0.98 "PUT /v2.0/routers/0f729443-7a12-4a76-b55d-53b27b5eeace/add_router_interface HTTP/1.1" status: 200 len: 503 time: 10.2654252
Aug 01 15:06:58.286916 dv-neutron-841459-28-hyperv neutron-server[104795]: DEBUG neutron.api.rpc.handlers.l3_rpc [None req-2bf0080f-3cdf-4309-8fd2-f91cded3c951 None None] Sync routers for ids ['0f729443-7a12-4a76-b55d-53b27b5eeace'] in dv-neutron-841459-28-hyperv {{(pid=104795) sync_routers /opt/stack/neutron/neutron/api/rpc/handlers/l3_rpc.py:125}}
Aug 01 15:06:58.294448 dv-neutron-841459-28-hyperv neutron-server[104794]: INFO neutron.wsgi [None req-40fda252-cb8a-413e-a550-a60c5ec85996 tempest-MeteringTestJSON-489744281 tempest-MeteringTestJSON-489744281-project-admin] 10.222.0.98 "GET /v2.0/metering/metering-label-rules?id=7c6a3cbd-18d8-4a58-acdc-1b12d24bf97f HTTP/1.1" status: 200 len: 221 time: 0.0411346
Aug 01 15:06:58.297309 dv-neutron-841459-28-hyperv neutron-server[104794]: DEBUG neutron_lib.callbacks.manager [None req-1c77213a-0a37-4683-ab0b-b7a87a72fcd0 admin admin] Publish callbacks ['neutron.plugins.ml2.plugin.SecurityGroupServerNotifierRpcMixin._notify_sg_on_port_change-3527265', 'neutron.plugins.ml2.ovo_rpc._ObjectChangeHandler.handle_event-65842', 'neutron.api.rpc.agentnotifiers.dhcp_rpc_agent_api.DhcpAgentNotifyAPI._native_event_send_dhcp_notification-1581418', 'neutron.db.l3_db.L3RpcNotifierMixin._notify_gateway_port_ip_changed-8775886207699', 'neutron.db.l3_dvrscheduler_db._notify_l3_agent_port_update-8775885746032', 'neutron.db.l3_hascheduler_db._notify_l3_agent_ha_port_update-8775885746050', 'neutron.services.segments.plugin.NovaSegmentNotifier._notify_port_updated-16250987'] for port (22b52d52-7010-42eb-874d-6034e69ce013), after_update {{(pid=104794) _notify_loop /usr/local/lib/python3.8/dist-packages/neutron_lib/callbacks/manager.py:176}}
Aug 01 15:06:58.307950 dv-neutron-841459-28-hyperv neutron-server[104794]: DEBUG neutron.scheduler.dhcp_agent_scheduler [None req-7bc775f0-83b1-4fc2-bd6f-0eebfc71e06f tempest-DHCPAgentSchedulersTestJSON-771609658 tempest-DHCPAgentSchedulersTestJSON-771609658-project-admin] Network 4b7df84e-9f2c-40a7-b638-8cdfe74daedb is scheduled to be hosted by DHCP agent 31fb1a8a-3614-49fd-9350-0b3dac722998 with binding_index 1 {{(pid=104794) bind /opt/stack/neutron/neutron/scheduler/dhcp_agent_scheduler.py:227}}
Aug 01 15:06:58.311572 dv-neutron-841459-28-hyperv neutron-server[104795]: DEBUG neutron.db.l3_dvrscheduler_db [None req-2bf0080f-3cdf-4309-8fd2-f91cded3c951 None None] Routers {'0f729443-7a12-4a76-b55d-53b27b5eeace'} bound to L3 agent in host dv-neutron-841459-28-hyperv {{(pid=104795) _get_router_ids_for_agent /opt/stack/neutron/neutron/db/l3_dvrscheduler_db.py:426}}
Aug 01 15:06:58.314315 dv-neutron-841459-28-hyperv neutron-server[104795]: DEBUG neutron.db.l3_hamode_db [None req-2bf0080f-3cdf-4309-8fd2-f91cded3c951 None None] neutron.services.l3_router.l3_router_plugin.L3RouterPlugin method get_ha_sync_data_for_host called with arguments (, 'dv-neutron-841459-28-hyperv', Agent(admin_state_up=True,agent_type='L3 agent',availability_zone='nova',binary='neutron-l3-agent',configurations={"agent_mode": "legacy", "ex_gw_ports": 1, "extensions": [], "floating_ips": 0, "handle_internal_only_routers": true, "interface_driver": "openvswitch", "interfaces": 1, "log_agent_heartbeats": false, "routers": 1},created_at=2022-08-01T14:58:16Z,description=,heartbeat_timestamp=2022-08-01T15:06:46Z,host='dv-neutron-841459-28-hyperv',id=215f4c5c-0a71-48e4-87dc-b7d6eba2c1a3,load=0,resource_versions=,resources_synced=,started_at=2022-08-01T14:58:16Z,topic='l3_agent')) {'router_ids': ['0f729443-7a12-4a76-b55d-53b27b5eeace'], 'active': True} {{(pid=104795) wrapper /usr/local/lib/python3.8/dist-packages/oslo_log/helpers.py:65}}
Aug 01 15:06:58.327912 dv-neutron-841459-28-hyperv neutron-server[104794]: DEBUG neutron.wsgi [-] (104794) accepted ('10.222.0.98', 52856) {{(pid=104794) server /usr/local/lib/python3.8/dist-packages/eventlet/wsgi.py:1004}}
Aug 01 15:06:58.334013 dv-neutron-841459-28-hyperv neutron-server[104794]: DEBUG neutron.api.v2.base [None req-a9aa5b73-3cbb-4cc4-a33c-659d0afc2912 tempest-MeteringTestJSON-489744281 tempest-MeteringTestJSON-489744281-project-admin] Request body: {'metering_label': {'name': 'tempest-metering-label--1899620498', 'description': 'label created by tempest'}} {{(pid=104794) prepare_request_body /opt/stack/neutron/neutron/api/v2/base.py:730}}
Aug 01 15:06:58.334741 dv-neutron-841459-28-hyperv neutron-server[104794]: DEBUG neutron.api.v2.base [None req-a9aa5b73-3cbb-4cc4-a33c-659d0afc2912 tempest-MeteringTestJSON-489744281 tempest-MeteringTestJSON-489744281-project-admin] Unknown quota resources ['metering_label']. {{(pid=104794) _create /opt/stack/neutron/neutron/api/v2/base.py:497}}
Aug 01 15:06:58.429391 dv-neutron-841459-28-hyperv neutron-server[104794]: INFO neutron.wsgi [None req-7bc775f0-83b1-4fc2-bd6f-0eebfc71e06f tempest-DHCPAgentSchedulersTestJSON-771609658 tempest-DHCPAgentSchedulersTestJSON-771609658-project-admin] 10.222.0.98 "POST /v2.0/agents/31fb1a8a-3614-49fd-9350-0b3dac722998/dhcp-networks HTTP/1.1" status: 201 len: 201 time: 0.3685200
Aug 01 15:06:58.436993 dv-neutron-841459-28-hyperv neutron-server[104793]: DEBUG neutron.wsgi [-] (104793) accepted ('10.222.0.98', 52860) {{(pid=104793) server /usr/local/lib/python3.8/dist-packages/eventlet/wsgi.py:1004}}
Aug 01 15:06:58.455470 dv-neutron-841459-28-hyperv neutron-server[104795]: DEBUG dbcounter [-] [104795] Writing DB stats neutron:SELECT=97,neutron:UPDATE=3 {{(pid=104795) stat_writer /usr/local/lib/python3.8/dist-packages/dbcounter.py:114}}
Aug 01 15:06:58.457315 dv-neutron-841459-28-hyperv neutron-server[104795]: DEBUG neutron.api.rpc.handlers.dhcp_rpc [None req-adc080e9-ff1f-4e24-bab1-f885a5d69c37 None None] Network 4b7df84e-9f2c-40a7-b638-8cdfe74daedb requested from dv-neutron-841459-28-hyperv {{(pid=104795) get_network_info /opt/stack/neutron/neutron/api/rpc/handlers/dhcp_rpc.py:191}}
Aug 01 15:06:58.537954 dv-neutron-841459-28-hyperv neutron-server[104794]: DEBUG neutron_lib.callbacks.manager [None req-1c77213a-0a37-4683-ab0b-b7a87a72fcd0 admin admin] Publish callbacks ['neutron.api.rpc.agentnotifiers.dhcp_rpc_agent_api.DhcpAgentNotifyAPI._after_router_interface_created-1581428', 'neutron.services.l3_router.l3_router_plugin.DVRResourceOperationHandler._update_snat_v6_addrs_after_intf_update-1692468'] for router_interface (625ee14c-0311-40e8-b0db-9d9e7eb9dbc9), after_create {{(pid=104794) _notify_loop /usr/local/lib/python3.8/dist-packages/neutron_lib/callbacks/manager.py:176}}
Aug 01 15:06:58.542290 dv-neutron-841459-28-hyperv neutron-server[104794]: DEBUG neutron.api.rpc.handlers.resources_rpc [None req-1c77213a-0a37-4683-ab0b-b7a87a72fcd0 admin admin] Pushing event updated for resources: {'Port': ['ID=22b52d52-7010-42eb-874d-6034e69ce013,revision_number=2']} {{(pid=104794) push /opt/stack/neutron/neutron/api/rpc/handlers/resources_rpc.py:237}}
Aug 01 15:06:58.589268 dv-neutron-841459-28-hyperv neutron-server[104795]: DEBUG dbcounter [-] [104795] Writing DB stats neutron:SELECT=99,neutron:UPDATE=1 {{(pid=104795) stat_writer /usr/local/lib/python3.8/dist-packages/dbcounter.py:114}}
Aug 01 15:06:58.631861 dv-neutron-841459-28-hyperv neutron-server[104793]: DEBUG dbcounter [-] [104793] Writing DB stats neutron:SELECT=90,neutron:INSERT=4,neutron:DELETE=4,neutron:UPDATE=2 {{(pid=104793) stat_writer /usr/local/lib/python3.8/dist-packages/dbcounter.py:114}}
Aug 01 15:06:58.634038 dv-neutron-841459-28-hyperv neutron-server[104795]: DEBUG neutron.db.l3_dvr_db [None req-2bf0080f-3cdf-4309-8fd2-f91cded3c951 None None] Set router 0f729443-7a12-4a76-b55d-53b27b5eeace gateway port host: dv-neutron-841459-28-hyperv {{(pid=104795) _build_routers_list /opt/stack/neutron/neutron/db/l3_dvr_db.py:907}}
Aug 01 15:06:58.695648 dv-neutron-841459-28-hyperv neutron-server[104793]: DEBUG neutron_lib.callbacks.manager [None req-bb201438-2b45-4c5d-882d-3082f2d2a722 tempest-ExternalNetworksTestJSON-500265235 tempest-ExternalNetworksTestJSON-500265235-project-admin] Publish callbacks ['neutron.services.l3_router.l3_router_plugin.L3_NAT_dbonly_mixin._precommit_delete_port_callback-1635352'] for port (4f264e25-f9b1-4244-b450-10597c199634), precommit_delete {{(pid=104793) _notify_loop /usr/local/lib/python3.8/dist-packages/neutron_lib/callbacks/manager.py:176}}
Aug 01 15:06:58.696119 dv-neutron-841459-28-hyperv neutron-server[104793]: DEBUG neutron_lib.callbacks.manager [None req-bb201438-2b45-4c5d-882d-3082f2d2a722 tempest-ExternalNetworksTestJSON-500265235 tempest-ExternalNetworksTestJSON-500265235-project-admin] Publish callbacks [] for floatingip (4f264e25-f9b1-4244-b450-10597c199634), precommit_delete {{(pid=104793) _notify_loop /usr/local/lib/python3.8/dist-packages/neutron_lib/callbacks/manager.py:176}}
Aug 01 15:06:58.753802 dv-neutron-841459-28-hyperv neutron-server[104794]: DEBUG neutron_lib.callbacks.manager [None req-a9aa5b73-3cbb-4cc4-a33c-659d0afc2912 tempest-MeteringTestJSON-489744281 tempest-MeteringTestJSON-489744281-project-admin] Publish callbacks [] for metering_label (None), before_response {{(pid=104794) _notify_loop /usr/local/lib/python3.8/dist-packages/neutron_lib/callbacks/manager.py:176}}
Aug 01 15:06:58.755856 dv-neutron-841459-28-hyperv neutron-server[104794]: INFO neutron.wsgi [None req-a9aa5b73-3cbb-4cc4-a33c-659d0afc2912 tempest-MeteringTestJSON-489744281 tempest-MeteringTestJSON-489744281-project-admin] 10.222.0.98 "POST /v2.0/metering/metering-labels HTTP/1.1" status: 201 len: 470 time: 0.4255848
Aug 01 15:06:58.759959 dv-neutron-841459-28-hyperv neutron-server[104794]: DEBUG neutron.wsgi [-] (104794) accepted ('10.222.0.98', 52884) {{(pid=104794) server /usr/local/lib/python3.8/dist-packages/eventlet/wsgi.py:1004}}
Aug 01 15:06:58.888592 dv-neutron-841459-28-hyperv neutron-server[104794]: INFO neutron.wsgi [None req-a480d3d8-fbb0-4c87-944e-bd0fa300bcde tempest-MeteringTestJSON-489744281 tempest-MeteringTestJSON-489744281-project-admin] 10.222.0.98 "GET /v2.0/metering/metering-labels?id=ec40a77d-7574-427f-8f9a-0fdd85d88bdf HTTP/1.1" status: 200 len: 468 time: 0.1246016
Aug 01 15:06:58.889812 dv-neutron-841459-28-hyperv neutron-server[104794]: DEBUG neutron.wsgi [-] (104794) accepted ('10.222.0.98', 52888) {{(pid=104794) server /usr/local/lib/python3.8/dist-packages/eventlet/wsgi.py:1004}}
Aug 01 15:06:58.917587 dv-neutron-841459-28-hyperv neutron-server[104793]: DEBUG neutron_lib.callbacks.manager [None req-8ff6518a-aa36-49f4-bbac-3a86fed5bced admin admin] Publish callbacks ['neutron.plugins.ml2.plugin.SecurityGroupDbMixin._ensure_default_security_group_handler-3527202'] for port (0ca00e8c-8294-4bfc-a2da-fab94cb18f5e), before_update {{(pid=104793) _notify_loop /usr/local/lib/python3.8/dist-packages/neutron_lib/callbacks/manager.py:176}}
Aug 01 15:06:58.948116 dv-neutron-841459-28-hyperv neutron-server[104793]: DEBUG neutron_lib.callbacks.manager [None req-ea34b393-59d2-4684-b6de-6c02e0cc5f47 tempest-RoutersIpV6AdminTest-2107097137 tempest-RoutersIpV6AdminTest-2107097137-project-admin] Publish callbacks [] for router_gateway (eed0914a-6d8a-40cb-86ed-4c2e86daf595), precommit_update {{(pid=104793) _notify_loop /usr/local/lib/python3.8/dist-packages/neutron_lib/callbacks/manager.py:176}}
