Jul 22 07:00:53.127655 dv-neutron-841459-24-hyperv neutron-server[104703]: INFO neutron.wsgi [None req-ef46c573-4cd5-4345-8f36-40159ee36880 tempest-DHCPAgentSchedulersTestJSON-207260834 tempest-DHCPAgentSchedulersTestJSON-207260834-project] 10.222.0.36 "POST /v2.0/networks HTTP/1.1" status: 201 len: 776 time: 0.4841824
Jul 22 07:00:53.140039 dv-neutron-841459-24-hyperv neutron-server[104704]: INFO neutron.wsgi [None req-9db5c659-6a67-4e10-984e-c81cc4ecfb86 admin admin] 10.222.0.36 "GET /v2.0/security-groups?tenant_id=918420e5b5824085be8ae53b0c4ee60d&name=default HTTP/1.1" status: 200 len: 2996 time: 1.1463349
Jul 22 07:00:53.140901 dv-neutron-841459-24-hyperv neutron-server[104705]: DEBUG neutron.plugins.ml2.db [None req-5d2a3e9d-0841-4152-85e7-c91f0f34e78b None None] For port 6577c521-4de1-44bf-8966-c773769d08b0, host dv-neutron-841459-24-hyperv, got binding levels [PortBindingLevel(driver='openvswitch',host='dv-neutron-841459-24-hyperv',level=0,port_id=6577c521-4de1-44bf-8966-c773769d08b0,segment=NetworkSegment(cacc9737-07bb-495f-873c-ad6b233a0531),segment_id=cacc9737-07bb-495f-873c-ad6b233a0531)] {{(pid=104705) get_binding_level_objs /opt/stack/neutron/neutron/plugins/ml2/db.py:74}}
Jul 22 07:00:53.142238 dv-neutron-841459-24-hyperv neutron-server[104704]: DEBUG neutron.wsgi [-] (104704) accepted ('10.222.0.36', 43706) {{(pid=104704) server /usr/local/lib/python3.8/dist-packages/eventlet/wsgi.py:1004}}
Jul 22 07:00:53.142661 dv-neutron-841459-24-hyperv neutron-server[104704]: DEBUG neutron.wsgi [-] (104704) accepted ('10.222.0.36', 43708) {{(pid=104704) server /usr/local/lib/python3.8/dist-packages/eventlet/wsgi.py:1004}}
Jul 22 07:00:53.155923 dv-neutron-841459-24-hyperv neutron-server[104704]: DEBUG neutron.plugins.ml2.managers [None req-5d0f2392-b2aa-4030-9db5-c0e1e396c542 tempest-PortsAdminExtendedAttrsIpV6TestJSON-1433916375 tempest-PortsAdminExtendedAttrsIpV6TestJSON-1433916375-project-admin] Attempting to bind port 0fe34753-3202-4f4b-a584-c53a4f179164 on host hv-neutron-8414 for vnic_type normal with profile {{(pid=104704) bind_port /opt/stack/neutron/neutron/plugins/ml2/managers.py:810}}
Jul 22 07:00:53.157727 dv-neutron-841459-24-hyperv neutron-server[104704]: DEBUG neutron.plugins.ml2.managers [None req-5d0f2392-b2aa-4030-9db5-c0e1e396c542 tempest-PortsAdminExtendedAttrsIpV6TestJSON-1433916375 tempest-PortsAdminExtendedAttrsIpV6TestJSON-1433916375-project-admin] Attempting to bind port 0fe34753-3202-4f4b-a584-c53a4f179164 by drivers openvswitch,hyperv on host hv-neutron-8414 at level 0 using segments [{'id': 'e70c3f72-eb32-48a3-b018-ce515c9edbc3', 'network_type': 'vlan', 'physical_network': 'physnet1', 'segmentation_id': 350, 'network_id': '17196fac-62e5-450d-ba75-15cb397dc42a'}] {{(pid=104704) _bind_port_level /opt/stack/neutron/neutron/plugins/ml2/managers.py:835}}
Jul 22 07:00:53.158082 dv-neutron-841459-24-hyperv neutron-server[104704]: DEBUG neutron.plugins.ml2.drivers.mech_agent [None req-5d0f2392-b2aa-4030-9db5-c0e1e396c542 tempest-PortsAdminExtendedAttrsIpV6TestJSON-1433916375 tempest-PortsAdminExtendedAttrsIpV6TestJSON-1433916375-project-admin] Attempting to bind port 0fe34753-3202-4f4b-a584-c53a4f179164 on network 17196fac-62e5-450d-ba75-15cb397dc42a {{(pid=104704) bind_port /opt/stack/neutron/neutron/plugins/ml2/drivers/mech_agent.py:91}}
Jul 22 07:00:53.163333 dv-neutron-841459-24-hyperv neutron-server[104703]: DEBUG neutron.api.rpc.handlers.resources_rpc [None req-ef46c573-4cd5-4345-8f36-40159ee36880 tempest-DHCPAgentSchedulersTestJSON-207260834 tempest-DHCPAgentSchedulersTestJSON-207260834-project] Pushing event updated for resources: {'Network': ['ID=9dbba1dd-82fa-48e5-ba4f-0a50dd186066,revision_number=1']} {{(pid=104703) push /opt/stack/neutron/neutron/api/rpc/handlers/resources_rpc.py:237}}
Jul 22 07:00:53.192611 dv-neutron-841459-24-hyperv neutron-server[104704]: DEBUG neutron.api.rpc.handlers.resources_rpc [None req-9db5c659-6a67-4e10-984e-c81cc4ecfb86 admin admin] Pushing event updated for resources: {'SecurityGroup': ['ID=dc7101dc-d019-409a-97f2-25f8a5e430c1,revision_number=1']} {{(pid=104704) push /opt/stack/neutron/neutron/api/rpc/handlers/resources_rpc.py:237}}
Jul 22 07:00:53.200663 dv-neutron-841459-24-hyperv neutron-server[104703]: INFO neutron.wsgi [None req-2b24e313-5e62-43c7-b6d6-9c1dff4b6c4f tempest-FloatingIPAdminTestJSON-1601673433 tempest-FloatingIPAdminTestJSON-1601673433-project] 10.222.0.36 "POST /v2.0/subnets HTTP/1.1" status: 201 len: 801 time: 2.2778218
Jul 22 07:00:53.204097 dv-neutron-841459-24-hyperv neutron-server[104703]: DEBUG neutron_lib.callbacks.manager [None req-b65cd1c2-cffc-4361-b19a-0008d83f0e93 tempest-AllowedAddressPairTestJSON-641853726 tempest-AllowedAddressPairTestJSON-641853726-project] Publish callbacks ['neutron.notifiers.nova.Notifier._send_nova_notification-83167'] for port (None), before_response {{(pid=104703) _notify_loop /usr/local/lib/python3.8/dist-packages/neutron_lib/callbacks/manager.py:176}}
Jul 22 07:00:53.207909 dv-neutron-841459-24-hyperv neutron-server[104703]: INFO neutron.wsgi [None req-b65cd1c2-cffc-4361-b19a-0008d83f0e93 tempest-AllowedAddressPairTestJSON-641853726 tempest-AllowedAddressPairTestJSON-641853726-project] 10.222.0.36 "DELETE /v2.0/ports/643c386a-845c-4649-9eab-131cf8a50761 HTTP/1.1" status: 204 len: 168 time: 2.1257992
Jul 22 07:00:53.208816 dv-neutron-841459-24-hyperv neutron-server[104703]: DEBUG neutron.wsgi [-] (104703) accepted ('10.222.0.36', 43712) {{(pid=104703) server /usr/local/lib/python3.8/dist-packages/eventlet/wsgi.py:1004}}
Jul 22 07:00:53.213381 dv-neutron-841459-24-hyperv neutron-server[104703]: DEBUG neutron.api.v2.base [None req-01bcd829-fc8b-470a-a777-17899deaa4c2 tempest-FloatingIPAdminTestJSON-1601673433 tempest-FloatingIPAdminTestJSON-1601673433-project] Request body: {'router': {'name': 'tempest-FloatingIPAdminTestJSON-router-1432120671', 'external_gateway_info': {'network_id': '239c2b7a-4c24-4b24-b563-dbbe6aaaebda'}, 'admin_state_up': False}} {{(pid=104703) prepare_request_body /opt/stack/neutron/neutron/api/v2/base.py:730}}
Jul 22 07:00:53.217428 dv-neutron-841459-24-hyperv neutron-server[104705]: DEBUG neutron.plugins.ml2.rpc [None req-5d2a3e9d-0841-4152-85e7-c91f0f34e78b None None] Network 9dbba1dd-82fa-48e5-ba4f-0a50dd186066 details requested by agent ovs-agent-dv-neutron-841459-24-hyperv with host dv-neutron-841459-24-hyperv {{(pid=104705) get_network_details /opt/stack/neutron/neutron/plugins/ml2/rpc.py:248}}
Jul 22 07:00:53.220497 dv-neutron-841459-24-hyperv neutron-server[104704]: DEBUG neutron.wsgi [-] (104704) accepted ('10.222.0.36', 43714) {{(pid=104704) server /usr/local/lib/python3.8/dist-packages/eventlet/wsgi.py:1004}}
Jul 22 07:00:53.237488 dv-neutron-841459-24-hyperv neutron-server[104705]: DEBUG neutron_lib.callbacks.manager [None req-5d2a3e9d-0841-4152-85e7-c91f0f34e78b None None] Publish callbacks ['neutron.plugins.ml2.plugin.SecurityGroupServerNotifierRpcMixin._notify_sg_on_port_change-1585755', 'neutron.plugins.ml2.ovo_rpc._ObjectChangeHandler.handle_event-113279', 'neutron.api.rpc.agentnotifiers.dhcp_rpc_agent_api.DhcpAgentNotifyAPI._native_event_send_dhcp_notification-750844', 'neutron.db.l3_db.L3RpcNotifierMixin._notify_gateway_port_ip_changed-8758892369628', 'neutron.db.l3_dvrscheduler_db._notify_l3_agent_port_update-8758892024598', 'neutron.db.l3_hascheduler_db._notify_l3_agent_ha_port_update-8758892024616'] for port (6577c521-4de1-44bf-8966-c773769d08b0), after_update {{(pid=104705) _notify_loop /usr/local/lib/python3.8/dist-packages/neutron_lib/callbacks/manager.py:176}}
Jul 22 07:00:53.243511 dv-neutron-841459-24-hyperv neutron-server[104705]: DEBUG neutron.plugins.ml2.rpc [None req-5d2a3e9d-0841-4152-85e7-c91f0f34e78b None None] Device 805c1d1b-d7d0-4fb1-87e8-2378d88477d6 up at agent ovs-agent-dv-neutron-841459-24-hyperv {{(pid=104705) update_device_up /opt/stack/neutron/neutron/plugins/ml2/rpc.py:296}}
Jul 22 07:00:53.250106 dv-neutron-841459-24-hyperv neutron-server[104703]: DEBUG neutron_lib.callbacks.manager [None req-01bcd829-fc8b-470a-a777-17899deaa4c2 tempest-FloatingIPAdminTestJSON-1601673433 tempest-FloatingIPAdminTestJSON-1601673433-project] Publish callbacks ['neutron.services.l3_router.l3_router_plugin.L3_HA_NAT_db_mixin._before_router_create_handler-942967', 'neutron.services.l3_router.service_providers.driver_controller.DriverController._check_router_request-2556'] for router (0479a234-cb64-4e63-8fc0-3c06fe76011c), before_create {{(pid=104703) _notify_loop /usr/local/lib/python3.8/dist-packages/neutron_lib/callbacks/manager.py:176}}
Jul 22 07:00:53.251932 dv-neutron-841459-24-hyperv neutron-server[104703]: DEBUG neutron_lib.callbacks.manager [None req-01bcd829-fc8b-470a-a777-17899deaa4c2 tempest-FloatingIPAdminTestJSON-1601673433 tempest-FloatingIPAdminTestJSON-1601673433-project] Publish callbacks ['neutron.services.l3_router.l3_router_plugin.L3_HA_NAT_db_mixin._precommit_router_create-942158', 'neutron.services.l3_router.l3_router_plugin.DVRResourceOperationHandler._set_distributed_flag-937883', 'neutron.services.l3_router.l3_router_plugin.RouterAvailabilityZoneMixin._process_az_request-626578', 'neutron.services.l3_router.service_providers.driver_controller.DriverController._set_router_provider-2551'] for router (0479a234-cb64-4e63-8fc0-3c06fe76011c), precommit_create {{(pid=104703) _notify_loop /usr/local/lib/python3.8/dist-packages/neutron_lib/callbacks/manager.py:176}}
Jul 22 07:00:53.272794 dv-neutron-841459-24-hyperv neutron-server[104704]: DEBUG neutron_lib.callbacks.manager [None req-f86f15c1-7548-44ef-9b5e-5b2dd9a446ef tempest-ServersTestManualDisk-862482438 tempest-ServersTestManualDisk-862482438-project] Publish callbacks [] for security_group (None), before_response {{(pid=104704) _notify_loop /usr/local/lib/python3.8/dist-packages/neutron_lib/callbacks/manager.py:176}}
Jul 22 07:00:53.274345 dv-neutron-841459-24-hyperv neutron-server[104704]: INFO neutron.wsgi [None req-f86f15c1-7548-44ef-9b5e-5b2dd9a446ef tempest-ServersTestManualDisk-862482438 tempest-ServersTestManualDisk-862482438-project] 10.222.0.36 "POST /v2.0/security-groups HTTP/1.1" status: 201 len: 1793 time: 1.3552287
Jul 22 07:00:53.278001 dv-neutron-841459-24-hyperv neutron-server[104703]: DEBUG neutron.wsgi [-] (104703) accepted ('10.222.0.36', 43720) {{(pid=104703) server /usr/local/lib/python3.8/dist-packages/eventlet/wsgi.py:1004}}
Jul 22 07:00:53.299943 dv-neutron-841459-24-hyperv neutron-server[104703]: DEBUG neutron.api.v2.base [None req-91259461-1d9c-4fe9-8653-e3bec1080f5d tempest-ServersTestManualDisk-862482438 tempest-ServersTestManualDisk-862482438-project] Request body: {'security_group_rule': {'security_group_id': '4836983f-fd1b-4ef2-96b2-9cb8854384ca', 'protocol': 'tcp', 'ethertype': 'IPv4', 'port_range_min': 22, 'port_range_max': 22, 'direction': 'ingress'}} {{(pid=104703) prepare_request_body /opt/stack/neutron/neutron/api/v2/base.py:730}}
Jul 22 07:00:53.308901 dv-neutron-841459-24-hyperv neutron-server[104704]: DEBUG neutron.plugins.ml2.drivers.mech_agent [None req-5d0f2392-b2aa-4030-9db5-c0e1e396c542 tempest-PortsAdminExtendedAttrsIpV6TestJSON-1433916375 tempest-PortsAdminExtendedAttrsIpV6TestJSON-1433916375-project-admin] Port 0fe34753-3202-4f4b-a584-c53a4f179164 on network 17196fac-62e5-450d-ba75-15cb397dc42a not bound, no agent of type Open vSwitch agent registered on host hv-neutron-8414 {{(pid=104704) bind_port /opt/stack/neutron/neutron/plugins/ml2/drivers/mech_agent.py:120}}
Jul 22 07:00:53.309442 dv-neutron-841459-24-hyperv neutron-server[104704]: ERROR neutron.plugins.ml2.managers [None req-5d0f2392-b2aa-4030-9db5-c0e1e396c542 tempest-PortsAdminExtendedAttrsIpV6TestJSON-1433916375 tempest-PortsAdminExtendedAttrsIpV6TestJSON-1433916375-project-admin] Failed to bind port 0fe34753-3202-4f4b-a584-c53a4f179164 on host hv-neutron-8414 for vnic_type normal using segments [{'id': 'e70c3f72-eb32-48a3-b018-ce515c9edbc3', 'network_type': 'vlan', 'physical_network': 'physnet1', 'segmentation_id': 350, 'network_id': '17196fac-62e5-450d-ba75-15cb397dc42a'}]
Jul 22 07:00:53.334735 dv-neutron-841459-24-hyperv neutron-server[104704]: INFO neutron.plugins.ml2.plugin [None req-5d0f2392-b2aa-4030-9db5-c0e1e396c542 tempest-PortsAdminExtendedAttrsIpV6TestJSON-1433916375 tempest-PortsAdminExtendedAttrsIpV6TestJSON-1433916375-project-admin] Attempt 10 to bind port 0fe34753-3202-4f4b-a584-c53a4f179164
Jul 22 07:00:53.375619 dv-neutron-841459-24-hyperv neutron-server[104705]: DEBUG neutron.db.l3_hamode_db [None req-1475d95e-fb68-493f-b34c-22352dab5aaa None None] neutron.services.l3_router.l3_router_plugin.L3RouterPlugin method _process_sync_ha_data called with arguments (, [{'id': 'c2cb14dc-192f-4c43-8a4c-904cb41d619d', 'name': 'tempest-ServersTestJSON-9503332-router', 'tenant_id': 'd6d0f60be3bd4a36a9ac18aeabb54261', 'admin_state_up': True, 'status': 'ACTIVE', 'external_gateway_info': {'network_id': '239c2b7a-4c24-4b24-b563-dbbe6aaaebda', 'external_fixed_ips': [{'subnet_id': 'e8491de2-68e5-4c85-917c-30c8e3ac0320', 'ip_address': '172.26.4.156'}], 'enable_snat': True}, 'gw_port_id': '805c1d1b-d7d0-4fb1-87e8-2378d88477d6', 'description': '', 'availability_zones': ['nova'], 'distributed': False, 'ha': False, 'ha_vr_id': 0, 'availability_zone_hints': [], 'routes': [], 'flavor_id': None, 'tags': [], 'created_at': '2022-07-22T07:00:39Z', 'updated_at': '2022-07-22T07:00:49Z', 'revision_number': 4, 'project_id': 'd6d0f60be3bd4a36a9ac18aeabb54261', 'gw_port': {'id': '805c1d1b-d7d0-4fb1-87e8-2378d88477d6', 'name': '', 'network_id': '239c2b7a-4c24-4b24-b563-dbbe6aaaebda', 'tenant_id': '', 'mac_address': 'fa:16:3e:ef:0c:5f', 'admin_state_up': True, 'status': 'ACTIVE', 'device_id': 'c2cb14dc-192f-4c43-8a4c-904cb41d619d', 'device_owner': 'network:router_gateway', 'standard_attr_id': 59, 'fixed_ips': [{'subnet_id': 'e8491de2-68e5-4c85-917c-30c8e3ac0320', 'ip_address': '172.26.4.156', 'prefixlen': 24}], 'allowed_address_pairs': [], 'extra_dhcp_opts': [], 'security_groups': [], 'description': '', 'binding:vnic_type': 'normal', 'binding:profile': {}, 'binding:host_id': 'dv-neutron-841459-24-hyperv', 'binding:vif_type': 'ovs', 'binding:vif_details': {'connectivity': 'l2', 'port_filter': True, 'ovs_hybrid_plug': False, 'datapath_type': 'system', 'bridge_name': 'br-int', 'bound_drivers': {'0': 'openvswitch'}}, 'port_security_enabled': False, 'tags': [], 'created_at': '2022-07-22T07:00:40Z', 'updated_at': '2022-07-22T07:00:51Z', 'revision_number': 4, 'project_id': '', 'subnets': [{'id': 'e8491de2-68e5-4c85-917c-30c8e3ac0320', 'cidr': '172.26.4.0/24', 'gateway_ip': '172.26.4.1', 'dns_nameservers': [], 'ipv6_ra_mode': None, 'subnetpool_id': None}], 'extra_subnets': [], 'address_scopes': {4: None, 6: None}, 'mtu': 1500}, 'enable_snat': True, 'gw_port_host': 'dv-neutron-841459-24-hyperv', '_interfaces': [{'id': '02134a18-1861-43a2-b70e-6068574150ca', 'name': '', 'network_id': '9b1d0ed1-9c30-40ee-bdaa-312ddb94c64a', 'tenant_id': 'd6d0f60be3bd4a36a9ac18aeabb54261', 'mac_address': 'fa:16:3e:9a:3e:f3', 'admin_state_up': True, 'status': 'DOWN', 'device_id': 'c2cb14dc-192f-4c43-8a4c-904cb41d619d', 'device_owner': 'network:router_interface', 'standard_attr_id': 99, 'fixed_ips': [{'subnet_id': 'c5b981e8-5f02-4b9f-842d-99ead4c11dfd', 'ip_address': '172.20.0.1', 'prefixlen': 28}], 'allowed_address_pairs': [], 'extra_dhcp_opts': [], 'security_groups': [], 'description': '', 'binding:vnic_type': 'normal', 'binding:profile': {}, 'binding:host_id': '', 'binding:vif_type': 'unbound', 'binding:vif_details': {}, 'port_security_enabled': False, 'tags': [], 'created_at': '2022-07-22T07:00:47Z', 'updated_at': '2022-07-22T07:00:50Z', 'revision_number': 2, 'project_id': 'd6d0f60be3bd4a36a9ac18aeabb54261', 'subnets': [{'id': 'c5b981e8-5f02-4b9f-842d-99ead4c11dfd', 'cidr': '172.20.0.0/28', 'gateway_ip': '172.20.0.1', 'dns_nameservers': [], 'ipv6_ra_mode': None, 'subnetpool_id': None}], 'extra_subnets': [], 'address_scopes': {4: None, 6: None}, 'mtu': 1500}]}], 'dv-neutron-841459-24-hyperv', False) {} {{(pid=104705) wrapper /usr/local/lib/python3.8/dist-packages/oslo_log/helpers.py:65}}
Jul 22 07:00:53.376127 dv-neutron-841459-24-hyperv neutron-server[104704]: INFO neutron.pecan_wsgi.hooks.translation [None req-dca617a0-67a6-4996-8807-9a25ca922082 tempest-AllowedAddressPairTestJSON-641853726 tempest-AllowedAddressPairTestJSON-641853726-project] GET failed (client error): The resource could not be found.
Jul 22 07:00:53.381854 dv-neutron-841459-24-hyperv neutron-server[104704]: INFO neutron.wsgi [None req-dca617a0-67a6-4996-8807-9a25ca922082 tempest-AllowedAddressPairTestJSON-641853726 tempest-AllowedAddressPairTestJSON-641853726-project] 10.222.0.36 "GET /v2.0/ports/643c386a-845c-4649-9eab-131cf8a50761 HTTP/1.1" status: 404 len: 333 time: 0.1429253
Jul 22 07:00:53.382459 dv-neutron-841459-24-hyperv neutron-server[104705]: DEBUG dbcounter [-] [104705] Writing DB stats neutron:SELECT=97,neutron:UPDATE=3 {{(pid=104705) stat_writer /usr/local/lib/python3.8/dist-packages/dbcounter.py:114}}
Jul 22 07:00:53.397990 dv-neutron-841459-24-hyperv neutron-server[104703]: DEBUG neutron.wsgi [-] (104703) accepted ('10.222.0.36', 43724) {{(pid=104703) server /usr/local/lib/python3.8/dist-packages/eventlet/wsgi.py:1004}}
Jul 22 07:00:53.407838 dv-neutron-841459-24-hyperv neutron-server[104703]: DEBUG neutron.api.v2.base [None req-f44f9295-3f9a-48f7-8e47-4a3a66d748d9 tempest-AllowedAddressPairTestJSON-641853726 tempest-AllowedAddressPairTestJSON-641853726-project] Request body: {'port': {'network_id': 'c8f3a8fa-b179-4d96-ad7f-63525eaaadbf', 'name': 'tempest-AllowedAddressPairTestJSON-886693760'}} {{(pid=104703) prepare_request_body /opt/stack/neutron/neutron/api/v2/base.py:730}}
Jul 22 07:00:53.419653 dv-neutron-841459-24-hyperv neutron-server[104704]: DEBUG neutron.api.rpc.handlers.resources_rpc [None req-f86f15c1-7548-44ef-9b5e-5b2dd9a446ef tempest-ServersTestManualDisk-862482438 tempest-ServersTestManualDisk-862482438-project] Pushing event updated for resources: {'SecurityGroup': ['ID=4836983f-fd1b-4ef2-96b2-9cb8854384ca,revision_number=1']} {{(pid=104704) push /opt/stack/neutron/neutron/api/rpc/handlers/resources_rpc.py:237}}
Jul 22 07:00:53.427652 dv-neutron-841459-24-hyperv neutron-server[104703]: DEBUG neutron_lib.callbacks.manager [None req-01bcd829-fc8b-470a-a777-17899deaa4c2 tempest-FloatingIPAdminTestJSON-1601673433 tempest-FloatingIPAdminTestJSON-1601673433-project] Publish callbacks [] for router_controller (0479a234-cb64-4e63-8fc0-3c06fe76011c), precommit_add_association {{(pid=104703) _notify_loop /usr/local/lib/python3.8/dist-packages/neutron_lib/callbacks/manager.py:176}}
Jul 22 07:00:53.429136 dv-neutron-841459-24-hyperv neutron-server[104703]: DEBUG neutron.wsgi [-] (104703) accepted ('10.222.0.36', 43726) {{(pid=104703) server /usr/local/lib/python3.8/dist-packages/eventlet/wsgi.py:1004}}
Jul 22 07:00:53.439618 dv-neutron-841459-24-hyperv neutron-server[104706]: DEBUG neutron.db.l3_hamode_db [None req-1a5fa036-d1e0-40d5-963f-b2d74743c93a None None] neutron.services.l3_router.l3_router_plugin.L3RouterPlugin method _process_sync_ha_data called with arguments (, [{'id': '9ced735c-7256-4e03-89fa-d52494f5dcdf', 'name': 'tempest-ServersTestManualDisk-378390087-router', 'tenant_id': '0d50628de4a94656880bcf393358b28d', 'admin_state_up': True, 'status': 'ACTIVE', 'external_gateway_info': {'network_id': '239c2b7a-4c24-4b24-b563-dbbe6aaaebda', 'external_fixed_ips': [{'subnet_id': 'e8491de2-68e5-4c85-917c-30c8e3ac0320', 'ip_address': '172.26.4.163'}], 'enable_snat': True}, 'gw_port_id': '6577c521-4de1-44bf-8966-c773769d08b0', 'description': '', 'availability_zones': ['nova'], 'distributed': False, 'ha': False, 'ha_vr_id': 0, 'availability_zone_hints': [], 'routes': [], 'flavor_id': None, 'tags': [], 'created_at': '2022-07-22T07:00:40Z', 'updated_at': '2022-07-22T07:00:46Z', 'revision_number': 4, 'project_id': '0d50628de4a94656880bcf393358b28d', 'gw_port': {'id': '6577c521-4de1-44bf-8966-c773769d08b0', 'name': '', 'network_id': '239c2b7a-4c24-4b24-b563-dbbe6aaaebda', 'tenant_id': '', 'mac_address': 'fa:16:3e:14:82:ff', 'admin_state_up': True, 'status': 'DOWN', 'device_id': '9ced735c-7256-4e03-89fa-d52494f5dcdf', 'device_owner': 'network:router_gateway', 'standard_attr_id': 66, 'fixed_ips': [{'subnet_id': 'e8491de2-68e5-4c85-917c-30c8e3ac0320', 'ip_address': '172.26.4.163', 'prefixlen': 24}], 'allowed_address_pairs': [], 'extra_dhcp_opts': [], 'security_groups': [], 'description': '', 'binding:vnic_type': 'normal', 'binding:profile': {}, 'binding:host_id': 'dv-neutron-841459-24-hyperv', 'binding:vif_type': 'ovs', 'binding:vif_details': {'connectivity': 'l2', 'port_filter': True, 'ovs_hybrid_plug': False, 'datapath_type': 'system', 'bridge_name': 'br-int', 'bound_drivers': {'0': 'openvswitch'}}, 'port_security_enabled': False, 'tags': [], 'created_at': '2022-07-22T07:00:40Z', 'updated_at': '2022-07-22T07:00:47Z', 'revision_number': 3, 'project_id': '', 'subnets': [{'id': 'e8491de2-68e5-4c85-917c-30c8e3ac0320', 'cidr': '172.26.4.0/24', 'gateway_ip': '172.26.4.1', 'dns_nameservers': [], 'ipv6_ra_mode': None, 'subnetpool_id': None}], 'extra_subnets': [], 'address_scopes': {4: None, 6: None}, 'mtu': 1500}, 'enable_snat': True, 'gw_port_host': 'dv-neutron-841459-24-hyperv', '_interfaces': [{'id': 'bbfe02b7-cd0c-43de-88b4-9ddeea1cd85c', 'name': '', 'network_id': '33c7b440-8cc0-4191-a973-abbedc5ef07c', 'tenant_id': '0d50628de4a94656880bcf393358b28d', 'mac_address': 'fa:16:3e:5a:b6:57', 'admin_state_up': True, 'status': 'DOWN', 'device_id': '9ced735c-7256-4e03-89fa-d52494f5dcdf', 'device_owner': 'network:router_interface', 'standard_attr_id': 93, 'fixed_ips': [{'subnet_id': '4f4e1a70-8c8f-4f06-90a8-05c08dd81630', 'ip_address': '172.20.0.1', 'prefixlen': 28}], 'allowed_address_pairs': [], 'extra_dhcp_opts': [], 'security_groups': [], 'description': '', 'binding:vnic_type': 'normal', 'binding:profile': {}, 'binding:host_id': '', 'binding:vif_type': 'unbound', 'binding:vif_details': {}, 'port_security_enabled': False, 'tags': [], 'created_at': '2022-07-22T07:00:45Z', 'updated_at': '2022-07-22T07:00:46Z', 'revision_number': 2, 'project_id': '0d50628de4a94656880bcf393358b28d', 'subnets': [{'id': '4f4e1a70-8c8f-4f06-90a8-05c08dd81630', 'cidr': '172.20.0.0/28', 'gateway_ip': '172.20.0.1', 'dns_nameservers': [], 'ipv6_ra_mode': None, 'subnetpool_id': None}], 'extra_subnets': [], 'address_scopes': {4: None, 6: None}, 'mtu': 1500}]}], 'dv-neutron-841459-24-hyperv', False) {} {{(pid=104706) wrapper /usr/local/lib/python3.8/dist-packages/oslo_log/helpers.py:65}}
Jul 22 07:00:53.443779 dv-neutron-841459-24-hyperv neutron-server[104704]: DEBUG neutron.wsgi [-] (104704) accepted ('10.222.0.36', 43728) {{(pid=104704) server /usr/local/lib/python3.8/dist-packages/eventlet/wsgi.py:1004}}
Jul 22 07:00:53.446984 dv-neutron-841459-24-hyperv neutron-server[104703]: DEBUG neutron_lib.callbacks.manager [None req-91259461-1d9c-4fe9-8653-e3bec1080f5d tempest-ServersTestManualDisk-862482438 tempest-ServersTestManualDisk-862482438-project] Publish callbacks [] for security_group_rule (d0f5b942-cbe5-48b3-8dfd-cfb9f4dc9c13), before_create {{(pid=104703) _notify_loop /usr/local/lib/python3.8/dist-packages/neutron_lib/callbacks/manager.py:176}}
Jul 22 07:00:53.451447 dv-neutron-841459-24-hyperv neutron-server[104704]: DEBUG neutron.plugins.ml2.managers [None req-5d0f2392-b2aa-4030-9db5-c0e1e396c542 tempest-PortsAdminExtendedAttrsIpV6TestJSON-1433916375 tempest-PortsAdminExtendedAttrsIpV6TestJSON-1433916375-project-admin] Attempting to bind port 0fe34753-3202-4f4b-a584-c53a4f179164 on host hv-neutron-8414 for vnic_type normal with profile {{(pid=104704) bind_port /opt/stack/neutron/neutron/plugins/ml2/managers.py:810}}
Jul 22 07:00:53.452087 dv-neutron-841459-24-hyperv neutron-server[104704]: DEBUG neutron.plugins.ml2.managers [None req-5d0f2392-b2aa-4030-9db5-c0e1e396c542 tempest-PortsAdminExtendedAttrsIpV6TestJSON-1433916375 tempest-PortsAdminExtendedAttrsIpV6TestJSON-1433916375-project-admin] Attempting to bind port 0fe34753-3202-4f4b-a584-c53a4f179164 by drivers openvswitch,hyperv on host hv-neutron-8414 at level 0 using segments [{'id': 'e70c3f72-eb32-48a3-b018-ce515c9edbc3', 'network_type': 'vlan', 'physical_network': 'physnet1', 'segmentation_id': 350, 'network_id': '17196fac-62e5-450d-ba75-15cb397dc42a'}] {{(pid=104704) _bind_port_level /opt/stack/neutron/neutron/plugins/ml2/managers.py:835}}
Jul 22 07:00:53.452659 dv-neutron-841459-24-hyperv neutron-server[104704]: DEBUG neutron.plugins.ml2.drivers.mech_agent [None req-5d0f2392-b2aa-4030-9db5-c0e1e396c542 tempest-PortsAdminExtendedAttrsIpV6TestJSON-1433916375 tempest-PortsAdminExtendedAttrsIpV6TestJSON-1433916375-project-admin] Attempting to bind port 0fe34753-3202-4f4b-a584-c53a4f179164 on network 17196fac-62e5-450d-ba75-15cb397dc42a {{(pid=104704) bind_port /opt/stack/neutron/neutron/plugins/ml2/drivers/mech_agent.py:91}}
Jul 22 07:00:53.461944 dv-neutron-841459-24-hyperv neutron-server[104704]: DEBUG neutron.api.v2.base [None req-fbe6c520-c6a1-4219-86e3-b9905407da2c tempest-ServersTestJSON-1178048903 tempest-ServersTestJSON-1178048903-project] Request body: {'security_group': {'name': 'tempest-securitygroup--1577149983', 'description': 'tempest-description--1321021375'}} {{(pid=104704) prepare_request_body /opt/stack/neutron/neutron/api/v2/base.py:730}}
Jul 22 07:00:53.469897 dv-neutron-841459-24-hyperv neutron-server[104706]: DEBUG neutron.api.rpc.handlers.l3_rpc [None req-1a5fa036-d1e0-40d5-963f-b2d74743c93a None None] Checking router: 9ced735c-7256-4e03-89fa-d52494f5dcdf for host: dv-neutron-841459-24-hyperv {{(pid=104706) _ensure_host_set_on_ports /opt/stack/neutron/neutron/api/rpc/handlers/l3_rpc.py:155}}
Jul 22 07:00:53.470436 dv-neutron-841459-24-hyperv neutron-server[104706]: DEBUG neutron.api.rpc.handlers.l3_rpc [None req-1a5fa036-d1e0-40d5-963f-b2d74743c93a None None] Updating router 9ced735c-7256-4e03-89fa-d52494f5dcdf port bbfe02b7-cd0c-43de-88b4-9ddeea1cd85c binding host dv-neutron-841459-24-hyperv {{(pid=104706) _ensure_host_set_on_port /opt/stack/neutron/neutron/api/rpc/handlers/l3_rpc.py:205}}
Jul 22 07:00:53.506790 dv-neutron-841459-24-hyperv neutron-server[104706]: DEBUG dbcounter [-] [104706] Writing DB stats neutron:SELECT=99,neutron:DELETE=1 {{(pid=104706) stat_writer /usr/local/lib/python3.8/dist-packages/dbcounter.py:114}}
Jul 22 07:00:53.508765 dv-neutron-841459-24-hyperv neutron-server[104706]: DEBUG neutron_lib.callbacks.manager [None req-1a5fa036-d1e0-40d5-963f-b2d74743c93a None None] Publish callbacks ['neutron.plugins.ml2.plugin.SecurityGroupDbMixin._ensure_default_security_group_handler-1585684'] for port (bbfe02b7-cd0c-43de-88b4-9ddeea1cd85c), before_update {{(pid=104706) _notify_loop /usr/local/lib/python3.8/dist-packages/neutron_lib/callbacks/manager.py:176}}
Jul 22 07:00:53.551344 dv-neutron-841459-24-hyperv neutron-server[104705]: DEBUG dbcounter [-] [104705] Writing DB stats neutron:SELECT=99,neutron:UPDATE=1 {{(pid=104705) stat_writer /usr/local/lib/python3.8/dist-packages/dbcounter.py:114}}
Jul 22 07:00:53.555809 dv-neutron-841459-24-hyperv neutron-server[104704]: DEBUG neutron.plugins.ml2.drivers.mech_agent [None req-5d0f2392-b2aa-4030-9db5-c0e1e396c542 tempest-PortsAdminExtendedAttrsIpV6TestJSON-1433916375 tempest-PortsAdminExtendedAttrsIpV6TestJSON-1433916375-project-admin] Port 0fe34753-3202-4f4b-a584-c53a4f179164 on network 17196fac-62e5-450d-ba75-15cb397dc42a not bound, no agent of type Open vSwitch agent registered on host hv-neutron-8414 {{(pid=104704) bind_port /opt/stack/neutron/neutron/plugins/ml2/drivers/mech_agent.py:120}}
Jul 22 07:00:53.556529 dv-neutron-841459-24-hyperv neutron-server[104704]: ERROR neutron.plugins.ml2.managers [None req-5d0f2392-b2aa-4030-9db5-c0e1e396c542 tempest-PortsAdminExtendedAttrsIpV6TestJSON-1433916375 tempest-PortsAdminExtendedAttrsIpV6TestJSON-1433916375-project-admin] Failed to bind port 0fe34753-3202-4f4b-a584-c53a4f179164 on host hv-neutron-8414 for vnic_type normal using segments [{'id': 'e70c3f72-eb32-48a3-b018-ce515c9edbc3', 'network_type': 'vlan', 'physical_network': 'physnet1', 'segmentation_id': 350, 'network_id': '17196fac-62e5-450d-ba75-15cb397dc42a'}]
Jul 22 07:00:53.557130 dv-neutron-841459-24-hyperv neutron-server[104704]: DEBUG neutron_lib.callbacks.manager [None req-5d0f2392-b2aa-4030-9db5-c0e1e396c542 tempest-PortsAdminExtendedAttrsIpV6TestJSON-1433916375 tempest-PortsAdminExtendedAttrsIpV6TestJSON-1433916375-project-admin] Publish callbacks ['neutron.plugins.ml2.plugin.SecurityGroupDbMixin._ensure_default_security_group_handler-1585684'] for port (0fe34753-3202-4f4b-a584-c53a4f179164), before_update {{(pid=104704) _notify_loop /usr/local/lib/python3.8/dist-packages/neutron_lib/callbacks/manager.py:176}}
Jul 22 07:00:53.632352 dv-neutron-841459-24-hyperv neutron-server[104704]: DEBUG neutron_lib.callbacks.manager [None req-fbe6c520-c6a1-4219-86e3-b9905407da2c tempest-ServersTestJSON-1178048903 tempest-ServersTestJSON-1178048903-project] Publish callbacks [] for security_group (None), before_create {{(pid=104704) _notify_loop /usr/local/lib/python3.8/dist-packages/neutron_lib/callbacks/manager.py:176}}
Jul 22 07:00:53.656256 dv-neutron-841459-24-hyperv neutron-server[104705]: DEBUG neutron.api.rpc.handlers.dhcp_rpc [None req-e72e0034-a7f5-4a97-8d26-4864ab9f705d None None] Create dhcp port {'port': {'name': '', 'admin_state_up': True, 'device_id': 'dhcpdc9dfd7e-fd13-5582-8de0-c8666cb3cac8-9fdbbb12-ab4f-441d-a53e-5641aa9e51f1', 'network_id': '9fdbbb12-ab4f-441d-a53e-5641aa9e51f1', 'project_id': '138c3574e8b84014bd08d0b710cbd0f1', 'fixed_ips': [{'subnet_id': 'ad5a313d-5213-4bd5-8364-2de90e498403'}]}} from dv-neutron-841459-24-hyperv. {{(pid=104705) create_dhcp_port /opt/stack/neutron/neutron/api/rpc/handlers/dhcp_rpc.py:271}}
Jul 22 07:00:53.660039 dv-neutron-841459-24-hyperv neutron-server[104705]: DEBUG neutron_lib.callbacks.manager [None req-e72e0034-a7f5-4a97-8d26-4864ab9f705d None None] Publish callbacks ['neutron.plugins.ml2.plugin.SecurityGroupDbMixin._ensure_default_security_group_handler-1585684'] for port (None), before_create {{(pid=104705) _notify_loop /usr/local/lib/python3.8/dist-packages/neutron_lib/callbacks/manager.py:176}}
Jul 22 07:00:53.670467 dv-neutron-841459-24-hyperv neutron-server[104704]: DEBUG neutron_lib.callbacks.manager [None req-2074fafc-545f-4858-ae13-f03b2454e4ec admin admin] Publish callbacks [] for security_group (dc7101dc-d019-409a-97f2-25f8a5e430c1), before_delete {{(pid=104704) _notify_loop /usr/local/lib/python3.8/dist-packages/neutron_lib/callbacks/manager.py:176}}
Jul 22 07:00:53.700626 dv-neutron-841459-24-hyperv neutron-server[104705]: DEBUG neutron.api.rpc.handlers.l3_rpc [None req-1475d95e-fb68-493f-b34c-22352dab5aaa None None] Checking router: c2cb14dc-192f-4c43-8a4c-904cb41d619d for host: dv-neutron-841459-24-hyperv {{(pid=104705) _ensure_host_set_on_ports /opt/stack/neutron/neutron/api/rpc/handlers/l3_rpc.py:155}}
Jul 22 07:00:53.701840 dv-neutron-841459-24-hyperv neutron-server[104705]: DEBUG neutron.api.rpc.handlers.l3_rpc [None req-1475d95e-fb68-493f-b34c-22352dab5aaa None None] Updating router c2cb14dc-192f-4c43-8a4c-904cb41d619d port 02134a18-1861-43a2-b70e-6068574150ca binding host dv-neutron-841459-24-hyperv {{(pid=104705) _ensure_host_set_on_port /opt/stack/neutron/neutron/api/rpc/handlers/l3_rpc.py:205}}
Jul 22 07:00:53.722261 dv-neutron-841459-24-hyperv neutron-server[104704]: DEBUG dbcounter [-] [104704] Writing DB stats neutron:SELECT=88,neutron:INSERT=11,neutron:UPDATE=1 {{(pid=104704) stat_writer /usr/local/lib/python3.8/dist-packages/dbcounter.py:114}}
Jul 22 07:00:53.778886 dv-neutron-841459-24-hyperv neutron-server[104704]: DEBUG neutron_lib.callbacks.manager [None req-2074fafc-545f-4858-ae13-f03b2454e4ec admin admin] Publish callbacks [] for security_group (dc7101dc-d019-409a-97f2-25f8a5e430c1), precommit_delete {{(pid=104704) _notify_loop /usr/local/lib/python3.8/dist-packages/neutron_lib/callbacks/manager.py:176}}
Jul 22 07:00:53.779659 dv-neutron-841459-24-hyperv neutron-server[104705]: DEBUG neutron.db.provisioning_blocks [None req-5d2a3e9d-0841-4152-85e7-c91f0f34e78b None None] Provisioning complete for port 805c1d1b-d7d0-4fb1-87e8-2378d88477d6 triggered by entity L2. {{(pid=104705) provisioning_complete /opt/stack/neutron/neutron/db/provisioning_blocks.py:145}}
Jul 22 07:00:53.780095 dv-neutron-841459-24-hyperv neutron-server[104705]: DEBUG neutron_lib.callbacks.manager [None req-5d2a3e9d-0841-4152-85e7-c91f0f34e78b None None] Publish callbacks ['neutron.plugins.ml2.plugin.Ml2Plugin._port_provisioned-2052664'] for port (805c1d1b-d7d0-4fb1-87e8-2378d88477d6), provisioning_complete {{(pid=104705) _notify_loop /usr/local/lib/python3.8/dist-packages/neutron_lib/callbacks/manager.py:176}}
Jul 22 07:00:53.787043 dv-neutron-841459-24-hyperv neutron-server[104704]: INFO neutron.wsgi [None req-45b2c5b8-6bf2-4aee-9374-f7323ba8f814 tempest-DHCPAgentSchedulersTestJSON-1289529856 tempest-DHCPAgentSchedulersTestJSON-1289529856-project-admin] 10.222.0.36 "GET /v2.0/agents/d03b74b8-ffb3-4e94-abb8-8c2c6e04cabf/dhcp-networks HTTP/1.1" status: 200 len: 7263 time: 0.6392109
Jul 22 07:00:53.800376 dv-neutron-841459-24-hyperv neutron-server[104704]: DEBUG neutron.wsgi [-] (104704) accepted ('10.222.0.36', 43732) {{(pid=104704) server /usr/local/lib/python3.8/dist-packages/eventlet/wsgi.py:1004}}
Jul 22 07:00:53.815593 dv-neutron-841459-24-hyperv neutron-server[104703]: DEBUG neutron_lib.callbacks.manager [None req-ad0bba27-e286-40a1-8865-00593de7d47b admin admin] Publish callbacks [] for security_group (None), before_create {{(pid=104703) _notify_loop /usr/local/lib/python3.8/dist-packages/neutron_lib/callbacks/manager.py:176}}
Jul 22 07:00:53.833901 dv-neutron-841459-24-hyperv neutron-server[104706]: DEBUG neutron_lib.callbacks.manager [None req-1a5fa036-d1e0-40d5-963f-b2d74743c93a None None] Publish callbacks [] for port (bbfe02b7-cd0c-43de-88b4-9ddeea1cd85c), precommit_update {{(pid=104706) _notify_loop /usr/local/lib/python3.8/dist-packages/neutron_lib/callbacks/manager.py:176}}
Jul 22 07:00:53.834471 dv-neutron-841459-24-hyperv neutron-server[104704]: DEBUG neutron.plugins.ml2.db [None req-5d0f2392-b2aa-4030-9db5-c0e1e396c542 tempest-PortsAdminExtendedAttrsIpV6TestJSON-1433916375 tempest-PortsAdminExtendedAttrsIpV6TestJSON-1433916375-project-admin] For port 0fe34753-3202-4f4b-a584-c53a4f179164, host hv-neutron-8414, cleared binding levels {{(pid=104704) clear_binding_levels /opt/stack/neutron/neutron/plugins/ml2/db.py:87}}
Jul 22 07:00:53.834731 dv-neutron-841459-24-hyperv neutron-server[104704]: DEBUG neutron.plugins.ml2.db [None req-5d0f2392-b2aa-4030-9db5-c0e1e396c542 tempest-PortsAdminExtendedAttrsIpV6TestJSON-1433916375 tempest-PortsAdminExtendedAttrsIpV6TestJSON-1433916375-project-admin] Attempted to set empty binding levels {{(pid=104704) set_binding_levels /opt/stack/neutron/neutron/plugins/ml2/db.py:65}}
Jul 22 07:00:53.835777 dv-neutron-841459-24-hyperv neutron-server[104703]: DEBUG neutron_lib.callbacks.manager [None req-91259461-1d9c-4fe9-8653-e3bec1080f5d tempest-ServersTestManualDisk-862482438 tempest-ServersTestManualDisk-862482438-project] Publish callbacks [] for security_group_rule (d0f5b942-cbe5-48b3-8dfd-cfb9f4dc9c13), precommit_create {{(pid=104703) _notify_loop /usr/local/lib/python3.8/dist-packages/neutron_lib/callbacks/manager.py:176}}
Jul 22 07:00:53.842757 dv-neutron-841459-24-hyperv neutron-server[104706]: DEBUG neutron_lib.callbacks.manager [None req-1a5fa036-d1e0-40d5-963f-b2d74743c93a None None] Publish callbacks ['neutron.plugins.ml2.plugin.SecurityGroupServerNotifierRpcMixin._notify_sg_on_port_change-1585755', 'neutron.plugins.ml2.ovo_rpc._ObjectChangeHandler.handle_event-113279', 'neutron.api.rpc.agentnotifiers.dhcp_rpc_agent_api.DhcpAgentNotifyAPI._native_event_send_dhcp_notification-750844', 'neutron.db.l3_db.L3RpcNotifierMixin._notify_gateway_port_ip_changed-8758892369628', 'neutron.db.l3_dvrscheduler_db._notify_l3_agent_port_update-8758892024598', 'neutron.db.l3_hascheduler_db._notify_l3_agent_ha_port_update-8758892024616'] for port (bbfe02b7-cd0c-43de-88b4-9ddeea1cd85c), after_update {{(pid=104706) _notify_loop /usr/local/lib/python3.8/dist-packages/neutron_lib/callbacks/manager.py:176}}
Jul 22 07:00:53.857095 dv-neutron-841459-24-hyperv neutron-server[104703]: DEBUG neutron_lib.callbacks.manager [None req-91259461-1d9c-4fe9-8653-e3bec1080f5d tempest-ServersTestManualDisk-862482438 tempest-ServersTestManualDisk-862482438-project] Publish callbacks ['neutron.plugins.ml2.ovo_rpc._ObjectChangeHandler.handle_event-593113'] for security_group_rule (d0f5b942-cbe5-48b3-8dfd-cfb9f4dc9c13), after_create {{(pid=104703) _notify_loop /usr/local/lib/python3.8/dist-packages/neutron_lib/callbacks/manager.py:176}}
Jul 22 07:00:53.869477 dv-neutron-841459-24-hyperv neutron-server[104704]: DEBUG neutron_lib.callbacks.manager [None req-5d0f2392-b2aa-4030-9db5-c0e1e396c542 tempest-PortsAdminExtendedAttrsIpV6TestJSON-1433916375 tempest-PortsAdminExtendedAttrsIpV6TestJSON-1433916375-project-admin] Publish callbacks ['neutron.plugins.ml2.plugin.SecurityGroupServerNotifierRpcMixin._notify_sg_on_port_change-1585755', 'neutron.plugins.ml2.ovo_rpc._ObjectChangeHandler.handle_event-113279', 'neutron.api.rpc.agentnotifiers.dhcp_rpc_agent_api.DhcpAgentNotifyAPI._native_event_send_dhcp_notification-750844', 'neutron.db.l3_db.L3RpcNotifierMixin._notify_gateway_port_ip_changed-8758892369628', 'neutron.db.l3_dvrscheduler_db._notify_l3_agent_port_update-8758892024598', 'neutron.db.l3_hascheduler_db._notify_l3_agent_ha_port_update-8758892024616'] for port (0fe34753-3202-4f4b-a584-c53a4f179164), after_update {{(pid=104704) _notify_loop /usr/local/lib/python3.8/dist-packages/neutron_lib/callbacks/manager.py:176}}
Jul 22 07:00:53.873926 dv-neutron-841459-24-hyperv neutron-server[104703]: DEBUG neutron_lib.callbacks.manager [None req-01bcd829-fc8b-470a-a777-17899deaa4c2 tempest-FloatingIPAdminTestJSON-1601673433 tempest-FloatingIPAdminTestJSON-1601673433-project] Publish callbacks [] for router_gateway (0479a234-cb64-4e63-8fc0-3c06fe76011c), precommit_update {{(pid=104703) _notify_loop /usr/local/lib/python3.8/dist-packages/neutron_lib/callbacks/manager.py:176}}
Jul 22 07:00:53.897775 dv-neutron-841459-24-hyperv neutron-server[104703]: DEBUG dbcounter [-] [104703] Writing DB stats neutron:SELECT=83,neutron:INSERT=11,neutron:UPDATE=6 {{(pid=104703) stat_writer /usr/local/lib/python3.8/dist-packages/dbcounter.py:114}}
Jul 22 07:00:53.910273 dv-neutron-841459-24-hyperv neutron-server[104706]: DEBUG neutron.api.rpc.handlers.resources_rpc [None req-e996da70-bc9d-4ecb-bf84-fc25ed8873f0 None None] Pushing event updated for resources: {'Port': ['ID=bbfe02b7-cd0c-43de-88b4-9ddeea1cd85c,revision_number=3']} {{(pid=104706) push /opt/stack/neutron/neutron/api/rpc/handlers/resources_rpc.py:237}}
Jul 22 07:00:53.914740 dv-neutron-841459-24-hyperv neutron-server[104703]: DEBUG neutron.api.rpc.handlers.resources_rpc [None req-91259461-1d9c-4fe9-8653-e3bec1080f5d tempest-ServersTestManualDisk-862482438 tempest-ServersTestManualDisk-862482438-project] Pushing event updated for resources: {'SecurityGroupRule': ['ID=d0f5b942-cbe5-48b3-8dfd-cfb9f4dc9c13,revision_number=0']} {{(pid=104703) push /opt/stack/neutron/neutron/api/rpc/handlers/resources_rpc.py:237}}
Jul 22 07:00:53.975452 dv-neutron-841459-24-hyperv neutron-server[104703]: DEBUG neutron_lib.callbacks.manager [None req-91259461-1d9c-4fe9-8653-e3bec1080f5d tempest-ServersTestManualDisk-862482438 tempest-ServersTestManualDisk-862482438-project] Publish callbacks [] for security_group_rule (None), before_response {{(pid=104703) _notify_loop /usr/local/lib/python3.8/dist-packages/neutron_lib/callbacks/manager.py:176}}
Jul 22 07:00:53.979783 dv-neutron-841459-24-hyperv neutron-server[104703]: INFO neutron.wsgi [None req-91259461-1d9c-4fe9-8653-e3bec1080f5d tempest-ServersTestManualDisk-862482438 tempest-ServersTestManualDisk-862482438-project] 10.222.0.36 "POST /v2.0/security-group-rules HTTP/1.1" status: 201 len: 764 time: 0.6866560
Jul 22 07:00:53.988073 dv-neutron-841459-24-hyperv neutron-server[104703]: DEBUG neutron.wsgi [-] (104703) accepted ('10.222.0.36', 43734) {{(pid=104703) server /usr/local/lib/python3.8/dist-packages/eventlet/wsgi.py:1004}}
Jul 22 07:00:53.990704 dv-neutron-841459-24-hyperv neutron-server[104704]: DEBUG dbcounter [-] [104704] Writing DB stats neutron:SELECT=89,neutron:DELETE=4,neutron:INSERT=5,neutron:UPDATE=2 {{(pid=104704) stat_writer /usr/local/lib/python3.8/dist-packages/dbcounter.py:114}}
Jul 22 07:00:53.992987 dv-neutron-841459-24-hyperv neutron-server[104704]: DEBUG neutron.plugins.ml2.plugin [None req-5d0f2392-b2aa-4030-9db5-c0e1e396c542 tempest-PortsAdminExtendedAttrsIpV6TestJSON-1433916375 tempest-PortsAdminExtendedAttrsIpV6TestJSON-1433916375-project-admin] In _notify_port_updated(), no bound segment for port 0fe34753-3202-4f4b-a584-c53a4f179164 on network 17196fac-62e5-450d-ba75-15cb397dc42a {{(pid=104704) _notify_port_updated /opt/stack/neutron/neutron/plugins/ml2/plugin.py:931}}
Jul 22 07:00:53.996695 dv-neutron-841459-24-hyperv neutron-server[104704]: DEBUG neutron.pecan_wsgi.hooks.policy_enforcement [None req-5d0f2392-b2aa-4030-9db5-c0e1e396c542 tempest-PortsAdminExtendedAttrsIpV6TestJSON-1433916375 tempest-PortsAdminExtendedAttrsIpV6TestJSON-1433916375-project-admin] Attributes excluded by policy engine: ['standard_attr_id'] {{(pid=104704) _exclude_attributes_by_policy /opt/stack/neutron/neutron/pecan_wsgi/hooks/policy_enforcement.py:259}}
Jul 22 07:00:53.997364 dv-neutron-841459-24-hyperv neutron-server[104704]: DEBUG neutron_lib.callbacks.manager [None req-5d0f2392-b2aa-4030-9db5-c0e1e396c542 tempest-PortsAdminExtendedAttrsIpV6TestJSON-1433916375 tempest-PortsAdminExtendedAttrsIpV6TestJSON-1433916375-project-admin] Publish callbacks ['neutron.notifiers.nova.Notifier._send_nova_notification-83167'] for port (None), before_response {{(pid=104704) _notify_loop /usr/local/lib/python3.8/dist-packages/neutron_lib/callbacks/manager.py:176}}
Jul 22 07:00:54.005228 dv-neutron-841459-24-hyperv neutron-server[104704]: INFO neutron.wsgi [None req-5d0f2392-b2aa-4030-9db5-c0e1e396c542 tempest-PortsAdminExtendedAttrsIpV6TestJSON-1433916375 tempest-PortsAdminExtendedAttrsIpV6TestJSON-1433916375-project-admin] 10.222.0.36 "PUT /v2.0/ports/0fe34753-3202-4f4b-a584-c53a4f179164 HTTP/1.1" status: 200 len: 980 time: 4.8833311
Jul 22 07:00:54.012759 dv-neutron-841459-24-hyperv neutron-server[104704]: DEBUG neutron.wsgi [-] (104704) accepted ('10.222.0.36', 43736) {{(pid=104704) server /usr/local/lib/python3.8/dist-packages/eventlet/wsgi.py:1004}}
Jul 22 07:00:54.017867 dv-neutron-841459-24-hyperv neutron-server[104705]: DEBUG neutron_lib.callbacks.manager [None req-1475d95e-fb68-493f-b34c-22352dab5aaa None None] Publish callbacks ['neutron.plugins.ml2.plugin.SecurityGroupDbMixin._ensure_default_security_group_handler-1585684'] for port (02134a18-1861-43a2-b70e-6068574150ca), before_update {{(pid=104705) _notify_loop /usr/local/lib/python3.8/dist-packages/neutron_lib/callbacks/manager.py:176}}
Jul 22 07:00:54.039270 dv-neutron-841459-24-hyperv neutron-server[104705]: DEBUG neutron.api.rpc.handlers.resources_rpc [None req-5d2a3e9d-0841-4152-85e7-c91f0f34e78b None None] Pushing event updated for resources: {'Port': ['ID=6577c521-4de1-44bf-8966-c773769d08b0,revision_number=4']} {{(pid=104705) push /opt/stack/neutron/neutron/api/rpc/handlers/resources_rpc.py:237}}
Jul 22 07:00:54.045335 dv-neutron-841459-24-hyperv neutron-server[104703]: DEBUG neutron.api.v2.base [None req-d1c7f19c-1489-474c-9a65-c16461e62fee tempest-ServersTestManualDisk-862482438 tempest-ServersTestManualDisk-862482438-project] Request body: {'security_group_rule': {'security_group_id': '4836983f-fd1b-4ef2-96b2-9cb8854384ca', 'protocol': 'icmp', 'ethertype': 'IPv4', 'direction': 'ingress'}} {{(pid=104703) prepare_request_body /opt/stack/neutron/neutron/api/v2/base.py:730}}
Jul 22 07:00:54.050339 dv-neutron-841459-24-hyperv neutron-server[104705]: DEBUG neutron.db.db_base_plugin_common [None req-e72e0034-a7f5-4a97-8d26-4864ab9f705d None None] Allocated IP 172.20.0.2 (9fdbbb12-ab4f-441d-a53e-5641aa9e51f1/ad5a313d-5213-4bd5-8364-2de90e498403/25fa5a08-643f-42d0-a06a-d7f1be438cc9) {{(pid=104705) _store_ip_allocation /opt/stack/neutron/neutron/db/db_base_plugin_common.py:131}}
Jul 22 07:00:54.052735 dv-neutron-841459-24-hyperv neutron-server[104703]: DEBUG neutron.pecan_wsgi.hooks.quota_enforcement [None req-f44f9295-3f9a-48f7-8e47-4a3a66d748d9 tempest-AllowedAddressPairTestJSON-641853726 tempest-AllowedAddressPairTestJSON-641853726-project] Made reservation on behalf of 88a12dfbf21e41a8ab51c767f33fb552 for: {'port': 1} {{(pid=104703) before /opt/stack/neutron/neutron/pecan_wsgi/hooks/quota_enforcement.py:53}}
Jul 22 07:00:54.059291 dv-neutron-841459-24-hyperv neutron-server[104703]: DEBUG neutron_lib.callbacks.manager [None req-f44f9295-3f9a-48f7-8e47-4a3a66d748d9 tempest-AllowedAddressPairTestJSON-641853726 tempest-AllowedAddressPairTestJSON-641853726-project] Publish callbacks ['neutron.plugins.ml2.plugin.SecurityGroupDbMixin._ensure_default_security_group_handler-1585684'] for port (None), before_create {{(pid=104703) _notify_loop /usr/local/lib/python3.8/dist-packages/neutron_lib/callbacks/manager.py:176}}
Jul 22 07:00:54.067757 dv-neutron-841459-24-hyperv neutron-server[104706]: DEBUG neutron.plugins.ml2.managers [None req-1a5fa036-d1e0-40d5-963f-b2d74743c93a None None] Attempting to bind port bbfe02b7-cd0c-43de-88b4-9ddeea1cd85c on host dv-neutron-841459-24-hyperv for vnic_type normal with profile {{(pid=104706) bind_port /opt/stack/neutron/neutron/plugins/ml2/managers.py:810}}
Jul 22 07:00:54.068709 dv-neutron-841459-24-hyperv neutron-server[104706]: DEBUG neutron.plugins.ml2.managers [None req-1a5fa036-d1e0-40d5-963f-b2d74743c93a None None] Attempting to bind port bbfe02b7-cd0c-43de-88b4-9ddeea1cd85c by drivers openvswitch,hyperv on host dv-neutron-841459-24-hyperv at level 0 using segments [{'id': 'abcd7b14-ade4-4e90-b879-1505538cc815', 'network_type': 'vlan', 'physical_network': 'physnet1', 'segmentation_id': 361, 'network_id': '33c7b440-8cc0-4191-a973-abbedc5ef07c'}] {{(pid=104706) _bind_port_level /opt/stack/neutron/neutron/plugins/ml2/managers.py:835}}
Jul 22 07:00:54.069297 dv-neutron-841459-24-hyperv neutron-server[104706]: DEBUG neutron.plugins.ml2.drivers.mech_agent [None req-1a5fa036-d1e0-40d5-963f-b2d74743c93a None None] Attempting to bind port bbfe02b7-cd0c-43de-88b4-9ddeea1cd85c on network 33c7b440-8cc0-4191-a973-abbedc5ef07c {{(pid=104706) bind_port /opt/stack/neutron/neutron/plugins/ml2/drivers/mech_agent.py:91}}
Jul 22 07:00:54.114045 dv-neutron-841459-24-hyperv neutron-server[104703]: DEBUG neutron.notifiers.nova [None req-f44f9295-3f9a-48f7-8e47-4a3a66d748d9 tempest-AllowedAddressPairTestJSON-641853726 tempest-AllowedAddressPairTestJSON-641853726-project] device_id is not set on port 2e763db3-653e-4bd1-b77d-a51fe34e35e0 yet. {{(pid=104703) _can_notify /opt/stack/neutron/neutron/notifiers/nova.py:199}}
Jul 22 07:00:54.137271 dv-neutron-841459-24-hyperv neutron-server[104704]: DEBUG neutron.api.rpc.handlers.resources_rpc [None req-5d0f2392-b2aa-4030-9db5-c0e1e396c542 tempest-PortsAdminExtendedAttrsIpV6TestJSON-1433916375 tempest-PortsAdminExtendedAttrsIpV6TestJSON-1433916375-project-admin] Pushing event updated for resources: {'Port': ['ID=0fe34753-3202-4f4b-a584-c53a4f179164,revision_number=3']} {{(pid=104704) push /opt/stack/neutron/neutron/api/rpc/handlers/resources_rpc.py:237}}
Jul 22 07:00:54.145934 dv-neutron-841459-24-hyperv neutron-server[104704]: DEBUG neutron_lib.callbacks.manager [None req-fbe6c520-c6a1-4219-86e3-b9905407da2c tempest-ServersTestJSON-1178048903 tempest-ServersTestJSON-1178048903-project] Publish callbacks [] for security_group (4498c738-ba9b-4de5-b255-8e58513f9bb9), precommit_create {{(pid=104704) _notify_loop /usr/local/lib/python3.8/dist-packages/neutron_lib/callbacks/manager.py:176}}
Jul 22 07:00:54.153631 dv-neutron-841459-24-hyperv neutron-server[104704]: DEBUG neutron.scheduler.dhcp_agent_scheduler [None req-604873c4-cb8a-49a8-8916-f7b8a0bca1ed tempest-DHCPAgentSchedulersTestJSON-1289529856 tempest-DHCPAgentSchedulersTestJSON-1289529856-project-admin] Network 9dbba1dd-82fa-48e5-ba4f-0a50dd186066 is scheduled to be hosted by DHCP agent d03b74b8-ffb3-4e94-abb8-8c2c6e04cabf with binding_index 1 {{(pid=104704) bind /opt/stack/neutron/neutron/scheduler/dhcp_agent_scheduler.py:227}}
Jul 22 07:00:54.169923 dv-neutron-841459-24-hyperv neutron-server[104704]: DEBUG neutron_lib.callbacks.manager [None req-fbe6c520-c6a1-4219-86e3-b9905407da2c tempest-ServersTestJSON-1178048903 tempest-ServersTestJSON-1178048903-project] Publish callbacks ['neutron.plugins.ml2.ovo_rpc._ObjectChangeHandler.handle_event-681518'] for security_group (4498c738-ba9b-4de5-b255-8e58513f9bb9), after_create {{(pid=104704) _notify_loop /usr/local/lib/python3.8/dist-packages/neutron_lib/callbacks/manager.py:176}}
Jul 22 07:00:54.181332 dv-neutron-841459-24-hyperv neutron-server[104704]: DEBUG neutron_lib.callbacks.manager [None req-2074fafc-545f-4858-ae13-f03b2454e4ec admin admin] Publish callbacks ['neutron.plugins.ml2.ovo_rpc._ObjectChangeHandler.handle_event-681518'] for security_group (dc7101dc-d019-409a-97f2-25f8a5e430c1), after_delete {{(pid=104704) _notify_loop /usr/local/lib/python3.8/dist-packages/neutron_lib/callbacks/manager.py:176}}
Jul 22 07:00:54.184534 dv-neutron-841459-24-hyperv neutron-server[104704]: DEBUG neutron_lib.callbacks.manager [None req-2074fafc-545f-4858-ae13-f03b2454e4ec admin admin] Publish callbacks [] for security_group (None), before_response {{(pid=104704) _notify_loop /usr/local/lib/python3.8/dist-packages/neutron_lib/callbacks/manager.py:176}}
