Jul 21 12:56:54.941256 dv-neutron-841459-21-hyperv devstack@keystone.service[80809]: DEBUG keystone.server.flask.request_processing.req_logging [None req-37248de6-7439-4470-ac51-1b1d289c429a None admin] SCRIPT_NAME: `/identity` {{(pid=80809) log_request_info /opt/stack/keystone/keystone/server/flask/request_processing/req_logging.py:28}}
Jul 21 12:56:54.941745 dv-neutron-841459-21-hyperv devstack@keystone.service[80809]: DEBUG keystone.server.flask.request_processing.req_logging [None req-37248de6-7439-4470-ac51-1b1d289c429a None admin] PATH_INFO: `/v3/roles/anotherrole` {{(pid=80809) log_request_info /opt/stack/keystone/keystone/server/flask/request_processing/req_logging.py:29}}
Jul 21 12:56:54.957079 dv-neutron-841459-21-hyperv devstack@keystone.service[80809]: DEBUG keystone.common.rbac_enforcer.enforcer [None req-37248de6-7439-4470-ac51-1b1d289c429a None admin] Extracting inferred target data resulted in "NOT FOUND (404)". {{(pid=80809) enforce_call /opt/stack/keystone/keystone/common/rbac_enforcer/enforcer.py:409}}
Jul 21 12:56:54.974003 dv-neutron-841459-21-hyperv devstack@keystone.service[80809]: ERROR keystone.server.flask.application [None req-37248de6-7439-4470-ac51-1b1d289c429a None admin] Could not find role: anotherrole.: keystone.exception.RoleNotFound: Could not find role: anotherrole.
Jul 21 12:56:54.974003 dv-neutron-841459-21-hyperv devstack@keystone.service[80809]: ERROR keystone.server.flask.application
Traceback (most recent call last):
Jul 21 12:56:54.974003 dv-neutron-841459-21-hyperv devstack@keystone.service[80809]: ERROR keystone.server.flask.application
File "/usr/local/lib/python3.8/dist-packages/flask/app.py", line 1523, in full_dispatch_request
Jul 21 12:56:54.974003 dv-neutron-841459-21-hyperv devstack@keystone.service[80809]: ERROR keystone.server.flask.application rv = self.dispatch_request()
Jul 21 12:56:54.974003 dv-neutron-841459-21-hyperv devstack@keystone.service[80809]: ERROR keystone.server.flask.application
File "/usr/local/lib/python3.8/dist-packages/flask/app.py", line 1509, in dispatch_request
Jul 21 12:56:54.974003 dv-neutron-841459-21-hyperv devstack@keystone.service[80809]: ERROR keystone.server.flask.application return self.ensure_sync(self.view_functions[rule.endpoint])(**req.view_args)
Jul 21 12:56:54.974003 dv-neutron-841459-21-hyperv devstack@keystone.service[80809]: ERROR keystone.server.flask.application
File "/usr/local/lib/python3.8/dist-packages/flask_restful/__init__.py", line 467, in wrapper
Jul 21 12:56:54.974003 dv-neutron-841459-21-hyperv devstack@keystone.service[80809]: ERROR keystone.server.flask.application resp = resource(*args, **kwargs)
Jul 21 12:56:54.974003 dv-neutron-841459-21-hyperv devstack@keystone.service[80809]: ERROR keystone.server.flask.application
File "/usr/local/lib/python3.8/dist-packages/flask/views.py", line 84, in view
Jul 21 12:56:54.974003 dv-neutron-841459-21-hyperv devstack@keystone.service[80809]: ERROR keystone.server.flask.application return current_app.ensure_sync(self.dispatch_request)(*args, **kwargs)
Jul 21 12:56:54.974003 dv-neutron-841459-21-hyperv devstack@keystone.service[80809]: ERROR keystone.server.flask.application
File "/usr/local/lib/python3.8/dist-packages/flask_restful/__init__.py", line 582, in dispatch_request
Jul 21 12:56:54.974003 dv-neutron-841459-21-hyperv devstack@keystone.service[80809]: ERROR keystone.server.flask.application resp = meth(*args, **kwargs)
Jul 21 12:56:54.974003 dv-neutron-841459-21-hyperv devstack@keystone.service[80809]: ERROR keystone.server.flask.application
File "/opt/stack/keystone/keystone/api/roles.py", line 50, in get
Jul 21 12:56:54.974003 dv-neutron-841459-21-hyperv devstack@keystone.service[80809]: ERROR keystone.server.flask.application return self._get_role(role_id)
Jul 21 12:56:54.974003 dv-neutron-841459-21-hyperv devstack@keystone.service[80809]: ERROR keystone.server.flask.application
File "/opt/stack/keystone/keystone/api/roles.py", line 70, in _get_role
Jul 21 12:56:54.974003 dv-neutron-841459-21-hyperv devstack@keystone.service[80809]: ERROR keystone.server.flask.application ENFORCER.enforce_call(action='identity:get_role')
Jul 21 12:56:54.974927 dv-neutron-841459-21-hyperv devstack@keystone.service[80809]: ERROR keystone.server.flask.application
File "/opt/stack/keystone/keystone/common/rbac_enforcer/enforcer.py", line 402, in enforce_call
Jul 21 12:56:54.974927 dv-neutron-841459-21-hyperv devstack@keystone.service[80809]: ERROR keystone.server.flask.application policy_dict.update(cls._extract_member_target_data(
Jul 21 12:56:54.974927 dv-neutron-841459-21-hyperv devstack@keystone.service[80809]: ERROR keystone.server.flask.application
File "/opt/stack/keystone/keystone/common/rbac_enforcer/enforcer.py", line 234, in _extract_member_target_data
Jul 21 12:56:54.974927 dv-neutron-841459-21-hyperv devstack@keystone.service[80809]: ERROR keystone.server.flask.application member_name: func(flask.request.view_args[key])
Jul 21 12:56:54.974927 dv-neutron-841459-21-hyperv devstack@keystone.service[80809]: ERROR keystone.server.flask.application
File "/opt/stack/keystone/keystone/common/manager.py", line 115, in wrapped
Jul 21 12:56:54.974927 dv-neutron-841459-21-hyperv devstack@keystone.service[80809]: ERROR keystone.server.flask.application __ret_val = __f(*args, **kwargs)
Jul 21 12:56:54.974927 dv-neutron-841459-21-hyperv devstack@keystone.service[80809]: ERROR keystone.server.flask.application
File "/usr/local/lib/python3.8/dist-packages/decorator.py", line 232, in fun
Jul 21 12:56:54.974927 dv-neutron-841459-21-hyperv devstack@keystone.service[80809]: ERROR keystone.server.flask.application return caller(func, *(extras + args), **kw)
Jul 21 12:56:54.974927 dv-neutron-841459-21-hyperv devstack@keystone.service[80809]: ERROR keystone.server.flask.application
File "/usr/local/lib/python3.8/dist-packages/dogpile/cache/region.py", line 1577, in get_or_create_for_user_func
Jul 21 12:56:54.974927 dv-neutron-841459-21-hyperv devstack@keystone.service[80809]: ERROR keystone.server.flask.application return self.get_or_create(
Jul 21 12:56:54.974927 dv-neutron-841459-21-hyperv devstack@keystone.service[80809]: ERROR keystone.server.flask.application
File "/usr/local/lib/python3.8/dist-packages/dogpile/cache/region.py", line 1042, in get_or_create
Jul 21 12:56:54.974927 dv-neutron-841459-21-hyperv devstack@keystone.service[80809]: ERROR keystone.server.flask.application with Lock(
Jul 21 12:56:54.974927 dv-neutron-841459-21-hyperv devstack@keystone.service[80809]: ERROR keystone.server.flask.application
File "/usr/local/lib/python3.8/dist-packages/dogpile/lock.py", line 185, in __enter__
Jul 21 12:56:54.974927 dv-neutron-841459-21-hyperv devstack@keystone.service[80809]: ERROR keystone.server.flask.application return self._enter()
Jul 21 12:56:54.974927 dv-neutron-841459-21-hyperv devstack@keystone.service[80809]: ERROR keystone.server.flask.application
File "/usr/local/lib/python3.8/dist-packages/dogpile/lock.py", line 94, in _enter
Jul 21 12:56:54.974927 dv-neutron-841459-21-hyperv devstack@keystone.service[80809]: ERROR keystone.server.flask.application generated = self._enter_create(value, createdtime)
Jul 21 12:56:54.975692 dv-neutron-841459-21-hyperv devstack@keystone.service[80809]: ERROR keystone.server.flask.application
File "/usr/local/lib/python3.8/dist-packages/dogpile/lock.py", line 178, in _enter_create
Jul 21 12:56:54.975692 dv-neutron-841459-21-hyperv devstack@keystone.service[80809]: ERROR keystone.server.flask.application return self.creator()
Jul 21 12:56:54.975692 dv-neutron-841459-21-hyperv devstack@keystone.service[80809]: ERROR keystone.server.flask.application
File "/usr/local/lib/python3.8/dist-packages/dogpile/cache/region.py", line 995, in gen_value
Jul 21 12:56:54.975692 dv-neutron-841459-21-hyperv devstack@keystone.service[80809]: ERROR keystone.server.flask.application created_value = creator(
Jul 21 12:56:54.975692 dv-neutron-841459-21-hyperv devstack@keystone.service[80809]: ERROR keystone.server.flask.application
File "/opt/stack/keystone/keystone/assignment/core.py", line 1276, in get_role
Jul 21 12:56:54.975692 dv-neutron-841459-21-hyperv devstack@keystone.service[80809]: ERROR keystone.server.flask.application return self.driver.get_role(role_id)
Jul 21 12:56:54.975692 dv-neutron-841459-21-hyperv devstack@keystone.service[80809]: ERROR keystone.server.flask.application
File "/opt/stack/keystone/keystone/assignment/role_backends/sql.py", line 70, in get_role
Jul 21 12:56:54.975692 dv-neutron-841459-21-hyperv devstack@keystone.service[80809]: ERROR keystone.server.flask.application return self._get_role(session, role_id).to_dict()
Jul 21 12:56:54.975692 dv-neutron-841459-21-hyperv devstack@keystone.service[80809]: ERROR keystone.server.flask.application
File "/opt/stack/keystone/keystone/assignment/role_backends/sql.py", line 65, in _get_role
Jul 21 12:56:54.975692 dv-neutron-841459-21-hyperv devstack@keystone.service[80809]: ERROR keystone.server.flask.application raise exception.RoleNotFound(role_id=role_id)
Jul 21 12:56:54.975692 dv-neutron-841459-21-hyperv devstack@keystone.service[80809]: ERROR keystone.server.flask.application keystone.exception.RoleNotFound: Could not find role: anotherrole.
Jul 21 12:56:54.975692 dv-neutron-841459-21-hyperv devstack@keystone.service[80809]: ERROR keystone.server.flask.application
Jul 21 12:56:54.978437 dv-neutron-841459-21-hyperv devstack@keystone.service[80809]: [pid: 80809|app: 0|req: 82/163] 10.222.0.57 () {56 vars in 1114 bytes} [Thu Jul 21 12:56:54 2022] GET /identity/v3/roles/anotherrole => generated 89 bytes in 244 msecs (HTTP/1.1 404) 5 headers in 183 bytes (2 switches on core 0)
Jul 21 12:56:54.983818 dv-neutron-841459-21-hyperv devstack@keystone.service[80809]: DEBUG keystone.server.flask.request_processing.middleware.auth_context [None req-37248de6-7439-4470-ac51-1b1d289c429a None admin] Authenticating user token {{(pid=80809) process_request /usr/local/lib/python3.8/dist-packages/keystonemiddleware/auth_token/__init__.py:407}}
Jul 21 12:56:55.039559 dv-neutron-841459-21-hyperv devstack@keystone.service[80809]: DEBUG dbcounter [-] [80809] Writing DB stats keystone:SELECT=100 {{(pid=80809) stat_writer /usr/local/lib/python3.8/dist-packages/dbcounter.py:114}}
Jul 21 12:56:55.069275 dv-neutron-841459-21-hyperv devstack@keystone.service[80808]: DEBUG keystone.server.flask.request_processing.middleware.auth_context [None req-bed38619-7525-41c7-8f8e-9a3926b725ee None admin] Validating token access rules against request {{(pid=80808) validate_allowed_request /usr/local/lib/python3.8/dist-packages/keystonemiddleware/auth_token/__init__.py:545}}
Jul 21 12:56:55.076714 dv-neutron-841459-21-hyperv devstack@keystone.service[80808]: DEBUG dbcounter [-] [80808] Writing DB stats keystone:SELECT=100 {{(pid=80808) stat_writer /usr/local/lib/python3.8/dist-packages/dbcounter.py:114}}
Jul 21 12:56:55.089062 dv-neutron-841459-21-hyperv devstack@keystone.service[80809]: DEBUG keystone.server.flask.request_processing.middleware.auth_context [None req-37248de6-7439-4470-ac51-1b1d289c429a None admin] Validating token access rules against request {{(pid=80809) validate_allowed_request /usr/local/lib/python3.8/dist-packages/keystonemiddleware/auth_token/__init__.py:545}}
Jul 21 12:56:55.124714 dv-neutron-841459-21-hyperv devstack@keystone.service[80809]: DEBUG keystone.server.flask.request_processing.middleware.auth_context [None req-27b09f91-dbea-46b7-a344-54bb62100160 None admin] RBAC: auth_context: {'token': , 'domain_id': None, 'trust_id': None, 'trustor_id': None, 'trustee_id': None, 'domain_name': None, 'group_ids': [], 'user_id': '72f52696c5664a01aeacc06ef8cb85de', 'user_domain_id': 'default', 'system_scope': 'all', 'project_id': None, 'project_domain_id': None, 'roles': ['admin', 'member', 'reader'], 'is_admin_project': True, 'service_user_id': None, 'service_user_domain_id': None, 'service_project_id': None, 'service_project_domain_id': None, 'service_roles': []} {{(pid=80809) fill_context /opt/stack/keystone/keystone/server/flask/request_processing/middleware/auth_context.py:478}}
Jul 21 12:56:55.125755 dv-neutron-841459-21-hyperv devstack@keystone.service[80809]: DEBUG keystone.server.flask.request_processing.req_logging [None req-27b09f91-dbea-46b7-a344-54bb62100160 None admin] REQUEST_METHOD: `GET` {{(pid=80809) log_request_info /opt/stack/keystone/keystone/server/flask/request_processing/req_logging.py:27}}
Jul 21 12:56:55.126233 dv-neutron-841459-21-hyperv devstack@keystone.service[80809]: DEBUG keystone.server.flask.request_processing.req_logging [None req-27b09f91-dbea-46b7-a344-54bb62100160 None admin] SCRIPT_NAME: `/identity` {{(pid=80809) log_request_info /opt/stack/keystone/keystone/server/flask/request_processing/req_logging.py:28}}
Jul 21 12:56:55.126723 dv-neutron-841459-21-hyperv devstack@keystone.service[80809]: DEBUG keystone.server.flask.request_processing.req_logging [None req-27b09f91-dbea-46b7-a344-54bb62100160 None admin] PATH_INFO: `/v3/roles` {{(pid=80809) log_request_info /opt/stack/keystone/keystone/server/flask/request_processing/req_logging.py:29}}
Jul 21 12:56:55.127662 dv-neutron-841459-21-hyperv devstack@keystone.service[80809]: DEBUG keystone.common.rbac_enforcer.enforcer [None req-27b09f91-dbea-46b7-a344-54bb62100160 None admin] RBAC: Adding query filter params (name=anotherrole) {{(pid=80809) _extract_filter_values /opt/stack/keystone/keystone/common/rbac_enforcer/enforcer.py:167}}
Jul 21 12:56:55.132783 dv-neutron-841459-21-hyperv devstack@keystone.service[80809]: DEBUG keystone.common.rbac_enforcer.enforcer [None req-27b09f91-dbea-46b7-a344-54bb62100160 None admin] RBAC: Authorizing `identity:list_roles()` {{(pid=80809) enforce_call /opt/stack/keystone/keystone/common/rbac_enforcer/enforcer.py:449}}
Jul 21 12:56:55.133125 dv-neutron-841459-21-hyperv devstack@keystone.service[80808]: DEBUG keystone.server.flask.request_processing.middleware.auth_context [None req-f6a7be6e-7112-40ff-984f-76c9fc314ca3 None admin] RBAC: auth_context: {'token': , 'domain_id': None, 'trust_id': None, 'trustor_id': None, 'trustee_id': None, 'domain_name': None, 'group_ids': [], 'user_id': '72f52696c5664a01aeacc06ef8cb85de', 'user_domain_id': 'default', 'system_scope': 'all', 'project_id': None, 'project_domain_id': None, 'roles': ['admin', 'member', 'reader'], 'is_admin_project': True, 'service_user_id': None, 'service_user_domain_id': None, 'service_project_id': None, 'service_project_domain_id': None, 'service_roles': []} {{(pid=80808) fill_context /opt/stack/keystone/keystone/server/flask/request_processing/middleware/auth_context.py:478}}
Jul 21 12:56:55.134023 dv-neutron-841459-21-hyperv devstack@keystone.service[80808]: DEBUG keystone.server.flask.request_processing.req_logging [None req-f6a7be6e-7112-40ff-984f-76c9fc314ca3 None admin] REQUEST_METHOD: `GET` {{(pid=80808) log_request_info /opt/stack/keystone/keystone/server/flask/request_processing/req_logging.py:27}}
Jul 21 12:56:55.134304 dv-neutron-841459-21-hyperv devstack@keystone.service[80808]: DEBUG keystone.server.flask.request_processing.req_logging [None req-f6a7be6e-7112-40ff-984f-76c9fc314ca3 None admin] SCRIPT_NAME: `/identity` {{(pid=80808) log_request_info /opt/stack/keystone/keystone/server/flask/request_processing/req_logging.py:28}}
Jul 21 12:56:55.134586 dv-neutron-841459-21-hyperv devstack@keystone.service[80808]: DEBUG keystone.server.flask.request_processing.req_logging [None req-f6a7be6e-7112-40ff-984f-76c9fc314ca3 None admin] PATH_INFO: `/v3/users/72f52696c5664a01aeacc06ef8cb85de` {{(pid=80808) log_request_info /opt/stack/keystone/keystone/server/flask/request_processing/req_logging.py:29}}
Jul 21 12:56:55.135582 dv-neutron-841459-21-hyperv devstack@keystone.service[80809]: DEBUG keystone.common.rbac_enforcer.enforcer [None req-27b09f91-dbea-46b7-a344-54bb62100160 None admin] RBAC: Authorization granted {{(pid=80809) enforce_call /opt/stack/keystone/keystone/common/rbac_enforcer/enforcer.py:457}}
Jul 21 12:56:55.141107 dv-neutron-841459-21-hyperv devstack@keystone.service[80808]: DEBUG keystone.common.rbac_enforcer.enforcer [None req-f6a7be6e-7112-40ff-984f-76c9fc314ca3 None admin] RBAC: Authorizing `identity:get_user(user_id=72f52696c5664a01aeacc06ef8cb85de)` {{(pid=80808) enforce_call /opt/stack/keystone/keystone/common/rbac_enforcer/enforcer.py:449}}
Jul 21 12:56:55.148332 dv-neutron-841459-21-hyperv devstack@keystone.service[80808]: DEBUG keystone.common.rbac_enforcer.enforcer [None req-f6a7be6e-7112-40ff-984f-76c9fc314ca3 None admin] RBAC: Authorization granted {{(pid=80808) enforce_call /opt/stack/keystone/keystone/common/rbac_enforcer/enforcer.py:457}}
Jul 21 12:56:55.148332 dv-neutron-841459-21-hyperv devstack@keystone.service[80808]: [pid: 80808|app: 0|req: 82/164] 10.222.0.57 () {56 vars in 1177 bytes} [Thu Jul 21 12:56:54 2022] GET /identity/v3/users/72f52696c5664a01aeacc06ef8cb85de => generated 247 bytes in 265 msecs (HTTP/1.1 200) 5 headers in 177 bytes (1 switches on core 0)
Jul 21 12:56:55.150550 dv-neutron-841459-21-hyperv devstack@keystone.service[80808]: DEBUG keystone.server.flask.request_processing.middleware.auth_context [None req-f6a7be6e-7112-40ff-984f-76c9fc314ca3 None admin] Authenticating user token {{(pid=80808) process_request /usr/local/lib/python3.8/dist-packages/keystonemiddleware/auth_token/__init__.py:407}}
Jul 21 12:56:55.152158 dv-neutron-841459-21-hyperv devstack@keystone.service[80809]: [pid: 80809|app: 0|req: 83/165] 10.222.0.57 () {56 vars in 1111 bytes} [Thu Jul 21 12:56:54 2022] GET /identity/v3/roles?name=anotherrole => generated 334 bytes in 169 msecs (HTTP/1.1 200) 5 headers in 177 bytes (2 switches on core 0)
Jul 21 12:56:55.157665 dv-neutron-841459-21-hyperv devstack@keystone.service[80809]: DEBUG keystone.server.flask.request_processing.middleware.auth_context [None req-27b09f91-dbea-46b7-a344-54bb62100160 None admin] Authenticating user token {{(pid=80809) process_request /usr/local/lib/python3.8/dist-packages/keystonemiddleware/auth_token/__init__.py:407}}
Jul 21 12:56:55.304432 dv-neutron-841459-21-hyperv devstack@keystone.service[80809]: DEBUG dbcounter [-] [80809] Writing DB stats keystone:SELECT=100 {{(pid=80809) stat_writer /usr/local/lib/python3.8/dist-packages/dbcounter.py:114}}
Jul 21 12:56:55.323925 dv-neutron-841459-21-hyperv devstack@keystone.service[80808]: DEBUG keystone.server.flask.request_processing.middleware.auth_context [None req-f6a7be6e-7112-40ff-984f-76c9fc314ca3 None admin] Validating token access rules against request {{(pid=80808) validate_allowed_request /usr/local/lib/python3.8/dist-packages/keystonemiddleware/auth_token/__init__.py:545}}
Jul 21 12:56:55.355757 dv-neutron-841459-21-hyperv devstack@keystone.service[80809]: DEBUG keystone.server.flask.request_processing.middleware.auth_context [None req-27b09f91-dbea-46b7-a344-54bb62100160 None admin] Validating token access rules against request {{(pid=80809) validate_allowed_request /usr/local/lib/python3.8/dist-packages/keystonemiddleware/auth_token/__init__.py:545}}
Jul 21 12:56:55.411023 dv-neutron-841459-21-hyperv devstack@keystone.service[80808]: DEBUG keystone.server.flask.request_processing.middleware.auth_context [None req-8253816f-0dda-4317-a803-551fecf15a92 None admin] RBAC: auth_context: {'token': , 'domain_id': None, 'trust_id': None, 'trustor_id': None, 'trustee_id': None, 'domain_name': None, 'group_ids': [], 'user_id': '72f52696c5664a01aeacc06ef8cb85de', 'user_domain_id': 'default', 'system_scope': 'all', 'project_id': None, 'project_domain_id': None, 'roles': ['admin', 'member', 'reader'], 'is_admin_project': True, 'service_user_id': None, 'service_user_domain_id': None, 'service_project_id': None, 'service_project_domain_id': None, 'service_roles': []} {{(pid=80808) fill_context /opt/stack/keystone/keystone/server/flask/request_processing/middleware/auth_context.py:478}}
Jul 21 12:56:55.411683 dv-neutron-841459-21-hyperv devstack@keystone.service[80808]: DEBUG keystone.server.flask.request_processing.req_logging [None req-8253816f-0dda-4317-a803-551fecf15a92 None admin] REQUEST_METHOD: `GET` {{(pid=80808) log_request_info /opt/stack/keystone/keystone/server/flask/request_processing/req_logging.py:27}}
Jul 21 12:56:55.411964 dv-neutron-841459-21-hyperv devstack@keystone.service[80808]: DEBUG keystone.server.flask.request_processing.req_logging [None req-8253816f-0dda-4317-a803-551fecf15a92 None admin] SCRIPT_NAME: `/identity` {{(pid=80808) log_request_info /opt/stack/keystone/keystone/server/flask/request_processing/req_logging.py:28}}
Jul 21 12:56:55.412235 dv-neutron-841459-21-hyperv devstack@keystone.service[80808]: DEBUG keystone.server.flask.request_processing.req_logging [None req-8253816f-0dda-4317-a803-551fecf15a92 None admin] PATH_INFO: `/v3/auth/tokens` {{(pid=80808) log_request_info /opt/stack/keystone/keystone/server/flask/request_processing/req_logging.py:29}}
Jul 21 12:56:55.444685 dv-neutron-841459-21-hyperv devstack@keystone.service[80809]: DEBUG keystone.server.flask.request_processing.middleware.auth_context [None req-7d4e8425-4f4d-4751-9a58-312800cb8d86 None admin] RBAC: auth_context: {'token': , 'domain_id': None, 'trust_id': None, 'trustor_id': None, 'trustee_id': None, 'domain_name': None, 'group_ids': [], 'user_id': '72f52696c5664a01aeacc06ef8cb85de', 'user_domain_id': 'default', 'system_scope': 'all', 'project_id': None, 'project_domain_id': None, 'roles': ['admin', 'member', 'reader'], 'is_admin_project': True, 'service_user_id': None, 'service_user_domain_id': None, 'service_project_id': None, 'service_project_domain_id': None, 'service_roles': []} {{(pid=80809) fill_context /opt/stack/keystone/keystone/server/flask/request_processing/middleware/auth_context.py:478}}
Jul 21 12:56:55.445568 dv-neutron-841459-21-hyperv devstack@keystone.service[80809]: DEBUG keystone.server.flask.request_processing.req_logging [None req-7d4e8425-4f4d-4751-9a58-312800cb8d86 None admin] REQUEST_METHOD: `GET` {{(pid=80809) log_request_info /opt/stack/keystone/keystone/server/flask/request_processing/req_logging.py:27}}
Jul 21 12:56:55.445857 dv-neutron-841459-21-hyperv devstack@keystone.service[80809]: DEBUG keystone.server.flask.request_processing.req_logging [None req-7d4e8425-4f4d-4751-9a58-312800cb8d86 None admin] SCRIPT_NAME: `/identity` {{(pid=80809) log_request_info /opt/stack/keystone/keystone/server/flask/request_processing/req_logging.py:28}}
Jul 21 12:56:55.446132 dv-neutron-841459-21-hyperv devstack@keystone.service[80809]: DEBUG keystone.server.flask.request_processing.req_logging [None req-7d4e8425-4f4d-4751-9a58-312800cb8d86 None admin] PATH_INFO: `/v3/users/51ddc8a3e2a54a7dbd9a3f70ed3aea94` {{(pid=80809) log_request_info /opt/stack/keystone/keystone/server/flask/request_processing/req_logging.py:29}}
Jul 21 12:56:55.448472 dv-neutron-841459-21-hyperv devstack@keystone.service[80809]: DEBUG keystone.common.rbac_enforcer.enforcer [None req-7d4e8425-4f4d-4751-9a58-312800cb8d86 None admin] RBAC: Authorizing `identity:get_user(user_id=51ddc8a3e2a54a7dbd9a3f70ed3aea94)` {{(pid=80809) enforce_call /opt/stack/keystone/keystone/common/rbac_enforcer/enforcer.py:449}}
Jul 21 12:56:55.449913 dv-neutron-841459-21-hyperv devstack@keystone.service[80809]: DEBUG keystone.common.rbac_enforcer.enforcer [None req-7d4e8425-4f4d-4751-9a58-312800cb8d86 None admin] RBAC: Authorization granted {{(pid=80809) enforce_call /opt/stack/keystone/keystone/common/rbac_enforcer/enforcer.py:457}}
Jul 21 12:56:55.451710 dv-neutron-841459-21-hyperv devstack@keystone.service[80809]: [pid: 80809|app: 0|req: 84/166] 10.222.0.57 () {56 vars in 1177 bytes} [Thu Jul 21 12:56:55 2022] GET /identity/v3/users/51ddc8a3e2a54a7dbd9a3f70ed3aea94 => generated 275 bytes in 294 msecs (HTTP/1.1 200) 5 headers in 177 bytes (2 switches on core 0)
Jul 21 12:56:55.459812 dv-neutron-841459-21-hyperv devstack@keystone.service[80809]: DEBUG keystone.server.flask.request_processing.middleware.auth_context [None req-7d4e8425-4f4d-4751-9a58-312800cb8d86 None admin] Authenticating user token {{(pid=80809) process_request /usr/local/lib/python3.8/dist-packages/keystonemiddleware/auth_token/__init__.py:407}}
Jul 21 12:56:55.496682 dv-neutron-841459-21-hyperv devstack@keystone.service[80808]: DEBUG dbcounter [-] [80808] Writing DB stats keystone:SELECT=100 {{(pid=80808) stat_writer /usr/local/lib/python3.8/dist-packages/dbcounter.py:114}}
Jul 21 12:56:55.577418 dv-neutron-841459-21-hyperv devstack@keystone.service[80808]: DEBUG keystone.common.rbac_enforcer.enforcer [None req-8253816f-0dda-4317-a803-551fecf15a92 None admin] RBAC: Authorizing `identity:validate_token()` {{(pid=80808) enforce_call /opt/stack/keystone/keystone/common/rbac_enforcer/enforcer.py:449}}
Jul 21 12:56:55.578939 dv-neutron-841459-21-hyperv devstack@keystone.service[80808]: DEBUG keystone.common.rbac_enforcer.enforcer [None req-8253816f-0dda-4317-a803-551fecf15a92 None admin] RBAC: Authorization granted {{(pid=80808) enforce_call /opt/stack/keystone/keystone/common/rbac_enforcer/enforcer.py:457}}
Jul 21 12:56:55.712212 dv-neutron-841459-21-hyperv devstack@keystone.service[80809]: DEBUG keystone.server.flask.request_processing.middleware.auth_context [None req-7d4e8425-4f4d-4751-9a58-312800cb8d86 None admin] Validating token access rules against request {{(pid=80809) validate_allowed_request /usr/local/lib/python3.8/dist-packages/keystonemiddleware/auth_token/__init__.py:545}}
Jul 21 12:56:55.772592 dv-neutron-841459-21-hyperv devstack@keystone.service[80809]: DEBUG keystone.server.flask.request_processing.middleware.auth_context [None req-25a90de0-9300-416f-859f-52b31d0ed8ac None admin] RBAC: auth_context: {'token': , 'domain_id': None, 'trust_id': None, 'trustor_id': None, 'trustee_id': None, 'domain_name': None, 'group_ids': [], 'user_id': '72f52696c5664a01aeacc06ef8cb85de', 'user_domain_id': 'default', 'system_scope': 'all', 'project_id': None, 'project_domain_id': None, 'roles': ['admin', 'member', 'reader'], 'is_admin_project': True, 'service_user_id': None, 'service_user_domain_id': None, 'service_project_id': None, 'service_project_domain_id': None, 'service_roles': []} {{(pid=80809) fill_context /opt/stack/keystone/keystone/server/flask/request_processing/middleware/auth_context.py:478}}
Jul 21 12:56:55.774351 dv-neutron-841459-21-hyperv devstack@keystone.service[80809]: DEBUG keystone.server.flask.request_processing.req_logging [None req-25a90de0-9300-416f-859f-52b31d0ed8ac None admin] REQUEST_METHOD: `GET` {{(pid=80809) log_request_info /opt/stack/keystone/keystone/server/flask/request_processing/req_logging.py:27}}
Jul 21 12:56:55.774639 dv-neutron-841459-21-hyperv devstack@keystone.service[80809]: DEBUG keystone.server.flask.request_processing.req_logging [None req-25a90de0-9300-416f-859f-52b31d0ed8ac None admin] SCRIPT_NAME: `/identity` {{(pid=80809) log_request_info /opt/stack/keystone/keystone/server/flask/request_processing/req_logging.py:28}}
Jul 21 12:56:55.774919 dv-neutron-841459-21-hyperv devstack@keystone.service[80809]: DEBUG keystone.server.flask.request_processing.req_logging [None req-25a90de0-9300-416f-859f-52b31d0ed8ac None admin] PATH_INFO: `/v3/auth/tokens` {{(pid=80809) log_request_info /opt/stack/keystone/keystone/server/flask/request_processing/req_logging.py:29}}
Jul 21 12:56:55.793937 dv-neutron-841459-21-hyperv devstack@keystone.service[80808]: [pid: 80808|app: 0|req: 83/167] 10.222.0.57 () {58 vars in 1282 bytes} [Thu Jul 21 12:56:55 2022] GET /identity/v3/auth/tokens => generated 799 bytes in 644 msecs (HTTP/1.1 200) 6 headers in 358 bytes (1 switches on core 0)
Jul 21 12:56:55.796744 dv-neutron-841459-21-hyperv devstack@keystone.service[80808]: DEBUG keystone.server.flask.request_processing.req_logging [None req-2b552bb1-383a-4ff5-a328-e55953017e7a None None] REQUEST_METHOD: `GET` {{(pid=80808) log_request_info /opt/stack/keystone/keystone/server/flask/request_processing/req_logging.py:27}}
Jul 21 12:56:55.797043 dv-neutron-841459-21-hyperv devstack@keystone.service[80808]: DEBUG keystone.server.flask.request_processing.req_logging [None req-2b552bb1-383a-4ff5-a328-e55953017e7a None None] SCRIPT_NAME: `/identity` {{(pid=80808) log_request_info /opt/stack/keystone/keystone/server/flask/request_processing/req_logging.py:28}}
Jul 21 12:56:55.797322 dv-neutron-841459-21-hyperv devstack@keystone.service[80808]: DEBUG keystone.server.flask.request_processing.req_logging [None req-2b552bb1-383a-4ff5-a328-e55953017e7a None None] PATH_INFO: `/` {{(pid=80808) log_request_info /opt/stack/keystone/keystone/server/flask/request_processing/req_logging.py:29}}
Jul 21 12:56:55.798737 dv-neutron-841459-21-hyperv devstack@keystone.service[80808]: [pid: 80808|app: 0|req: 84/168] 10.222.0.57 () {54 vars in 926 bytes} [Thu Jul 21 12:56:55 2022] GET /identity => generated 270 bytes in 4 msecs (HTTP/1.1 300) 6 headers in 234 bytes (1 switches on core 0)
Jul 21 12:56:55.803782 dv-neutron-841459-21-hyperv devstack@keystone.service[80808]: DEBUG keystone.server.flask.request_processing.middleware.auth_context [None req-2b552bb1-383a-4ff5-a328-e55953017e7a None None] Authenticating user token {{(pid=80808) process_request /usr/local/lib/python3.8/dist-packages/keystonemiddleware/auth_token/__init__.py:407}}
Jul 21 12:56:55.810198 dv-neutron-841459-21-hyperv devstack@keystone.service[80809]: DEBUG dbcounter [-] [80809] Writing DB stats keystone:SELECT=100 {{(pid=80809) stat_writer /usr/local/lib/python3.8/dist-packages/dbcounter.py:114}}
Jul 21 12:56:55.917785 dv-neutron-841459-21-hyperv devstack@keystone.service[80809]: DEBUG keystone.common.rbac_enforcer.enforcer [None req-25a90de0-9300-416f-859f-52b31d0ed8ac None admin] RBAC: Authorizing `identity:validate_token()` {{(pid=80809) enforce_call /opt/stack/keystone/keystone/common/rbac_enforcer/enforcer.py:449}}
Jul 21 12:56:55.919256 dv-neutron-841459-21-hyperv devstack@keystone.service[80809]: DEBUG keystone.common.rbac_enforcer.enforcer [None req-25a90de0-9300-416f-859f-52b31d0ed8ac None admin] RBAC: Authorization granted {{(pid=80809) enforce_call /opt/stack/keystone/keystone/common/rbac_enforcer/enforcer.py:457}}
Jul 21 12:56:55.941817 dv-neutron-841459-21-hyperv devstack@keystone.service[80808]: DEBUG dbcounter [-] [80808] Writing DB stats keystone:SELECT=100 {{(pid=80808) stat_writer /usr/local/lib/python3.8/dist-packages/dbcounter.py:114}}
Jul 21 12:56:56.008414 dv-neutron-841459-21-hyperv devstack@keystone.service[80808]: DEBUG keystone.server.flask.request_processing.middleware.auth_context [None req-2b552bb1-383a-4ff5-a328-e55953017e7a None None] Validating token access rules against request {{(pid=80808) validate_allowed_request /usr/local/lib/python3.8/dist-packages/keystonemiddleware/auth_token/__init__.py:545}}
Jul 21 12:56:56.078797 dv-neutron-841459-21-hyperv devstack@keystone.service[80808]: DEBUG keystone.server.flask.request_processing.middleware.auth_context [None req-d441baab-3775-4d2f-9b54-bcb9dbee83d4 None admin] RBAC: auth_context: {'token': , 'domain_id': None, 'trust_id': None, 'trustor_id': None, 'trustee_id': None, 'domain_name': None, 'group_ids': [], 'user_id': '72f52696c5664a01aeacc06ef8cb85de', 'user_domain_id': 'default', 'system_scope': 'all', 'project_id': None, 'project_domain_id': None, 'roles': ['admin', 'member', 'reader'], 'is_admin_project': True, 'service_user_id': None, 'service_user_domain_id': None, 'service_project_id': None, 'service_project_domain_id': None, 'service_roles': []} {{(pid=80808) fill_context /opt/stack/keystone/keystone/server/flask/request_processing/middleware/auth_context.py:478}}
Jul 21 12:56:56.079718 dv-neutron-841459-21-hyperv devstack@keystone.service[80808]: DEBUG keystone.server.flask.request_processing.req_logging [None req-d441baab-3775-4d2f-9b54-bcb9dbee83d4 None admin] REQUEST_METHOD: `GET` {{(pid=80808) log_request_info /opt/stack/keystone/keystone/server/flask/request_processing/req_logging.py:27}}
Jul 21 12:56:56.080011 dv-neutron-841459-21-hyperv devstack@keystone.service[80808]: DEBUG keystone.server.flask.request_processing.req_logging [None req-d441baab-3775-4d2f-9b54-bcb9dbee83d4 None admin] SCRIPT_NAME: `/identity` {{(pid=80808) log_request_info /opt/stack/keystone/keystone/server/flask/request_processing/req_logging.py:28}}
Jul 21 12:56:56.080283 dv-neutron-841459-21-hyperv devstack@keystone.service[80808]: DEBUG keystone.server.flask.request_processing.req_logging [None req-d441baab-3775-4d2f-9b54-bcb9dbee83d4 None admin] PATH_INFO: `/v3/projects/7cb17399fa034148a89cde7dbb68793d` {{(pid=80808) log_request_info /opt/stack/keystone/keystone/server/flask/request_processing/req_logging.py:29}}
Jul 21 12:56:56.082795 dv-neutron-841459-21-hyperv devstack@keystone.service[80808]: DEBUG keystone.common.rbac_enforcer.enforcer [None req-d441baab-3775-4d2f-9b54-bcb9dbee83d4 None admin] RBAC: Authorizing `identity:get_project(project_id=7cb17399fa034148a89cde7dbb68793d)` {{(pid=80808) enforce_call /opt/stack/keystone/keystone/common/rbac_enforcer/enforcer.py:449}}
Jul 21 12:56:56.084293 dv-neutron-841459-21-hyperv devstack@keystone.service[80808]: DEBUG keystone.common.rbac_enforcer.enforcer [None req-d441baab-3775-4d2f-9b54-bcb9dbee83d4 None admin] RBAC: Authorization granted {{(pid=80808) enforce_call /opt/stack/keystone/keystone/common/rbac_enforcer/enforcer.py:457}}
Jul 21 12:56:56.086425 dv-neutron-841459-21-hyperv devstack@keystone.service[80808]: [pid: 80808|app: 0|req: 85/169] 10.222.0.57 () {56 vars in 1186 bytes} [Thu Jul 21 12:56:55 2022] GET /identity/v3/projects/7cb17399fa034148a89cde7dbb68793d => generated 298 bytes in 283 msecs (HTTP/1.1 200) 5 headers in 177 bytes (1 switches on core 0)
Jul 21 12:56:56.093304 dv-neutron-841459-21-hyperv devstack@keystone.service[80808]: DEBUG keystone.server.flask.request_processing.req_logging [None req-acf19d84-d060-428f-9a78-befeda0a5869 None None] REQUEST_METHOD: `POST` {{(pid=80808) log_request_info /opt/stack/keystone/keystone/server/flask/request_processing/req_logging.py:27}}
Jul 21 12:56:56.093519 dv-neutron-841459-21-hyperv devstack@keystone.service[80808]: DEBUG keystone.server.flask.request_processing.req_logging [None req-acf19d84-d060-428f-9a78-befeda0a5869 None None] SCRIPT_NAME: `/identity` {{(pid=80808) log_request_info /opt/stack/keystone/keystone/server/flask/request_processing/req_logging.py:28}}
Jul 21 12:56:56.096659 dv-neutron-841459-21-hyperv devstack@keystone.service[80808]: DEBUG keystone.server.flask.request_processing.req_logging [None req-acf19d84-d060-428f-9a78-befeda0a5869 None None] PATH_INFO: `/v3/auth/tokens` {{(pid=80808) log_request_info /opt/stack/keystone/keystone/server/flask/request_processing/req_logging.py:29}}
Jul 21 12:56:56.127241 dv-neutron-841459-21-hyperv devstack@keystone.service[80809]: [pid: 80809|app: 0|req: 85/170] 10.222.0.57 () {58 vars in 1282 bytes} [Thu Jul 21 12:56:55 2022] GET /identity/v3/auth/tokens => generated 799 bytes in 668 msecs (HTTP/1.1 200) 6 headers in 358 bytes (1 switches on core 0)
Jul 21 12:56:56.133241 dv-neutron-841459-21-hyperv devstack@keystone.service[80809]: DEBUG keystone.server.flask.request_processing.middleware.auth_context [None req-25a90de0-9300-416f-859f-52b31d0ed8ac None admin] Authenticating user token {{(pid=80809) process_request /usr/local/lib/python3.8/dist-packages/keystonemiddleware/auth_token/__init__.py:407}}
Jul 21 12:56:56.144433 dv-neutron-841459-21-hyperv devstack@keystone.service[80808]: DEBUG keystone.auth.core [None req-acf19d84-d060-428f-9a78-befeda0a5869 None None] MFA Rules not processed for user `72f52696c5664a01aeacc06ef8cb85de`. Rule list: `[]` (Enabled: `True`). {{(pid=80808) check_auth_methods_against_rules /opt/stack/keystone/keystone/auth/core.py:438}}
Jul 21 12:56:56.147944 dv-neutron-841459-21-hyperv devstack@keystone.service[80808]: DEBUG keystone.common.fernet_utils [None req-acf19d84-d060-428f-9a78-befeda0a5869 None None] Loaded 2 Fernet keys from /etc/keystone/fernet-keys/, but `[fernet_tokens] max_active_keys = 3`; perhaps there have not been enough key rotations to reach `max_active_keys` yet? {{(pid=80808) load_keys /opt/stack/keystone/keystone/common/fernet_utils.py:286}}
Jul 21 12:56:56.215350 dv-neutron-841459-21-hyperv devstack@keystone.service[80809]: DEBUG dbcounter [-] [80809] Writing DB stats keystone:SELECT=100 {{(pid=80809) stat_writer /usr/local/lib/python3.8/dist-packages/dbcounter.py:114}}
Jul 21 12:56:56.269478 dv-neutron-841459-21-hyperv devstack@keystone.service[80808]: [pid: 80808|app: 0|req: 86/171] 10.222.0.57 () {58 vars in 1023 bytes} [Thu Jul 21 12:56:56 2022] POST /identity/v3/auth/tokens => generated 799 bytes in 183 msecs (HTTP/1.1 201) 6 headers in 363 bytes (1 switches on core 0)
Jul 21 12:56:56.273502 dv-neutron-841459-21-hyperv devstack@keystone.service[80808]: DEBUG keystone.server.flask.request_processing.middleware.auth_context [None req-acf19d84-d060-428f-9a78-befeda0a5869 None None] Authenticating user token {{(pid=80808) process_request /usr/local/lib/python3.8/dist-packages/keystonemiddleware/auth_token/__init__.py:407}}
Jul 21 12:56:56.324103 dv-neutron-841459-21-hyperv devstack@keystone.service[80809]: DEBUG keystone.server.flask.request_processing.middleware.auth_context [None req-25a90de0-9300-416f-859f-52b31d0ed8ac None admin] Validating token access rules against request {{(pid=80809) validate_allowed_request /usr/local/lib/python3.8/dist-packages/keystonemiddleware/auth_token/__init__.py:545}}
Jul 21 12:56:56.350014 dv-neutron-841459-21-hyperv devstack@keystone.service[80808]: DEBUG dbcounter [-] [80808] Writing DB stats keystone:SELECT=100 {{(pid=80808) stat_writer /usr/local/lib/python3.8/dist-packages/dbcounter.py:114}}
Jul 21 12:56:56.395249 dv-neutron-841459-21-hyperv devstack@keystone.service[80808]: DEBUG keystone.server.flask.request_processing.middleware.auth_context [None req-acf19d84-d060-428f-9a78-befeda0a5869 None None] Validating token access rules against request {{(pid=80808) validate_allowed_request /usr/local/lib/python3.8/dist-packages/keystonemiddleware/auth_token/__init__.py:545}}
Jul 21 12:56:56.410223 dv-neutron-841459-21-hyperv devstack@keystone.service[80809]: DEBUG keystone.server.flask.request_processing.middleware.auth_context [None req-77b9b319-76da-4b74-b305-28933bc573fc None admin] RBAC: auth_context: {'token': , 'domain_id': None, 'trust_id': None, 'trustor_id': None, 'trustee_id': None, 'domain_name': None, 'group_ids': [], 'user_id': '72f52696c5664a01aeacc06ef8cb85de', 'user_domain_id': 'default', 'system_scope': 'all', 'project_id': None, 'project_domain_id': None, 'roles': ['admin', 'member', 'reader'], 'is_admin_project': True, 'service_user_id': None, 'service_user_domain_id': None, 'service_project_id': None, 'service_project_domain_id': None, 'service_roles': []} {{(pid=80809) fill_context /opt/stack/keystone/keystone/server/flask/request_processing/middleware/auth_context.py:478}}
Jul 21 12:56:56.410892 dv-neutron-841459-21-hyperv devstack@keystone.service[80809]: DEBUG keystone.server.flask.request_processing.req_logging [None req-77b9b319-76da-4b74-b305-28933bc573fc None admin] REQUEST_METHOD: `GET` {{(pid=80809) log_request_info /opt/stack/keystone/keystone/server/flask/request_processing/req_logging.py:27}}
Jul 21 12:56:56.411176 dv-neutron-841459-21-hyperv devstack@keystone.service[80809]: DEBUG keystone.server.flask.request_processing.req_logging [None req-77b9b319-76da-4b74-b305-28933bc573fc None admin] SCRIPT_NAME: `/identity` {{(pid=80809) log_request_info /opt/stack/keystone/keystone/server/flask/request_processing/req_logging.py:28}}
Jul 21 12:56:56.411449 dv-neutron-841459-21-hyperv devstack@keystone.service[80809]: DEBUG keystone.server.flask.request_processing.req_logging [None req-77b9b319-76da-4b74-b305-28933bc573fc None admin] PATH_INFO: `/v3/role_assignments` {{(pid=80809) log_request_info /opt/stack/keystone/keystone/server/flask/request_processing/req_logging.py:29}}
Jul 21 12:56:56.412289 dv-neutron-841459-21-hyperv devstack@keystone.service[80809]: DEBUG keystone.common.rbac_enforcer.enforcer [None req-77b9b319-76da-4b74-b305-28933bc573fc None admin] RBAC: Adding query filter params (role.id=06b3eda82efd4b45976562b32e985d34, scope.project.id=7cb17399fa034148a89cde7dbb68793d, user.id=72f52696c5664a01aeacc06ef8cb85de) {{(pid=80809) _extract_filter_values /opt/stack/keystone/keystone/common/rbac_enforcer/enforcer.py:167}}
Jul 21 12:56:56.412628 dv-neutron-841459-21-hyperv devstack@keystone.service[80809]: DEBUG keystone.common.rbac_enforcer.enforcer [None req-77b9b319-76da-4b74-b305-28933bc573fc None admin] RBAC: Authorizing `identity:list_role_assignments()` {{(pid=80809) enforce_call /opt/stack/keystone/keystone/common/rbac_enforcer/enforcer.py:449}}
Jul 21 12:56:56.414124 dv-neutron-841459-21-hyperv devstack@keystone.service[80809]: DEBUG keystone.common.rbac_enforcer.enforcer [None req-77b9b319-76da-4b74-b305-28933bc573fc None admin] RBAC: Authorization granted {{(pid=80809) enforce_call /opt/stack/keystone/keystone/common/rbac_enforcer/enforcer.py:457}}
Jul 21 12:56:56.431303 dv-neutron-841459-21-hyperv devstack@keystone.service[80809]: [pid: 80809|app: 0|req: 86/172] 10.222.0.57 () {56 vars in 1374 bytes} [Thu Jul 21 12:56:56 2022] GET /identity/v3/role_assignments?user.id=72f52696c5664a01aeacc06ef8cb85de&scope.project.id=7cb17399fa034148a89cde7dbb68793d&role.id=06b3eda82efd4b45976562b32e985d34 => generated 608 bytes in 303 msecs (HTTP/1.1 200) 5 headers in 177 bytes (1 switches on core 0)
Jul 21 12:56:56.433425 dv-neutron-841459-21-hyperv devstack@keystone.service[80809]: DEBUG keystone.server.flask.request_processing.middleware.auth_context [None req-77b9b319-76da-4b74-b305-28933bc573fc None admin] Authenticating user token {{(pid=80809) process_request /usr/local/lib/python3.8/dist-packages/keystonemiddleware/auth_token/__init__.py:407}}
Jul 21 12:56:56.438847 dv-neutron-841459-21-hyperv devstack@keystone.service[80808]: DEBUG keystone.server.flask.request_processing.middleware.auth_context [None req-53ed25bb-fb9e-4243-a917-d03acdb0a911 None admin] RBAC: auth_context: {'token': , 'domain_id': None, 'trust_id': None, 'trustor_id': None, 'trustee_id': None, 'domain_name': None, 'group_ids': [], 'user_id': '72f52696c5664a01aeacc06ef8cb85de', 'user_domain_id': 'default', 'system_scope': 'all', 'project_id': None, 'project_domain_id': None, 'roles': ['admin', 'member', 'reader'], 'is_admin_project': True, 'service_user_id': None, 'service_user_domain_id': None, 'service_project_id': None, 'service_project_domain_id': None, 'service_roles': []} {{(pid=80808) fill_context /opt/stack/keystone/keystone/server/flask/request_processing/middleware/auth_context.py:478}}
Jul 21 12:56:56.439750 dv-neutron-841459-21-hyperv devstack@keystone.service[80808]: DEBUG keystone.server.flask.request_processing.req_logging [None req-53ed25bb-fb9e-4243-a917-d03acdb0a911 None admin] REQUEST_METHOD: `GET` {{(pid=80808) log_request_info /opt/stack/keystone/keystone/server/flask/request_processing/req_logging.py:27}}
Jul 21 12:56:56.440035 dv-neutron-841459-21-hyperv devstack@keystone.service[80808]: DEBUG keystone.server.flask.request_processing.req_logging [None req-53ed25bb-fb9e-4243-a917-d03acdb0a911 None admin] SCRIPT_NAME: `/identity` {{(pid=80808) log_request_info /opt/stack/keystone/keystone/server/flask/request_processing/req_logging.py:28}}
Jul 21 12:56:56.441353 dv-neutron-841459-21-hyperv devstack@keystone.service[80808]: DEBUG keystone.server.flask.request_processing.req_logging [None req-53ed25bb-fb9e-4243-a917-d03acdb0a911 None admin] PATH_INFO: `/v3/projects/7cb17399fa034148a89cde7dbb68793d` {{(pid=80808) log_request_info /opt/stack/keystone/keystone/server/flask/request_processing/req_logging.py:29}}
Jul 21 12:56:56.445080 dv-neutron-841459-21-hyperv devstack@keystone.service[80808]: DEBUG keystone.common.rbac_enforcer.enforcer [None req-53ed25bb-fb9e-4243-a917-d03acdb0a911 None admin] RBAC: Authorizing `identity:get_project(project_id=7cb17399fa034148a89cde7dbb68793d)` {{(pid=80808) enforce_call /opt/stack/keystone/keystone/common/rbac_enforcer/enforcer.py:449}}
Jul 21 12:56:56.447123 dv-neutron-841459-21-hyperv devstack@keystone.service[80808]: DEBUG keystone.common.rbac_enforcer.enforcer [None req-53ed25bb-fb9e-4243-a917-d03acdb0a911 None admin] RBAC: Authorization granted {{(pid=80808) enforce_call /opt/stack/keystone/keystone/common/rbac_enforcer/enforcer.py:457}}
Jul 21 12:56:56.449020 dv-neutron-841459-21-hyperv devstack@keystone.service[80808]: [pid: 80808|app: 0|req: 87/173] 10.222.0.57 () {56 vars in 1186 bytes} [Thu Jul 21 12:56:56 2022] GET /identity/v3/projects/7cb17399fa034148a89cde7dbb68793d => generated 298 bytes in 179 msecs (HTTP/1.1 200) 5 headers in 177 bytes (1 switches on core 0)
Jul 21 12:56:56.450294 dv-neutron-841459-21-hyperv devstack@keystone.service[80808]: DEBUG keystone.server.flask.request_processing.req_logging [None req-2c6baa09-6cc9-4800-b288-606b536edf20 None None] REQUEST_METHOD: `GET` {{(pid=80808) log_request_info /opt/stack/keystone/keystone/server/flask/request_processing/req_logging.py:27}}
Jul 21 12:56:56.450579 dv-neutron-841459-21-hyperv devstack@keystone.service[80808]: DEBUG keystone.server.flask.request_processing.req_logging [None req-2c6baa09-6cc9-4800-b288-606b536edf20 None None] SCRIPT_NAME: `/identity` {{(pid=80808) log_request_info /opt/stack/keystone/keystone/server/flask/request_processing/req_logging.py:28}}
Jul 21 12:56:56.450855 dv-neutron-841459-21-hyperv devstack@keystone.service[80808]: DEBUG keystone.server.flask.request_processing.req_logging [None req-2c6baa09-6cc9-4800-b288-606b536edf20 None None] PATH_INFO: `/` {{(pid=80808) log_request_info /opt/stack/keystone/keystone/server/flask/request_processing/req_logging.py:29}}
Jul 21 12:56:56.452775 dv-neutron-841459-21-hyperv devstack@keystone.service[80808]: [pid: 80808|app: 0|req: 88/174] 10.222.0.57 () {54 vars in 926 bytes} [Thu Jul 21 12:56:56 2022] GET /identity => generated 270 bytes in 3 msecs (HTTP/1.1 300) 6 headers in 234 bytes (1 switches on core 0)
Jul 21 12:56:56.458469 dv-neutron-841459-21-hyperv devstack@keystone.service[80808]: DEBUG keystone.server.flask.request_processing.middleware.auth_context [None req-2c6baa09-6cc9-4800-b288-606b536edf20 None None] Authenticating user token {{(pid=80808) process_request /usr/local/lib/python3.8/dist-packages/keystonemiddleware/auth_token/__init__.py:407}}
Jul 21 12:56:56.715251 dv-neutron-841459-21-hyperv devstack@keystone.service[80809]: DEBUG keystone.server.flask.request_processing.middleware.auth_context [None req-77b9b319-76da-4b74-b305-28933bc573fc None admin] Validating token access rules against request {{(pid=80809) validate_allowed_request /usr/local/lib/python3.8/dist-packages/keystonemiddleware/auth_token/__init__.py:545}}
Jul 21 12:56:56.715251 dv-neutron-841459-21-hyperv devstack@keystone.service[80809]: DEBUG dbcounter [-] [80809] Writing DB stats keystone:SELECT=100 {{(pid=80809) stat_writer /usr/local/lib/python3.8/dist-packages/dbcounter.py:114}}
Jul 21 12:56:56.733002 dv-neutron-841459-21-hyperv devstack@keystone.service[80808]: DEBUG keystone.server.flask.request_processing.middleware.auth_context [None req-2c6baa09-6cc9-4800-b288-606b536edf20 None None] Validating token access rules against request {{(pid=80808) validate_allowed_request /usr/local/lib/python3.8/dist-packages/keystonemiddleware/auth_token/__init__.py:545}}
Jul 21 12:56:56.758340 dv-neutron-841459-21-hyperv devstack@keystone.service[80809]: DEBUG keystone.server.flask.request_processing.middleware.auth_context [None req-aa1b8743-3025-40cd-acfd-f53288ee81da None admin] RBAC: auth_context: {'token': , 'domain_id': None, 'trust_id': None, 'trustor_id': None, 'trustee_id': None, 'domain_name': None, 'group_ids': [], 'user_id': '72f52696c5664a01aeacc06ef8cb85de', 'user_domain_id': 'default', 'system_scope': 'all', 'project_id': None, 'project_domain_id': None, 'roles': ['admin', 'member', 'reader'], 'is_admin_project': True, 'service_user_id': None, 'service_user_domain_id': None, 'service_project_id': None, 'service_project_domain_id': None, 'service_roles': []} {{(pid=80809) fill_context /opt/stack/keystone/keystone/server/flask/request_processing/middleware/auth_context.py:478}}
Jul 21 12:56:56.759150 dv-neutron-841459-21-hyperv devstack@keystone.service[80809]: DEBUG keystone.server.flask.request_processing.req_logging [None req-aa1b8743-3025-40cd-acfd-f53288ee81da None admin] REQUEST_METHOD: `GET` {{(pid=80809) log_request_info /opt/stack/keystone/keystone/server/flask/request_processing/req_logging.py:27}}
Jul 21 12:56:56.759432 dv-neutron-841459-21-hyperv devstack@keystone.service[80809]: DEBUG keystone.server.flask.request_processing.req_logging [None req-aa1b8743-3025-40cd-acfd-f53288ee81da None admin] SCRIPT_NAME: `/identity` {{(pid=80809) log_request_info /opt/stack/keystone/keystone/server/flask/request_processing/req_logging.py:28}}
Jul 21 12:56:56.759706 dv-neutron-841459-21-hyperv devstack@keystone.service[80809]: DEBUG keystone.server.flask.request_processing.req_logging [None req-aa1b8743-3025-40cd-acfd-f53288ee81da None admin] PATH_INFO: `/v3/roles/member` {{(pid=80809) log_request_info /opt/stack/keystone/keystone/server/flask/request_processing/req_logging.py:29}}
Jul 21 12:56:56.772455 dv-neutron-841459-21-hyperv devstack@keystone.service[80809]: DEBUG keystone.common.rbac_enforcer.enforcer [None req-aa1b8743-3025-40cd-acfd-f53288ee81da None admin] Extracting inferred target data resulted in "NOT FOUND (404)". {{(pid=80809) enforce_call /opt/stack/keystone/keystone/common/rbac_enforcer/enforcer.py:409}}
Jul 21 12:56:56.781555 dv-neutron-841459-21-hyperv devstack@keystone.service[80809]: ERROR keystone.server.flask.application [None req-aa1b8743-3025-40cd-acfd-f53288ee81da None admin] Could not find role: member.: keystone.exception.RoleNotFound: Could not find role: member.
