Jul 21 12:57:03.333224 dv-neutron-841459-21-hyperv devstack@keystone.service[80809]: DEBUG keystone.server.flask.request_processing.req_logging [None req-2e91a1b4-cfed-461a-a66f-57c0a3d361b4 None admin] SCRIPT_NAME: `/identity` {{(pid=80809) log_request_info /opt/stack/keystone/keystone/server/flask/request_processing/req_logging.py:28}}
Jul 21 12:57:03.333502 dv-neutron-841459-21-hyperv devstack@keystone.service[80809]: DEBUG keystone.server.flask.request_processing.req_logging [None req-2e91a1b4-cfed-461a-a66f-57c0a3d361b4 None admin] PATH_INFO: `/v3/projects/c3b15b425d794c7e94dd8c4dbdbc8bb6/users/2d766b0e97f94a1fbf0ab4a98f794962/roles/06b3eda82efd4b45976562b32e985d34` {{(pid=80809) log_request_info /opt/stack/keystone/keystone/server/flask/request_processing/req_logging.py:29}}
Jul 21 12:57:03.335584 dv-neutron-841459-21-hyperv devstack@keystone.service[80809]: DEBUG keystone.common.rbac_enforcer.enforcer [None req-2e91a1b4-cfed-461a-a66f-57c0a3d361b4 None admin] RBAC: Authorizing `identity:create_grant(project_id=c3b15b425d794c7e94dd8c4dbdbc8bb6, user_id=2d766b0e97f94a1fbf0ab4a98f794962, role_id=06b3eda82efd4b45976562b32e985d34)` {{(pid=80809) enforce_call /opt/stack/keystone/keystone/common/rbac_enforcer/enforcer.py:449}}
Jul 21 12:57:03.337176 dv-neutron-841459-21-hyperv devstack@keystone.service[80809]: DEBUG keystone.common.rbac_enforcer.enforcer [None req-2e91a1b4-cfed-461a-a66f-57c0a3d361b4 None admin] RBAC: Authorization granted {{(pid=80809) enforce_call /opt/stack/keystone/keystone/common/rbac_enforcer/enforcer.py:457}}
Jul 21 12:57:03.379783 dv-neutron-841459-21-hyperv devstack@keystone.service[80808]: DEBUG keystone.server.flask.request_processing.middleware.auth_context [None req-d725aaaf-b589-4557-8d13-e2efb82fa174 None admin] Validating token access rules against request {{(pid=80808) validate_allowed_request /usr/local/lib/python3.8/dist-packages/keystonemiddleware/auth_token/__init__.py:545}}
Jul 21 12:57:03.415200 dv-neutron-841459-21-hyperv devstack@keystone.service[80808]: DEBUG keystone.server.flask.request_processing.middleware.auth_context [None req-4d24c41f-418f-4e68-a5f1-b46e2be99408 None admin] RBAC: auth_context: {'token': , 'domain_id': None, 'trust_id': None, 'trustor_id': None, 'trustee_id': None, 'domain_name': None, 'group_ids': [], 'user_id': '72f52696c5664a01aeacc06ef8cb85de', 'user_domain_id': 'default', 'system_scope': 'all', 'project_id': None, 'project_domain_id': None, 'roles': ['admin', 'member', 'reader'], 'is_admin_project': True, 'service_user_id': None, 'service_user_domain_id': None, 'service_project_id': None, 'service_project_domain_id': None, 'service_roles': []} {{(pid=80808) fill_context /opt/stack/keystone/keystone/server/flask/request_processing/middleware/auth_context.py:478}}
Jul 21 12:57:03.416107 dv-neutron-841459-21-hyperv devstack@keystone.service[80808]: DEBUG keystone.server.flask.request_processing.req_logging [None req-4d24c41f-418f-4e68-a5f1-b46e2be99408 None admin] REQUEST_METHOD: `PUT` {{(pid=80808) log_request_info /opt/stack/keystone/keystone/server/flask/request_processing/req_logging.py:27}}
Jul 21 12:57:03.416422 dv-neutron-841459-21-hyperv devstack@keystone.service[80808]: DEBUG keystone.server.flask.request_processing.req_logging [None req-4d24c41f-418f-4e68-a5f1-b46e2be99408 None admin] SCRIPT_NAME: `/identity` {{(pid=80808) log_request_info /opt/stack/keystone/keystone/server/flask/request_processing/req_logging.py:28}}
Jul 21 12:57:03.416708 dv-neutron-841459-21-hyperv devstack@keystone.service[80808]: DEBUG keystone.server.flask.request_processing.req_logging [None req-4d24c41f-418f-4e68-a5f1-b46e2be99408 None admin] PATH_INFO: `/v3/projects/c3b15b425d794c7e94dd8c4dbdbc8bb6/users/2d766b0e97f94a1fbf0ab4a98f794962/roles/fa00fb22ddd049ab8f52f727c4322954` {{(pid=80808) log_request_info /opt/stack/keystone/keystone/server/flask/request_processing/req_logging.py:29}}
Jul 21 12:57:03.419487 dv-neutron-841459-21-hyperv devstack@keystone.service[80808]: DEBUG keystone.common.rbac_enforcer.enforcer [None req-4d24c41f-418f-4e68-a5f1-b46e2be99408 None admin] RBAC: Authorizing `identity:create_grant(project_id=c3b15b425d794c7e94dd8c4dbdbc8bb6, user_id=2d766b0e97f94a1fbf0ab4a98f794962, role_id=fa00fb22ddd049ab8f52f727c4322954)` {{(pid=80808) enforce_call /opt/stack/keystone/keystone/common/rbac_enforcer/enforcer.py:449}}
Jul 21 12:57:03.421422 dv-neutron-841459-21-hyperv devstack@keystone.service[80808]: DEBUG keystone.common.rbac_enforcer.enforcer [None req-4d24c41f-418f-4e68-a5f1-b46e2be99408 None admin] RBAC: Authorization granted {{(pid=80808) enforce_call /opt/stack/keystone/keystone/common/rbac_enforcer/enforcer.py:457}}
Jul 21 12:57:03.435079 dv-neutron-841459-21-hyperv devstack@keystone.service[80809]: [pid: 80809|app: 0|req: 119/233] 10.222.0.57 () {58 vars in 1439 bytes} [Thu Jul 21 12:57:03 2022] PUT /identity/v3/projects/c3b15b425d794c7e94dd8c4dbdbc8bb6/users/2d766b0e97f94a1fbf0ab4a98f794962/roles/06b3eda82efd4b45976562b32e985d34 => generated 0 bytes in 255 msecs (HTTP/1.1 204) 3 headers in 132 bytes (1 switches on core 0)
Jul 21 12:57:03.508061 dv-neutron-841459-21-hyperv devstack@keystone.service[80808]: [pid: 80808|app: 0|req: 115/234] 10.222.0.57 () {58 vars in 1439 bytes} [Thu Jul 21 12:57:03 2022] PUT /identity/v3/projects/c3b15b425d794c7e94dd8c4dbdbc8bb6/users/2d766b0e97f94a1fbf0ab4a98f794962/roles/fa00fb22ddd049ab8f52f727c4322954 => generated 0 bytes in 400 msecs (HTTP/1.1 204) 3 headers in 132 bytes (0 switches on core 0)
Jul 21 12:57:03.773648 dv-neutron-841459-21-hyperv devstack@keystone.service[80809]: DEBUG keystone.server.flask.request_processing.req_logging [None req-31ed6364-7bde-4547-bc32-035815d006d3 None None] REQUEST_METHOD: `GET` {{(pid=80809) log_request_info /opt/stack/keystone/keystone/server/flask/request_processing/req_logging.py:27}}
Jul 21 12:57:03.774073 dv-neutron-841459-21-hyperv devstack@keystone.service[80809]: DEBUG keystone.server.flask.request_processing.req_logging [None req-31ed6364-7bde-4547-bc32-035815d006d3 None None] SCRIPT_NAME: `/identity` {{(pid=80809) log_request_info /opt/stack/keystone/keystone/server/flask/request_processing/req_logging.py:28}}
Jul 21 12:57:03.774480 dv-neutron-841459-21-hyperv devstack@keystone.service[80809]: DEBUG keystone.server.flask.request_processing.req_logging [None req-31ed6364-7bde-4547-bc32-035815d006d3 None None] PATH_INFO: `/` {{(pid=80809) log_request_info /opt/stack/keystone/keystone/server/flask/request_processing/req_logging.py:29}}
Jul 21 12:57:03.776255 dv-neutron-841459-21-hyperv devstack@keystone.service[80809]: [pid: 80809|app: 0|req: 120/235] 10.222.0.57 () {54 vars in 926 bytes} [Thu Jul 21 12:57:03 2022] GET /identity => generated 270 bytes in 4 msecs (HTTP/1.1 300) 6 headers in 234 bytes (1 switches on core 0)
Jul 21 12:57:03.781554 dv-neutron-841459-21-hyperv devstack@keystone.service[80808]: DEBUG keystone.server.flask.request_processing.req_logging [None req-6cbe8e9f-6a15-4686-b412-37b678021f54 None None] REQUEST_METHOD: `POST` {{(pid=80808) log_request_info /opt/stack/keystone/keystone/server/flask/request_processing/req_logging.py:27}}
Jul 21 12:57:03.782167 dv-neutron-841459-21-hyperv devstack@keystone.service[80808]: DEBUG keystone.server.flask.request_processing.req_logging [None req-6cbe8e9f-6a15-4686-b412-37b678021f54 None None] SCRIPT_NAME: `/identity` {{(pid=80808) log_request_info /opt/stack/keystone/keystone/server/flask/request_processing/req_logging.py:28}}
Jul 21 12:57:03.782397 dv-neutron-841459-21-hyperv devstack@keystone.service[80808]: DEBUG keystone.server.flask.request_processing.req_logging [None req-6cbe8e9f-6a15-4686-b412-37b678021f54 None None] PATH_INFO: `/v3/auth/tokens` {{(pid=80808) log_request_info /opt/stack/keystone/keystone/server/flask/request_processing/req_logging.py:29}}
Jul 21 12:57:03.800990 dv-neutron-841459-21-hyperv devstack@keystone.service[80808]: DEBUG keystone.auth.core [None req-6cbe8e9f-6a15-4686-b412-37b678021f54 None None] MFA Rules not processed for user `72f52696c5664a01aeacc06ef8cb85de`. Rule list: `[]` (Enabled: `True`). {{(pid=80808) check_auth_methods_against_rules /opt/stack/keystone/keystone/auth/core.py:438}}
Jul 21 12:57:03.802278 dv-neutron-841459-21-hyperv devstack@keystone.service[80808]: DEBUG keystone.common.fernet_utils [None req-6cbe8e9f-6a15-4686-b412-37b678021f54 None None] Loaded 2 Fernet keys from /etc/keystone/fernet-keys/, but `[fernet_tokens] max_active_keys = 3`; perhaps there have not been enough key rotations to reach `max_active_keys` yet? {{(pid=80808) load_keys /opt/stack/keystone/keystone/common/fernet_utils.py:286}}
Jul 21 12:57:03.812794 dv-neutron-841459-21-hyperv devstack@keystone.service[80808]: DEBUG dbcounter [-] [80808] Writing DB stats keystone:SELECT=99,keystone:INSERT=1 {{(pid=80808) stat_writer /usr/local/lib/python3.8/dist-packages/dbcounter.py:114}}
Jul 21 12:57:03.876069 dv-neutron-841459-21-hyperv devstack@keystone.service[80808]: [pid: 80808|app: 0|req: 116/236] 10.222.0.57 () {58 vars in 1023 bytes} [Thu Jul 21 12:57:03 2022] POST /identity/v3/auth/tokens => generated 799 bytes in 95 msecs (HTTP/1.1 201) 6 headers in 363 bytes (1 switches on core 0)
Jul 21 12:57:03.891016 dv-neutron-841459-21-hyperv devstack@keystone.service[80809]: DEBUG keystone.server.flask.request_processing.req_logging [None req-8b5dab71-c894-4554-8d85-1ff078f4c71a None None] REQUEST_METHOD: `GET` {{(pid=80809) log_request_info /opt/stack/keystone/keystone/server/flask/request_processing/req_logging.py:27}}
Jul 21 12:57:03.891420 dv-neutron-841459-21-hyperv devstack@keystone.service[80809]: DEBUG keystone.server.flask.request_processing.req_logging [None req-8b5dab71-c894-4554-8d85-1ff078f4c71a None None] SCRIPT_NAME: `/identity` {{(pid=80809) log_request_info /opt/stack/keystone/keystone/server/flask/request_processing/req_logging.py:28}}
Jul 21 12:57:03.891802 dv-neutron-841459-21-hyperv devstack@keystone.service[80809]: DEBUG keystone.server.flask.request_processing.req_logging [None req-8b5dab71-c894-4554-8d85-1ff078f4c71a None None] PATH_INFO: `/` {{(pid=80809) log_request_info /opt/stack/keystone/keystone/server/flask/request_processing/req_logging.py:29}}
Jul 21 12:57:03.893581 dv-neutron-841459-21-hyperv devstack@keystone.service[80809]: [pid: 80809|app: 0|req: 121/237] 10.222.0.57 () {54 vars in 926 bytes} [Thu Jul 21 12:57:03 2022] GET /identity => generated 270 bytes in 4 msecs (HTTP/1.1 300) 6 headers in 234 bytes (1 switches on core 0)
Jul 21 12:57:03.899121 dv-neutron-841459-21-hyperv devstack@keystone.service[80808]: DEBUG keystone.server.flask.request_processing.req_logging [None req-29c9bdd4-a638-42bc-bb52-078b8ae1bf80 None None] REQUEST_METHOD: `POST` {{(pid=80808) log_request_info /opt/stack/keystone/keystone/server/flask/request_processing/req_logging.py:27}}
Jul 21 12:57:03.899424 dv-neutron-841459-21-hyperv devstack@keystone.service[80808]: DEBUG keystone.server.flask.request_processing.req_logging [None req-29c9bdd4-a638-42bc-bb52-078b8ae1bf80 None None] SCRIPT_NAME: `/identity` {{(pid=80808) log_request_info /opt/stack/keystone/keystone/server/flask/request_processing/req_logging.py:28}}
Jul 21 12:57:03.899709 dv-neutron-841459-21-hyperv devstack@keystone.service[80808]: DEBUG keystone.server.flask.request_processing.req_logging [None req-29c9bdd4-a638-42bc-bb52-078b8ae1bf80 None None] PATH_INFO: `/v3/auth/tokens` {{(pid=80808) log_request_info /opt/stack/keystone/keystone/server/flask/request_processing/req_logging.py:29}}
Jul 21 12:57:03.904445 dv-neutron-841459-21-hyperv devstack@keystone.service[80809]: DEBUG keystone.server.flask.request_processing.middleware.auth_context [None req-8b5dab71-c894-4554-8d85-1ff078f4c71a None None] Authenticating user token {{(pid=80809) process_request /usr/local/lib/python3.8/dist-packages/keystonemiddleware/auth_token/__init__.py:407}}
Jul 21 12:57:03.933338 dv-neutron-841459-21-hyperv devstack@keystone.service[80808]: DEBUG keystone.auth.core [None req-29c9bdd4-a638-42bc-bb52-078b8ae1bf80 None None] MFA Rules not processed for user `72f52696c5664a01aeacc06ef8cb85de`. Rule list: `[]` (Enabled: `True`). {{(pid=80808) check_auth_methods_against_rules /opt/stack/keystone/keystone/auth/core.py:438}}
Jul 21 12:57:03.934550 dv-neutron-841459-21-hyperv devstack@keystone.service[80808]: DEBUG keystone.common.fernet_utils [None req-29c9bdd4-a638-42bc-bb52-078b8ae1bf80 None None] Loaded 2 Fernet keys from /etc/keystone/fernet-keys/, but `[fernet_tokens] max_active_keys = 3`; perhaps there have not been enough key rotations to reach `max_active_keys` yet? {{(pid=80808) load_keys /opt/stack/keystone/keystone/common/fernet_utils.py:286}}
Jul 21 12:57:04.078197 dv-neutron-841459-21-hyperv devstack@keystone.service[80808]: [pid: 80808|app: 0|req: 117/238] 10.222.0.57 () {58 vars in 1023 bytes} [Thu Jul 21 12:57:03 2022] POST /identity/v3/auth/tokens => generated 799 bytes in 178 msecs (HTTP/1.1 201) 6 headers in 363 bytes (2 switches on core 0)
Jul 21 12:57:04.082954 dv-neutron-841459-21-hyperv devstack@keystone.service[80809]: DEBUG keystone.server.flask.request_processing.middleware.auth_context [None req-8b5dab71-c894-4554-8d85-1ff078f4c71a None None] Validating token access rules against request {{(pid=80809) validate_allowed_request /usr/local/lib/python3.8/dist-packages/keystonemiddleware/auth_token/__init__.py:545}}
Jul 21 12:57:04.113042 dv-neutron-841459-21-hyperv devstack@keystone.service[80809]: DEBUG dbcounter [-] [80809] Writing DB stats keystone:SELECT=99,keystone:INSERT=1 {{(pid=80809) stat_writer /usr/local/lib/python3.8/dist-packages/dbcounter.py:114}}
Jul 21 12:57:04.113646 dv-neutron-841459-21-hyperv devstack@keystone.service[80808]: DEBUG keystone.server.flask.request_processing.middleware.auth_context [None req-29c9bdd4-a638-42bc-bb52-078b8ae1bf80 None None] Authenticating user token {{(pid=80808) process_request /usr/local/lib/python3.8/dist-packages/keystonemiddleware/auth_token/__init__.py:407}}
Jul 21 12:57:04.130406 dv-neutron-841459-21-hyperv devstack@keystone.service[80809]: DEBUG keystone.server.flask.request_processing.middleware.auth_context [None req-5635342d-9972-4f83-870c-8ad3c5a0679b None admin] RBAC: auth_context: {'token': , 'domain_id': None, 'trust_id': None, 'trustor_id': None, 'trustee_id': None, 'domain_name': None, 'group_ids': [], 'user_id': '72f52696c5664a01aeacc06ef8cb85de', 'user_domain_id': 'default', 'system_scope': 'all', 'project_id': None, 'project_domain_id': None, 'roles': ['admin', 'member', 'reader'], 'is_admin_project': True, 'service_user_id': None, 'service_user_domain_id': None, 'service_project_id': None, 'service_project_domain_id': None, 'service_roles': []} {{(pid=80809) fill_context /opt/stack/keystone/keystone/server/flask/request_processing/middleware/auth_context.py:478}}
Jul 21 12:57:04.131219 dv-neutron-841459-21-hyperv devstack@keystone.service[80809]: DEBUG keystone.server.flask.request_processing.req_logging [None req-5635342d-9972-4f83-870c-8ad3c5a0679b None admin] REQUEST_METHOD: `GET` {{(pid=80809) log_request_info /opt/stack/keystone/keystone/server/flask/request_processing/req_logging.py:27}}
Jul 21 12:57:04.131504 dv-neutron-841459-21-hyperv devstack@keystone.service[80809]: DEBUG keystone.server.flask.request_processing.req_logging [None req-5635342d-9972-4f83-870c-8ad3c5a0679b None admin] SCRIPT_NAME: `/identity` {{(pid=80809) log_request_info /opt/stack/keystone/keystone/server/flask/request_processing/req_logging.py:28}}
Jul 21 12:57:04.131780 dv-neutron-841459-21-hyperv devstack@keystone.service[80809]: DEBUG keystone.server.flask.request_processing.req_logging [None req-5635342d-9972-4f83-870c-8ad3c5a0679b None admin] PATH_INFO: `/v3/roles/reader` {{(pid=80809) log_request_info /opt/stack/keystone/keystone/server/flask/request_processing/req_logging.py:29}}
Jul 21 12:57:04.155142 dv-neutron-841459-21-hyperv devstack@keystone.service[80809]: DEBUG keystone.common.rbac_enforcer.enforcer [None req-5635342d-9972-4f83-870c-8ad3c5a0679b None admin] Extracting inferred target data resulted in "NOT FOUND (404)". {{(pid=80809) enforce_call /opt/stack/keystone/keystone/common/rbac_enforcer/enforcer.py:409}}
Jul 21 12:57:04.163660 dv-neutron-841459-21-hyperv devstack@keystone.service[80809]: ERROR keystone.server.flask.application [None req-5635342d-9972-4f83-870c-8ad3c5a0679b None admin] Could not find role: reader.: keystone.exception.RoleNotFound: Could not find role: reader.
Jul 21 12:57:04.163660 dv-neutron-841459-21-hyperv devstack@keystone.service[80809]: ERROR keystone.server.flask.application
Traceback (most recent call last):
Jul 21 12:57:04.163660 dv-neutron-841459-21-hyperv devstack@keystone.service[80809]: ERROR keystone.server.flask.application
File "/usr/local/lib/python3.8/dist-packages/flask/app.py", line 1523, in full_dispatch_request
Jul 21 12:57:04.163660 dv-neutron-841459-21-hyperv devstack@keystone.service[80809]: ERROR keystone.server.flask.application rv = self.dispatch_request()
Jul 21 12:57:04.163660 dv-neutron-841459-21-hyperv devstack@keystone.service[80809]: ERROR keystone.server.flask.application
File "/usr/local/lib/python3.8/dist-packages/flask/app.py", line 1509, in dispatch_request
Jul 21 12:57:04.163660 dv-neutron-841459-21-hyperv devstack@keystone.service[80809]: ERROR keystone.server.flask.application return self.ensure_sync(self.view_functions[rule.endpoint])(**req.view_args)
Jul 21 12:57:04.163660 dv-neutron-841459-21-hyperv devstack@keystone.service[80809]: ERROR keystone.server.flask.application
File "/usr/local/lib/python3.8/dist-packages/flask_restful/__init__.py", line 467, in wrapper
Jul 21 12:57:04.163660 dv-neutron-841459-21-hyperv devstack@keystone.service[80809]: ERROR keystone.server.flask.application resp = resource(*args, **kwargs)
Jul 21 12:57:04.163660 dv-neutron-841459-21-hyperv devstack@keystone.service[80809]: ERROR keystone.server.flask.application
File "/usr/local/lib/python3.8/dist-packages/flask/views.py", line 84, in view
Jul 21 12:57:04.163660 dv-neutron-841459-21-hyperv devstack@keystone.service[80809]: ERROR keystone.server.flask.application return current_app.ensure_sync(self.dispatch_request)(*args, **kwargs)
Jul 21 12:57:04.163660 dv-neutron-841459-21-hyperv devstack@keystone.service[80809]: ERROR keystone.server.flask.application
File "/usr/local/lib/python3.8/dist-packages/flask_restful/__init__.py", line 582, in dispatch_request
Jul 21 12:57:04.163660 dv-neutron-841459-21-hyperv devstack@keystone.service[80809]: ERROR keystone.server.flask.application resp = meth(*args, **kwargs)
Jul 21 12:57:04.163660 dv-neutron-841459-21-hyperv devstack@keystone.service[80809]: ERROR keystone.server.flask.application
File "/opt/stack/keystone/keystone/api/roles.py", line 50, in get
Jul 21 12:57:04.163660 dv-neutron-841459-21-hyperv devstack@keystone.service[80809]: ERROR keystone.server.flask.application return self._get_role(role_id)
Jul 21 12:57:04.163660 dv-neutron-841459-21-hyperv devstack@keystone.service[80809]: ERROR keystone.server.flask.application
File "/opt/stack/keystone/keystone/api/roles.py", line 70, in _get_role
Jul 21 12:57:04.163660 dv-neutron-841459-21-hyperv devstack@keystone.service[80809]: ERROR keystone.server.flask.application ENFORCER.enforce_call(action='identity:get_role')
Jul 21 12:57:04.164605 dv-neutron-841459-21-hyperv devstack@keystone.service[80809]: ERROR keystone.server.flask.application
File "/opt/stack/keystone/keystone/common/rbac_enforcer/enforcer.py", line 402, in enforce_call
Jul 21 12:57:04.164605 dv-neutron-841459-21-hyperv devstack@keystone.service[80809]: ERROR keystone.server.flask.application policy_dict.update(cls._extract_member_target_data(
Jul 21 12:57:04.164605 dv-neutron-841459-21-hyperv devstack@keystone.service[80809]: ERROR keystone.server.flask.application
File "/opt/stack/keystone/keystone/common/rbac_enforcer/enforcer.py", line 234, in _extract_member_target_data
Jul 21 12:57:04.164605 dv-neutron-841459-21-hyperv devstack@keystone.service[80809]: ERROR keystone.server.flask.application member_name: func(flask.request.view_args[key])
Jul 21 12:57:04.164605 dv-neutron-841459-21-hyperv devstack@keystone.service[80809]: ERROR keystone.server.flask.application
File "/opt/stack/keystone/keystone/common/manager.py", line 115, in wrapped
Jul 21 12:57:04.164605 dv-neutron-841459-21-hyperv devstack@keystone.service[80809]: ERROR keystone.server.flask.application __ret_val = __f(*args, **kwargs)
Jul 21 12:57:04.164605 dv-neutron-841459-21-hyperv devstack@keystone.service[80809]: ERROR keystone.server.flask.application
File "/usr/local/lib/python3.8/dist-packages/decorator.py", line 232, in fun
Jul 21 12:57:04.164605 dv-neutron-841459-21-hyperv devstack@keystone.service[80809]: ERROR keystone.server.flask.application return caller(func, *(extras + args), **kw)
Jul 21 12:57:04.164605 dv-neutron-841459-21-hyperv devstack@keystone.service[80809]: ERROR keystone.server.flask.application
File "/usr/local/lib/python3.8/dist-packages/dogpile/cache/region.py", line 1577, in get_or_create_for_user_func
Jul 21 12:57:04.164605 dv-neutron-841459-21-hyperv devstack@keystone.service[80809]: ERROR keystone.server.flask.application return self.get_or_create(
Jul 21 12:57:04.164605 dv-neutron-841459-21-hyperv devstack@keystone.service[80809]: ERROR keystone.server.flask.application
File "/usr/local/lib/python3.8/dist-packages/dogpile/cache/region.py", line 1042, in get_or_create
Jul 21 12:57:04.164605 dv-neutron-841459-21-hyperv devstack@keystone.service[80809]: ERROR keystone.server.flask.application with Lock(
Jul 21 12:57:04.164605 dv-neutron-841459-21-hyperv devstack@keystone.service[80809]: ERROR keystone.server.flask.application
File "/usr/local/lib/python3.8/dist-packages/dogpile/lock.py", line 185, in __enter__
Jul 21 12:57:04.164605 dv-neutron-841459-21-hyperv devstack@keystone.service[80809]: ERROR keystone.server.flask.application return self._enter()
Jul 21 12:57:04.164605 dv-neutron-841459-21-hyperv devstack@keystone.service[80809]: ERROR keystone.server.flask.application
File "/usr/local/lib/python3.8/dist-packages/dogpile/lock.py", line 94, in _enter
Jul 21 12:57:04.164605 dv-neutron-841459-21-hyperv devstack@keystone.service[80809]: ERROR keystone.server.flask.application generated = self._enter_create(value, createdtime)
Jul 21 12:57:04.165428 dv-neutron-841459-21-hyperv devstack@keystone.service[80809]: ERROR keystone.server.flask.application
File "/usr/local/lib/python3.8/dist-packages/dogpile/lock.py", line 178, in _enter_create
Jul 21 12:57:04.165428 dv-neutron-841459-21-hyperv devstack@keystone.service[80809]: ERROR keystone.server.flask.application return self.creator()
Jul 21 12:57:04.165428 dv-neutron-841459-21-hyperv devstack@keystone.service[80809]: ERROR keystone.server.flask.application
File "/usr/local/lib/python3.8/dist-packages/dogpile/cache/region.py", line 995, in gen_value
Jul 21 12:57:04.165428 dv-neutron-841459-21-hyperv devstack@keystone.service[80809]: ERROR keystone.server.flask.application created_value = creator(
Jul 21 12:57:04.165428 dv-neutron-841459-21-hyperv devstack@keystone.service[80809]: ERROR keystone.server.flask.application
File "/opt/stack/keystone/keystone/assignment/core.py", line 1276, in get_role
Jul 21 12:57:04.165428 dv-neutron-841459-21-hyperv devstack@keystone.service[80809]: ERROR keystone.server.flask.application return self.driver.get_role(role_id)
Jul 21 12:57:04.165428 dv-neutron-841459-21-hyperv devstack@keystone.service[80809]: ERROR keystone.server.flask.application
File "/opt/stack/keystone/keystone/assignment/role_backends/sql.py", line 70, in get_role
Jul 21 12:57:04.165428 dv-neutron-841459-21-hyperv devstack@keystone.service[80809]: ERROR keystone.server.flask.application return self._get_role(session, role_id).to_dict()
Jul 21 12:57:04.165428 dv-neutron-841459-21-hyperv devstack@keystone.service[80809]: ERROR keystone.server.flask.application
File "/opt/stack/keystone/keystone/assignment/role_backends/sql.py", line 65, in _get_role
Jul 21 12:57:04.165428 dv-neutron-841459-21-hyperv devstack@keystone.service[80809]: ERROR keystone.server.flask.application raise exception.RoleNotFound(role_id=role_id)
Jul 21 12:57:04.165428 dv-neutron-841459-21-hyperv devstack@keystone.service[80809]: ERROR keystone.server.flask.application keystone.exception.RoleNotFound: Could not find role: reader.
Jul 21 12:57:04.165428 dv-neutron-841459-21-hyperv devstack@keystone.service[80809]: ERROR keystone.server.flask.application
Jul 21 12:57:04.168432 dv-neutron-841459-21-hyperv devstack@keystone.service[80809]: [pid: 80809|app: 0|req: 122/239] 10.222.0.57 () {56 vars in 1099 bytes} [Thu Jul 21 12:57:03 2022] GET /identity/v3/roles/reader => generated 84 bytes in 264 msecs (HTTP/1.1 404) 5 headers in 183 bytes (2 switches on core 0)
Jul 21 12:57:04.181067 dv-neutron-841459-21-hyperv devstack@keystone.service[80809]: DEBUG keystone.server.flask.request_processing.middleware.auth_context [None req-5635342d-9972-4f83-870c-8ad3c5a0679b None admin] Authenticating user token {{(pid=80809) process_request /usr/local/lib/python3.8/dist-packages/keystonemiddleware/auth_token/__init__.py:407}}
Jul 21 12:57:04.239679 dv-neutron-841459-21-hyperv devstack@keystone.service[80808]: DEBUG dbcounter [-] [80808] Writing DB stats keystone:SELECT=100 {{(pid=80808) stat_writer /usr/local/lib/python3.8/dist-packages/dbcounter.py:114}}
Jul 21 12:57:04.283186 dv-neutron-841459-21-hyperv devstack@keystone.service[80808]: DEBUG keystone.server.flask.request_processing.middleware.auth_context [None req-29c9bdd4-a638-42bc-bb52-078b8ae1bf80 None None] Validating token access rules against request {{(pid=80808) validate_allowed_request /usr/local/lib/python3.8/dist-packages/keystonemiddleware/auth_token/__init__.py:545}}
Jul 21 12:57:04.330455 dv-neutron-841459-21-hyperv devstack@keystone.service[80809]: DEBUG keystone.server.flask.request_processing.middleware.auth_context [None req-5635342d-9972-4f83-870c-8ad3c5a0679b None admin] Validating token access rules against request {{(pid=80809) validate_allowed_request /usr/local/lib/python3.8/dist-packages/keystonemiddleware/auth_token/__init__.py:545}}
Jul 21 12:57:04.352875 dv-neutron-841459-21-hyperv devstack@keystone.service[80808]: DEBUG keystone.server.flask.request_processing.middleware.auth_context [None req-e3f09d2a-523c-4011-9f09-da080fe19283 None admin] RBAC: auth_context: {'token': , 'domain_id': None, 'trust_id': None, 'trustor_id': None, 'trustee_id': None, 'domain_name': None, 'group_ids': [], 'user_id': '72f52696c5664a01aeacc06ef8cb85de', 'user_domain_id': 'default', 'system_scope': 'all', 'project_id': None, 'project_domain_id': None, 'roles': ['admin', 'member', 'reader'], 'is_admin_project': True, 'service_user_id': None, 'service_user_domain_id': None, 'service_project_id': None, 'service_project_domain_id': None, 'service_roles': []} {{(pid=80808) fill_context /opt/stack/keystone/keystone/server/flask/request_processing/middleware/auth_context.py:478}}
Jul 21 12:57:04.353755 dv-neutron-841459-21-hyperv devstack@keystone.service[80808]: DEBUG keystone.server.flask.request_processing.req_logging [None req-e3f09d2a-523c-4011-9f09-da080fe19283 None admin] REQUEST_METHOD: `GET` {{(pid=80808) log_request_info /opt/stack/keystone/keystone/server/flask/request_processing/req_logging.py:27}}
Jul 21 12:57:04.354042 dv-neutron-841459-21-hyperv devstack@keystone.service[80808]: DEBUG keystone.server.flask.request_processing.req_logging [None req-e3f09d2a-523c-4011-9f09-da080fe19283 None admin] SCRIPT_NAME: `/identity` {{(pid=80808) log_request_info /opt/stack/keystone/keystone/server/flask/request_processing/req_logging.py:28}}
Jul 21 12:57:04.354314 dv-neutron-841459-21-hyperv devstack@keystone.service[80808]: DEBUG keystone.server.flask.request_processing.req_logging [None req-e3f09d2a-523c-4011-9f09-da080fe19283 None admin] PATH_INFO: `/v3/domains/default` {{(pid=80808) log_request_info /opt/stack/keystone/keystone/server/flask/request_processing/req_logging.py:29}}
Jul 21 12:57:04.358124 dv-neutron-841459-21-hyperv devstack@keystone.service[80808]: DEBUG keystone.common.rbac_enforcer.enforcer [None req-e3f09d2a-523c-4011-9f09-da080fe19283 None admin] RBAC: Authorizing `identity:get_domain(domain_id=default)` {{(pid=80808) enforce_call /opt/stack/keystone/keystone/common/rbac_enforcer/enforcer.py:449}}
Jul 21 12:57:04.359683 dv-neutron-841459-21-hyperv devstack@keystone.service[80808]: DEBUG keystone.common.rbac_enforcer.enforcer [None req-e3f09d2a-523c-4011-9f09-da080fe19283 None admin] RBAC: Authorization granted {{(pid=80808) enforce_call /opt/stack/keystone/keystone/common/rbac_enforcer/enforcer.py:457}}
Jul 21 12:57:04.361381 dv-neutron-841459-21-hyperv devstack@keystone.service[80808]: [pid: 80808|app: 0|req: 118/240] 10.222.0.57 () {56 vars in 1108 bytes} [Thu Jul 21 12:57:04 2022] GET /identity/v3/domains/default => generated 199 bytes in 249 msecs (HTTP/1.1 200) 5 headers in 177 bytes (1 switches on core 0)
Jul 21 12:57:04.368564 dv-neutron-841459-21-hyperv devstack@keystone.service[80808]: DEBUG keystone.server.flask.request_processing.middleware.auth_context [None req-e3f09d2a-523c-4011-9f09-da080fe19283 None admin] Authenticating user token {{(pid=80808) process_request /usr/local/lib/python3.8/dist-packages/keystonemiddleware/auth_token/__init__.py:407}}
Jul 21 12:57:04.383832 dv-neutron-841459-21-hyperv devstack@keystone.service[80809]: DEBUG keystone.server.flask.request_processing.middleware.auth_context [None req-a08c1fbc-888a-4353-8b1d-0faf84c79daf None admin] RBAC: auth_context: {'token': , 'domain_id': None, 'trust_id': None, 'trustor_id': None, 'trustee_id': None, 'domain_name': None, 'group_ids': [], 'user_id': '72f52696c5664a01aeacc06ef8cb85de', 'user_domain_id': 'default', 'system_scope': 'all', 'project_id': None, 'project_domain_id': None, 'roles': ['admin', 'member', 'reader'], 'is_admin_project': True, 'service_user_id': None, 'service_user_domain_id': None, 'service_project_id': None, 'service_project_domain_id': None, 'service_roles': []} {{(pid=80809) fill_context /opt/stack/keystone/keystone/server/flask/request_processing/middleware/auth_context.py:478}}
Jul 21 12:57:04.385176 dv-neutron-841459-21-hyperv devstack@keystone.service[80809]: DEBUG keystone.server.flask.request_processing.req_logging [None req-a08c1fbc-888a-4353-8b1d-0faf84c79daf None admin] REQUEST_METHOD: `GET` {{(pid=80809) log_request_info /opt/stack/keystone/keystone/server/flask/request_processing/req_logging.py:27}}
Jul 21 12:57:04.386168 dv-neutron-841459-21-hyperv devstack@keystone.service[80809]: DEBUG keystone.server.flask.request_processing.req_logging [None req-a08c1fbc-888a-4353-8b1d-0faf84c79daf None admin] SCRIPT_NAME: `/identity` {{(pid=80809) log_request_info /opt/stack/keystone/keystone/server/flask/request_processing/req_logging.py:28}}
Jul 21 12:57:04.386655 dv-neutron-841459-21-hyperv devstack@keystone.service[80809]: DEBUG keystone.server.flask.request_processing.req_logging [None req-a08c1fbc-888a-4353-8b1d-0faf84c79daf None admin] PATH_INFO: `/v3/roles` {{(pid=80809) log_request_info /opt/stack/keystone/keystone/server/flask/request_processing/req_logging.py:29}}
Jul 21 12:57:04.387908 dv-neutron-841459-21-hyperv devstack@keystone.service[80809]: DEBUG keystone.common.rbac_enforcer.enforcer [None req-a08c1fbc-888a-4353-8b1d-0faf84c79daf None admin] RBAC: Adding query filter params (name=reader) {{(pid=80809) _extract_filter_values /opt/stack/keystone/keystone/common/rbac_enforcer/enforcer.py:167}}
Jul 21 12:57:04.388697 dv-neutron-841459-21-hyperv devstack@keystone.service[80809]: DEBUG keystone.common.rbac_enforcer.enforcer [None req-a08c1fbc-888a-4353-8b1d-0faf84c79daf None admin] RBAC: Authorizing `identity:list_roles()` {{(pid=80809) enforce_call /opt/stack/keystone/keystone/common/rbac_enforcer/enforcer.py:449}}
Jul 21 12:57:04.390772 dv-neutron-841459-21-hyperv devstack@keystone.service[80809]: DEBUG keystone.common.rbac_enforcer.enforcer [None req-a08c1fbc-888a-4353-8b1d-0faf84c79daf None admin] RBAC: Authorization granted {{(pid=80809) enforce_call /opt/stack/keystone/keystone/common/rbac_enforcer/enforcer.py:457}}
Jul 21 12:57:04.402807 dv-neutron-841459-21-hyperv devstack@keystone.service[80809]: [pid: 80809|app: 0|req: 123/241] 10.222.0.57 () {56 vars in 1101 bytes} [Thu Jul 21 12:57:04 2022] GET /identity/v3/roles?name=reader => generated 341 bytes in 224 msecs (HTTP/1.1 200) 5 headers in 177 bytes (2 switches on core 0)
Jul 21 12:57:04.404782 dv-neutron-841459-21-hyperv devstack@keystone.service[80809]: DEBUG keystone.server.flask.request_processing.req_logging [None req-a7bc7666-ee42-4db0-87ed-903d137abb5d None None] REQUEST_METHOD: `GET` {{(pid=80809) log_request_info /opt/stack/keystone/keystone/server/flask/request_processing/req_logging.py:27}}
Jul 21 12:57:04.405298 dv-neutron-841459-21-hyperv devstack@keystone.service[80809]: DEBUG keystone.server.flask.request_processing.req_logging [None req-a7bc7666-ee42-4db0-87ed-903d137abb5d None None] SCRIPT_NAME: `/identity` {{(pid=80809) log_request_info /opt/stack/keystone/keystone/server/flask/request_processing/req_logging.py:28}}
Jul 21 12:57:04.405775 dv-neutron-841459-21-hyperv devstack@keystone.service[80809]: DEBUG keystone.server.flask.request_processing.req_logging [None req-a7bc7666-ee42-4db0-87ed-903d137abb5d None None] PATH_INFO: `/` {{(pid=80809) log_request_info /opt/stack/keystone/keystone/server/flask/request_processing/req_logging.py:29}}
Jul 21 12:57:04.407252 dv-neutron-841459-21-hyperv devstack@keystone.service[80809]: [pid: 80809|app: 0|req: 124/242] 10.222.0.57 () {54 vars in 926 bytes} [Thu Jul 21 12:57:04 2022] GET /identity => generated 270 bytes in 3 msecs (HTTP/1.1 300) 6 headers in 234 bytes (1 switches on core 0)
Jul 21 12:57:04.412231 dv-neutron-841459-21-hyperv devstack@keystone.service[80809]: DEBUG keystone.server.flask.request_processing.middleware.auth_context [None req-a7bc7666-ee42-4db0-87ed-903d137abb5d None None] Authenticating user token {{(pid=80809) process_request /usr/local/lib/python3.8/dist-packages/keystonemiddleware/auth_token/__init__.py:407}}
Jul 21 12:57:04.439306 dv-neutron-841459-21-hyperv devstack@keystone.service[80809]: DEBUG dbcounter [-] [80809] Writing DB stats keystone:SELECT=100 {{(pid=80809) stat_writer /usr/local/lib/python3.8/dist-packages/dbcounter.py:114}}
Jul 21 12:57:04.493527 dv-neutron-841459-21-hyperv devstack@keystone.service[80808]: DEBUG keystone.server.flask.request_processing.middleware.auth_context [None req-e3f09d2a-523c-4011-9f09-da080fe19283 None admin] Validating token access rules against request {{(pid=80808) validate_allowed_request /usr/local/lib/python3.8/dist-packages/keystonemiddleware/auth_token/__init__.py:545}}
Jul 21 12:57:04.530504 dv-neutron-841459-21-hyperv devstack@keystone.service[80808]: DEBUG keystone.server.flask.request_processing.middleware.auth_context [None req-0b53df1f-0a8b-4cdc-9ccb-e99af836decf None admin] RBAC: auth_context: {'token': , 'domain_id': None, 'trust_id': None, 'trustor_id': None, 'trustee_id': None, 'domain_name': None, 'group_ids': [], 'user_id': '72f52696c5664a01aeacc06ef8cb85de', 'user_domain_id': 'default', 'system_scope': 'all', 'project_id': None, 'project_domain_id': None, 'roles': ['admin', 'member', 'reader'], 'is_admin_project': True, 'service_user_id': None, 'service_user_domain_id': None, 'service_project_id': None, 'service_project_domain_id': None, 'service_roles': []} {{(pid=80808) fill_context /opt/stack/keystone/keystone/server/flask/request_processing/middleware/auth_context.py:478}}
Jul 21 12:57:04.531167 dv-neutron-841459-21-hyperv devstack@keystone.service[80808]: DEBUG keystone.server.flask.request_processing.req_logging [None req-0b53df1f-0a8b-4cdc-9ccb-e99af836decf None admin] REQUEST_METHOD: `POST` {{(pid=80808) log_request_info /opt/stack/keystone/keystone/server/flask/request_processing/req_logging.py:27}}
Jul 21 12:57:04.531454 dv-neutron-841459-21-hyperv devstack@keystone.service[80808]: DEBUG keystone.server.flask.request_processing.req_logging [None req-0b53df1f-0a8b-4cdc-9ccb-e99af836decf None admin] SCRIPT_NAME: `/identity` {{(pid=80808) log_request_info /opt/stack/keystone/keystone/server/flask/request_processing/req_logging.py:28}}
Jul 21 12:57:04.531783 dv-neutron-841459-21-hyperv devstack@keystone.service[80808]: DEBUG keystone.server.flask.request_processing.req_logging [None req-0b53df1f-0a8b-4cdc-9ccb-e99af836decf None admin] PATH_INFO: `/v3/users` {{(pid=80808) log_request_info /opt/stack/keystone/keystone/server/flask/request_processing/req_logging.py:29}}
Jul 21 12:57:04.532535 dv-neutron-841459-21-hyperv devstack@keystone.service[80808]: DEBUG keystone.common.rbac_enforcer.enforcer [None req-0b53df1f-0a8b-4cdc-9ccb-e99af836decf None admin] RBAC: Authorizing `identity:create_user()` {{(pid=80808) enforce_call /opt/stack/keystone/keystone/common/rbac_enforcer/enforcer.py:449}}
Jul 21 12:57:04.534706 dv-neutron-841459-21-hyperv devstack@keystone.service[80808]: DEBUG keystone.common.rbac_enforcer.enforcer [None req-0b53df1f-0a8b-4cdc-9ccb-e99af836decf None admin] RBAC: Authorization granted {{(pid=80808) enforce_call /opt/stack/keystone/keystone/common/rbac_enforcer/enforcer.py:457}}
Jul 21 12:57:04.537017 dv-neutron-841459-21-hyperv devstack@keystone.service[80809]: DEBUG keystone.server.flask.request_processing.middleware.auth_context [None req-a7bc7666-ee42-4db0-87ed-903d137abb5d None None] Validating token access rules against request {{(pid=80809) validate_allowed_request /usr/local/lib/python3.8/dist-packages/keystonemiddleware/auth_token/__init__.py:545}}
Jul 21 12:57:04.575157 dv-neutron-841459-21-hyperv devstack@keystone.service[80809]: DEBUG keystone.server.flask.request_processing.middleware.auth_context [None req-6d9cb48d-af2f-4baa-947e-a09b1773c9ba None admin] RBAC: auth_context: {'token': , 'domain_id': None, 'trust_id': None, 'trustor_id': None, 'trustee_id': None, 'domain_name': None, 'group_ids': [], 'user_id': '72f52696c5664a01aeacc06ef8cb85de', 'user_domain_id': 'default', 'system_scope': 'all', 'project_id': None, 'project_domain_id': None, 'roles': ['admin', 'member', 'reader'], 'is_admin_project': True, 'service_user_id': None, 'service_user_domain_id': None, 'service_project_id': None, 'service_project_domain_id': None, 'service_roles': []} {{(pid=80809) fill_context /opt/stack/keystone/keystone/server/flask/request_processing/middleware/auth_context.py:478}}
Jul 21 12:57:04.576025 dv-neutron-841459-21-hyperv devstack@keystone.service[80809]: DEBUG keystone.server.flask.request_processing.req_logging [None req-6d9cb48d-af2f-4baa-947e-a09b1773c9ba None admin] REQUEST_METHOD: `GET` {{(pid=80809) log_request_info /opt/stack/keystone/keystone/server/flask/request_processing/req_logging.py:27}}
Jul 21 12:57:04.576338 dv-neutron-841459-21-hyperv devstack@keystone.service[80809]: DEBUG keystone.server.flask.request_processing.req_logging [None req-6d9cb48d-af2f-4baa-947e-a09b1773c9ba None admin] SCRIPT_NAME: `/identity` {{(pid=80809) log_request_info /opt/stack/keystone/keystone/server/flask/request_processing/req_logging.py:28}}
Jul 21 12:57:04.576615 dv-neutron-841459-21-hyperv devstack@keystone.service[80809]: DEBUG keystone.server.flask.request_processing.req_logging [None req-6d9cb48d-af2f-4baa-947e-a09b1773c9ba None admin] PATH_INFO: `/v3/users/741051b0a2c84c5bb04838727f445aae` {{(pid=80809) log_request_info /opt/stack/keystone/keystone/server/flask/request_processing/req_logging.py:29}}
Jul 21 12:57:04.591012 dv-neutron-841459-21-hyperv devstack@keystone.service[80809]: DEBUG keystone.common.rbac_enforcer.enforcer [None req-6d9cb48d-af2f-4baa-947e-a09b1773c9ba None admin] RBAC: Authorizing `identity:get_user(user_id=741051b0a2c84c5bb04838727f445aae)` {{(pid=80809) enforce_call /opt/stack/keystone/keystone/common/rbac_enforcer/enforcer.py:449}}
Jul 21 12:57:04.592134 dv-neutron-841459-21-hyperv devstack@keystone.service[80808]: DEBUG dbcounter [-] [80808] Writing DB stats keystone:SELECT=97,keystone:INSERT=3 {{(pid=80808) stat_writer /usr/local/lib/python3.8/dist-packages/dbcounter.py:114}}
Jul 21 12:57:04.593560 dv-neutron-841459-21-hyperv devstack@keystone.service[80809]: DEBUG keystone.common.rbac_enforcer.enforcer [None req-6d9cb48d-af2f-4baa-947e-a09b1773c9ba None admin] RBAC: Authorization granted {{(pid=80809) enforce_call /opt/stack/keystone/keystone/common/rbac_enforcer/enforcer.py:457}}
Jul 21 12:57:04.600480 dv-neutron-841459-21-hyperv devstack@keystone.service[80809]: [pid: 80809|app: 0|req: 125/243] 10.222.0.57 () {56 vars in 1177 bytes} [Thu Jul 21 12:57:04 2022] GET /identity/v3/users/741051b0a2c84c5bb04838727f445aae => generated 297 bytes in 187 msecs (HTTP/1.1 200) 5 headers in 177 bytes (1 switches on core 0)
Jul 21 12:57:04.600480 dv-neutron-841459-21-hyperv devstack@keystone.service[80809]: DEBUG keystone.server.flask.request_processing.req_logging [None req-cd3fe2dd-f6f9-4e40-9db5-b3aa66814b70 None None] REQUEST_METHOD: `POST` {{(pid=80809) log_request_info /opt/stack/keystone/keystone/server/flask/request_processing/req_logging.py:27}}
Jul 21 12:57:04.600480 dv-neutron-841459-21-hyperv devstack@keystone.service[80809]: DEBUG keystone.server.flask.request_processing.req_logging [None req-cd3fe2dd-f6f9-4e40-9db5-b3aa66814b70 None None] SCRIPT_NAME: `/identity` {{(pid=80809) log_request_info /opt/stack/keystone/keystone/server/flask/request_processing/req_logging.py:28}}
Jul 21 12:57:04.600480 dv-neutron-841459-21-hyperv devstack@keystone.service[80809]: DEBUG keystone.server.flask.request_processing.req_logging [None req-cd3fe2dd-f6f9-4e40-9db5-b3aa66814b70 None None] PATH_INFO: `/v3/auth/tokens` {{(pid=80809) log_request_info /opt/stack/keystone/keystone/server/flask/request_processing/req_logging.py:29}}
Jul 21 12:57:04.603938 dv-neutron-841459-21-hyperv devstack@keystone.service[80808]: [pid: 80808|app: 0|req: 119/244] 10.222.0.57 () {60 vars in 1132 bytes} [Thu Jul 21 12:57:04 2022] POST /identity/v3/users => generated 293 bytes in 236 msecs (HTTP/1.1 201) 5 headers in 182 bytes (2 switches on core 0)
Jul 21 12:57:04.605597 dv-neutron-841459-21-hyperv devstack@keystone.service[80808]: DEBUG keystone.server.flask.request_processing.middleware.auth_context [None req-0b53df1f-0a8b-4cdc-9ccb-e99af836decf None admin] Authenticating user token {{(pid=80808) process_request /usr/local/lib/python3.8/dist-packages/keystonemiddleware/auth_token/__init__.py:407}}
Jul 21 12:57:04.619226 dv-neutron-841459-21-hyperv devstack@keystone.service[80809]: DEBUG keystone.auth.core [None req-cd3fe2dd-f6f9-4e40-9db5-b3aa66814b70 None None] MFA Rules not processed for user `72f52696c5664a01aeacc06ef8cb85de`. Rule list: `[]` (Enabled: `True`). {{(pid=80809) check_auth_methods_against_rules /opt/stack/keystone/keystone/auth/core.py:438}}
Jul 21 12:57:04.620945 dv-neutron-841459-21-hyperv devstack@keystone.service[80809]: DEBUG keystone.common.fernet_utils [None req-cd3fe2dd-f6f9-4e40-9db5-b3aa66814b70 None None] Loaded 2 Fernet keys from /etc/keystone/fernet-keys/, but `[fernet_tokens] max_active_keys = 3`; perhaps there have not been enough key rotations to reach `max_active_keys` yet? {{(pid=80809) load_keys /opt/stack/keystone/keystone/common/fernet_utils.py:286}}
Jul 21 12:57:04.750505 dv-neutron-841459-21-hyperv devstack@keystone.service[80809]: [pid: 80809|app: 0|req: 126/245] 10.222.0.57 () {58 vars in 1023 bytes} [Thu Jul 21 12:57:04 2022] POST /identity/v3/auth/tokens => generated 799 bytes in 154 msecs (HTTP/1.1 201) 6 headers in 363 bytes (1 switches on core 0)
Jul 21 12:57:04.784637 dv-neutron-841459-21-hyperv devstack@keystone.service[80808]: DEBUG keystone.server.flask.request_processing.middleware.auth_context [None req-0b53df1f-0a8b-4cdc-9ccb-e99af836decf None admin] Validating token access rules against request {{(pid=80808) validate_allowed_request /usr/local/lib/python3.8/dist-packages/keystonemiddleware/auth_token/__init__.py:545}}
Jul 21 12:57:04.786311 dv-neutron-841459-21-hyperv devstack@keystone.service[80809]: DEBUG keystone.server.flask.request_processing.middleware.auth_context [None req-cd3fe2dd-f6f9-4e40-9db5-b3aa66814b70 None None] Authenticating user token {{(pid=80809) process_request /usr/local/lib/python3.8/dist-packages/keystonemiddleware/auth_token/__init__.py:407}}
Jul 21 12:57:04.818381 dv-neutron-841459-21-hyperv devstack@keystone.service[80809]: DEBUG dbcounter [-] [80809] Writing DB stats keystone:SELECT=100 {{(pid=80809) stat_writer /usr/local/lib/python3.8/dist-packages/dbcounter.py:114}}
Jul 21 12:57:04.839347 dv-neutron-841459-21-hyperv devstack@keystone.service[80808]: DEBUG keystone.server.flask.request_processing.middleware.auth_context [None req-1ac3232a-6626-4bc8-947f-8032d4cc3daf None admin] RBAC: auth_context: {'token': , 'domain_id': None, 'trust_id': None, 'trustor_id': None, 'trustee_id': None, 'domain_name': None, 'group_ids': [], 'user_id': '72f52696c5664a01aeacc06ef8cb85de', 'user_domain_id': 'default', 'system_scope': 'all', 'project_id': None, 'project_domain_id': None, 'roles': ['admin', 'member', 'reader'], 'is_admin_project': True, 'service_user_id': None, 'service_user_domain_id': None, 'service_project_id': None, 'service_project_domain_id': None, 'service_roles': []} {{(pid=80808) fill_context /opt/stack/keystone/keystone/server/flask/request_processing/middleware/auth_context.py:478}}
Jul 21 12:57:04.839347 dv-neutron-841459-21-hyperv devstack@keystone.service[80808]: DEBUG keystone.server.flask.request_processing.req_logging [None req-1ac3232a-6626-4bc8-947f-8032d4cc3daf None admin] REQUEST_METHOD: `GET` {{(pid=80808) log_request_info /opt/stack/keystone/keystone/server/flask/request_processing/req_logging.py:27}}
Jul 21 12:57:04.839347 dv-neutron-841459-21-hyperv devstack@keystone.service[80808]: DEBUG keystone.server.flask.request_processing.req_logging [None req-1ac3232a-6626-4bc8-947f-8032d4cc3daf None admin] SCRIPT_NAME: `/identity` {{(pid=80808) log_request_info /opt/stack/keystone/keystone/server/flask/request_processing/req_logging.py:28}}
Jul 21 12:57:04.839347 dv-neutron-841459-21-hyperv devstack@keystone.service[80808]: DEBUG keystone.server.flask.request_processing.req_logging [None req-1ac3232a-6626-4bc8-947f-8032d4cc3daf None admin] PATH_INFO: `/v3/auth/tokens` {{(pid=80808) log_request_info /opt/stack/keystone/keystone/server/flask/request_processing/req_logging.py:29}}
Jul 21 12:57:04.931034 dv-neutron-841459-21-hyperv devstack@keystone.service[80808]: DEBUG dbcounter [-] [80808] Writing DB stats keystone:SELECT=100 {{(pid=80808) stat_writer /usr/local/lib/python3.8/dist-packages/dbcounter.py:114}}
Jul 21 12:57:04.936718 dv-neutron-841459-21-hyperv devstack@keystone.service[80808]: DEBUG keystone.common.rbac_enforcer.enforcer [None req-1ac3232a-6626-4bc8-947f-8032d4cc3daf None admin] RBAC: Authorizing `identity:validate_token()` {{(pid=80808) enforce_call /opt/stack/keystone/keystone/common/rbac_enforcer/enforcer.py:449}}
Jul 21 12:57:04.943173 dv-neutron-841459-21-hyperv devstack@keystone.service[80808]: DEBUG keystone.common.rbac_enforcer.enforcer [None req-1ac3232a-6626-4bc8-947f-8032d4cc3daf None admin] RBAC: Authorization granted {{(pid=80808) enforce_call /opt/stack/keystone/keystone/common/rbac_enforcer/enforcer.py:457}}
Jul 21 12:57:04.946356 dv-neutron-841459-21-hyperv devstack@keystone.service[80809]: DEBUG keystone.server.flask.request_processing.middleware.auth_context [None req-cd3fe2dd-f6f9-4e40-9db5-b3aa66814b70 None None] Validating token access rules against request {{(pid=80809) validate_allowed_request /usr/local/lib/python3.8/dist-packages/keystonemiddleware/auth_token/__init__.py:545}}
Jul 21 12:57:04.994418 dv-neutron-841459-21-hyperv devstack@keystone.service[80809]: DEBUG keystone.server.flask.request_processing.middleware.auth_context [None req-7203373c-7501-4866-9701-260ab7be5be2 None admin] RBAC: auth_context: {'token': , 'domain_id': None, 'trust_id': None, 'trustor_id': None, 'trustee_id': None, 'domain_name': None, 'group_ids': [], 'user_id': '72f52696c5664a01aeacc06ef8cb85de', 'user_domain_id': 'default', 'system_scope': 'all', 'project_id': None, 'project_domain_id': None, 'roles': ['admin', 'member', 'reader'], 'is_admin_project': True, 'service_user_id': None, 'service_user_domain_id': None, 'service_project_id': None, 'service_project_domain_id': None, 'service_roles': []} {{(pid=80809) fill_context /opt/stack/keystone/keystone/server/flask/request_processing/middleware/auth_context.py:478}}
Jul 21 12:57:04.995251 dv-neutron-841459-21-hyperv devstack@keystone.service[80809]: DEBUG keystone.server.flask.request_processing.req_logging [None req-7203373c-7501-4866-9701-260ab7be5be2 None admin] REQUEST_METHOD: `GET` {{(pid=80809) log_request_info /opt/stack/keystone/keystone/server/flask/request_processing/req_logging.py:27}}
Jul 21 12:57:04.995528 dv-neutron-841459-21-hyperv devstack@keystone.service[80809]: DEBUG keystone.server.flask.request_processing.req_logging [None req-7203373c-7501-4866-9701-260ab7be5be2 None admin] SCRIPT_NAME: `/identity` {{(pid=80809) log_request_info /opt/stack/keystone/keystone/server/flask/request_processing/req_logging.py:28}}
Jul 21 12:57:04.995797 dv-neutron-841459-21-hyperv devstack@keystone.service[80809]: DEBUG keystone.server.flask.request_processing.req_logging [None req-7203373c-7501-4866-9701-260ab7be5be2 None admin] PATH_INFO: `/v3/roles/member` {{(pid=80809) log_request_info /opt/stack/keystone/keystone/server/flask/request_processing/req_logging.py:29}}
Jul 21 12:57:05.011956 dv-neutron-841459-21-hyperv devstack@keystone.service[80809]: DEBUG keystone.common.rbac_enforcer.enforcer [None req-7203373c-7501-4866-9701-260ab7be5be2 None admin] Extracting inferred target data resulted in "NOT FOUND (404)". {{(pid=80809) enforce_call /opt/stack/keystone/keystone/common/rbac_enforcer/enforcer.py:409}}
