Jul 19 22:41:40.667259 dv-neutron-841459-16-hyperv devstack@keystone.service[80556]: DEBUG keystone.server.flask.request_processing.middleware.auth_context [None req-96df715d-a5e3-4e31-ac94-c4b79d8b3f1f None None] Validating token access rules against request {{(pid=80556) validate_allowed_request /usr/local/lib/python3.8/dist-packages/keystonemiddleware/auth_token/__init__.py:545}}
Jul 19 22:41:40.668383 dv-neutron-841459-16-hyperv devstack@keystone.service[80555]: DEBUG dbcounter [-] [80555] Writing DB stats keystone:SELECT=100 {{(pid=80555) stat_writer /usr/local/lib/python3.8/dist-packages/dbcounter.py:114}}
Jul 19 22:41:40.689610 dv-neutron-841459-16-hyperv devstack@keystone.service[80555]: DEBUG keystone.server.flask.request_processing.middleware.auth_context [None req-0bb536ee-a4bd-4524-94aa-044d9f23a947 None admin] Validating token access rules against request {{(pid=80555) validate_allowed_request /usr/local/lib/python3.8/dist-packages/keystonemiddleware/auth_token/__init__.py:545}}
Jul 19 22:41:40.702185 dv-neutron-841459-16-hyperv devstack@keystone.service[80556]: DEBUG keystone.server.flask.request_processing.middleware.auth_context [None req-bb92b39b-1b69-476f-bbb8-32fafd481fd2 None admin] RBAC: auth_context: {'token': , 'domain_id': None, 'trust_id': None, 'trustor_id': None, 'trustee_id': None, 'domain_name': None, 'group_ids': [], 'user_id': '8de523c9d1934675914173f31ad08409', 'user_domain_id': 'default', 'system_scope': 'all', 'project_id': None, 'project_domain_id': None, 'roles': ['admin', 'member', 'reader'], 'is_admin_project': True, 'service_user_id': None, 'service_user_domain_id': None, 'service_project_id': None, 'service_project_domain_id': None, 'service_roles': []} {{(pid=80556) fill_context /opt/stack/keystone/keystone/server/flask/request_processing/middleware/auth_context.py:478}}
Jul 19 22:41:40.703006 dv-neutron-841459-16-hyperv devstack@keystone.service[80556]: DEBUG keystone.server.flask.request_processing.req_logging [None req-bb92b39b-1b69-476f-bbb8-32fafd481fd2 None admin] REQUEST_METHOD: `GET` {{(pid=80556) log_request_info /opt/stack/keystone/keystone/server/flask/request_processing/req_logging.py:27}}
Jul 19 22:41:40.703286 dv-neutron-841459-16-hyperv devstack@keystone.service[80556]: DEBUG keystone.server.flask.request_processing.req_logging [None req-bb92b39b-1b69-476f-bbb8-32fafd481fd2 None admin] SCRIPT_NAME: `/identity` {{(pid=80556) log_request_info /opt/stack/keystone/keystone/server/flask/request_processing/req_logging.py:28}}
Jul 19 22:41:40.703681 dv-neutron-841459-16-hyperv devstack@keystone.service[80556]: DEBUG keystone.server.flask.request_processing.req_logging [None req-bb92b39b-1b69-476f-bbb8-32fafd481fd2 None admin] PATH_INFO: `/v3/roles/anotherrole` {{(pid=80556) log_request_info /opt/stack/keystone/keystone/server/flask/request_processing/req_logging.py:29}}
Jul 19 22:41:40.713673 dv-neutron-841459-16-hyperv devstack@keystone.service[80556]: DEBUG keystone.common.rbac_enforcer.enforcer [None req-bb92b39b-1b69-476f-bbb8-32fafd481fd2 None admin] Extracting inferred target data resulted in "NOT FOUND (404)". {{(pid=80556) enforce_call /opt/stack/keystone/keystone/common/rbac_enforcer/enforcer.py:409}}
Jul 19 22:41:40.721465 dv-neutron-841459-16-hyperv devstack@keystone.service[80555]: DEBUG keystone.server.flask.request_processing.middleware.auth_context [None req-adac17db-80ac-45c9-98e1-e6325393aef4 None admin] RBAC: auth_context: {'token': , 'domain_id': None, 'trust_id': None, 'trustor_id': None, 'trustee_id': None, 'domain_name': None, 'group_ids': [], 'user_id': '8de523c9d1934675914173f31ad08409', 'user_domain_id': 'default', 'system_scope': 'all', 'project_id': None, 'project_domain_id': None, 'roles': ['admin', 'member', 'reader'], 'is_admin_project': True, 'service_user_id': None, 'service_user_domain_id': None, 'service_project_id': None, 'service_project_domain_id': None, 'service_roles': []} {{(pid=80555) fill_context /opt/stack/keystone/keystone/server/flask/request_processing/middleware/auth_context.py:478}}
Jul 19 22:41:40.721700 dv-neutron-841459-16-hyperv devstack@keystone.service[80556]: ERROR keystone.server.flask.application [None req-bb92b39b-1b69-476f-bbb8-32fafd481fd2 None admin] Could not find role: anotherrole.: keystone.exception.RoleNotFound: Could not find role: anotherrole.
Jul 19 22:41:40.721700 dv-neutron-841459-16-hyperv devstack@keystone.service[80556]: ERROR keystone.server.flask.application
Traceback (most recent call last):
Jul 19 22:41:40.721700 dv-neutron-841459-16-hyperv devstack@keystone.service[80556]: ERROR keystone.server.flask.application
File "/usr/local/lib/python3.8/dist-packages/flask/app.py", line 1523, in full_dispatch_request
Jul 19 22:41:40.721700 dv-neutron-841459-16-hyperv devstack@keystone.service[80556]: ERROR keystone.server.flask.application rv = self.dispatch_request()
Jul 19 22:41:40.721700 dv-neutron-841459-16-hyperv devstack@keystone.service[80556]: ERROR keystone.server.flask.application
File "/usr/local/lib/python3.8/dist-packages/flask/app.py", line 1509, in dispatch_request
Jul 19 22:41:40.721700 dv-neutron-841459-16-hyperv devstack@keystone.service[80556]: ERROR keystone.server.flask.application return self.ensure_sync(self.view_functions[rule.endpoint])(**req.view_args)
Jul 19 22:41:40.721700 dv-neutron-841459-16-hyperv devstack@keystone.service[80556]: ERROR keystone.server.flask.application
File "/usr/local/lib/python3.8/dist-packages/flask_restful/__init__.py", line 467, in wrapper
Jul 19 22:41:40.721700 dv-neutron-841459-16-hyperv devstack@keystone.service[80556]: ERROR keystone.server.flask.application resp = resource(*args, **kwargs)
Jul 19 22:41:40.721700 dv-neutron-841459-16-hyperv devstack@keystone.service[80556]: ERROR keystone.server.flask.application
File "/usr/local/lib/python3.8/dist-packages/flask/views.py", line 84, in view
Jul 19 22:41:40.721700 dv-neutron-841459-16-hyperv devstack@keystone.service[80556]: ERROR keystone.server.flask.application return current_app.ensure_sync(self.dispatch_request)(*args, **kwargs)
Jul 19 22:41:40.721700 dv-neutron-841459-16-hyperv devstack@keystone.service[80556]: ERROR keystone.server.flask.application
File "/usr/local/lib/python3.8/dist-packages/flask_restful/__init__.py", line 582, in dispatch_request
Jul 19 22:41:40.721700 dv-neutron-841459-16-hyperv devstack@keystone.service[80556]: ERROR keystone.server.flask.application resp = meth(*args, **kwargs)
Jul 19 22:41:40.721700 dv-neutron-841459-16-hyperv devstack@keystone.service[80556]: ERROR keystone.server.flask.application
File "/opt/stack/keystone/keystone/api/roles.py", line 50, in get
Jul 19 22:41:40.721700 dv-neutron-841459-16-hyperv devstack@keystone.service[80556]: ERROR keystone.server.flask.application return self._get_role(role_id)
Jul 19 22:41:40.721700 dv-neutron-841459-16-hyperv devstack@keystone.service[80556]: ERROR keystone.server.flask.application
File "/opt/stack/keystone/keystone/api/roles.py", line 70, in _get_role
Jul 19 22:41:40.721700 dv-neutron-841459-16-hyperv devstack@keystone.service[80556]: ERROR keystone.server.flask.application ENFORCER.enforce_call(action='identity:get_role')
Jul 19 22:41:40.722590 dv-neutron-841459-16-hyperv devstack@keystone.service[80556]: ERROR keystone.server.flask.application
File "/opt/stack/keystone/keystone/common/rbac_enforcer/enforcer.py", line 402, in enforce_call
Jul 19 22:41:40.722590 dv-neutron-841459-16-hyperv devstack@keystone.service[80556]: ERROR keystone.server.flask.application policy_dict.update(cls._extract_member_target_data(
Jul 19 22:41:40.722590 dv-neutron-841459-16-hyperv devstack@keystone.service[80556]: ERROR keystone.server.flask.application
File "/opt/stack/keystone/keystone/common/rbac_enforcer/enforcer.py", line 234, in _extract_member_target_data
Jul 19 22:41:40.722590 dv-neutron-841459-16-hyperv devstack@keystone.service[80556]: ERROR keystone.server.flask.application member_name: func(flask.request.view_args[key])
Jul 19 22:41:40.722590 dv-neutron-841459-16-hyperv devstack@keystone.service[80556]: ERROR keystone.server.flask.application
File "/opt/stack/keystone/keystone/common/manager.py", line 115, in wrapped
Jul 19 22:41:40.722590 dv-neutron-841459-16-hyperv devstack@keystone.service[80556]: ERROR keystone.server.flask.application __ret_val = __f(*args, **kwargs)
Jul 19 22:41:40.722590 dv-neutron-841459-16-hyperv devstack@keystone.service[80556]: ERROR keystone.server.flask.application
File "/usr/local/lib/python3.8/dist-packages/decorator.py", line 232, in fun
Jul 19 22:41:40.722590 dv-neutron-841459-16-hyperv devstack@keystone.service[80556]: ERROR keystone.server.flask.application return caller(func, *(extras + args), **kw)
Jul 19 22:41:40.722590 dv-neutron-841459-16-hyperv devstack@keystone.service[80556]: ERROR keystone.server.flask.application
File "/usr/local/lib/python3.8/dist-packages/dogpile/cache/region.py", line 1577, in get_or_create_for_user_func
Jul 19 22:41:40.722590 dv-neutron-841459-16-hyperv devstack@keystone.service[80556]: ERROR keystone.server.flask.application return self.get_or_create(
Jul 19 22:41:40.722590 dv-neutron-841459-16-hyperv devstack@keystone.service[80556]: ERROR keystone.server.flask.application
File "/usr/local/lib/python3.8/dist-packages/dogpile/cache/region.py", line 1042, in get_or_create
Jul 19 22:41:40.722590 dv-neutron-841459-16-hyperv devstack@keystone.service[80556]: ERROR keystone.server.flask.application with Lock(
Jul 19 22:41:40.722590 dv-neutron-841459-16-hyperv devstack@keystone.service[80556]: ERROR keystone.server.flask.application
File "/usr/local/lib/python3.8/dist-packages/dogpile/lock.py", line 185, in __enter__
Jul 19 22:41:40.722590 dv-neutron-841459-16-hyperv devstack@keystone.service[80556]: ERROR keystone.server.flask.application return self._enter()
Jul 19 22:41:40.722590 dv-neutron-841459-16-hyperv devstack@keystone.service[80556]: ERROR keystone.server.flask.application
File "/usr/local/lib/python3.8/dist-packages/dogpile/lock.py", line 94, in _enter
Jul 19 22:41:40.722590 dv-neutron-841459-16-hyperv devstack@keystone.service[80556]: ERROR keystone.server.flask.application generated = self._enter_create(value, createdtime)
Jul 19 22:41:40.723314 dv-neutron-841459-16-hyperv devstack@keystone.service[80556]: ERROR keystone.server.flask.application
File "/usr/local/lib/python3.8/dist-packages/dogpile/lock.py", line 178, in _enter_create
Jul 19 22:41:40.723314 dv-neutron-841459-16-hyperv devstack@keystone.service[80556]: ERROR keystone.server.flask.application return self.creator()
Jul 19 22:41:40.723314 dv-neutron-841459-16-hyperv devstack@keystone.service[80556]: ERROR keystone.server.flask.application
File "/usr/local/lib/python3.8/dist-packages/dogpile/cache/region.py", line 995, in gen_value
Jul 19 22:41:40.723314 dv-neutron-841459-16-hyperv devstack@keystone.service[80556]: ERROR keystone.server.flask.application created_value = creator(
Jul 19 22:41:40.723314 dv-neutron-841459-16-hyperv devstack@keystone.service[80556]: ERROR keystone.server.flask.application
File "/opt/stack/keystone/keystone/assignment/core.py", line 1276, in get_role
Jul 19 22:41:40.723314 dv-neutron-841459-16-hyperv devstack@keystone.service[80556]: ERROR keystone.server.flask.application return self.driver.get_role(role_id)
Jul 19 22:41:40.723314 dv-neutron-841459-16-hyperv devstack@keystone.service[80556]: ERROR keystone.server.flask.application
File "/opt/stack/keystone/keystone/assignment/role_backends/sql.py", line 70, in get_role
Jul 19 22:41:40.723314 dv-neutron-841459-16-hyperv devstack@keystone.service[80556]: ERROR keystone.server.flask.application return self._get_role(session, role_id).to_dict()
Jul 19 22:41:40.723314 dv-neutron-841459-16-hyperv devstack@keystone.service[80556]: ERROR keystone.server.flask.application
File "/opt/stack/keystone/keystone/assignment/role_backends/sql.py", line 65, in _get_role
Jul 19 22:41:40.723314 dv-neutron-841459-16-hyperv devstack@keystone.service[80556]: ERROR keystone.server.flask.application raise exception.RoleNotFound(role_id=role_id)
Jul 19 22:41:40.723314 dv-neutron-841459-16-hyperv devstack@keystone.service[80556]: ERROR keystone.server.flask.application keystone.exception.RoleNotFound: Could not find role: anotherrole.
Jul 19 22:41:40.723314 dv-neutron-841459-16-hyperv devstack@keystone.service[80556]: ERROR keystone.server.flask.application
Jul 19 22:41:40.723918 dv-neutron-841459-16-hyperv devstack@keystone.service[80555]: DEBUG keystone.server.flask.request_processing.req_logging [None req-adac17db-80ac-45c9-98e1-e6325393aef4 None admin] REQUEST_METHOD: `GET` {{(pid=80555) log_request_info /opt/stack/keystone/keystone/server/flask/request_processing/req_logging.py:27}}
Jul 19 22:41:40.723918 dv-neutron-841459-16-hyperv devstack@keystone.service[80555]: DEBUG keystone.server.flask.request_processing.req_logging [None req-adac17db-80ac-45c9-98e1-e6325393aef4 None admin] SCRIPT_NAME: `/identity` {{(pid=80555) log_request_info /opt/stack/keystone/keystone/server/flask/request_processing/req_logging.py:28}}
Jul 19 22:41:40.723918 dv-neutron-841459-16-hyperv devstack@keystone.service[80555]: DEBUG keystone.server.flask.request_processing.req_logging [None req-adac17db-80ac-45c9-98e1-e6325393aef4 None admin] PATH_INFO: `/v3/users/6d2f351b7d8b49d99457d337c42dade3` {{(pid=80555) log_request_info /opt/stack/keystone/keystone/server/flask/request_processing/req_logging.py:29}}
Jul 19 22:41:40.724087 dv-neutron-841459-16-hyperv devstack@keystone.service[80556]: [pid: 80556|app: 0|req: 40/80] 10.222.0.33 () {56 vars in 1114 bytes} [Tue Jul 19 22:41:40 2022] GET /identity/v3/roles/anotherrole => generated 89 bytes in 155 msecs (HTTP/1.1 404) 5 headers in 183 bytes (1 switches on core 0)
Jul 19 22:41:40.724147 dv-neutron-841459-16-hyperv devstack@keystone.service[80555]: DEBUG keystone.common.rbac_enforcer.enforcer [None req-adac17db-80ac-45c9-98e1-e6325393aef4 None admin] RBAC: Authorizing `identity:get_user(user_id=6d2f351b7d8b49d99457d337c42dade3)` {{(pid=80555) enforce_call /opt/stack/keystone/keystone/common/rbac_enforcer/enforcer.py:449}}
Jul 19 22:41:40.725181 dv-neutron-841459-16-hyperv devstack@keystone.service[80556]: DEBUG keystone.server.flask.request_processing.middleware.auth_context [None req-bb92b39b-1b69-476f-bbb8-32fafd481fd2 None admin] Authenticating user token {{(pid=80556) process_request /usr/local/lib/python3.8/dist-packages/keystonemiddleware/auth_token/__init__.py:407}}
Jul 19 22:41:40.725563 dv-neutron-841459-16-hyperv devstack@keystone.service[80555]: DEBUG keystone.common.rbac_enforcer.enforcer [None req-adac17db-80ac-45c9-98e1-e6325393aef4 None admin] RBAC: Authorization granted {{(pid=80555) enforce_call /opt/stack/keystone/keystone/common/rbac_enforcer/enforcer.py:457}}
Jul 19 22:41:40.727735 dv-neutron-841459-16-hyperv devstack@keystone.service[80555]: [pid: 80555|app: 0|req: 41/81] 10.222.0.33 () {56 vars in 1177 bytes} [Tue Jul 19 22:41:40 2022] GET /identity/v3/users/6d2f351b7d8b49d99457d337c42dade3 => generated 275 bytes in 155 msecs (HTTP/1.1 200) 5 headers in 177 bytes (1 switches on core 0)
Jul 19 22:41:40.728315 dv-neutron-841459-16-hyperv devstack@keystone.service[80555]: DEBUG keystone.server.flask.request_processing.middleware.auth_context [None req-adac17db-80ac-45c9-98e1-e6325393aef4 None admin] Authenticating user token {{(pid=80555) process_request /usr/local/lib/python3.8/dist-packages/keystonemiddleware/auth_token/__init__.py:407}}
Jul 19 22:41:40.830590 dv-neutron-841459-16-hyperv devstack@keystone.service[80555]: DEBUG keystone.server.flask.request_processing.middleware.auth_context [None req-adac17db-80ac-45c9-98e1-e6325393aef4 None admin] Validating token access rules against request {{(pid=80555) validate_allowed_request /usr/local/lib/python3.8/dist-packages/keystonemiddleware/auth_token/__init__.py:545}}
Jul 19 22:41:40.832059 dv-neutron-841459-16-hyperv devstack@keystone.service[80556]: DEBUG keystone.server.flask.request_processing.middleware.auth_context [None req-bb92b39b-1b69-476f-bbb8-32fafd481fd2 None admin] Validating token access rules against request {{(pid=80556) validate_allowed_request /usr/local/lib/python3.8/dist-packages/keystonemiddleware/auth_token/__init__.py:545}}
Jul 19 22:41:40.833575 dv-neutron-841459-16-hyperv devstack@keystone.service[80556]: DEBUG dbcounter [-] [80556] Writing DB stats keystone:SELECT=100 {{(pid=80556) stat_writer /usr/local/lib/python3.8/dist-packages/dbcounter.py:114}}
Jul 19 22:41:40.864774 dv-neutron-841459-16-hyperv devstack@keystone.service[80555]: DEBUG keystone.server.flask.request_processing.middleware.auth_context [None req-88a772e3-4c70-4ef8-bc4c-fbf8246b730a None admin] RBAC: auth_context: {'token': , 'domain_id': None, 'trust_id': None, 'trustor_id': None, 'trustee_id': None, 'domain_name': None, 'group_ids': [], 'user_id': '8de523c9d1934675914173f31ad08409', 'user_domain_id': 'default', 'system_scope': 'all', 'project_id': None, 'project_domain_id': None, 'roles': ['admin', 'member', 'reader'], 'is_admin_project': True, 'service_user_id': None, 'service_user_domain_id': None, 'service_project_id': None, 'service_project_domain_id': None, 'service_roles': []} {{(pid=80555) fill_context /opt/stack/keystone/keystone/server/flask/request_processing/middleware/auth_context.py:478}}
Jul 19 22:41:40.865425 dv-neutron-841459-16-hyperv devstack@keystone.service[80555]: DEBUG keystone.server.flask.request_processing.req_logging [None req-88a772e3-4c70-4ef8-bc4c-fbf8246b730a None admin] REQUEST_METHOD: `GET` {{(pid=80555) log_request_info /opt/stack/keystone/keystone/server/flask/request_processing/req_logging.py:27}}
Jul 19 22:41:40.865699 dv-neutron-841459-16-hyperv devstack@keystone.service[80555]: DEBUG keystone.server.flask.request_processing.req_logging [None req-88a772e3-4c70-4ef8-bc4c-fbf8246b730a None admin] SCRIPT_NAME: `/identity` {{(pid=80555) log_request_info /opt/stack/keystone/keystone/server/flask/request_processing/req_logging.py:28}}
Jul 19 22:41:40.865971 dv-neutron-841459-16-hyperv devstack@keystone.service[80555]: DEBUG keystone.server.flask.request_processing.req_logging [None req-88a772e3-4c70-4ef8-bc4c-fbf8246b730a None admin] PATH_INFO: `/v3/auth/tokens` {{(pid=80555) log_request_info /opt/stack/keystone/keystone/server/flask/request_processing/req_logging.py:29}}
Jul 19 22:41:40.866422 dv-neutron-841459-16-hyperv devstack@keystone.service[80556]: DEBUG keystone.server.flask.request_processing.middleware.auth_context [None req-d152c9f2-4b20-4c86-b467-f47b8d7d1cde None admin] RBAC: auth_context: {'token': , 'domain_id': None, 'trust_id': None, 'trustor_id': None, 'trustee_id': None, 'domain_name': None, 'group_ids': [], 'user_id': '8de523c9d1934675914173f31ad08409', 'user_domain_id': 'default', 'system_scope': 'all', 'project_id': None, 'project_domain_id': None, 'roles': ['admin', 'member', 'reader'], 'is_admin_project': True, 'service_user_id': None, 'service_user_domain_id': None, 'service_project_id': None, 'service_project_domain_id': None, 'service_roles': []} {{(pid=80556) fill_context /opt/stack/keystone/keystone/server/flask/request_processing/middleware/auth_context.py:478}}
Jul 19 22:41:40.867073 dv-neutron-841459-16-hyperv devstack@keystone.service[80556]: DEBUG keystone.server.flask.request_processing.req_logging [None req-d152c9f2-4b20-4c86-b467-f47b8d7d1cde None admin] REQUEST_METHOD: `GET` {{(pid=80556) log_request_info /opt/stack/keystone/keystone/server/flask/request_processing/req_logging.py:27}}
Jul 19 22:41:40.867421 dv-neutron-841459-16-hyperv devstack@keystone.service[80556]: DEBUG keystone.server.flask.request_processing.req_logging [None req-d152c9f2-4b20-4c86-b467-f47b8d7d1cde None admin] SCRIPT_NAME: `/identity` {{(pid=80556) log_request_info /opt/stack/keystone/keystone/server/flask/request_processing/req_logging.py:28}}
Jul 19 22:41:40.867723 dv-neutron-841459-16-hyperv devstack@keystone.service[80556]: DEBUG keystone.server.flask.request_processing.req_logging [None req-d152c9f2-4b20-4c86-b467-f47b8d7d1cde None admin] PATH_INFO: `/v3/auth/tokens` {{(pid=80556) log_request_info /opt/stack/keystone/keystone/server/flask/request_processing/req_logging.py:29}}
Jul 19 22:41:40.881637 dv-neutron-841459-16-hyperv devstack@keystone.service[80555]: DEBUG dbcounter [-] [80555] Writing DB stats keystone:SELECT=100 {{(pid=80555) stat_writer /usr/local/lib/python3.8/dist-packages/dbcounter.py:114}}
Jul 19 22:41:40.933637 dv-neutron-841459-16-hyperv devstack@keystone.service[80555]: DEBUG keystone.common.rbac_enforcer.enforcer [None req-88a772e3-4c70-4ef8-bc4c-fbf8246b730a None admin] RBAC: Authorizing `identity:validate_token()` {{(pid=80555) enforce_call /opt/stack/keystone/keystone/common/rbac_enforcer/enforcer.py:449}}
Jul 19 22:41:40.934785 dv-neutron-841459-16-hyperv devstack@keystone.service[80556]: DEBUG keystone.common.rbac_enforcer.enforcer [None req-d152c9f2-4b20-4c86-b467-f47b8d7d1cde None admin] RBAC: Authorizing `identity:validate_token()` {{(pid=80556) enforce_call /opt/stack/keystone/keystone/common/rbac_enforcer/enforcer.py:449}}
Jul 19 22:41:40.935285 dv-neutron-841459-16-hyperv devstack@keystone.service[80555]: DEBUG keystone.common.rbac_enforcer.enforcer [None req-88a772e3-4c70-4ef8-bc4c-fbf8246b730a None admin] RBAC: Authorization granted {{(pid=80555) enforce_call /opt/stack/keystone/keystone/common/rbac_enforcer/enforcer.py:457}}
Jul 19 22:41:40.936300 dv-neutron-841459-16-hyperv devstack@keystone.service[80556]: DEBUG keystone.common.rbac_enforcer.enforcer [None req-d152c9f2-4b20-4c86-b467-f47b8d7d1cde None admin] RBAC: Authorization granted {{(pid=80556) enforce_call /opt/stack/keystone/keystone/common/rbac_enforcer/enforcer.py:457}}
Jul 19 22:41:41.030650 dv-neutron-841459-16-hyperv devstack@keystone.service[80555]: [pid: 80555|app: 0|req: 42/82] 10.222.0.33 () {58 vars in 1282 bytes} [Tue Jul 19 22:41:40 2022] GET /identity/v3/auth/tokens => generated 799 bytes in 303 msecs (HTTP/1.1 200) 6 headers in 358 bytes (1 switches on core 0)
Jul 19 22:41:41.035686 dv-neutron-841459-16-hyperv devstack@keystone.service[80556]: [pid: 80556|app: 0|req: 41/83] 10.222.0.33 () {58 vars in 1282 bytes} [Tue Jul 19 22:41:40 2022] GET /identity/v3/auth/tokens => generated 799 bytes in 308 msecs (HTTP/1.1 200) 6 headers in 358 bytes (1 switches on core 0)
Jul 19 22:41:41.035813 dv-neutron-841459-16-hyperv devstack@keystone.service[80555]: DEBUG keystone.server.flask.request_processing.middleware.auth_context [None req-88a772e3-4c70-4ef8-bc4c-fbf8246b730a None admin] Authenticating user token {{(pid=80555) process_request /usr/local/lib/python3.8/dist-packages/keystonemiddleware/auth_token/__init__.py:407}}
Jul 19 22:41:41.035885 dv-neutron-841459-16-hyperv devstack@keystone.service[80556]: DEBUG keystone.server.flask.request_processing.middleware.auth_context [None req-d152c9f2-4b20-4c86-b467-f47b8d7d1cde None admin] Authenticating user token {{(pid=80556) process_request /usr/local/lib/python3.8/dist-packages/keystonemiddleware/auth_token/__init__.py:407}}
Jul 19 22:41:41.036314 dv-neutron-841459-16-hyperv devstack@keystone.service[80556]: DEBUG dbcounter [-] [80556] Writing DB stats keystone:SELECT=100 {{(pid=80556) stat_writer /usr/local/lib/python3.8/dist-packages/dbcounter.py:114}}
Jul 19 22:41:41.078129 dv-neutron-841459-16-hyperv devstack@keystone.service[80555]: DEBUG dbcounter [-] [80555] Writing DB stats keystone:SELECT=100 {{(pid=80555) stat_writer /usr/local/lib/python3.8/dist-packages/dbcounter.py:114}}
Jul 19 22:41:41.128713 dv-neutron-841459-16-hyperv devstack@keystone.service[80556]: DEBUG keystone.server.flask.request_processing.middleware.auth_context [None req-d152c9f2-4b20-4c86-b467-f47b8d7d1cde None admin] Validating token access rules against request {{(pid=80556) validate_allowed_request /usr/local/lib/python3.8/dist-packages/keystonemiddleware/auth_token/__init__.py:545}}
Jul 19 22:41:41.131794 dv-neutron-841459-16-hyperv devstack@keystone.service[80555]: DEBUG keystone.server.flask.request_processing.middleware.auth_context [None req-88a772e3-4c70-4ef8-bc4c-fbf8246b730a None admin] Validating token access rules against request {{(pid=80555) validate_allowed_request /usr/local/lib/python3.8/dist-packages/keystonemiddleware/auth_token/__init__.py:545}}
Jul 19 22:41:41.162118 dv-neutron-841459-16-hyperv devstack@keystone.service[80556]: DEBUG keystone.server.flask.request_processing.middleware.auth_context [None req-c4700c9e-1e0e-443a-9ea0-0406bd7d5b81 None admin] RBAC: auth_context: {'token': , 'domain_id': None, 'trust_id': None, 'trustor_id': None, 'trustee_id': None, 'domain_name': None, 'group_ids': [], 'user_id': '8de523c9d1934675914173f31ad08409', 'user_domain_id': 'default', 'system_scope': 'all', 'project_id': None, 'project_domain_id': None, 'roles': ['admin', 'member', 'reader'], 'is_admin_project': True, 'service_user_id': None, 'service_user_domain_id': None, 'service_project_id': None, 'service_project_domain_id': None, 'service_roles': []} {{(pid=80556) fill_context /opt/stack/keystone/keystone/server/flask/request_processing/middleware/auth_context.py:478}}
Jul 19 22:41:41.162786 dv-neutron-841459-16-hyperv devstack@keystone.service[80556]: DEBUG keystone.server.flask.request_processing.req_logging [None req-c4700c9e-1e0e-443a-9ea0-0406bd7d5b81 None admin] REQUEST_METHOD: `GET` {{(pid=80556) log_request_info /opt/stack/keystone/keystone/server/flask/request_processing/req_logging.py:27}}
Jul 19 22:41:41.163072 dv-neutron-841459-16-hyperv devstack@keystone.service[80556]: DEBUG keystone.server.flask.request_processing.req_logging [None req-c4700c9e-1e0e-443a-9ea0-0406bd7d5b81 None admin] SCRIPT_NAME: `/identity` {{(pid=80556) log_request_info /opt/stack/keystone/keystone/server/flask/request_processing/req_logging.py:28}}
Jul 19 22:41:41.163353 dv-neutron-841459-16-hyperv devstack@keystone.service[80556]: DEBUG keystone.server.flask.request_processing.req_logging [None req-c4700c9e-1e0e-443a-9ea0-0406bd7d5b81 None admin] PATH_INFO: `/v3/roles` {{(pid=80556) log_request_info /opt/stack/keystone/keystone/server/flask/request_processing/req_logging.py:29}}
Jul 19 22:41:41.164154 dv-neutron-841459-16-hyperv devstack@keystone.service[80556]: DEBUG keystone.common.rbac_enforcer.enforcer [None req-c4700c9e-1e0e-443a-9ea0-0406bd7d5b81 None admin] RBAC: Adding query filter params (name=anotherrole) {{(pid=80556) _extract_filter_values /opt/stack/keystone/keystone/common/rbac_enforcer/enforcer.py:167}}
Jul 19 22:41:41.164462 dv-neutron-841459-16-hyperv devstack@keystone.service[80556]: DEBUG keystone.common.rbac_enforcer.enforcer [None req-c4700c9e-1e0e-443a-9ea0-0406bd7d5b81 None admin] RBAC: Authorizing `identity:list_roles()` {{(pid=80556) enforce_call /opt/stack/keystone/keystone/common/rbac_enforcer/enforcer.py:449}}
Jul 19 22:41:41.165867 dv-neutron-841459-16-hyperv devstack@keystone.service[80556]: DEBUG keystone.common.rbac_enforcer.enforcer [None req-c4700c9e-1e0e-443a-9ea0-0406bd7d5b81 None admin] RBAC: Authorization granted {{(pid=80556) enforce_call /opt/stack/keystone/keystone/common/rbac_enforcer/enforcer.py:457}}
Jul 19 22:41:41.167485 dv-neutron-841459-16-hyperv devstack@keystone.service[80555]: DEBUG keystone.server.flask.request_processing.middleware.auth_context [None req-6b532f82-bee9-4a3e-85c3-b560819463a5 None admin] RBAC: auth_context: {'token': , 'domain_id': None, 'trust_id': None, 'trustor_id': None, 'trustee_id': None, 'domain_name': None, 'group_ids': [], 'user_id': '8de523c9d1934675914173f31ad08409', 'user_domain_id': 'default', 'system_scope': 'all', 'project_id': None, 'project_domain_id': None, 'roles': ['admin', 'member', 'reader'], 'is_admin_project': True, 'service_user_id': None, 'service_user_domain_id': None, 'service_project_id': None, 'service_project_domain_id': None, 'service_roles': []} {{(pid=80555) fill_context /opt/stack/keystone/keystone/server/flask/request_processing/middleware/auth_context.py:478}}
Jul 19 22:41:41.168292 dv-neutron-841459-16-hyperv devstack@keystone.service[80555]: DEBUG keystone.server.flask.request_processing.req_logging [None req-6b532f82-bee9-4a3e-85c3-b560819463a5 None admin] REQUEST_METHOD: `GET` {{(pid=80555) log_request_info /opt/stack/keystone/keystone/server/flask/request_processing/req_logging.py:27}}
Jul 19 22:41:41.168571 dv-neutron-841459-16-hyperv devstack@keystone.service[80555]: DEBUG keystone.server.flask.request_processing.req_logging [None req-6b532f82-bee9-4a3e-85c3-b560819463a5 None admin] SCRIPT_NAME: `/identity` {{(pid=80555) log_request_info /opt/stack/keystone/keystone/server/flask/request_processing/req_logging.py:28}}
Jul 19 22:41:41.168826 dv-neutron-841459-16-hyperv devstack@keystone.service[80555]: DEBUG keystone.server.flask.request_processing.req_logging [None req-6b532f82-bee9-4a3e-85c3-b560819463a5 None admin] PATH_INFO: `/v3/domains/default` {{(pid=80555) log_request_info /opt/stack/keystone/keystone/server/flask/request_processing/req_logging.py:29}}
Jul 19 22:41:41.170022 dv-neutron-841459-16-hyperv devstack@keystone.service[80555]: DEBUG keystone.common.rbac_enforcer.enforcer [None req-6b532f82-bee9-4a3e-85c3-b560819463a5 None admin] RBAC: Authorizing `identity:get_domain(domain_id=default)` {{(pid=80555) enforce_call /opt/stack/keystone/keystone/common/rbac_enforcer/enforcer.py:449}}
Jul 19 22:41:41.171508 dv-neutron-841459-16-hyperv devstack@keystone.service[80555]: DEBUG keystone.common.rbac_enforcer.enforcer [None req-6b532f82-bee9-4a3e-85c3-b560819463a5 None admin] RBAC: Authorization granted {{(pid=80555) enforce_call /opt/stack/keystone/keystone/common/rbac_enforcer/enforcer.py:457}}
Jul 19 22:41:41.173138 dv-neutron-841459-16-hyperv devstack@keystone.service[80555]: [pid: 80555|app: 0|req: 43/84] 10.222.0.33 () {56 vars in 1108 bytes} [Tue Jul 19 22:41:41 2022] GET /identity/v3/domains/default => generated 199 bytes in 142 msecs (HTTP/1.1 200) 5 headers in 177 bytes (1 switches on core 0)
Jul 19 22:41:41.178081 dv-neutron-841459-16-hyperv devstack@keystone.service[80556]: [pid: 80556|app: 0|req: 42/85] 10.222.0.33 () {56 vars in 1111 bytes} [Tue Jul 19 22:41:41 2022] GET /identity/v3/roles?name=anotherrole => generated 334 bytes in 142 msecs (HTTP/1.1 200) 5 headers in 177 bytes (1 switches on core 0)
Jul 19 22:41:41.178255 dv-neutron-841459-16-hyperv devstack@keystone.service[80555]: DEBUG keystone.server.flask.request_processing.middleware.auth_context [None req-6b532f82-bee9-4a3e-85c3-b560819463a5 None admin] Authenticating user token {{(pid=80555) process_request /usr/local/lib/python3.8/dist-packages/keystonemiddleware/auth_token/__init__.py:407}}
Jul 19 22:41:41.178351 dv-neutron-841459-16-hyperv devstack@keystone.service[80556]: DEBUG keystone.server.flask.request_processing.middleware.auth_context [None req-c4700c9e-1e0e-443a-9ea0-0406bd7d5b81 None admin] Authenticating user token {{(pid=80556) process_request /usr/local/lib/python3.8/dist-packages/keystonemiddleware/auth_token/__init__.py:407}}
Jul 19 22:41:41.235306 dv-neutron-841459-16-hyperv devstack@keystone.service[80556]: DEBUG dbcounter [-] [80556] Writing DB stats keystone:SELECT=100 {{(pid=80556) stat_writer /usr/local/lib/python3.8/dist-packages/dbcounter.py:114}}
Jul 19 22:41:41.273912 dv-neutron-841459-16-hyperv devstack@keystone.service[80556]: DEBUG keystone.server.flask.request_processing.middleware.auth_context [None req-c4700c9e-1e0e-443a-9ea0-0406bd7d5b81 None admin] Validating token access rules against request {{(pid=80556) validate_allowed_request /usr/local/lib/python3.8/dist-packages/keystonemiddleware/auth_token/__init__.py:545}}
Jul 19 22:41:41.277023 dv-neutron-841459-16-hyperv devstack@keystone.service[80555]: DEBUG keystone.server.flask.request_processing.middleware.auth_context [None req-6b532f82-bee9-4a3e-85c3-b560819463a5 None admin] Validating token access rules against request {{(pid=80555) validate_allowed_request /usr/local/lib/python3.8/dist-packages/keystonemiddleware/auth_token/__init__.py:545}}
Jul 19 22:41:41.291116 dv-neutron-841459-16-hyperv devstack@keystone.service[80555]: DEBUG dbcounter [-] [80555] Writing DB stats keystone:SELECT=100 {{(pid=80555) stat_writer /usr/local/lib/python3.8/dist-packages/dbcounter.py:114}}
Jul 19 22:41:41.306986 dv-neutron-841459-16-hyperv devstack@keystone.service[80556]: DEBUG keystone.server.flask.request_processing.middleware.auth_context [None req-ff4df5e2-e590-4467-9763-b3a493214404 None admin] RBAC: auth_context: {'token': , 'domain_id': None, 'trust_id': None, 'trustor_id': None, 'trustee_id': None, 'domain_name': None, 'group_ids': [], 'user_id': '8de523c9d1934675914173f31ad08409', 'user_domain_id': 'default', 'system_scope': 'all', 'project_id': None, 'project_domain_id': None, 'roles': ['admin', 'member', 'reader'], 'is_admin_project': True, 'service_user_id': None, 'service_user_domain_id': None, 'service_project_id': None, 'service_project_domain_id': None, 'service_roles': []} {{(pid=80556) fill_context /opt/stack/keystone/keystone/server/flask/request_processing/middleware/auth_context.py:478}}
Jul 19 22:41:41.307884 dv-neutron-841459-16-hyperv devstack@keystone.service[80556]: DEBUG keystone.server.flask.request_processing.req_logging [None req-ff4df5e2-e590-4467-9763-b3a493214404 None admin] REQUEST_METHOD: `GET` {{(pid=80556) log_request_info /opt/stack/keystone/keystone/server/flask/request_processing/req_logging.py:27}}
Jul 19 22:41:41.308170 dv-neutron-841459-16-hyperv devstack@keystone.service[80556]: DEBUG keystone.server.flask.request_processing.req_logging [None req-ff4df5e2-e590-4467-9763-b3a493214404 None admin] SCRIPT_NAME: `/identity` {{(pid=80556) log_request_info /opt/stack/keystone/keystone/server/flask/request_processing/req_logging.py:28}}
Jul 19 22:41:41.308451 dv-neutron-841459-16-hyperv devstack@keystone.service[80556]: DEBUG keystone.server.flask.request_processing.req_logging [None req-ff4df5e2-e590-4467-9763-b3a493214404 None admin] PATH_INFO: `/v3/projects/df10dbedf33f41d294b92c876009af50` {{(pid=80556) log_request_info /opt/stack/keystone/keystone/server/flask/request_processing/req_logging.py:29}}
Jul 19 22:41:41.309642 dv-neutron-841459-16-hyperv devstack@keystone.service[80556]: DEBUG keystone.common.rbac_enforcer.enforcer [None req-ff4df5e2-e590-4467-9763-b3a493214404 None admin] RBAC: Authorizing `identity:get_project(project_id=df10dbedf33f41d294b92c876009af50)` {{(pid=80556) enforce_call /opt/stack/keystone/keystone/common/rbac_enforcer/enforcer.py:449}}
Jul 19 22:41:41.311087 dv-neutron-841459-16-hyperv devstack@keystone.service[80556]: DEBUG keystone.common.rbac_enforcer.enforcer [None req-ff4df5e2-e590-4467-9763-b3a493214404 None admin] RBAC: Authorization granted {{(pid=80556) enforce_call /opt/stack/keystone/keystone/common/rbac_enforcer/enforcer.py:457}}
Jul 19 22:41:41.311369 dv-neutron-841459-16-hyperv devstack@keystone.service[80555]: DEBUG keystone.server.flask.request_processing.middleware.auth_context [None req-233968b6-222d-432e-8f00-19397c36dcc0 None admin] RBAC: auth_context: {'token': , 'domain_id': None, 'trust_id': None, 'trustor_id': None, 'trustee_id': None, 'domain_name': None, 'group_ids': [], 'user_id': '8de523c9d1934675914173f31ad08409', 'user_domain_id': 'default', 'system_scope': 'all', 'project_id': None, 'project_domain_id': None, 'roles': ['admin', 'member', 'reader'], 'is_admin_project': True, 'service_user_id': None, 'service_user_domain_id': None, 'service_project_id': None, 'service_project_domain_id': None, 'service_roles': []} {{(pid=80555) fill_context /opt/stack/keystone/keystone/server/flask/request_processing/middleware/auth_context.py:478}}
Jul 19 22:41:41.312051 dv-neutron-841459-16-hyperv devstack@keystone.service[80555]: DEBUG keystone.server.flask.request_processing.req_logging [None req-233968b6-222d-432e-8f00-19397c36dcc0 None admin] REQUEST_METHOD: `GET` {{(pid=80555) log_request_info /opt/stack/keystone/keystone/server/flask/request_processing/req_logging.py:27}}
Jul 19 22:41:41.312337 dv-neutron-841459-16-hyperv devstack@keystone.service[80555]: DEBUG keystone.server.flask.request_processing.req_logging [None req-233968b6-222d-432e-8f00-19397c36dcc0 None admin] SCRIPT_NAME: `/identity` {{(pid=80555) log_request_info /opt/stack/keystone/keystone/server/flask/request_processing/req_logging.py:28}}
Jul 19 22:41:41.312636 dv-neutron-841459-16-hyperv devstack@keystone.service[80555]: DEBUG keystone.server.flask.request_processing.req_logging [None req-233968b6-222d-432e-8f00-19397c36dcc0 None admin] PATH_INFO: `/v3/auth/tokens` {{(pid=80555) log_request_info /opt/stack/keystone/keystone/server/flask/request_processing/req_logging.py:29}}
Jul 19 22:41:41.313200 dv-neutron-841459-16-hyperv devstack@keystone.service[80556]: [pid: 80556|app: 0|req: 43/86] 10.222.0.33 () {56 vars in 1186 bytes} [Tue Jul 19 22:41:41 2022] GET /identity/v3/projects/df10dbedf33f41d294b92c876009af50 => generated 298 bytes in 139 msecs (HTTP/1.1 200) 5 headers in 177 bytes (1 switches on core 0)
Jul 19 22:41:41.314282 dv-neutron-841459-16-hyperv devstack@keystone.service[80556]: DEBUG keystone.server.flask.request_processing.middleware.auth_context [None req-ff4df5e2-e590-4467-9763-b3a493214404 None admin] Authenticating user token {{(pid=80556) process_request /usr/local/lib/python3.8/dist-packages/keystonemiddleware/auth_token/__init__.py:407}}
Jul 19 22:41:41.381235 dv-neutron-841459-16-hyperv devstack@keystone.service[80555]: DEBUG keystone.common.rbac_enforcer.enforcer [None req-233968b6-222d-432e-8f00-19397c36dcc0 None admin] RBAC: Authorizing `identity:validate_token()` {{(pid=80555) enforce_call /opt/stack/keystone/keystone/common/rbac_enforcer/enforcer.py:449}}
Jul 19 22:41:41.382726 dv-neutron-841459-16-hyperv devstack@keystone.service[80555]: DEBUG keystone.common.rbac_enforcer.enforcer [None req-233968b6-222d-432e-8f00-19397c36dcc0 None admin] RBAC: Authorization granted {{(pid=80555) enforce_call /opt/stack/keystone/keystone/common/rbac_enforcer/enforcer.py:457}}
Jul 19 22:41:41.412159 dv-neutron-841459-16-hyperv devstack@keystone.service[80556]: DEBUG keystone.server.flask.request_processing.middleware.auth_context [None req-ff4df5e2-e590-4467-9763-b3a493214404 None admin] Validating token access rules against request {{(pid=80556) validate_allowed_request /usr/local/lib/python3.8/dist-packages/keystonemiddleware/auth_token/__init__.py:545}}
Jul 19 22:41:41.441302 dv-neutron-841459-16-hyperv devstack@keystone.service[80556]: DEBUG dbcounter [-] [80556] Writing DB stats keystone:SELECT=100 {{(pid=80556) stat_writer /usr/local/lib/python3.8/dist-packages/dbcounter.py:114}}
Jul 19 22:41:41.447426 dv-neutron-841459-16-hyperv devstack@keystone.service[80556]: DEBUG keystone.server.flask.request_processing.middleware.auth_context [None req-ef59d4c2-754d-4ece-a15b-3cef543dea59 None admin] RBAC: auth_context: {'token': , 'domain_id': None, 'trust_id': None, 'trustor_id': None, 'trustee_id': None, 'domain_name': None, 'group_ids': [], 'user_id': '8de523c9d1934675914173f31ad08409', 'user_domain_id': 'default', 'system_scope': 'all', 'project_id': None, 'project_domain_id': None, 'roles': ['admin', 'member', 'reader'], 'is_admin_project': True, 'service_user_id': None, 'service_user_domain_id': None, 'service_project_id': None, 'service_project_domain_id': None, 'service_roles': []} {{(pid=80556) fill_context /opt/stack/keystone/keystone/server/flask/request_processing/middleware/auth_context.py:478}}
Jul 19 22:41:41.448301 dv-neutron-841459-16-hyperv devstack@keystone.service[80556]: DEBUG keystone.server.flask.request_processing.req_logging [None req-ef59d4c2-754d-4ece-a15b-3cef543dea59 None admin] REQUEST_METHOD: `GET` {{(pid=80556) log_request_info /opt/stack/keystone/keystone/server/flask/request_processing/req_logging.py:27}}
Jul 19 22:41:41.448590 dv-neutron-841459-16-hyperv devstack@keystone.service[80556]: DEBUG keystone.server.flask.request_processing.req_logging [None req-ef59d4c2-754d-4ece-a15b-3cef543dea59 None admin] SCRIPT_NAME: `/identity` {{(pid=80556) log_request_info /opt/stack/keystone/keystone/server/flask/request_processing/req_logging.py:28}}
Jul 19 22:41:41.448871 dv-neutron-841459-16-hyperv devstack@keystone.service[80556]: DEBUG keystone.server.flask.request_processing.req_logging [None req-ef59d4c2-754d-4ece-a15b-3cef543dea59 None admin] PATH_INFO: `/v3/projects/df10dbedf33f41d294b92c876009af50` {{(pid=80556) log_request_info /opt/stack/keystone/keystone/server/flask/request_processing/req_logging.py:29}}
Jul 19 22:41:41.450085 dv-neutron-841459-16-hyperv devstack@keystone.service[80556]: DEBUG keystone.common.rbac_enforcer.enforcer [None req-ef59d4c2-754d-4ece-a15b-3cef543dea59 None admin] RBAC: Authorizing `identity:get_project(project_id=df10dbedf33f41d294b92c876009af50)` {{(pid=80556) enforce_call /opt/stack/keystone/keystone/common/rbac_enforcer/enforcer.py:449}}
Jul 19 22:41:41.451578 dv-neutron-841459-16-hyperv devstack@keystone.service[80556]: DEBUG keystone.common.rbac_enforcer.enforcer [None req-ef59d4c2-754d-4ece-a15b-3cef543dea59 None admin] RBAC: Authorization granted {{(pid=80556) enforce_call /opt/stack/keystone/keystone/common/rbac_enforcer/enforcer.py:457}}
Jul 19 22:41:41.453637 dv-neutron-841459-16-hyperv devstack@keystone.service[80556]: [pid: 80556|app: 0|req: 44/87] 10.222.0.33 () {56 vars in 1186 bytes} [Tue Jul 19 22:41:41 2022] GET /identity/v3/projects/df10dbedf33f41d294b92c876009af50 => generated 298 bytes in 140 msecs (HTTP/1.1 200) 5 headers in 177 bytes (1 switches on core 0)
Jul 19 22:41:41.454394 dv-neutron-841459-16-hyperv devstack@keystone.service[80556]: DEBUG keystone.server.flask.request_processing.middleware.auth_context [None req-ef59d4c2-754d-4ece-a15b-3cef543dea59 None admin] Authenticating user token {{(pid=80556) process_request /usr/local/lib/python3.8/dist-packages/keystonemiddleware/auth_token/__init__.py:407}}
Jul 19 22:41:41.480324 dv-neutron-841459-16-hyperv devstack@keystone.service[80555]: [pid: 80555|app: 0|req: 44/88] 10.222.0.33 () {58 vars in 1282 bytes} [Tue Jul 19 22:41:41 2022] GET /identity/v3/auth/tokens => generated 799 bytes in 307 msecs (HTTP/1.1 200) 6 headers in 358 bytes (1 switches on core 0)
Jul 19 22:41:41.481139 dv-neutron-841459-16-hyperv devstack@keystone.service[80555]: DEBUG keystone.server.flask.request_processing.middleware.auth_context [None req-233968b6-222d-432e-8f00-19397c36dcc0 None admin] Authenticating user token {{(pid=80555) process_request /usr/local/lib/python3.8/dist-packages/keystonemiddleware/auth_token/__init__.py:407}}
Jul 19 22:41:41.495238 dv-neutron-841459-16-hyperv devstack@keystone.service[80555]: DEBUG dbcounter [-] [80555] Writing DB stats keystone:SELECT=100 {{(pid=80555) stat_writer /usr/local/lib/python3.8/dist-packages/dbcounter.py:114}}
Jul 19 22:41:41.552389 dv-neutron-841459-16-hyperv devstack@keystone.service[80556]: DEBUG keystone.server.flask.request_processing.middleware.auth_context [None req-ef59d4c2-754d-4ece-a15b-3cef543dea59 None admin] Validating token access rules against request {{(pid=80556) validate_allowed_request /usr/local/lib/python3.8/dist-packages/keystonemiddleware/auth_token/__init__.py:545}}
Jul 19 22:41:41.578550 dv-neutron-841459-16-hyperv devstack@keystone.service[80555]: DEBUG keystone.server.flask.request_processing.middleware.auth_context [None req-233968b6-222d-432e-8f00-19397c36dcc0 None admin] Validating token access rules against request {{(pid=80555) validate_allowed_request /usr/local/lib/python3.8/dist-packages/keystonemiddleware/auth_token/__init__.py:545}}
Jul 19 22:41:41.585625 dv-neutron-841459-16-hyperv devstack@keystone.service[80556]: DEBUG keystone.server.flask.request_processing.middleware.auth_context [None req-75e1306d-ee02-4266-92ff-18b0c4d6b383 None admin] RBAC: auth_context: {'token': , 'domain_id': None, 'trust_id': None, 'trustor_id': None, 'trustee_id': None, 'domain_name': None, 'group_ids': [], 'user_id': '8de523c9d1934675914173f31ad08409', 'user_domain_id': 'default', 'system_scope': 'all', 'project_id': None, 'project_domain_id': None, 'roles': ['admin', 'member', 'reader'], 'is_admin_project': True, 'service_user_id': None, 'service_user_domain_id': None, 'service_project_id': None, 'service_project_domain_id': None, 'service_roles': []} {{(pid=80556) fill_context /opt/stack/keystone/keystone/server/flask/request_processing/middleware/auth_context.py:478}}
Jul 19 22:41:41.586504 dv-neutron-841459-16-hyperv devstack@keystone.service[80556]: DEBUG keystone.server.flask.request_processing.req_logging [None req-75e1306d-ee02-4266-92ff-18b0c4d6b383 None admin] REQUEST_METHOD: `GET` {{(pid=80556) log_request_info /opt/stack/keystone/keystone/server/flask/request_processing/req_logging.py:27}}
Jul 19 22:41:41.586784 dv-neutron-841459-16-hyperv devstack@keystone.service[80556]: DEBUG keystone.server.flask.request_processing.req_logging [None req-75e1306d-ee02-4266-92ff-18b0c4d6b383 None admin] SCRIPT_NAME: `/identity` {{(pid=80556) log_request_info /opt/stack/keystone/keystone/server/flask/request_processing/req_logging.py:28}}
Jul 19 22:41:41.587058 dv-neutron-841459-16-hyperv devstack@keystone.service[80556]: DEBUG keystone.server.flask.request_processing.req_logging [None req-75e1306d-ee02-4266-92ff-18b0c4d6b383 None admin] PATH_INFO: `/v3/users/6d2f351b7d8b49d99457d337c42dade3` {{(pid=80556) log_request_info /opt/stack/keystone/keystone/server/flask/request_processing/req_logging.py:29}}
Jul 19 22:41:41.588310 dv-neutron-841459-16-hyperv devstack@keystone.service[80556]: DEBUG keystone.common.rbac_enforcer.enforcer [None req-75e1306d-ee02-4266-92ff-18b0c4d6b383 None admin] RBAC: Authorizing `identity:get_user(user_id=6d2f351b7d8b49d99457d337c42dade3)` {{(pid=80556) enforce_call /opt/stack/keystone/keystone/common/rbac_enforcer/enforcer.py:449}}
Jul 19 22:41:41.589765 dv-neutron-841459-16-hyperv devstack@keystone.service[80556]: DEBUG keystone.common.rbac_enforcer.enforcer [None req-75e1306d-ee02-4266-92ff-18b0c4d6b383 None admin] RBAC: Authorization granted {{(pid=80556) enforce_call /opt/stack/keystone/keystone/common/rbac_enforcer/enforcer.py:457}}
Jul 19 22:41:41.591404 dv-neutron-841459-16-hyperv devstack@keystone.service[80556]: [pid: 80556|app: 0|req: 45/89] 10.222.0.33 () {56 vars in 1177 bytes} [Tue Jul 19 22:41:41 2022] GET /identity/v3/users/6d2f351b7d8b49d99457d337c42dade3 => generated 275 bytes in 137 msecs (HTTP/1.1 200) 5 headers in 177 bytes (1 switches on core 0)
Jul 19 22:41:41.592446 dv-neutron-841459-16-hyperv devstack@keystone.service[80556]: DEBUG keystone.server.flask.request_processing.middleware.auth_context [None req-75e1306d-ee02-4266-92ff-18b0c4d6b383 None admin] Authenticating user token {{(pid=80556) process_request /usr/local/lib/python3.8/dist-packages/keystonemiddleware/auth_token/__init__.py:407}}
Jul 19 22:41:41.613231 dv-neutron-841459-16-hyperv devstack@keystone.service[80555]: DEBUG keystone.server.flask.request_processing.middleware.auth_context [None req-82ba44f4-64b8-45b4-ba62-8ce0db29f796 None admin] RBAC: auth_context: {'token': , 'domain_id': None, 'trust_id': None, 'trustor_id': None, 'trustee_id': None, 'domain_name': None, 'group_ids': [], 'user_id': '8de523c9d1934675914173f31ad08409', 'user_domain_id': 'default', 'system_scope': 'all', 'project_id': None, 'project_domain_id': None, 'roles': ['admin', 'member', 'reader'], 'is_admin_project': True, 'service_user_id': None, 'service_user_domain_id': None, 'service_project_id': None, 'service_project_domain_id': None, 'service_roles': []} {{(pid=80555) fill_context /opt/stack/keystone/keystone/server/flask/request_processing/middleware/auth_context.py:478}}
Jul 19 22:41:41.613907 dv-neutron-841459-16-hyperv devstack@keystone.service[80555]: DEBUG keystone.server.flask.request_processing.req_logging [None req-82ba44f4-64b8-45b4-ba62-8ce0db29f796 None admin] REQUEST_METHOD: `POST` {{(pid=80555) log_request_info /opt/stack/keystone/keystone/server/flask/request_processing/req_logging.py:27}}
Jul 19 22:41:41.614193 dv-neutron-841459-16-hyperv devstack@keystone.service[80555]: DEBUG keystone.server.flask.request_processing.req_logging [None req-82ba44f4-64b8-45b4-ba62-8ce0db29f796 None admin] SCRIPT_NAME: `/identity` {{(pid=80555) log_request_info /opt/stack/keystone/keystone/server/flask/request_processing/req_logging.py:28}}
Jul 19 22:41:41.614468 dv-neutron-841459-16-hyperv devstack@keystone.service[80555]: DEBUG keystone.server.flask.request_processing.req_logging [None req-82ba44f4-64b8-45b4-ba62-8ce0db29f796 None admin] PATH_INFO: `/v3/users` {{(pid=80555) log_request_info /opt/stack/keystone/keystone/server/flask/request_processing/req_logging.py:29}}
Jul 19 22:41:41.615187 dv-neutron-841459-16-hyperv devstack@keystone.service[80555]: DEBUG keystone.common.rbac_enforcer.enforcer [None req-82ba44f4-64b8-45b4-ba62-8ce0db29f796 None admin] RBAC: Authorizing `identity:create_user()` {{(pid=80555) enforce_call /opt/stack/keystone/keystone/common/rbac_enforcer/enforcer.py:449}}
Jul 19 22:41:41.616682 dv-neutron-841459-16-hyperv devstack@keystone.service[80555]: DEBUG keystone.common.rbac_enforcer.enforcer [None req-82ba44f4-64b8-45b4-ba62-8ce0db29f796 None admin] RBAC: Authorization granted {{(pid=80555) enforce_call /opt/stack/keystone/keystone/common/rbac_enforcer/enforcer.py:457}}
Jul 19 22:41:41.646872 dv-neutron-841459-16-hyperv devstack@keystone.service[80555]: [pid: 80555|app: 0|req: 45/90] 10.222.0.33 () {60 vars in 1132 bytes} [Tue Jul 19 22:41:41 2022] POST /identity/v3/users => generated 289 bytes in 156 msecs (HTTP/1.1 201) 5 headers in 182 bytes (1 switches on core 0)
Jul 19 22:41:41.646872 dv-neutron-841459-16-hyperv devstack@keystone.service[80555]: DEBUG keystone.server.flask.request_processing.middleware.auth_context [None req-82ba44f4-64b8-45b4-ba62-8ce0db29f796 None admin] Authenticating user token {{(pid=80555) process_request /usr/local/lib/python3.8/dist-packages/keystonemiddleware/auth_token/__init__.py:407}}
