Jul 19 22:42:04.340459 dv-neutron-841459-16-hyperv devstack@keystone.service[80555]: DEBUG keystone.auth.core [None req-8fcb8eb6-8389-4d9c-8aa9-94b65c3d7946 None None] MFA Rules not processed for user `8de523c9d1934675914173f31ad08409`. Rule list: `[]` (Enabled: `True`). {{(pid=80555) check_auth_methods_against_rules /opt/stack/keystone/keystone/auth/core.py:438}}
Jul 19 22:42:04.341729 dv-neutron-841459-16-hyperv devstack@keystone.service[80555]: DEBUG keystone.common.fernet_utils [None req-8fcb8eb6-8389-4d9c-8aa9-94b65c3d7946 None None] Loaded 2 Fernet keys from /etc/keystone/fernet-keys/, but `[fernet_tokens] max_active_keys = 3`; perhaps there have not been enough key rotations to reach `max_active_keys` yet? {{(pid=80555) load_keys /opt/stack/keystone/keystone/common/fernet_utils.py:286}}
Jul 19 22:42:04.463934 dv-neutron-841459-16-hyperv devstack@keystone.service[80556]: [pid: 80556|app: 0|req: 137/268] 10.222.0.33 () {58 vars in 1282 bytes} [Tue Jul 19 22:42:04 2022] GET /identity/v3/auth/tokens => generated 799 bytes in 411 msecs (HTTP/1.1 200) 6 headers in 358 bytes (1 switches on core 0)
Jul 19 22:42:04.465803 dv-neutron-841459-16-hyperv devstack@keystone.service[80556]: DEBUG keystone.server.flask.request_processing.middleware.auth_context [None req-5d4ed99b-0337-48f8-86f7-d3b335f9d0f0 None admin] Authenticating user token {{(pid=80556) process_request /usr/local/lib/python3.8/dist-packages/keystonemiddleware/auth_token/__init__.py:407}}
Jul 19 22:42:04.468253 dv-neutron-841459-16-hyperv devstack@keystone.service[80556]: DEBUG dbcounter [-] [80556] Writing DB stats keystone:SELECT=100 {{(pid=80556) stat_writer /usr/local/lib/python3.8/dist-packages/dbcounter.py:114}}
Jul 19 22:42:04.526953 dv-neutron-841459-16-hyperv devstack@keystone.service[80555]: [pid: 80555|app: 0|req: 132/269] 10.222.0.33 () {58 vars in 1023 bytes} [Tue Jul 19 22:42:04 2022] POST /identity/v3/auth/tokens => generated 799 bytes in 241 msecs (HTTP/1.1 201) 6 headers in 363 bytes (1 switches on core 0)
Jul 19 22:42:04.528131 dv-neutron-841459-16-hyperv devstack@keystone.service[80555]: DEBUG keystone.server.flask.request_processing.req_logging [None req-73638809-57c3-4b3c-b034-458ceb2bc768 None None] REQUEST_METHOD: `GET` {{(pid=80555) log_request_info /opt/stack/keystone/keystone/server/flask/request_processing/req_logging.py:27}}
Jul 19 22:42:04.528559 dv-neutron-841459-16-hyperv devstack@keystone.service[80555]: DEBUG keystone.server.flask.request_processing.req_logging [None req-73638809-57c3-4b3c-b034-458ceb2bc768 None None] SCRIPT_NAME: `/identity` {{(pid=80555) log_request_info /opt/stack/keystone/keystone/server/flask/request_processing/req_logging.py:28}}
Jul 19 22:42:04.528664 dv-neutron-841459-16-hyperv devstack@keystone.service[80555]: DEBUG keystone.server.flask.request_processing.req_logging [None req-73638809-57c3-4b3c-b034-458ceb2bc768 None None] PATH_INFO: `/` {{(pid=80555) log_request_info /opt/stack/keystone/keystone/server/flask/request_processing/req_logging.py:29}}
Jul 19 22:42:04.529923 dv-neutron-841459-16-hyperv devstack@keystone.service[80555]: [pid: 80555|app: 0|req: 133/270] 10.222.0.33 () {54 vars in 926 bytes} [Tue Jul 19 22:42:04 2022] GET /identity => generated 270 bytes in 3 msecs (HTTP/1.1 300) 6 headers in 234 bytes (1 switches on core 0)
Jul 19 22:42:04.535318 dv-neutron-841459-16-hyperv devstack@keystone.service[80555]: DEBUG keystone.server.flask.request_processing.req_logging [None req-c69878cf-5f81-4331-8e27-f4b20e320415 None None] REQUEST_METHOD: `POST` {{(pid=80555) log_request_info /opt/stack/keystone/keystone/server/flask/request_processing/req_logging.py:27}}
Jul 19 22:42:04.535642 dv-neutron-841459-16-hyperv devstack@keystone.service[80555]: DEBUG keystone.server.flask.request_processing.req_logging [None req-c69878cf-5f81-4331-8e27-f4b20e320415 None None] SCRIPT_NAME: `/identity` {{(pid=80555) log_request_info /opt/stack/keystone/keystone/server/flask/request_processing/req_logging.py:28}}
Jul 19 22:42:04.535915 dv-neutron-841459-16-hyperv devstack@keystone.service[80555]: DEBUG keystone.server.flask.request_processing.req_logging [None req-c69878cf-5f81-4331-8e27-f4b20e320415 None None] PATH_INFO: `/v3/auth/tokens` {{(pid=80555) log_request_info /opt/stack/keystone/keystone/server/flask/request_processing/req_logging.py:29}}
Jul 19 22:42:04.553304 dv-neutron-841459-16-hyperv devstack@keystone.service[80555]: DEBUG keystone.auth.core [None req-c69878cf-5f81-4331-8e27-f4b20e320415 None None] MFA Rules not processed for user `8de523c9d1934675914173f31ad08409`. Rule list: `[]` (Enabled: `True`). {{(pid=80555) check_auth_methods_against_rules /opt/stack/keystone/keystone/auth/core.py:438}}
Jul 19 22:42:04.553845 dv-neutron-841459-16-hyperv devstack@keystone.service[80555]: DEBUG keystone.common.fernet_utils [None req-c69878cf-5f81-4331-8e27-f4b20e320415 None None] Loaded 2 Fernet keys from /etc/keystone/fernet-keys/, but `[fernet_tokens] max_active_keys = 3`; perhaps there have not been enough key rotations to reach `max_active_keys` yet? {{(pid=80555) load_keys /opt/stack/keystone/keystone/common/fernet_utils.py:286}}
Jul 19 22:42:04.588585 dv-neutron-841459-16-hyperv devstack@keystone.service[80556]: DEBUG keystone.server.flask.request_processing.middleware.auth_context [None req-5d4ed99b-0337-48f8-86f7-d3b335f9d0f0 None admin] Validating token access rules against request {{(pid=80556) validate_allowed_request /usr/local/lib/python3.8/dist-packages/keystonemiddleware/auth_token/__init__.py:545}}
Jul 19 22:42:04.645284 dv-neutron-841459-16-hyperv devstack@keystone.service[80555]: DEBUG dbcounter [-] [80555] Writing DB stats keystone:SELECT=100 {{(pid=80555) stat_writer /usr/local/lib/python3.8/dist-packages/dbcounter.py:114}}
Jul 19 22:42:04.663024 dv-neutron-841459-16-hyperv devstack@keystone.service[80556]: DEBUG keystone.server.flask.request_processing.middleware.auth_context [None req-3bb60529-5816-4d1a-8561-4c80d4c54611 None admin] RBAC: auth_context: {'token': , 'domain_id': None, 'trust_id': None, 'trustor_id': None, 'trustee_id': None, 'domain_name': None, 'group_ids': [], 'user_id': '8de523c9d1934675914173f31ad08409', 'user_domain_id': 'default', 'system_scope': 'all', 'project_id': None, 'project_domain_id': None, 'roles': ['admin', 'member', 'reader'], 'is_admin_project': True, 'service_user_id': None, 'service_user_domain_id': None, 'service_project_id': None, 'service_project_domain_id': None, 'service_roles': []} {{(pid=80556) fill_context /opt/stack/keystone/keystone/server/flask/request_processing/middleware/auth_context.py:478}}
Jul 19 22:42:04.663932 dv-neutron-841459-16-hyperv devstack@keystone.service[80556]: DEBUG keystone.server.flask.request_processing.req_logging [None req-3bb60529-5816-4d1a-8561-4c80d4c54611 None admin] REQUEST_METHOD: `GET` {{(pid=80556) log_request_info /opt/stack/keystone/keystone/server/flask/request_processing/req_logging.py:27}}
Jul 19 22:42:04.664212 dv-neutron-841459-16-hyperv devstack@keystone.service[80556]: DEBUG keystone.server.flask.request_processing.req_logging [None req-3bb60529-5816-4d1a-8561-4c80d4c54611 None admin] SCRIPT_NAME: `/identity` {{(pid=80556) log_request_info /opt/stack/keystone/keystone/server/flask/request_processing/req_logging.py:28}}
Jul 19 22:42:04.664481 dv-neutron-841459-16-hyperv devstack@keystone.service[80556]: DEBUG keystone.server.flask.request_processing.req_logging [None req-3bb60529-5816-4d1a-8561-4c80d4c54611 None admin] PATH_INFO: `/v3/projects/6e6c11d31fef4b69a313879104bbd1dc` {{(pid=80556) log_request_info /opt/stack/keystone/keystone/server/flask/request_processing/req_logging.py:29}}
Jul 19 22:42:04.665039 dv-neutron-841459-16-hyperv devstack@keystone.service[80555]: [pid: 80555|app: 0|req: 134/271] 10.222.0.33 () {58 vars in 1023 bytes} [Tue Jul 19 22:42:04 2022] POST /identity/v3/auth/tokens => generated 799 bytes in 128 msecs (HTTP/1.1 201) 6 headers in 363 bytes (2 switches on core 0)
Jul 19 22:42:04.665956 dv-neutron-841459-16-hyperv devstack@keystone.service[80555]: DEBUG keystone.server.flask.request_processing.middleware.auth_context [None req-c69878cf-5f81-4331-8e27-f4b20e320415 None None] Authenticating user token {{(pid=80555) process_request /usr/local/lib/python3.8/dist-packages/keystonemiddleware/auth_token/__init__.py:407}}
Jul 19 22:42:04.667007 dv-neutron-841459-16-hyperv devstack@keystone.service[80556]: DEBUG keystone.common.rbac_enforcer.enforcer [None req-3bb60529-5816-4d1a-8561-4c80d4c54611 None admin] RBAC: Authorizing `identity:get_project(project_id=6e6c11d31fef4b69a313879104bbd1dc)` {{(pid=80556) enforce_call /opt/stack/keystone/keystone/common/rbac_enforcer/enforcer.py:449}}
Jul 19 22:42:04.668548 dv-neutron-841459-16-hyperv devstack@keystone.service[80556]: DEBUG keystone.common.rbac_enforcer.enforcer [None req-3bb60529-5816-4d1a-8561-4c80d4c54611 None admin] RBAC: Authorization granted {{(pid=80556) enforce_call /opt/stack/keystone/keystone/common/rbac_enforcer/enforcer.py:457}}
Jul 19 22:42:04.682658 dv-neutron-841459-16-hyperv devstack@keystone.service[80556]: [pid: 80556|app: 0|req: 138/272] 10.222.0.33 () {56 vars in 1186 bytes} [Tue Jul 19 22:42:04 2022] GET /identity/v3/projects/6e6c11d31fef4b69a313879104bbd1dc => generated 302 bytes in 217 msecs (HTTP/1.1 200) 5 headers in 177 bytes (2 switches on core 0)
Jul 19 22:42:04.684035 dv-neutron-841459-16-hyperv devstack@keystone.service[80556]: DEBUG keystone.server.flask.request_processing.middleware.auth_context [None req-3bb60529-5816-4d1a-8561-4c80d4c54611 None admin] Authenticating user token {{(pid=80556) process_request /usr/local/lib/python3.8/dist-packages/keystonemiddleware/auth_token/__init__.py:407}}
Jul 19 22:42:04.781303 dv-neutron-841459-16-hyperv devstack@keystone.service[80556]: DEBUG dbcounter [-] [80556] Writing DB stats keystone:SELECT=100 {{(pid=80556) stat_writer /usr/local/lib/python3.8/dist-packages/dbcounter.py:114}}
Jul 19 22:42:04.813727 dv-neutron-841459-16-hyperv devstack@keystone.service[80555]: DEBUG keystone.server.flask.request_processing.middleware.auth_context [None req-c69878cf-5f81-4331-8e27-f4b20e320415 None None] Validating token access rules against request {{(pid=80555) validate_allowed_request /usr/local/lib/python3.8/dist-packages/keystonemiddleware/auth_token/__init__.py:545}}
Jul 19 22:42:04.821613 dv-neutron-841459-16-hyperv devstack@keystone.service[80556]: DEBUG keystone.server.flask.request_processing.middleware.auth_context [None req-3bb60529-5816-4d1a-8561-4c80d4c54611 None admin] Validating token access rules against request {{(pid=80556) validate_allowed_request /usr/local/lib/python3.8/dist-packages/keystonemiddleware/auth_token/__init__.py:545}}
Jul 19 22:42:04.856967 dv-neutron-841459-16-hyperv devstack@keystone.service[80555]: DEBUG keystone.server.flask.request_processing.middleware.auth_context [None req-606d4b23-b8bc-44aa-a345-0e8c966366bc None admin] RBAC: auth_context: {'token': , 'domain_id': None, 'trust_id': None, 'trustor_id': None, 'trustee_id': None, 'domain_name': None, 'group_ids': [], 'user_id': '8de523c9d1934675914173f31ad08409', 'user_domain_id': 'default', 'system_scope': 'all', 'project_id': None, 'project_domain_id': None, 'roles': ['admin', 'member', 'reader'], 'is_admin_project': True, 'service_user_id': None, 'service_user_domain_id': None, 'service_project_id': None, 'service_project_domain_id': None, 'service_roles': []} {{(pid=80555) fill_context /opt/stack/keystone/keystone/server/flask/request_processing/middleware/auth_context.py:478}}
Jul 19 22:42:04.858321 dv-neutron-841459-16-hyperv devstack@keystone.service[80555]: DEBUG keystone.server.flask.request_processing.req_logging [None req-606d4b23-b8bc-44aa-a345-0e8c966366bc None admin] REQUEST_METHOD: `GET` {{(pid=80555) log_request_info /opt/stack/keystone/keystone/server/flask/request_processing/req_logging.py:27}}
Jul 19 22:42:04.858718 dv-neutron-841459-16-hyperv devstack@keystone.service[80555]: DEBUG keystone.server.flask.request_processing.req_logging [None req-606d4b23-b8bc-44aa-a345-0e8c966366bc None admin] SCRIPT_NAME: `/identity` {{(pid=80555) log_request_info /opt/stack/keystone/keystone/server/flask/request_processing/req_logging.py:28}}
Jul 19 22:42:04.859062 dv-neutron-841459-16-hyperv devstack@keystone.service[80555]: DEBUG keystone.server.flask.request_processing.req_logging [None req-606d4b23-b8bc-44aa-a345-0e8c966366bc None admin] PATH_INFO: `/v3/roles/member` {{(pid=80555) log_request_info /opt/stack/keystone/keystone/server/flask/request_processing/req_logging.py:29}}
Jul 19 22:42:04.863093 dv-neutron-841459-16-hyperv devstack@keystone.service[80556]: DEBUG keystone.server.flask.request_processing.middleware.auth_context [None req-8cac3365-6125-4d5d-a1f1-ee5c386d3f7a None admin] RBAC: auth_context: {'token': , 'domain_id': None, 'trust_id': None, 'trustor_id': None, 'trustee_id': None, 'domain_name': None, 'group_ids': [], 'user_id': '8de523c9d1934675914173f31ad08409', 'user_domain_id': 'default', 'system_scope': 'all', 'project_id': None, 'project_domain_id': None, 'roles': ['admin', 'member', 'reader'], 'is_admin_project': True, 'service_user_id': None, 'service_user_domain_id': None, 'service_project_id': None, 'service_project_domain_id': None, 'service_roles': []} {{(pid=80556) fill_context /opt/stack/keystone/keystone/server/flask/request_processing/middleware/auth_context.py:478}}
Jul 19 22:42:04.864016 dv-neutron-841459-16-hyperv devstack@keystone.service[80556]: DEBUG keystone.server.flask.request_processing.req_logging [None req-8cac3365-6125-4d5d-a1f1-ee5c386d3f7a None admin] REQUEST_METHOD: `GET` {{(pid=80556) log_request_info /opt/stack/keystone/keystone/server/flask/request_processing/req_logging.py:27}}
Jul 19 22:42:04.864491 dv-neutron-841459-16-hyperv devstack@keystone.service[80556]: DEBUG keystone.server.flask.request_processing.req_logging [None req-8cac3365-6125-4d5d-a1f1-ee5c386d3f7a None admin] SCRIPT_NAME: `/identity` {{(pid=80556) log_request_info /opt/stack/keystone/keystone/server/flask/request_processing/req_logging.py:28}}
Jul 19 22:42:04.864956 dv-neutron-841459-16-hyperv devstack@keystone.service[80556]: DEBUG keystone.server.flask.request_processing.req_logging [None req-8cac3365-6125-4d5d-a1f1-ee5c386d3f7a None admin] PATH_INFO: `/v3/role_assignments` {{(pid=80556) log_request_info /opt/stack/keystone/keystone/server/flask/request_processing/req_logging.py:29}}
Jul 19 22:42:04.866141 dv-neutron-841459-16-hyperv devstack@keystone.service[80556]: DEBUG keystone.common.rbac_enforcer.enforcer [None req-8cac3365-6125-4d5d-a1f1-ee5c386d3f7a None admin] RBAC: Adding query filter params (role.id=be714bc8952e40b383f633668961e893, scope.project.id=6e6c11d31fef4b69a313879104bbd1dc, user.id=a7373d838ac64ba99925bb0b723124ba) {{(pid=80556) _extract_filter_values /opt/stack/keystone/keystone/common/rbac_enforcer/enforcer.py:167}}
Jul 19 22:42:04.866646 dv-neutron-841459-16-hyperv devstack@keystone.service[80556]: DEBUG keystone.common.rbac_enforcer.enforcer [None req-8cac3365-6125-4d5d-a1f1-ee5c386d3f7a None admin] RBAC: Authorizing `identity:list_role_assignments()` {{(pid=80556) enforce_call /opt/stack/keystone/keystone/common/rbac_enforcer/enforcer.py:449}}
Jul 19 22:42:04.868329 dv-neutron-841459-16-hyperv devstack@keystone.service[80556]: DEBUG keystone.common.rbac_enforcer.enforcer [None req-8cac3365-6125-4d5d-a1f1-ee5c386d3f7a None admin] RBAC: Authorization granted {{(pid=80556) enforce_call /opt/stack/keystone/keystone/common/rbac_enforcer/enforcer.py:457}}
Jul 19 22:42:04.869937 dv-neutron-841459-16-hyperv devstack@keystone.service[80555]: DEBUG keystone.common.rbac_enforcer.enforcer [None req-606d4b23-b8bc-44aa-a345-0e8c966366bc None admin] Extracting inferred target data resulted in "NOT FOUND (404)". {{(pid=80555) enforce_call /opt/stack/keystone/keystone/common/rbac_enforcer/enforcer.py:409}}
Jul 19 22:42:04.883444 dv-neutron-841459-16-hyperv devstack@keystone.service[80555]: ERROR keystone.server.flask.application [None req-606d4b23-b8bc-44aa-a345-0e8c966366bc None admin] Could not find role: member.: keystone.exception.RoleNotFound: Could not find role: member.
Jul 19 22:42:04.883444 dv-neutron-841459-16-hyperv devstack@keystone.service[80555]: ERROR keystone.server.flask.application
Traceback (most recent call last):
Jul 19 22:42:04.883444 dv-neutron-841459-16-hyperv devstack@keystone.service[80555]: ERROR keystone.server.flask.application
File "/usr/local/lib/python3.8/dist-packages/flask/app.py", line 1523, in full_dispatch_request
Jul 19 22:42:04.883444 dv-neutron-841459-16-hyperv devstack@keystone.service[80555]: ERROR keystone.server.flask.application rv = self.dispatch_request()
Jul 19 22:42:04.883444 dv-neutron-841459-16-hyperv devstack@keystone.service[80555]: ERROR keystone.server.flask.application
File "/usr/local/lib/python3.8/dist-packages/flask/app.py", line 1509, in dispatch_request
Jul 19 22:42:04.883444 dv-neutron-841459-16-hyperv devstack@keystone.service[80555]: ERROR keystone.server.flask.application return self.ensure_sync(self.view_functions[rule.endpoint])(**req.view_args)
Jul 19 22:42:04.883444 dv-neutron-841459-16-hyperv devstack@keystone.service[80555]: ERROR keystone.server.flask.application
File "/usr/local/lib/python3.8/dist-packages/flask_restful/__init__.py", line 467, in wrapper
Jul 19 22:42:04.883444 dv-neutron-841459-16-hyperv devstack@keystone.service[80555]: ERROR keystone.server.flask.application resp = resource(*args, **kwargs)
Jul 19 22:42:04.883444 dv-neutron-841459-16-hyperv devstack@keystone.service[80555]: ERROR keystone.server.flask.application
File "/usr/local/lib/python3.8/dist-packages/flask/views.py", line 84, in view
Jul 19 22:42:04.883444 dv-neutron-841459-16-hyperv devstack@keystone.service[80555]: ERROR keystone.server.flask.application return current_app.ensure_sync(self.dispatch_request)(*args, **kwargs)
Jul 19 22:42:04.883444 dv-neutron-841459-16-hyperv devstack@keystone.service[80555]: ERROR keystone.server.flask.application
File "/usr/local/lib/python3.8/dist-packages/flask_restful/__init__.py", line 582, in dispatch_request
Jul 19 22:42:04.883444 dv-neutron-841459-16-hyperv devstack@keystone.service[80555]: ERROR keystone.server.flask.application resp = meth(*args, **kwargs)
Jul 19 22:42:04.883444 dv-neutron-841459-16-hyperv devstack@keystone.service[80555]: ERROR keystone.server.flask.application
File "/opt/stack/keystone/keystone/api/roles.py", line 50, in get
Jul 19 22:42:04.883444 dv-neutron-841459-16-hyperv devstack@keystone.service[80555]: ERROR keystone.server.flask.application return self._get_role(role_id)
Jul 19 22:42:04.883444 dv-neutron-841459-16-hyperv devstack@keystone.service[80555]: ERROR keystone.server.flask.application
File "/opt/stack/keystone/keystone/api/roles.py", line 70, in _get_role
Jul 19 22:42:04.883444 dv-neutron-841459-16-hyperv devstack@keystone.service[80555]: ERROR keystone.server.flask.application ENFORCER.enforce_call(action='identity:get_role')
Jul 19 22:42:04.884379 dv-neutron-841459-16-hyperv devstack@keystone.service[80555]: ERROR keystone.server.flask.application
File "/opt/stack/keystone/keystone/common/rbac_enforcer/enforcer.py", line 402, in enforce_call
Jul 19 22:42:04.884379 dv-neutron-841459-16-hyperv devstack@keystone.service[80555]: ERROR keystone.server.flask.application policy_dict.update(cls._extract_member_target_data(
Jul 19 22:42:04.884379 dv-neutron-841459-16-hyperv devstack@keystone.service[80555]: ERROR keystone.server.flask.application
File "/opt/stack/keystone/keystone/common/rbac_enforcer/enforcer.py", line 234, in _extract_member_target_data
Jul 19 22:42:04.884379 dv-neutron-841459-16-hyperv devstack@keystone.service[80555]: ERROR keystone.server.flask.application member_name: func(flask.request.view_args[key])
Jul 19 22:42:04.884379 dv-neutron-841459-16-hyperv devstack@keystone.service[80555]: ERROR keystone.server.flask.application
File "/opt/stack/keystone/keystone/common/manager.py", line 115, in wrapped
Jul 19 22:42:04.884379 dv-neutron-841459-16-hyperv devstack@keystone.service[80555]: ERROR keystone.server.flask.application __ret_val = __f(*args, **kwargs)
Jul 19 22:42:04.884379 dv-neutron-841459-16-hyperv devstack@keystone.service[80555]: ERROR keystone.server.flask.application
File "/usr/local/lib/python3.8/dist-packages/decorator.py", line 232, in fun
Jul 19 22:42:04.884379 dv-neutron-841459-16-hyperv devstack@keystone.service[80555]: ERROR keystone.server.flask.application return caller(func, *(extras + args), **kw)
Jul 19 22:42:04.884379 dv-neutron-841459-16-hyperv devstack@keystone.service[80555]: ERROR keystone.server.flask.application
File "/usr/local/lib/python3.8/dist-packages/dogpile/cache/region.py", line 1577, in get_or_create_for_user_func
Jul 19 22:42:04.884379 dv-neutron-841459-16-hyperv devstack@keystone.service[80555]: ERROR keystone.server.flask.application return self.get_or_create(
Jul 19 22:42:04.884379 dv-neutron-841459-16-hyperv devstack@keystone.service[80555]: ERROR keystone.server.flask.application
File "/usr/local/lib/python3.8/dist-packages/dogpile/cache/region.py", line 1042, in get_or_create
Jul 19 22:42:04.884379 dv-neutron-841459-16-hyperv devstack@keystone.service[80555]: ERROR keystone.server.flask.application with Lock(
Jul 19 22:42:04.884379 dv-neutron-841459-16-hyperv devstack@keystone.service[80555]: ERROR keystone.server.flask.application
File "/usr/local/lib/python3.8/dist-packages/dogpile/lock.py", line 185, in __enter__
Jul 19 22:42:04.884379 dv-neutron-841459-16-hyperv devstack@keystone.service[80555]: ERROR keystone.server.flask.application return self._enter()
Jul 19 22:42:04.884379 dv-neutron-841459-16-hyperv devstack@keystone.service[80555]: ERROR keystone.server.flask.application
File "/usr/local/lib/python3.8/dist-packages/dogpile/lock.py", line 94, in _enter
Jul 19 22:42:04.884379 dv-neutron-841459-16-hyperv devstack@keystone.service[80555]: ERROR keystone.server.flask.application generated = self._enter_create(value, createdtime)
Jul 19 22:42:04.885147 dv-neutron-841459-16-hyperv devstack@keystone.service[80555]: ERROR keystone.server.flask.application
File "/usr/local/lib/python3.8/dist-packages/dogpile/lock.py", line 178, in _enter_create
Jul 19 22:42:04.885147 dv-neutron-841459-16-hyperv devstack@keystone.service[80555]: ERROR keystone.server.flask.application return self.creator()
Jul 19 22:42:04.885147 dv-neutron-841459-16-hyperv devstack@keystone.service[80555]: ERROR keystone.server.flask.application
File "/usr/local/lib/python3.8/dist-packages/dogpile/cache/region.py", line 995, in gen_value
Jul 19 22:42:04.885147 dv-neutron-841459-16-hyperv devstack@keystone.service[80555]: ERROR keystone.server.flask.application created_value = creator(
Jul 19 22:42:04.885147 dv-neutron-841459-16-hyperv devstack@keystone.service[80555]: ERROR keystone.server.flask.application
File "/opt/stack/keystone/keystone/assignment/core.py", line 1276, in get_role
Jul 19 22:42:04.885147 dv-neutron-841459-16-hyperv devstack@keystone.service[80555]: ERROR keystone.server.flask.application return self.driver.get_role(role_id)
Jul 19 22:42:04.885147 dv-neutron-841459-16-hyperv devstack@keystone.service[80555]: ERROR keystone.server.flask.application
File "/opt/stack/keystone/keystone/assignment/role_backends/sql.py", line 70, in get_role
Jul 19 22:42:04.885147 dv-neutron-841459-16-hyperv devstack@keystone.service[80555]: ERROR keystone.server.flask.application return self._get_role(session, role_id).to_dict()
Jul 19 22:42:04.885147 dv-neutron-841459-16-hyperv devstack@keystone.service[80555]: ERROR keystone.server.flask.application
File "/opt/stack/keystone/keystone/assignment/role_backends/sql.py", line 65, in _get_role
Jul 19 22:42:04.885147 dv-neutron-841459-16-hyperv devstack@keystone.service[80555]: ERROR keystone.server.flask.application raise exception.RoleNotFound(role_id=role_id)
Jul 19 22:42:04.885147 dv-neutron-841459-16-hyperv devstack@keystone.service[80555]: ERROR keystone.server.flask.application keystone.exception.RoleNotFound: Could not find role: member.
Jul 19 22:42:04.885147 dv-neutron-841459-16-hyperv devstack@keystone.service[80555]: ERROR keystone.server.flask.application
Jul 19 22:42:04.885147 dv-neutron-841459-16-hyperv devstack@keystone.service[80555]: [pid: 80555|app: 0|req: 135/274] 10.222.0.33 () {56 vars in 1099 bytes} [Tue Jul 19 22:42:04 2022] GET /identity/v3/roles/member => generated 84 bytes in 214 msecs (HTTP/1.1 404) 5 headers in 183 bytes (1 switches on core 0)
Jul 19 22:42:04.885147 dv-neutron-841459-16-hyperv devstack@keystone.service[80555]: DEBUG keystone.server.flask.request_processing.middleware.auth_context [None req-606d4b23-b8bc-44aa-a345-0e8c966366bc None admin] Authenticating user token {{(pid=80555) process_request /usr/local/lib/python3.8/dist-packages/keystonemiddleware/auth_token/__init__.py:407}}
Jul 19 22:42:04.886698 dv-neutron-841459-16-hyperv devstack@keystone.service[80556]: [pid: 80556|app: 0|req: 139/274] 10.222.0.33 () {56 vars in 1374 bytes} [Tue Jul 19 22:42:04 2022] GET /identity/v3/role_assignments?user.id=a7373d838ac64ba99925bb0b723124ba&scope.project.id=6e6c11d31fef4b69a313879104bbd1dc&role.id=be714bc8952e40b383f633668961e893 => generated 608 bytes in 193 msecs (HTTP/1.1 200) 5 headers in 177 bytes (1 switches on core 0)
Jul 19 22:42:04.893004 dv-neutron-841459-16-hyperv devstack@keystone.service[80556]: DEBUG keystone.server.flask.request_processing.middleware.auth_context [None req-8cac3365-6125-4d5d-a1f1-ee5c386d3f7a None admin] Authenticating user token {{(pid=80556) process_request /usr/local/lib/python3.8/dist-packages/keystonemiddleware/auth_token/__init__.py:407}}
Jul 19 22:42:04.941563 dv-neutron-841459-16-hyperv devstack@keystone.service[80555]: DEBUG dbcounter [-] [80555] Writing DB stats keystone:SELECT=100 {{(pid=80555) stat_writer /usr/local/lib/python3.8/dist-packages/dbcounter.py:114}}
Jul 19 22:42:05.001978 dv-neutron-841459-16-hyperv devstack@keystone.service[80555]: DEBUG keystone.server.flask.request_processing.middleware.auth_context [None req-606d4b23-b8bc-44aa-a345-0e8c966366bc None admin] Validating token access rules against request {{(pid=80555) validate_allowed_request /usr/local/lib/python3.8/dist-packages/keystonemiddleware/auth_token/__init__.py:545}}
Jul 19 22:42:05.042487 dv-neutron-841459-16-hyperv devstack@keystone.service[80555]: DEBUG keystone.server.flask.request_processing.middleware.auth_context [None req-ba2f3fc2-1768-4550-97ac-873485dd30c3 None admin] RBAC: auth_context: {'token': , 'domain_id': None, 'trust_id': None, 'trustor_id': None, 'trustee_id': None, 'domain_name': None, 'group_ids': [], 'user_id': '8de523c9d1934675914173f31ad08409', 'user_domain_id': 'default', 'system_scope': 'all', 'project_id': None, 'project_domain_id': None, 'roles': ['admin', 'member', 'reader'], 'is_admin_project': True, 'service_user_id': None, 'service_user_domain_id': None, 'service_project_id': None, 'service_project_domain_id': None, 'service_roles': []} {{(pid=80555) fill_context /opt/stack/keystone/keystone/server/flask/request_processing/middleware/auth_context.py:478}}
Jul 19 22:42:05.043598 dv-neutron-841459-16-hyperv devstack@keystone.service[80555]: DEBUG keystone.server.flask.request_processing.req_logging [None req-ba2f3fc2-1768-4550-97ac-873485dd30c3 None admin] REQUEST_METHOD: `GET` {{(pid=80555) log_request_info /opt/stack/keystone/keystone/server/flask/request_processing/req_logging.py:27}}
Jul 19 22:42:05.044022 dv-neutron-841459-16-hyperv devstack@keystone.service[80555]: DEBUG keystone.server.flask.request_processing.req_logging [None req-ba2f3fc2-1768-4550-97ac-873485dd30c3 None admin] SCRIPT_NAME: `/identity` {{(pid=80555) log_request_info /opt/stack/keystone/keystone/server/flask/request_processing/req_logging.py:28}}
Jul 19 22:42:05.044428 dv-neutron-841459-16-hyperv devstack@keystone.service[80555]: DEBUG keystone.server.flask.request_processing.req_logging [None req-ba2f3fc2-1768-4550-97ac-873485dd30c3 None admin] PATH_INFO: `/v3/domains/default` {{(pid=80555) log_request_info /opt/stack/keystone/keystone/server/flask/request_processing/req_logging.py:29}}
Jul 19 22:42:05.046078 dv-neutron-841459-16-hyperv devstack@keystone.service[80555]: DEBUG keystone.common.rbac_enforcer.enforcer [None req-ba2f3fc2-1768-4550-97ac-873485dd30c3 None admin] RBAC: Authorizing `identity:get_domain(domain_id=default)` {{(pid=80555) enforce_call /opt/stack/keystone/keystone/common/rbac_enforcer/enforcer.py:449}}
Jul 19 22:42:05.047854 dv-neutron-841459-16-hyperv devstack@keystone.service[80555]: DEBUG keystone.common.rbac_enforcer.enforcer [None req-ba2f3fc2-1768-4550-97ac-873485dd30c3 None admin] RBAC: Authorization granted {{(pid=80555) enforce_call /opt/stack/keystone/keystone/common/rbac_enforcer/enforcer.py:457}}
Jul 19 22:42:05.049749 dv-neutron-841459-16-hyperv devstack@keystone.service[80555]: [pid: 80555|app: 0|req: 136/275] 10.222.0.33 () {56 vars in 1108 bytes} [Tue Jul 19 22:42:04 2022] GET /identity/v3/domains/default => generated 199 bytes in 169 msecs (HTTP/1.1 200) 5 headers in 177 bytes (1 switches on core 0)
Jul 19 22:42:05.056107 dv-neutron-841459-16-hyperv devstack@keystone.service[80555]: DEBUG keystone.server.flask.request_processing.middleware.auth_context [None req-ba2f3fc2-1768-4550-97ac-873485dd30c3 None admin] Authenticating user token {{(pid=80555) process_request /usr/local/lib/python3.8/dist-packages/keystonemiddleware/auth_token/__init__.py:407}}
Jul 19 22:42:05.155912 dv-neutron-841459-16-hyperv devstack@keystone.service[80556]: DEBUG keystone.server.flask.request_processing.middleware.auth_context [None req-8cac3365-6125-4d5d-a1f1-ee5c386d3f7a None admin] Validating token access rules against request {{(pid=80556) validate_allowed_request /usr/local/lib/python3.8/dist-packages/keystonemiddleware/auth_token/__init__.py:545}}
Jul 19 22:42:05.181637 dv-neutron-841459-16-hyperv devstack@keystone.service[80555]: DEBUG keystone.server.flask.request_processing.middleware.auth_context [None req-ba2f3fc2-1768-4550-97ac-873485dd30c3 None admin] Validating token access rules against request {{(pid=80555) validate_allowed_request /usr/local/lib/python3.8/dist-packages/keystonemiddleware/auth_token/__init__.py:545}}
Jul 19 22:42:05.195262 dv-neutron-841459-16-hyperv devstack@keystone.service[80556]: DEBUG keystone.server.flask.request_processing.middleware.auth_context [None req-d4bcc2ea-791e-4209-9c1b-dd841e7948e8 None admin] RBAC: auth_context: {'token': , 'domain_id': None, 'trust_id': None, 'trustor_id': None, 'trustee_id': None, 'domain_name': None, 'group_ids': [], 'user_id': '8de523c9d1934675914173f31ad08409', 'user_domain_id': 'default', 'system_scope': 'all', 'project_id': None, 'project_domain_id': None, 'roles': ['admin', 'member', 'reader'], 'is_admin_project': True, 'service_user_id': None, 'service_user_domain_id': None, 'service_project_id': None, 'service_project_domain_id': None, 'service_roles': []} {{(pid=80556) fill_context /opt/stack/keystone/keystone/server/flask/request_processing/middleware/auth_context.py:478}}
Jul 19 22:42:05.195984 dv-neutron-841459-16-hyperv devstack@keystone.service[80556]: DEBUG keystone.server.flask.request_processing.req_logging [None req-d4bcc2ea-791e-4209-9c1b-dd841e7948e8 None admin] REQUEST_METHOD: `GET` {{(pid=80556) log_request_info /opt/stack/keystone/keystone/server/flask/request_processing/req_logging.py:27}}
Jul 19 22:42:05.196536 dv-neutron-841459-16-hyperv devstack@keystone.service[80556]: DEBUG keystone.server.flask.request_processing.req_logging [None req-d4bcc2ea-791e-4209-9c1b-dd841e7948e8 None admin] SCRIPT_NAME: `/identity` {{(pid=80556) log_request_info /opt/stack/keystone/keystone/server/flask/request_processing/req_logging.py:28}}
Jul 19 22:42:05.196536 dv-neutron-841459-16-hyperv devstack@keystone.service[80556]: DEBUG keystone.server.flask.request_processing.req_logging [None req-d4bcc2ea-791e-4209-9c1b-dd841e7948e8 None admin] PATH_INFO: `/v3/roles` {{(pid=80556) log_request_info /opt/stack/keystone/keystone/server/flask/request_processing/req_logging.py:29}}
Jul 19 22:42:05.197299 dv-neutron-841459-16-hyperv devstack@keystone.service[80556]: DEBUG keystone.common.rbac_enforcer.enforcer [None req-d4bcc2ea-791e-4209-9c1b-dd841e7948e8 None admin] RBAC: Adding query filter params (name=member) {{(pid=80556) _extract_filter_values /opt/stack/keystone/keystone/common/rbac_enforcer/enforcer.py:167}}
Jul 19 22:42:05.197604 dv-neutron-841459-16-hyperv devstack@keystone.service[80556]: DEBUG keystone.common.rbac_enforcer.enforcer [None req-d4bcc2ea-791e-4209-9c1b-dd841e7948e8 None admin] RBAC: Authorizing `identity:list_roles()` {{(pid=80556) enforce_call /opt/stack/keystone/keystone/common/rbac_enforcer/enforcer.py:449}}
Jul 19 22:42:05.199943 dv-neutron-841459-16-hyperv devstack@keystone.service[80556]: DEBUG keystone.common.rbac_enforcer.enforcer [None req-d4bcc2ea-791e-4209-9c1b-dd841e7948e8 None admin] RBAC: Authorization granted {{(pid=80556) enforce_call /opt/stack/keystone/keystone/common/rbac_enforcer/enforcer.py:457}}
Jul 19 22:42:05.201582 dv-neutron-841459-16-hyperv devstack@keystone.service[80556]: DEBUG dbcounter [-] [80556] Writing DB stats keystone:SELECT=100 {{(pid=80556) stat_writer /usr/local/lib/python3.8/dist-packages/dbcounter.py:114}}
Jul 19 22:42:05.205706 dv-neutron-841459-16-hyperv devstack@keystone.service[80555]: DEBUG dbcounter [-] [80555] Writing DB stats keystone:SELECT=100 {{(pid=80555) stat_writer /usr/local/lib/python3.8/dist-packages/dbcounter.py:114}}
Jul 19 22:42:05.215083 dv-neutron-841459-16-hyperv devstack@keystone.service[80556]: [pid: 80556|app: 0|req: 140/276] 10.222.0.33 () {56 vars in 1101 bytes} [Tue Jul 19 22:42:04 2022] GET /identity/v3/roles?name=member => generated 341 bytes in 320 msecs (HTTP/1.1 200) 5 headers in 177 bytes (2 switches on core 0)
Jul 19 22:42:05.219010 dv-neutron-841459-16-hyperv devstack@keystone.service[80556]: DEBUG keystone.server.flask.request_processing.middleware.auth_context [None req-d4bcc2ea-791e-4209-9c1b-dd841e7948e8 None admin] Authenticating user token {{(pid=80556) process_request /usr/local/lib/python3.8/dist-packages/keystonemiddleware/auth_token/__init__.py:407}}
Jul 19 22:42:05.226242 dv-neutron-841459-16-hyperv devstack@keystone.service[80555]: DEBUG keystone.server.flask.request_processing.middleware.auth_context [None req-bd5c3509-5bc4-4b9d-8f76-a2996d69d318 None admin] RBAC: auth_context: {'token': , 'domain_id': None, 'trust_id': None, 'trustor_id': None, 'trustee_id': None, 'domain_name': None, 'group_ids': [], 'user_id': '8de523c9d1934675914173f31ad08409', 'user_domain_id': 'default', 'system_scope': 'all', 'project_id': None, 'project_domain_id': None, 'roles': ['admin', 'member', 'reader'], 'is_admin_project': True, 'service_user_id': None, 'service_user_domain_id': None, 'service_project_id': None, 'service_project_domain_id': None, 'service_roles': []} {{(pid=80555) fill_context /opt/stack/keystone/keystone/server/flask/request_processing/middleware/auth_context.py:478}}
Jul 19 22:42:05.227104 dv-neutron-841459-16-hyperv devstack@keystone.service[80555]: DEBUG keystone.server.flask.request_processing.req_logging [None req-bd5c3509-5bc4-4b9d-8f76-a2996d69d318 None admin] REQUEST_METHOD: `POST` {{(pid=80555) log_request_info /opt/stack/keystone/keystone/server/flask/request_processing/req_logging.py:27}}
Jul 19 22:42:05.227548 dv-neutron-841459-16-hyperv devstack@keystone.service[80555]: DEBUG keystone.server.flask.request_processing.req_logging [None req-bd5c3509-5bc4-4b9d-8f76-a2996d69d318 None admin] SCRIPT_NAME: `/identity` {{(pid=80555) log_request_info /opt/stack/keystone/keystone/server/flask/request_processing/req_logging.py:28}}
Jul 19 22:42:05.227950 dv-neutron-841459-16-hyperv devstack@keystone.service[80555]: DEBUG keystone.server.flask.request_processing.req_logging [None req-bd5c3509-5bc4-4b9d-8f76-a2996d69d318 None admin] PATH_INFO: `/v3/users` {{(pid=80555) log_request_info /opt/stack/keystone/keystone/server/flask/request_processing/req_logging.py:29}}
Jul 19 22:42:05.228806 dv-neutron-841459-16-hyperv devstack@keystone.service[80555]: DEBUG keystone.common.rbac_enforcer.enforcer [None req-bd5c3509-5bc4-4b9d-8f76-a2996d69d318 None admin] RBAC: Authorizing `identity:create_user()` {{(pid=80555) enforce_call /opt/stack/keystone/keystone/common/rbac_enforcer/enforcer.py:449}}
Jul 19 22:42:05.230969 dv-neutron-841459-16-hyperv devstack@keystone.service[80555]: DEBUG keystone.common.rbac_enforcer.enforcer [None req-bd5c3509-5bc4-4b9d-8f76-a2996d69d318 None admin] RBAC: Authorization granted {{(pid=80555) enforce_call /opt/stack/keystone/keystone/common/rbac_enforcer/enforcer.py:457}}
Jul 19 22:42:05.258611 dv-neutron-841459-16-hyperv devstack@keystone.service[80555]: [pid: 80555|app: 0|req: 137/277] 10.222.0.33 () {60 vars in 1132 bytes} [Tue Jul 19 22:42:05 2022] POST /identity/v3/users => generated 293 bytes in 203 msecs (HTTP/1.1 201) 5 headers in 182 bytes (1 switches on core 0)
Jul 19 22:42:05.355691 dv-neutron-841459-16-hyperv devstack@keystone.service[80556]: DEBUG keystone.server.flask.request_processing.middleware.auth_context [None req-d4bcc2ea-791e-4209-9c1b-dd841e7948e8 None admin] Validating token access rules against request {{(pid=80556) validate_allowed_request /usr/local/lib/python3.8/dist-packages/keystonemiddleware/auth_token/__init__.py:545}}
Jul 19 22:42:05.397386 dv-neutron-841459-16-hyperv devstack@keystone.service[80556]: DEBUG keystone.server.flask.request_processing.middleware.auth_context [None req-95ed329e-f264-41a6-87d2-be363b8ab989 None admin] RBAC: auth_context: {'token': , 'domain_id': None, 'trust_id': None, 'trustor_id': None, 'trustee_id': None, 'domain_name': None, 'group_ids': [], 'user_id': '8de523c9d1934675914173f31ad08409', 'user_domain_id': 'default', 'system_scope': 'all', 'project_id': None, 'project_domain_id': None, 'roles': ['admin', 'member', 'reader'], 'is_admin_project': True, 'service_user_id': None, 'service_user_domain_id': None, 'service_project_id': None, 'service_project_domain_id': None, 'service_roles': []} {{(pid=80556) fill_context /opt/stack/keystone/keystone/server/flask/request_processing/middleware/auth_context.py:478}}
Jul 19 22:42:05.398292 dv-neutron-841459-16-hyperv devstack@keystone.service[80556]: DEBUG keystone.server.flask.request_processing.req_logging [None req-95ed329e-f264-41a6-87d2-be363b8ab989 None admin] REQUEST_METHOD: `GET` {{(pid=80556) log_request_info /opt/stack/keystone/keystone/server/flask/request_processing/req_logging.py:27}}
Jul 19 22:42:05.398569 dv-neutron-841459-16-hyperv devstack@keystone.service[80556]: DEBUG keystone.server.flask.request_processing.req_logging [None req-95ed329e-f264-41a6-87d2-be363b8ab989 None admin] SCRIPT_NAME: `/identity` {{(pid=80556) log_request_info /opt/stack/keystone/keystone/server/flask/request_processing/req_logging.py:28}}
Jul 19 22:42:05.398840 dv-neutron-841459-16-hyperv devstack@keystone.service[80556]: DEBUG keystone.server.flask.request_processing.req_logging [None req-95ed329e-f264-41a6-87d2-be363b8ab989 None admin] PATH_INFO: `/v3/users/ba92c707c00b40109c6923bd4bddcc28` {{(pid=80556) log_request_info /opt/stack/keystone/keystone/server/flask/request_processing/req_logging.py:29}}
Jul 19 22:42:05.415530 dv-neutron-841459-16-hyperv devstack@keystone.service[80556]: DEBUG keystone.common.rbac_enforcer.enforcer [None req-95ed329e-f264-41a6-87d2-be363b8ab989 None admin] RBAC: Authorizing `identity:get_user(user_id=ba92c707c00b40109c6923bd4bddcc28)` {{(pid=80556) enforce_call /opt/stack/keystone/keystone/common/rbac_enforcer/enforcer.py:449}}
Jul 19 22:42:05.417048 dv-neutron-841459-16-hyperv devstack@keystone.service[80556]: DEBUG keystone.common.rbac_enforcer.enforcer [None req-95ed329e-f264-41a6-87d2-be363b8ab989 None admin] RBAC: Authorization granted {{(pid=80556) enforce_call /opt/stack/keystone/keystone/common/rbac_enforcer/enforcer.py:457}}
Jul 19 22:42:05.419226 dv-neutron-841459-16-hyperv devstack@keystone.service[80556]: [pid: 80556|app: 0|req: 141/278] 10.222.0.33 () {56 vars in 1177 bytes} [Tue Jul 19 22:42:05 2022] GET /identity/v3/users/ba92c707c00b40109c6923bd4bddcc28 => generated 293 bytes in 201 msecs (HTTP/1.1 200) 5 headers in 177 bytes (1 switches on core 0)
Jul 19 22:42:05.424920 dv-neutron-841459-16-hyperv devstack@keystone.service[80555]: DEBUG keystone.server.flask.request_processing.middleware.auth_context [None req-bd5c3509-5bc4-4b9d-8f76-a2996d69d318 None admin] Authenticating user token {{(pid=80555) process_request /usr/local/lib/python3.8/dist-packages/keystonemiddleware/auth_token/__init__.py:407}}
Jul 19 22:42:05.492285 dv-neutron-841459-16-hyperv devstack@keystone.service[80556]: DEBUG keystone.server.flask.request_processing.req_logging [None req-b60d1cc0-c97c-49da-9a4b-3fdc7a4940a2 None None] REQUEST_METHOD: `GET` {{(pid=80556) log_request_info /opt/stack/keystone/keystone/server/flask/request_processing/req_logging.py:27}}
Jul 19 22:42:05.492578 dv-neutron-841459-16-hyperv devstack@keystone.service[80556]: DEBUG keystone.server.flask.request_processing.req_logging [None req-b60d1cc0-c97c-49da-9a4b-3fdc7a4940a2 None None] SCRIPT_NAME: `/identity` {{(pid=80556) log_request_info /opt/stack/keystone/keystone/server/flask/request_processing/req_logging.py:28}}
Jul 19 22:42:05.492861 dv-neutron-841459-16-hyperv devstack@keystone.service[80556]: DEBUG keystone.server.flask.request_processing.req_logging [None req-b60d1cc0-c97c-49da-9a4b-3fdc7a4940a2 None None] PATH_INFO: `/` {{(pid=80556) log_request_info /opt/stack/keystone/keystone/server/flask/request_processing/req_logging.py:29}}
Jul 19 22:42:05.494539 dv-neutron-841459-16-hyperv devstack@keystone.service[80556]: [pid: 80556|app: 0|req: 142/279] 10.222.0.33 () {54 vars in 926 bytes} [Tue Jul 19 22:42:05 2022] GET /identity => generated 270 bytes in 3 msecs (HTTP/1.1 300) 6 headers in 234 bytes (1 switches on core 0)
Jul 19 22:42:05.499434 dv-neutron-841459-16-hyperv devstack@keystone.service[80556]: DEBUG keystone.server.flask.request_processing.req_logging [None req-1dc63a92-5697-4658-804c-bb425d5d3700 None None] REQUEST_METHOD: `POST` {{(pid=80556) log_request_info /opt/stack/keystone/keystone/server/flask/request_processing/req_logging.py:27}}
Jul 19 22:42:05.499769 dv-neutron-841459-16-hyperv devstack@keystone.service[80556]: DEBUG keystone.server.flask.request_processing.req_logging [None req-1dc63a92-5697-4658-804c-bb425d5d3700 None None] SCRIPT_NAME: `/identity` {{(pid=80556) log_request_info /opt/stack/keystone/keystone/server/flask/request_processing/req_logging.py:28}}
Jul 19 22:42:05.500048 dv-neutron-841459-16-hyperv devstack@keystone.service[80556]: DEBUG keystone.server.flask.request_processing.req_logging [None req-1dc63a92-5697-4658-804c-bb425d5d3700 None None] PATH_INFO: `/v3/auth/tokens` {{(pid=80556) log_request_info /opt/stack/keystone/keystone/server/flask/request_processing/req_logging.py:29}}
Jul 19 22:42:05.520450 dv-neutron-841459-16-hyperv devstack@keystone.service[80556]: DEBUG keystone.auth.core [None req-1dc63a92-5697-4658-804c-bb425d5d3700 None None] MFA Rules not processed for user `8de523c9d1934675914173f31ad08409`. Rule list: `[]` (Enabled: `True`). {{(pid=80556) check_auth_methods_against_rules /opt/stack/keystone/keystone/auth/core.py:438}}
Jul 19 22:42:05.521660 dv-neutron-841459-16-hyperv devstack@keystone.service[80556]: DEBUG keystone.common.fernet_utils [None req-1dc63a92-5697-4658-804c-bb425d5d3700 None None] Loaded 2 Fernet keys from /etc/keystone/fernet-keys/, but `[fernet_tokens] max_active_keys = 3`; perhaps there have not been enough key rotations to reach `max_active_keys` yet? {{(pid=80556) load_keys /opt/stack/keystone/keystone/common/fernet_utils.py:286}}
Jul 19 22:42:05.548940 dv-neutron-841459-16-hyperv devstack@keystone.service[80555]: DEBUG keystone.server.flask.request_processing.middleware.auth_context [None req-bd5c3509-5bc4-4b9d-8f76-a2996d69d318 None admin] Validating token access rules against request {{(pid=80555) validate_allowed_request /usr/local/lib/python3.8/dist-packages/keystonemiddleware/auth_token/__init__.py:545}}
Jul 19 22:42:05.586139 dv-neutron-841459-16-hyperv devstack@keystone.service[80556]: DEBUG dbcounter [-] [80556] Writing DB stats keystone:SELECT=100 {{(pid=80556) stat_writer /usr/local/lib/python3.8/dist-packages/dbcounter.py:114}}
Jul 19 22:42:05.598084 dv-neutron-841459-16-hyperv devstack@keystone.service[80555]: DEBUG keystone.server.flask.request_processing.middleware.auth_context [None req-7345d66b-19a9-447c-8d4f-f91a2de9f6cf None admin] RBAC: auth_context: {'token': , 'domain_id': None, 'trust_id': None, 'trustor_id': None, 'trustee_id': None, 'domain_name': None, 'group_ids': [], 'user_id': '8de523c9d1934675914173f31ad08409', 'user_domain_id': 'default', 'system_scope': 'all', 'project_id': None, 'project_domain_id': None, 'roles': ['admin', 'member', 'reader'], 'is_admin_project': True, 'service_user_id': None, 'service_user_domain_id': None, 'service_project_id': None, 'service_project_domain_id': None, 'service_roles': []} {{(pid=80555) fill_context /opt/stack/keystone/keystone/server/flask/request_processing/middleware/auth_context.py:478}}
Jul 19 22:42:05.599065 dv-neutron-841459-16-hyperv devstack@keystone.service[80555]: DEBUG keystone.server.flask.request_processing.req_logging [None req-7345d66b-19a9-447c-8d4f-f91a2de9f6cf None admin] REQUEST_METHOD: `GET` {{(pid=80555) log_request_info /opt/stack/keystone/keystone/server/flask/request_processing/req_logging.py:27}}
Jul 19 22:42:05.599628 dv-neutron-841459-16-hyperv devstack@keystone.service[80555]: DEBUG keystone.server.flask.request_processing.req_logging [None req-7345d66b-19a9-447c-8d4f-f91a2de9f6cf None admin] SCRIPT_NAME: `/identity` {{(pid=80555) log_request_info /opt/stack/keystone/keystone/server/flask/request_processing/req_logging.py:28}}
Jul 19 22:42:05.599907 dv-neutron-841459-16-hyperv devstack@keystone.service[80555]: DEBUG keystone.server.flask.request_processing.req_logging [None req-7345d66b-19a9-447c-8d4f-f91a2de9f6cf None admin] PATH_INFO: `/v3/role_assignments` {{(pid=80555) log_request_info /opt/stack/keystone/keystone/server/flask/request_processing/req_logging.py:29}}
Jul 19 22:42:05.600750 dv-neutron-841459-16-hyperv devstack@keystone.service[80555]: DEBUG keystone.common.rbac_enforcer.enforcer [None req-7345d66b-19a9-447c-8d4f-f91a2de9f6cf None admin] RBAC: Adding query filter params (role.id=e9bbf24a13fa4425a3293bd3ca8e6aaf, user.id=ba92c707c00b40109c6923bd4bddcc28, scope.system=all) {{(pid=80555) _extract_filter_values /opt/stack/keystone/keystone/common/rbac_enforcer/enforcer.py:167}}
Jul 19 22:42:05.601212 dv-neutron-841459-16-hyperv devstack@keystone.service[80555]: DEBUG keystone.common.rbac_enforcer.enforcer [None req-7345d66b-19a9-447c-8d4f-f91a2de9f6cf None admin] RBAC: Authorizing `identity:list_role_assignments()` {{(pid=80555) enforce_call /opt/stack/keystone/keystone/common/rbac_enforcer/enforcer.py:449}}
Jul 19 22:42:05.603253 dv-neutron-841459-16-hyperv devstack@keystone.service[80555]: DEBUG keystone.common.rbac_enforcer.enforcer [None req-7345d66b-19a9-447c-8d4f-f91a2de9f6cf None admin] RBAC: Authorization granted {{(pid=80555) enforce_call /opt/stack/keystone/keystone/common/rbac_enforcer/enforcer.py:457}}
Jul 19 22:42:05.608231 dv-neutron-841459-16-hyperv devstack@keystone.service[80556]: [pid: 80556|app: 0|req: 143/280] 10.222.0.33 () {58 vars in 1023 bytes} [Tue Jul 19 22:42:05 2022] POST /identity/v3/auth/tokens => generated 799 bytes in 109 msecs (HTTP/1.1 201) 6 headers in 363 bytes (2 switches on core 0)
Jul 19 22:42:05.610615 dv-neutron-841459-16-hyperv devstack@keystone.service[80555]: [pid: 80555|app: 0|req: 138/281] 10.222.0.33 () {56 vars in 1308 bytes} [Tue Jul 19 22:42:05 2022] GET /identity/v3/role_assignments?user.id=ba92c707c00b40109c6923bd4bddcc28&scope.system=all&role.id=e9bbf24a13fa4425a3293bd3ca8e6aaf => generated 226 bytes in 186 msecs (HTTP/1.1 200) 5 headers in 177 bytes (1 switches on core 0)
Jul 19 22:42:05.641162 dv-neutron-841459-16-hyperv devstack@keystone.service[80556]: DEBUG keystone.server.flask.request_processing.middleware.auth_context [None req-1dc63a92-5697-4658-804c-bb425d5d3700 None None] Authenticating user token {{(pid=80556) process_request /usr/local/lib/python3.8/dist-packages/keystonemiddleware/auth_token/__init__.py:407}}
Jul 19 22:42:05.683545 dv-neutron-841459-16-hyperv devstack@keystone.service[80555]: DEBUG keystone.server.flask.request_processing.req_logging [None req-cbcf5282-bbbd-4a22-8417-3614ac32a948 None None] REQUEST_METHOD: `GET` {{(pid=80555) log_request_info /opt/stack/keystone/keystone/server/flask/request_processing/req_logging.py:27}}
Jul 19 22:42:05.684205 dv-neutron-841459-16-hyperv devstack@keystone.service[80555]: DEBUG keystone.server.flask.request_processing.req_logging [None req-cbcf5282-bbbd-4a22-8417-3614ac32a948 None None] SCRIPT_NAME: `/identity` {{(pid=80555) log_request_info /opt/stack/keystone/keystone/server/flask/request_processing/req_logging.py:28}}
Jul 19 22:42:05.684683 dv-neutron-841459-16-hyperv devstack@keystone.service[80555]: DEBUG keystone.server.flask.request_processing.req_logging [None req-cbcf5282-bbbd-4a22-8417-3614ac32a948 None None] PATH_INFO: `/` {{(pid=80555) log_request_info /opt/stack/keystone/keystone/server/flask/request_processing/req_logging.py:29}}
Jul 19 22:42:05.686607 dv-neutron-841459-16-hyperv devstack@keystone.service[80555]: [pid: 80555|app: 0|req: 139/282] 10.222.0.33 () {54 vars in 926 bytes} [Tue Jul 19 22:42:05 2022] GET /identity => generated 270 bytes in 4 msecs (HTTP/1.1 300) 6 headers in 234 bytes (1 switches on core 0)
