Jul 18 15:27:47.799167 dv-neutron-841459-15-hyperv neutron-server[104523]: DEBUG dbcounter [-] [104523] Writing DB stats neutron:SELECT=92,neutron:INSERT=2,neutron:UPDATE=2,neutron:DELETE=4 {{(pid=104523) stat_writer /usr/local/lib/python3.8/dist-packages/dbcounter.py:114}}
Jul 18 15:27:47.829482 dv-neutron-841459-15-hyperv neutron-server[104523]: DEBUG neutron_lib.callbacks.manager [None req-56278ad1-b590-44e3-86a9-e551dbbcb0ac tempest-RoutersTestDVR-462809227 tempest-RoutersTestDVR-462809227-project-admin] Publish callbacks ['neutron.services.l3_router.l3_router_plugin.L3_HA_NAT_db_mixin._release_router_vr_id-1992781', 'neutron.services.l3_router.service_providers.driver_controller.DriverController._clear_router_provider-16352'] for router (e72a6f5d-dea5-4e66-9dd7-a5026d71ed7d), precommit_delete {{(pid=104523) _notify_loop /usr/local/lib/python3.8/dist-packages/neutron_lib/callbacks/manager.py:176}}
Jul 18 15:27:47.831933 dv-neutron-841459-15-hyperv neutron-server[104523]: DEBUG neutron.api.rpc.handlers.resources_rpc [None req-198daa28-2c70-4118-91a0-d6bc776d5001 tempest-AllowedAddressPairIpV6TestJSON-696102721 tempest-AllowedAddressPairIpV6TestJSON-696102721-project] Pushing event updated for resources: {'Port': ['ID=38ca4c20-52a2-4c1f-86ca-806d0a47a9d6,revision_number=2']} {{(pid=104523) push /opt/stack/neutron/neutron/api/rpc/handlers/resources_rpc.py:237}}
Jul 18 15:27:47.838482 dv-neutron-841459-15-hyperv neutron-server[104523]: DEBUG neutron_lib.callbacks.manager [None req-56278ad1-b590-44e3-86a9-e551dbbcb0ac tempest-RoutersTestDVR-462809227 tempest-RoutersTestDVR-462809227-project-admin] Publish callbacks [] for router_controller (e72a6f5d-dea5-4e66-9dd7-a5026d71ed7d), precommit_delete_associations {{(pid=104523) _notify_loop /usr/local/lib/python3.8/dist-packages/neutron_lib/callbacks/manager.py:176}}
Jul 18 15:27:47.844341 dv-neutron-841459-15-hyperv neutron-server[104524]: INFO neutron.wsgi [req-8a5c4502-1c59-4e15-94e7-99578f9f78a2 req-3fce22e8-dc30-45f9-8ee3-12e55eb09701 service neutron] 10.222.0.72 "GET /v2.0/floatingips?fixed_ip_address=172.20.0.13&port_id=3123faea-3ab5-447e-9eb3-a00e3b9ab188 HTTP/1.1" status: 200 len: 217 time: 0.1387610
Jul 18 15:27:47.845944 dv-neutron-841459-15-hyperv neutron-server[104523]: DEBUG neutron.pecan_wsgi.hooks.policy_enforcement [None req-44459e94-8862-4e3d-880e-0a77b888c34a tempest-PortsIpV6TestJSON-1266240966 tempest-PortsIpV6TestJSON-1266240966-project] Attributes excluded by policy engine: ['standard_attr_id', 'binding:profile', 'binding:host_id', 'binding:vif_type', 'binding:vif_details'] {{(pid=104523) _exclude_attributes_by_policy /opt/stack/neutron/neutron/pecan_wsgi/hooks/policy_enforcement.py:259}}
Jul 18 15:27:47.850374 dv-neutron-841459-15-hyperv neutron-server[104523]: INFO neutron.wsgi [None req-44459e94-8862-4e3d-880e-0a77b888c34a tempest-PortsIpV6TestJSON-1266240966 tempest-PortsIpV6TestJSON-1266240966-project] 10.222.0.84 "GET /v2.0/ports HTTP/1.1" status: 200 len: 848 time: 0.2274709
Jul 18 15:27:47.851660 dv-neutron-841459-15-hyperv neutron-server[104523]: DEBUG neutron.wsgi [-] (104523) accepted ('10.222.0.84', 46260) {{(pid=104523) server /usr/local/lib/python3.8/dist-packages/eventlet/wsgi.py:1004}}
Jul 18 15:27:47.866838 dv-neutron-841459-15-hyperv neutron-server[104523]: INFO neutron.wsgi [None req-6d1fa229-bd72-43f3-938e-856a73e16499 tempest-ExternalNetworksTestJSON-819014074 tempest-ExternalNetworksTestJSON-819014074-project-admin] 10.222.0.84 "POST /v2.0/subnets HTTP/1.1" status: 201 len: 802 time: 2.9289978
Jul 18 15:27:47.879850 dv-neutron-841459-15-hyperv neutron-server[104523]: DEBUG neutron.wsgi [-] (104523) accepted ('10.222.0.84', 46262) {{(pid=104523) server /usr/local/lib/python3.8/dist-packages/eventlet/wsgi.py:1004}}
Jul 18 15:27:47.948040 dv-neutron-841459-15-hyperv neutron-server[104523]: DEBUG neutron.api.v2.base [None req-246feca4-1c86-4012-b63a-99cd81e43cc8 tempest-ExternalNetworksTestJSON-819014074 tempest-ExternalNetworksTestJSON-819014074-project-admin] Request body: {'floatingip': {'floating_network_id': 'a7fa3d9d-cc69-4d82-801d-0c22d60b146b'}} {{(pid=104523) prepare_request_body /opt/stack/neutron/neutron/api/v2/base.py:730}}
Jul 18 15:27:47.966897 dv-neutron-841459-15-hyperv neutron-server[104523]: INFO neutron.pecan_wsgi.hooks.translation [None req-aa771d45-f380-4e91-8826-92d7cd48ce1c tempest-PortsIpV6TestJSON-1266240966 tempest-PortsIpV6TestJSON-1266240966-project] GET failed (client error): The resource could not be found.
Jul 18 15:27:47.969369 dv-neutron-841459-15-hyperv neutron-server[104523]: INFO neutron.wsgi [None req-aa771d45-f380-4e91-8826-92d7cd48ce1c tempest-PortsIpV6TestJSON-1266240966 tempest-PortsIpV6TestJSON-1266240966-project] 10.222.0.84 "GET /v2.0/ports/b06383cb-c2e5-4f19-bcea-0293b9d91fcf HTTP/1.1" status: 404 len: 333 time: 0.1167417
Jul 18 15:27:47.986849 dv-neutron-841459-15-hyperv neutron-server[104523]: DEBUG neutron.wsgi [-] (104523) accepted ('10.222.0.84', 46266) {{(pid=104523) server /usr/local/lib/python3.8/dist-packages/eventlet/wsgi.py:1004}}
Jul 18 15:27:48.013212 dv-neutron-841459-15-hyperv neutron-server[104525]: DEBUG neutron.db.provisioning_blocks [None req-05541dde-9a69-4739-a8df-4d54148191ba None None] Provisioning complete for port 38ca4c20-52a2-4c1f-86ca-806d0a47a9d6 triggered by entity DHCP. {{(pid=104525) provisioning_complete /opt/stack/neutron/neutron/db/provisioning_blocks.py:145}}
Jul 18 15:27:48.013587 dv-neutron-841459-15-hyperv neutron-server[104525]: DEBUG neutron_lib.callbacks.manager [None req-05541dde-9a69-4739-a8df-4d54148191ba None None] Publish callbacks ['neutron.plugins.ml2.plugin.Ml2Plugin._port_provisioned-1035304'] for port (38ca4c20-52a2-4c1f-86ca-806d0a47a9d6), provisioning_complete {{(pid=104525) _notify_loop /usr/local/lib/python3.8/dist-packages/neutron_lib/callbacks/manager.py:176}}
Jul 18 15:27:48.053908 dv-neutron-841459-15-hyperv neutron-server[104525]: DEBUG neutron.plugins.ml2.plugin [None req-05541dde-9a69-4739-a8df-4d54148191ba None None] Port 38ca4c20-52a2-4c1f-86ca-806d0a47a9d6 cannot update to ACTIVE because it is not bound. {{(pid=104525) _port_provisioned /opt/stack/neutron/neutron/plugins/ml2/plugin.py:348}}
Jul 18 15:27:48.058338 dv-neutron-841459-15-hyperv neutron-server[104523]: INFO neutron.pecan_wsgi.hooks.translation [None req-bbffc432-bb73-4e4d-a5ef-8d40148c504c tempest-PortsIpV6TestJSON-1266240966 tempest-PortsIpV6TestJSON-1266240966-project] GET failed (client error): The resource could not be found.
Jul 18 15:27:48.059872 dv-neutron-841459-15-hyperv neutron-server[104523]: INFO neutron.wsgi [None req-bbffc432-bb73-4e4d-a5ef-8d40148c504c tempest-PortsIpV6TestJSON-1266240966 tempest-PortsIpV6TestJSON-1266240966-project] 10.222.0.84 "GET /v2.0/ports/51785d86-9f59-40bf-9083-2ea61acf7e08 HTTP/1.1" status: 404 len: 333 time: 0.0703616
Jul 18 15:27:48.060774 dv-neutron-841459-15-hyperv neutron-server[104523]: DEBUG neutron_lib.callbacks.manager [None req-56278ad1-b590-44e3-86a9-e551dbbcb0ac tempest-RoutersTestDVR-462809227 tempest-RoutersTestDVR-462809227-project-admin] Publish callbacks ['neutron.services.l3_router.l3_router_plugin.L3_HA_NAT_db_mixin._cleanup_ha_network_handler-1992913'] for router (e72a6f5d-dea5-4e66-9dd7-a5026d71ed7d), after_delete {{(pid=104523) _notify_loop /usr/local/lib/python3.8/dist-packages/neutron_lib/callbacks/manager.py:176}}
Jul 18 15:27:48.061517 dv-neutron-841459-15-hyperv neutron-server[104523]: DEBUG neutron.api.rpc.agentnotifiers.l3_rpc_agent_api [None req-56278ad1-b590-44e3-86a9-e551dbbcb0ac tempest-RoutersTestDVR-462809227 tempest-RoutersTestDVR-462809227-project-admin] Fanout notify agent at l3_agent the message router_deleted on router e72a6f5d-dea5-4e66-9dd7-a5026d71ed7d {{(pid=104523) _notification_fanout /opt/stack/neutron/neutron/api/rpc/agentnotifiers/l3_rpc_agent_api.py:114}}
Jul 18 15:27:48.062786 dv-neutron-841459-15-hyperv neutron-server[104523]: DEBUG dbcounter [-] [104523] Writing DB stats neutron:SELECT=90,neutron:DELETE=7,neutron:UPDATE=1,neutron:INSERT=2 {{(pid=104523) stat_writer /usr/local/lib/python3.8/dist-packages/dbcounter.py:114}}
Jul 18 15:27:48.067734 dv-neutron-841459-15-hyperv neutron-server[104523]: DEBUG neutron.wsgi [-] (104523) accepted ('10.222.0.84', 46268) {{(pid=104523) server /usr/local/lib/python3.8/dist-packages/eventlet/wsgi.py:1004}}
Jul 18 15:27:48.094850 dv-neutron-841459-15-hyperv neutron-server[104523]: DEBUG neutron_lib.callbacks.manager [None req-56278ad1-b590-44e3-86a9-e551dbbcb0ac tempest-RoutersTestDVR-462809227 tempest-RoutersTestDVR-462809227-project-admin] Publish callbacks [] for router (None), before_response {{(pid=104523) _notify_loop /usr/local/lib/python3.8/dist-packages/neutron_lib/callbacks/manager.py:176}}
Jul 18 15:27:48.099852 dv-neutron-841459-15-hyperv neutron-server[104523]: INFO neutron.wsgi [None req-56278ad1-b590-44e3-86a9-e551dbbcb0ac tempest-RoutersTestDVR-462809227 tempest-RoutersTestDVR-462809227-project-admin] 10.222.0.84 "DELETE /v2.0/routers/e72a6f5d-dea5-4e66-9dd7-a5026d71ed7d HTTP/1.1" status: 204 len: 168 time: 0.9976964
Jul 18 15:27:48.104768 dv-neutron-841459-15-hyperv neutron-server[104523]: DEBUG neutron.wsgi [-] (104523) accepted ('10.222.0.84', 46272) {{(pid=104523) server /usr/local/lib/python3.8/dist-packages/eventlet/wsgi.py:1004}}
Jul 18 15:27:48.120689 dv-neutron-841459-15-hyperv neutron-server[104523]: DEBUG neutron.api.v2.base [None req-863c7af3-73f9-4bcc-b9fc-9fc5e79d5cf9 tempest-RoutersTestDVR-462809227 tempest-RoutersTestDVR-462809227-project-admin] Request body: {'router': {'name': 'tempest-router-1170082193', 'distributed': False, 'admin_state_up': False, 'ha': False, 'project_id': '586b479854784027b7a53f99a940af0b'}} {{(pid=104523) prepare_request_body /opt/stack/neutron/neutron/api/v2/base.py:730}}
Jul 18 15:27:48.124968 dv-neutron-841459-15-hyperv neutron-server[104523]: DEBUG neutron.plugins.ml2.plugin [None req-b4f9b04b-7563-4f69-86d9-061133c33e6f tempest-AllowedAddressPairIpV6TestJSON-696102721 tempest-AllowedAddressPairIpV6TestJSON-696102721-project] Deleting port 38ca4c20-52a2-4c1f-86ca-806d0a47a9d6 {{(pid=104523) _pre_delete_port /opt/stack/neutron/neutron/plugins/ml2/plugin.py:2037}}
Jul 18 15:27:48.125345 dv-neutron-841459-15-hyperv neutron-server[104523]: DEBUG neutron_lib.callbacks.manager [None req-b4f9b04b-7563-4f69-86d9-061133c33e6f tempest-AllowedAddressPairIpV6TestJSON-696102721 tempest-AllowedAddressPairIpV6TestJSON-696102721-project] Publish callbacks ['neutron.db.l3_db.L3_NAT_dbonly_mixin._prevent_l3_port_delete_callback-8760409111044'] for port (38ca4c20-52a2-4c1f-86ca-806d0a47a9d6), before_delete {{(pid=104523) _notify_loop /usr/local/lib/python3.8/dist-packages/neutron_lib/callbacks/manager.py:176}}
Jul 18 15:27:48.156118 dv-neutron-841459-15-hyperv neutron-server[104523]: DEBUG neutron_lib.callbacks.manager [None req-246feca4-1c86-4012-b63a-99cd81e43cc8 tempest-ExternalNetworksTestJSON-819014074 tempest-ExternalNetworksTestJSON-819014074-project-admin] Publish callbacks [] for floatingip (None), before_create {{(pid=104523) _notify_loop /usr/local/lib/python3.8/dist-packages/neutron_lib/callbacks/manager.py:176}}
Jul 18 15:27:48.177957 dv-neutron-841459-15-hyperv neutron-server[104523]: DEBUG neutron.pecan_wsgi.hooks.policy_enforcement [req-2f50c241-5d13-4eac-8859-8d0f92e50151 req-a08c61c8-c2db-475c-8728-e97c4b0636ac tempest-ServersTestJSON-1627739321 tempest-ServersTestJSON-1627739321-project] Attributes excluded by policy engine: ['standard_attr_id', 'binding:profile', 'binding:host_id', 'binding:vif_type', 'binding:vif_details'] {{(pid=104523) _exclude_attributes_by_policy /opt/stack/neutron/neutron/pecan_wsgi/hooks/policy_enforcement.py:259}}
Jul 18 15:27:48.179416 dv-neutron-841459-15-hyperv neutron-server[104523]: INFO neutron.wsgi [req-2f50c241-5d13-4eac-8859-8d0f92e50151 req-a08c61c8-c2db-475c-8728-e97c4b0636ac tempest-ServersTestJSON-1627739321 tempest-ServersTestJSON-1627739321-project] 10.222.0.84 "GET /v2.0/ports?device_id=1c18fabc-0bf4-45c4-8a01-c41035580ea8 HTTP/1.1" status: 200 len: 943 time: 0.2069085
Jul 18 15:27:48.205894 dv-neutron-841459-15-hyperv neutron-server[104524]: DEBUG neutron.notifiers.nova [-] Sending events: [{'name': 'network-changed', 'server_uuid': '53e5962b-58e3-49cf-8201-f6ad7a4bee57', 'tag': '3123faea-3ab5-447e-9eb3-a00e3b9ab188'}] {{(pid=104524) send_events /opt/stack/neutron/neutron/notifiers/nova.py:271}}
Jul 18 15:27:48.208218 dv-neutron-841459-15-hyperv neutron-server[104524]: DEBUG novaclient.v2.client [-] REQ: curl -g -i --cacert "/opt/stack/data/ca-bundle.pem" -X POST http://10.222.0.84/compute/v2.1/os-server-external-events -H "Accept: application/json" -H "Content-Type: application/json" -H "User-Agent: python-novaclient" -H "X-Auth-Token: {SHA256}98f9b96e98334946d59b56933b42c161d2480d156d9b0f487513749eb90c1eef" -H "X-OpenStack-Nova-API-Version: 2.1" -H "X-OpenStack-Request-ID: req-a0d07478-6595-4770-9492-e275e144238d" -d '{"events": [{"name": "network-changed", "server_uuid": "53e5962b-58e3-49cf-8201-f6ad7a4bee57", "tag": "3123faea-3ab5-447e-9eb3-a00e3b9ab188"}]}' {{(pid=104524) _http_log_request /usr/local/lib/python3.8/dist-packages/keystoneauth1/session.py:519}}
Jul 18 15:27:48.272685 dv-neutron-841459-15-hyperv neutron-server[104524]: DEBUG neutron_lib.callbacks.manager [None req-3c475eaa-a7a7-465b-847d-09a8fc65dfdf tempest-PortsAdminExtendedAttrsTestJSON-1381433892 tempest-PortsAdminExtendedAttrsTestJSON-1381433892-project] Publish callbacks ['neutron.plugins.ml2.plugin.External_net_db_mixin._before_network_delete_handler-645211'] for network (e87418e1-a50e-4bdc-90b2-39d60cf91be1), before_delete {{(pid=104524) _notify_loop /usr/local/lib/python3.8/dist-packages/neutron_lib/callbacks/manager.py:176}}
Jul 18 15:27:48.326156 dv-neutron-841459-15-hyperv neutron-server[104524]: DEBUG neutron.pecan_wsgi.hooks.policy_enforcement [req-8a5c4502-1c59-4e15-94e7-99578f9f78a2 req-da3a8b38-4d04-41e4-b9fc-dddc9fbe8f24 service neutron] Attributes excluded by policy engine: ['standard_attr_id', 'shared', 'segment_id'] {{(pid=104524) _exclude_attributes_by_policy /opt/stack/neutron/neutron/pecan_wsgi/hooks/policy_enforcement.py:259}}
Jul 18 15:27:48.327667 dv-neutron-841459-15-hyperv neutron-server[104524]: INFO neutron.wsgi [req-8a5c4502-1c59-4e15-94e7-99578f9f78a2 req-da3a8b38-4d04-41e4-b9fc-dddc9fbe8f24 service neutron] 10.222.0.72 "GET /v2.0/subnets?id=61d74518-c6cb-438d-afcc-d5fc3e0c8f63 HTTP/1.1" status: 200 len: 851 time: 0.4618833
Jul 18 15:27:48.328055 dv-neutron-841459-15-hyperv neutron-server[104524]: DEBUG dbcounter [-] [104524] Writing DB stats neutron:SELECT=97,neutron:DELETE=3 {{(pid=104524) stat_writer /usr/local/lib/python3.8/dist-packages/dbcounter.py:114}}
Jul 18 15:27:48.330780 dv-neutron-841459-15-hyperv neutron-server[104524]: DEBUG neutron.pecan_wsgi.hooks.policy_enforcement [req-1d4e6094-88b2-47d1-8db8-187c6e3329b9 req-99dc8c6f-e3a2-49c6-8a8d-3b3a4d2ddc9e service neutron] Attributes excluded by policy engine: ['standard_attr_id', 'vlan_transparent'] {{(pid=104524) _exclude_attributes_by_policy /opt/stack/neutron/neutron/pecan_wsgi/hooks/policy_enforcement.py:259}}
Jul 18 15:27:48.332075 dv-neutron-841459-15-hyperv neutron-server[104524]: INFO neutron.wsgi [req-1d4e6094-88b2-47d1-8db8-187c6e3329b9 req-99dc8c6f-e3a2-49c6-8a8d-3b3a4d2ddc9e service neutron] 10.222.0.72 "GET /v2.0/networks?tenant_id=3f58ad4fa6b04d2c8f5a28f91bdbad34&shared=False HTTP/1.1" status: 200 len: 906 time: 0.6430926
Jul 18 15:27:48.364771 dv-neutron-841459-15-hyperv neutron-server[104523]: DEBUG neutron_lib.callbacks.manager [None req-863c7af3-73f9-4bcc-b9fc-9fc5e79d5cf9 tempest-RoutersTestDVR-462809227 tempest-RoutersTestDVR-462809227-project-admin] Publish callbacks ['neutron.services.l3_router.l3_router_plugin.L3_HA_NAT_db_mixin._before_router_create_handler-1993434', 'neutron.services.l3_router.service_providers.driver_controller.DriverController._check_router_request-16278'] for router (ee9f0b14-116f-49c1-942a-394e15f26887), before_create {{(pid=104523) _notify_loop /usr/local/lib/python3.8/dist-packages/neutron_lib/callbacks/manager.py:176}}
Jul 18 15:27:48.365742 dv-neutron-841459-15-hyperv neutron-server[104523]: DEBUG neutron_lib.callbacks.manager [None req-863c7af3-73f9-4bcc-b9fc-9fc5e79d5cf9 tempest-RoutersTestDVR-462809227 tempest-RoutersTestDVR-462809227-project-admin] Publish callbacks ['neutron.services.l3_router.l3_router_plugin.L3_HA_NAT_db_mixin._precommit_router_create-1993334', 'neutron.services.l3_router.l3_router_plugin.DVRResourceOperationHandler._set_distributed_flag-1998697', 'neutron.services.l3_router.l3_router_plugin.RouterAvailabilityZoneMixin._process_az_request-2050188', 'neutron.services.l3_router.service_providers.driver_controller.DriverController._set_router_provider-16367'] for router (ee9f0b14-116f-49c1-942a-394e15f26887), precommit_create {{(pid=104523) _notify_loop /usr/local/lib/python3.8/dist-packages/neutron_lib/callbacks/manager.py:176}}
Jul 18 15:27:48.378214 dv-neutron-841459-15-hyperv neutron-server[104523]: DEBUG neutron_lib.callbacks.manager [None req-95272da0-bbac-4315-8524-30ecec9af234 tempest-PortsIpV6TestJSON-1266240966 tempest-PortsIpV6TestJSON-1266240966-project] Publish callbacks ['neutron.plugins.ml2.plugin.External_net_db_mixin._before_network_delete_handler-645211'] for network (0b94208a-9e6f-4637-beae-9a0c695f419e), before_delete {{(pid=104523) _notify_loop /usr/local/lib/python3.8/dist-packages/neutron_lib/callbacks/manager.py:176}}
Jul 18 15:27:48.416470 dv-neutron-841459-15-hyperv neutron-server[104523]: DEBUG neutron.pecan_wsgi.hooks.policy_enforcement [req-aaca1be4-ce5e-4ed5-bd7a-b78c463f369e req-0e280f25-b1b0-41ba-b5f3-52599a3423f7 tempest-ServersTestManualDisk-91198015 tempest-ServersTestManualDisk-91198015-project] Attributes excluded by policy engine: ['standard_attr_id', 'binding:profile', 'binding:host_id', 'binding:vif_type', 'binding:vif_details'] {{(pid=104523) _exclude_attributes_by_policy /opt/stack/neutron/neutron/pecan_wsgi/hooks/policy_enforcement.py:259}}
Jul 18 15:27:48.417962 dv-neutron-841459-15-hyperv neutron-server[104523]: INFO neutron.wsgi [req-aaca1be4-ce5e-4ed5-bd7a-b78c463f369e req-0e280f25-b1b0-41ba-b5f3-52599a3423f7 tempest-ServersTestManualDisk-91198015 tempest-ServersTestManualDisk-91198015-project] 10.222.0.84 "GET /v2.0/ports?device_id=53e5962b-58e3-49cf-8201-f6ad7a4bee57 HTTP/1.1" status: 200 len: 944 time: 0.2827859
Jul 18 15:27:48.488707 dv-neutron-841459-15-hyperv neutron-server[104523]: DEBUG neutron_lib.callbacks.manager [None req-b4f9b04b-7563-4f69-86d9-061133c33e6f tempest-AllowedAddressPairIpV6TestJSON-696102721 tempest-AllowedAddressPairIpV6TestJSON-696102721-project] Publish callbacks ['neutron.services.l3_router.l3_router_plugin.L3_NAT_dbonly_mixin._precommit_delete_port_callback-1998732'] for port (38ca4c20-52a2-4c1f-86ca-806d0a47a9d6), precommit_delete {{(pid=104523) _notify_loop /usr/local/lib/python3.8/dist-packages/neutron_lib/callbacks/manager.py:176}}
Jul 18 15:27:48.491557 dv-neutron-841459-15-hyperv neutron-server[104523]: DEBUG neutron_lib.callbacks.manager [None req-246feca4-1c86-4012-b63a-99cd81e43cc8 tempest-ExternalNetworksTestJSON-819014074 tempest-ExternalNetworksTestJSON-819014074-project-admin] Publish callbacks ['neutron.plugins.ml2.plugin.SecurityGroupDbMixin._ensure_default_security_group_handler-972584'] for port (None), before_create {{(pid=104523) _notify_loop /usr/local/lib/python3.8/dist-packages/neutron_lib/callbacks/manager.py:176}}
Jul 18 15:27:48.529982 dv-neutron-841459-15-hyperv neutron-server[104523]: INFO neutron.wsgi [req-2f50c241-5d13-4eac-8859-8d0f92e50151 req-7255dcef-6223-4f81-b0db-a2013e719635 tempest-ServersTestJSON-1627739321 tempest-ServersTestJSON-1627739321-project] 10.222.0.84 "GET /v2.0/security-groups?id=a981bbb6-4bd9-4a0a-9a10-3ce64a712d1d&fields=id&fields=name HTTP/1.1" status: 200 len: 312 time: 0.2941432
Jul 18 15:27:48.565711 dv-neutron-841459-15-hyperv neutron-server[104523]: DEBUG neutron.plugins.ml2.plugin [None req-b4f9b04b-7563-4f69-86d9-061133c33e6f tempest-AllowedAddressPairIpV6TestJSON-696102721 tempest-AllowedAddressPairIpV6TestJSON-696102721-project] Calling delete_port for 38ca4c20-52a2-4c1f-86ca-806d0a47a9d6 owned by {{(pid=104523) delete_port /opt/stack/neutron/neutron/plugins/ml2/plugin.py:2116}}
Jul 18 15:27:48.592206 dv-neutron-841459-15-hyperv neutron-server[104524]: DEBUG neutron_lib.callbacks.manager [None req-3c475eaa-a7a7-465b-847d-09a8fc65dfdf tempest-PortsAdminExtendedAttrsTestJSON-1381433892 tempest-PortsAdminExtendedAttrsTestJSON-1381433892-project] Publish callbacks ['neutron.plugins.ml2.plugin.Ml2Plugin._network_delete_precommit_handler-1045645', 'neutron.services.segments.db._delete_segments_for_network-8760409219606'] for network (e87418e1-a50e-4bdc-90b2-39d60cf91be1), precommit_delete {{(pid=104524) _notify_loop /usr/local/lib/python3.8/dist-packages/neutron_lib/callbacks/manager.py:176}}
Jul 18 15:27:48.608796 dv-neutron-841459-15-hyperv neutron-server[104523]: DEBUG neutron_lib.callbacks.manager [None req-863c7af3-73f9-4bcc-b9fc-9fc5e79d5cf9 tempest-RoutersTestDVR-462809227 tempest-RoutersTestDVR-462809227-project-admin] Publish callbacks [] for router_controller (ee9f0b14-116f-49c1-942a-394e15f26887), precommit_add_association {{(pid=104523) _notify_loop /usr/local/lib/python3.8/dist-packages/neutron_lib/callbacks/manager.py:176}}
Jul 18 15:27:48.617720 dv-neutron-841459-15-hyperv neutron-server[104524]: DEBUG neutron.pecan_wsgi.hooks.policy_enforcement [req-8a5c4502-1c59-4e15-94e7-99578f9f78a2 req-d21fb374-074a-4f62-9cbc-add5bfc9391b service neutron] Attributes excluded by policy engine: ['standard_attr_id'] {{(pid=104524) _exclude_attributes_by_policy /opt/stack/neutron/neutron/pecan_wsgi/hooks/policy_enforcement.py:259}}
Jul 18 15:27:48.619232 dv-neutron-841459-15-hyperv neutron-server[104524]: INFO neutron.wsgi [req-8a5c4502-1c59-4e15-94e7-99578f9f78a2 req-d21fb374-074a-4f62-9cbc-add5bfc9391b service neutron] 10.222.0.72 "GET /v2.0/ports?network_id=ef6527b7-a383-434e-a3a7-ad920ae433f4&device_owner=network%3Adhcp HTTP/1.1" status: 200 len: 1215 time: 0.2612727
Jul 18 15:27:48.630044 dv-neutron-841459-15-hyperv neutron-server[104524]: DEBUG novaclient.v2.client [-] RESP: [200] Connection: close Content-Length: 179 Content-Type: application/json Date: Mon, 18 Jul 2022 15:27:48 GMT OpenStack-API-Version: compute 2.1 Server: Apache/2.4.41 (Ubuntu) Vary: OpenStack-API-Version,X-OpenStack-Nova-API-Version X-OpenStack-Nova-API-Version: 2.1 x-compute-request-id: req-32ddd0a7-59e4-40c2-a18f-04ce286c654c x-openstack-request-id: req-32ddd0a7-59e4-40c2-a18f-04ce286c654c {{(pid=104524) _http_log_response /usr/local/lib/python3.8/dist-packages/keystoneauth1/session.py:550}}
Jul 18 15:27:48.630461 dv-neutron-841459-15-hyperv neutron-server[104524]: DEBUG novaclient.v2.client [-] RESP BODY: {"events": [{"name": "network-changed", "server_uuid": "53e5962b-58e3-49cf-8201-f6ad7a4bee57", "tag": "3123faea-3ab5-447e-9eb3-a00e3b9ab188", "status": "completed", "code": 200}]} {{(pid=104524) _http_log_response /usr/local/lib/python3.8/dist-packages/keystoneauth1/session.py:582}}
Jul 18 15:27:48.630580 dv-neutron-841459-15-hyperv neutron-server[104524]: DEBUG novaclient.v2.client [-] POST call to compute for http://10.222.0.84/compute/v2.1/os-server-external-events used request id req-32ddd0a7-59e4-40c2-a18f-04ce286c654c {{(pid=104524) request /usr/local/lib/python3.8/dist-packages/keystoneauth1/session.py:954}}
Jul 18 15:27:48.630959 dv-neutron-841459-15-hyperv neutron-server[104524]: INFO neutron.notifiers.nova [-] Nova event matching ['req-32ddd0a7-59e4-40c2-a18f-04ce286c654c'] response: {'name': 'network-changed', 'server_uuid': '53e5962b-58e3-49cf-8201-f6ad7a4bee57', 'tag': '3123faea-3ab5-447e-9eb3-a00e3b9ab188', 'status': 'completed', 'code': 200}
Jul 18 15:27:48.644948 dv-neutron-841459-15-hyperv neutron-server[104523]: DEBUG dbcounter [-] [104523] Writing DB stats neutron:SELECT=94,neutron:INSERT=5,neutron:UPDATE=1 {{(pid=104523) stat_writer /usr/local/lib/python3.8/dist-packages/dbcounter.py:114}}
Jul 18 15:27:48.646881 dv-neutron-841459-15-hyperv neutron-server[104523]: DEBUG neutron_lib.callbacks.manager [None req-863c7af3-73f9-4bcc-b9fc-9fc5e79d5cf9 tempest-RoutersTestDVR-462809227 tempest-RoutersTestDVR-462809227-project-admin] Publish callbacks ['neutron.services.l3_router.l3_router_plugin.L3_HA_NAT_db_mixin._after_router_create-1993293', 'neutron.services.l3_router.l3_router_plugin.DVRResourceOperationHandler._create_snat_interfaces_after_change-1998845'] for router (ee9f0b14-116f-49c1-942a-394e15f26887), after_create {{(pid=104523) _notify_loop /usr/local/lib/python3.8/dist-packages/neutron_lib/callbacks/manager.py:176}}
Jul 18 15:27:48.663246 dv-neutron-841459-15-hyperv neutron-server[104524]: DEBUG neutron_lib.callbacks.manager [None req-14d47bae-bec8-427a-a3e8-da90300f9f8c tempest-FloatingIPAdminTestJSON-1119212465 tempest-FloatingIPAdminTestJSON-1119212465-project] Publish callbacks ['neutron.plugins.ml2.plugin.SecurityGroupServerNotifierRpcMixin._notify_sg_on_port_change-972011', 'neutron.plugins.ml2.ovo_rpc._ObjectChangeHandler.handle_event-426764', 'neutron.api.rpc.agentnotifiers.dhcp_rpc_agent_api.DhcpAgentNotifyAPI._native_event_send_dhcp_notification-1646033', 'neutron.db.l3_db.L3RpcNotifierMixin._notify_routers_callback-8760409116694', 'neutron.db.l3_dvrscheduler_db._notify_port_delete-8760408736790', 'neutron.services.segments.plugin.NovaSegmentNotifier._notify_port_created_or_deleted-32748057'] for port (b2e2c605-a8e0-42af-880a-709705f87e8a), after_delete {{(pid=104524) _notify_loop /usr/local/lib/python3.8/dist-packages/neutron_lib/callbacks/manager.py:176}}
Jul 18 15:27:48.684426 dv-neutron-841459-15-hyperv neutron-server[104524]: DEBUG neutron.services.segments.db [None req-3c475eaa-a7a7-465b-847d-09a8fc65dfdf tempest-PortsAdminExtendedAttrsTestJSON-1381433892 tempest-PortsAdminExtendedAttrsTestJSON-1381433892-project] neutron.services.segments.plugin.Plugin method get_segments called with arguments (,) {'filters': {'network_id': ['e87418e1-a50e-4bdc-90b2-39d60cf91be1']}} {{(pid=104524) wrapper /usr/local/lib/python3.8/dist-packages/oslo_log/helpers.py:65}}
Jul 18 15:27:48.743020 dv-neutron-841459-15-hyperv neutron-server[104524]: DEBUG neutron.services.segments.db [None req-3c475eaa-a7a7-465b-847d-09a8fc65dfdf tempest-PortsAdminExtendedAttrsTestJSON-1381433892 tempest-PortsAdminExtendedAttrsTestJSON-1381433892-project] neutron.services.segments.plugin.Plugin method delete_segment called with arguments (, 'f55c2176-97b0-42e4-83b4-4f9eff5d7b21') {'for_net_delete': True} {{(pid=104524) wrapper /usr/local/lib/python3.8/dist-packages/oslo_log/helpers.py:65}}
Jul 18 15:27:48.743303 dv-neutron-841459-15-hyperv neutron-server[104524]: DEBUG neutron.services.segments.db [None req-3c475eaa-a7a7-465b-847d-09a8fc65dfdf tempest-PortsAdminExtendedAttrsTestJSON-1381433892 tempest-PortsAdminExtendedAttrsTestJSON-1381433892-project] neutron.services.segments.plugin.Plugin method get_segment called with arguments (, 'f55c2176-97b0-42e4-83b4-4f9eff5d7b21') {} {{(pid=104524) wrapper /usr/local/lib/python3.8/dist-packages/oslo_log/helpers.py:65}}
Jul 18 15:27:48.747201 dv-neutron-841459-15-hyperv neutron-server[104524]: DEBUG neutron.api.rpc.handlers.resources_rpc [None req-14d47bae-bec8-427a-a3e8-da90300f9f8c tempest-FloatingIPAdminTestJSON-1119212465 tempest-FloatingIPAdminTestJSON-1119212465-project] Pushing event deleted for resources: {'Port': ['ID=b2e2c605-a8e0-42af-880a-709705f87e8a,revision_number=None']} {{(pid=104524) push /opt/stack/neutron/neutron/api/rpc/handlers/resources_rpc.py:237}}
Jul 18 15:27:48.753230 dv-neutron-841459-15-hyperv neutron-server[104523]: INFO neutron.wsgi [req-aaca1be4-ce5e-4ed5-bd7a-b78c463f369e req-27fc1567-7df2-496b-a911-70ee4115b2ca tempest-ServersTestManualDisk-91198015 tempest-ServersTestManualDisk-91198015-project] 10.222.0.84 "GET /v2.0/security-groups?id=475bb44b-d3e2-42ef-b5ab-d08e1a2ba7af&fields=id&fields=name HTTP/1.1" status: 200 len: 312 time: 0.3158247
Jul 18 15:27:48.761554 dv-neutron-841459-15-hyperv neutron-server[104523]: DEBUG neutron_lib.callbacks.manager [None req-95272da0-bbac-4315-8524-30ecec9af234 tempest-PortsIpV6TestJSON-1266240966 tempest-PortsIpV6TestJSON-1266240966-project] Publish callbacks ['neutron.plugins.ml2.plugin.Ml2Plugin._network_delete_precommit_handler-1045645', 'neutron.services.segments.db._delete_segments_for_network-8760409219606'] for network (0b94208a-9e6f-4637-beae-9a0c695f419e), precommit_delete {{(pid=104523) _notify_loop /usr/local/lib/python3.8/dist-packages/neutron_lib/callbacks/manager.py:176}}
Jul 18 15:27:48.791375 dv-neutron-841459-15-hyperv neutron-server[104524]: DEBUG dbcounter [-] [104524] Writing DB stats neutron:DELETE=8,neutron:SELECT=92 {{(pid=104524) stat_writer /usr/local/lib/python3.8/dist-packages/dbcounter.py:114}}
Jul 18 15:27:48.793965 dv-neutron-841459-15-hyperv neutron-server[104524]: DEBUG neutron_lib.callbacks.manager [None req-3c475eaa-a7a7-465b-847d-09a8fc65dfdf tempest-PortsAdminExtendedAttrsTestJSON-1381433892 tempest-PortsAdminExtendedAttrsTestJSON-1381433892-project] Publish callbacks ['neutron.plugins.ml2.db._prevent_segment_delete_with_port_bound-8760409221151', 'neutron.services.segments.plugin.Plugin._prevent_segment_delete_with_subnet_associated-750815'] for segment (f55c2176-97b0-42e4-83b4-4f9eff5d7b21), before_delete {{(pid=104524) _notify_loop /usr/local/lib/python3.8/dist-packages/neutron_lib/callbacks/manager.py:176}}
Jul 18 15:27:48.799887 dv-neutron-841459-15-hyperv neutron-server[104523]: DEBUG neutron_lib.callbacks.manager [None req-863c7af3-73f9-4bcc-b9fc-9fc5e79d5cf9 tempest-RoutersTestDVR-462809227 tempest-RoutersTestDVR-462809227-project-admin] Publish callbacks [] for router (None), before_response {{(pid=104523) _notify_loop /usr/local/lib/python3.8/dist-packages/neutron_lib/callbacks/manager.py:176}}
Jul 18 15:27:48.805145 dv-neutron-841459-15-hyperv neutron-server[104523]: INFO neutron.wsgi [None req-863c7af3-73f9-4bcc-b9fc-9fc5e79d5cf9 tempest-RoutersTestDVR-462809227 tempest-RoutersTestDVR-462809227-project-admin] 10.222.0.84 "POST /v2.0/routers HTTP/1.1" status: 201 len: 723 time: 0.6868784
Jul 18 15:27:48.808952 dv-neutron-841459-15-hyperv neutron-server[104524]: DEBUG neutron.wsgi [-] (104524) accepted ('10.222.0.84', 46278) {{(pid=104524) server /usr/local/lib/python3.8/dist-packages/eventlet/wsgi.py:1004}}
Jul 18 15:27:48.829257 dv-neutron-841459-15-hyperv neutron-server[104523]: DEBUG neutron.services.segments.db [None req-95272da0-bbac-4315-8524-30ecec9af234 tempest-PortsIpV6TestJSON-1266240966 tempest-PortsIpV6TestJSON-1266240966-project] neutron.services.segments.plugin.Plugin method get_segments called with arguments (,) {'filters': {'network_id': ['0b94208a-9e6f-4637-beae-9a0c695f419e']}} {{(pid=104523) wrapper /usr/local/lib/python3.8/dist-packages/oslo_log/helpers.py:65}}
Jul 18 15:27:48.835688 dv-neutron-841459-15-hyperv neutron-server[104524]: DEBUG neutron.api.v2.base [None req-941c55ad-7b0e-4239-ba5e-d1b7e910bf8e tempest-RoutersTestDVR-462809227 tempest-RoutersTestDVR-462809227-project-admin] Request body: {'router': {'distributed': True}} {{(pid=104524) prepare_request_body /opt/stack/neutron/neutron/api/v2/base.py:730}}
Jul 18 15:27:48.838187 dv-neutron-841459-15-hyperv neutron-server[104524]: DEBUG neutron.pecan_wsgi.hooks.policy_enforcement [req-1d4e6094-88b2-47d1-8db8-187c6e3329b9 req-e24b44a0-70b8-4dc6-b7cb-1ed9bfdaf063 service neutron] Attributes excluded by policy engine: ['standard_attr_id', 'vlan_transparent'] {{(pid=104524) _exclude_attributes_by_policy /opt/stack/neutron/neutron/pecan_wsgi/hooks/policy_enforcement.py:259}}
Jul 18 15:27:48.839583 dv-neutron-841459-15-hyperv neutron-server[104524]: INFO neutron.wsgi [req-1d4e6094-88b2-47d1-8db8-187c6e3329b9 req-e24b44a0-70b8-4dc6-b7cb-1ed9bfdaf063 service neutron] 10.222.0.72 "GET /v2.0/networks?shared=True HTTP/1.1" status: 200 len: 870 time: 0.4801738
Jul 18 15:27:48.859190 dv-neutron-841459-15-hyperv neutron-server[104523]: DEBUG neutron.services.segments.db [None req-95272da0-bbac-4315-8524-30ecec9af234 tempest-PortsIpV6TestJSON-1266240966 tempest-PortsIpV6TestJSON-1266240966-project] neutron.services.segments.plugin.Plugin method delete_segment called with arguments (, '57548d9c-1470-459c-b8df-ecf461163f71') {'for_net_delete': True} {{(pid=104523) wrapper /usr/local/lib/python3.8/dist-packages/oslo_log/helpers.py:65}}
Jul 18 15:27:48.859558 dv-neutron-841459-15-hyperv neutron-server[104523]: DEBUG neutron.services.segments.db [None req-95272da0-bbac-4315-8524-30ecec9af234 tempest-PortsIpV6TestJSON-1266240966 tempest-PortsIpV6TestJSON-1266240966-project] neutron.services.segments.plugin.Plugin method get_segment called with arguments (, '57548d9c-1470-459c-b8df-ecf461163f71') {} {{(pid=104523) wrapper /usr/local/lib/python3.8/dist-packages/oslo_log/helpers.py:65}}
Jul 18 15:27:48.879041 dv-neutron-841459-15-hyperv neutron-server[104523]: DEBUG neutron.db.db_base_plugin_common [None req-246feca4-1c86-4012-b63a-99cd81e43cc8 tempest-ExternalNetworksTestJSON-819014074 tempest-ExternalNetworksTestJSON-819014074-project-admin] Allocated IP 172.20.0.11 (a7fa3d9d-cc69-4d82-801d-0c22d60b146b/00ee28bb-6f7f-411d-9be7-ef79525d3edd/e070bb45-0e7d-4d5e-a188-a03f4619ab16) {{(pid=104523) _store_ip_allocation /opt/stack/neutron/neutron/db/db_base_plugin_common.py:131}}
Jul 18 15:27:48.881780 dv-neutron-841459-15-hyperv neutron-server[104524]: DEBUG neutron_lib.callbacks.manager [None req-3c475eaa-a7a7-465b-847d-09a8fc65dfdf tempest-PortsAdminExtendedAttrsTestJSON-1381433892 tempest-PortsAdminExtendedAttrsTestJSON-1381433892-project] Publish callbacks ['neutron.plugins.ml2.plugin.Ml2Plugin._handle_segment_change-567825'] for segment (f55c2176-97b0-42e4-83b4-4f9eff5d7b21), precommit_delete {{(pid=104524) _notify_loop /usr/local/lib/python3.8/dist-packages/neutron_lib/callbacks/manager.py:176}}
Jul 18 15:27:48.882884 dv-neutron-841459-15-hyperv neutron-server[104523]: DEBUG neutron_lib.callbacks.manager [None req-95272da0-bbac-4315-8524-30ecec9af234 tempest-PortsIpV6TestJSON-1266240966 tempest-PortsIpV6TestJSON-1266240966-project] Publish callbacks ['neutron.plugins.ml2.db._prevent_segment_delete_with_port_bound-8760409221151', 'neutron.services.segments.plugin.Plugin._prevent_segment_delete_with_subnet_associated-30288965'] for segment (57548d9c-1470-459c-b8df-ecf461163f71), before_delete {{(pid=104523) _notify_loop /usr/local/lib/python3.8/dist-packages/neutron_lib/callbacks/manager.py:176}}
Jul 18 15:27:48.919626 dv-neutron-841459-15-hyperv neutron-server[104523]: DEBUG neutron_lib.callbacks.manager [None req-95272da0-bbac-4315-8524-30ecec9af234 tempest-PortsIpV6TestJSON-1266240966 tempest-PortsIpV6TestJSON-1266240966-project] Publish callbacks ['neutron.plugins.ml2.plugin.Ml2Plugin._handle_segment_change-567825'] for segment (57548d9c-1470-459c-b8df-ecf461163f71), precommit_delete {{(pid=104523) _notify_loop /usr/local/lib/python3.8/dist-packages/neutron_lib/callbacks/manager.py:176}}
Jul 18 15:27:48.953711 dv-neutron-841459-15-hyperv neutron-server[104523]: DEBUG neutron.plugins.ml2.drivers.type_vlan [None req-95272da0-bbac-4315-8524-30ecec9af234 tempest-PortsIpV6TestJSON-1266240966 tempest-PortsIpV6TestJSON-1266240966-project] Releasing vlan 728 on physical network physnet1 to pool {{(pid=104523) release_segment /opt/stack/neutron/neutron/plugins/ml2/drivers/type_vlan.py:304}}
Jul 18 15:27:48.954116 dv-neutron-841459-15-hyperv neutron-server[104523]: DEBUG neutron_lib.callbacks.manager [None req-95272da0-bbac-4315-8524-30ecec9af234 tempest-PortsIpV6TestJSON-1266240966 tempest-PortsIpV6TestJSON-1266240966-project] Publish callbacks ['neutron.plugins.ml2.plugin.Ml2Plugin._handle_segment_change-567825', 'neutron.services.segments.plugin.NovaSegmentNotifier._notify_segment_deleted-32964629'] for segment (57548d9c-1470-459c-b8df-ecf461163f71), after_delete {{(pid=104523) _notify_loop /usr/local/lib/python3.8/dist-packages/neutron_lib/callbacks/manager.py:176}}
Jul 18 15:27:48.957722 dv-neutron-841459-15-hyperv neutron-server[104524]: DEBUG neutron.plugins.ml2.drivers.type_vlan [None req-3c475eaa-a7a7-465b-847d-09a8fc65dfdf tempest-PortsAdminExtendedAttrsTestJSON-1381433892 tempest-PortsAdminExtendedAttrsTestJSON-1381433892-project] Releasing vlan 735 on physical network physnet1 to pool {{(pid=104524) release_segment /opt/stack/neutron/neutron/plugins/ml2/drivers/type_vlan.py:304}}
Jul 18 15:27:48.958313 dv-neutron-841459-15-hyperv neutron-server[104524]: DEBUG neutron_lib.callbacks.manager [None req-3c475eaa-a7a7-465b-847d-09a8fc65dfdf tempest-PortsAdminExtendedAttrsTestJSON-1381433892 tempest-PortsAdminExtendedAttrsTestJSON-1381433892-project] Publish callbacks ['neutron.plugins.ml2.plugin.Ml2Plugin._handle_segment_change-567825', 'neutron.services.segments.plugin.NovaSegmentNotifier._notify_segment_deleted-32747718'] for segment (f55c2176-97b0-42e4-83b4-4f9eff5d7b21), after_delete {{(pid=104524) _notify_loop /usr/local/lib/python3.8/dist-packages/neutron_lib/callbacks/manager.py:176}}
Jul 18 15:27:48.983737 dv-neutron-841459-15-hyperv neutron-server[104523]: DEBUG dbcounter [-] [104523] Writing DB stats neutron:SELECT=86,neutron:INSERT=3,neutron:DELETE=7,neutron:UPDATE=4 {{(pid=104523) stat_writer /usr/local/lib/python3.8/dist-packages/dbcounter.py:114}}
Jul 18 15:27:48.991775 dv-neutron-841459-15-hyperv neutron-server[104523]: INFO neutron.services.segments.plugin [-] Segment 57548d9c-1470-459c-b8df-ecf461163f71 resource provider aggregate not found
Jul 18 15:27:49.014995 dv-neutron-841459-15-hyperv neutron-server[104524]: INFO neutron.wsgi [req-8a5c4502-1c59-4e15-94e7-99578f9f78a2 req-44ca11b0-0c68-434a-a568-2e6bbe2a9b8c service neutron] 10.222.0.72 "GET /v2.0/networks/ef6527b7-a383-434e-a3a7-ad920ae433f4?fields=segments HTTP/1.1" status: 200 len: 212 time: 0.3741407
Jul 18 15:27:49.043187 dv-neutron-841459-15-hyperv neutron-server[104524]: INFO neutron.services.segments.plugin [-] Segment f55c2176-97b0-42e4-83b4-4f9eff5d7b21 resource provider aggregate not found
Jul 18 15:27:49.065016 dv-neutron-841459-15-hyperv neutron-server[104523]: INFO neutron.services.segments.plugin [-] Segment 57548d9c-1470-459c-b8df-ecf461163f71 resource provider not found; error: Placement Client Error (4xx): {"errors": [{"status": 404, "title": "Not Found", "detail": "The resource could not be found.\n\n No resource provider with uuid 57548d9c-1470-459c-b8df-ecf461163f71 found for delete ", "request_id": "req-c116c7ed-0afa-4bc0-aaed-e4cbfe12f79a"}]}
Jul 18 15:27:49.093098 dv-neutron-841459-15-hyperv neutron-server[104523]: DEBUG neutron_lib.callbacks.manager [None req-b4f9b04b-7563-4f69-86d9-061133c33e6f tempest-AllowedAddressPairIpV6TestJSON-696102721 tempest-AllowedAddressPairIpV6TestJSON-696102721-project] Publish callbacks ['neutron.plugins.ml2.plugin.SecurityGroupServerNotifierRpcMixin._notify_sg_on_port_change-972011', 'neutron.plugins.ml2.ovo_rpc._ObjectChangeHandler.handle_event-426764', 'neutron.api.rpc.agentnotifiers.dhcp_rpc_agent_api.DhcpAgentNotifyAPI._native_event_send_dhcp_notification-1646033', 'neutron.db.l3_db.L3RpcNotifierMixin._notify_routers_callback-8760409116694', 'neutron.db.l3_dvrscheduler_db._notify_port_delete-8760408736790', 'neutron.services.segments.plugin.NovaSegmentNotifier._notify_port_created_or_deleted-32965322'] for port (38ca4c20-52a2-4c1f-86ca-806d0a47a9d6), after_delete {{(pid=104523) _notify_loop /usr/local/lib/python3.8/dist-packages/neutron_lib/callbacks/manager.py:176}}
Jul 18 15:27:49.105551 dv-neutron-841459-15-hyperv neutron-server[104524]: INFO neutron.services.segments.plugin [-] Segment f55c2176-97b0-42e4-83b4-4f9eff5d7b21 resource provider not found; error: Placement Client Error (4xx): {"errors": [{"status": 404, "title": "Not Found", "detail": "The resource could not be found.\n\n No resource provider with uuid f55c2176-97b0-42e4-83b4-4f9eff5d7b21 found for delete ", "request_id": "req-30e6b926-2156-47fb-adef-0499a2f14703"}]}
Jul 18 15:27:49.130656 dv-neutron-841459-15-hyperv neutron-server[104523]: DEBUG neutron_lib.callbacks.manager [None req-95272da0-bbac-4315-8524-30ecec9af234 tempest-PortsIpV6TestJSON-1266240966 tempest-PortsIpV6TestJSON-1266240966-project] Publish callbacks ['neutron.plugins.ml2.plugin.Ml2Plugin._network_delete_after_delete_handler-1045622', 'neutron.plugins.ml2.ovo_rpc._ObjectChangeHandler.handle_event-1606147', 'neutron.api.rpc.agentnotifiers.dhcp_rpc_agent_api.DhcpAgentNotifyAPI._native_event_send_dhcp_notification-1646033', 'neutron.services.l3_router.l3_router_plugin.DVRResourceOperationHandler.delete_fip_namespaces_for_ext_net-1997183'] for network (0b94208a-9e6f-4637-beae-9a0c695f419e), after_delete {{(pid=104523) _notify_loop /usr/local/lib/python3.8/dist-packages/neutron_lib/callbacks/manager.py:176}}
Jul 18 15:27:49.143346 dv-neutron-841459-15-hyperv neutron-server[104524]: DEBUG neutron.pecan_wsgi.hooks.policy_enforcement [req-62876665-b816-410a-b873-767278ccb451 req-36dd509e-fd2b-48a9-b60f-7cbcc1538412 service neutron] Attributes excluded by policy engine: ['standard_attr_id'] {{(pid=104524) _exclude_attributes_by_policy /opt/stack/neutron/neutron/pecan_wsgi/hooks/policy_enforcement.py:259}}
Jul 18 15:27:49.144883 dv-neutron-841459-15-hyperv neutron-server[104524]: INFO neutron.wsgi [req-62876665-b816-410a-b873-767278ccb451 req-36dd509e-fd2b-48a9-b60f-7cbcc1538412 service neutron] 10.222.0.72 "GET /v2.0/ports?tenant_id=3f58ad4fa6b04d2c8f5a28f91bdbad34&device_id=1c18fabc-0bf4-45c4-8a01-c41035580ea8 HTTP/1.1" status: 200 len: 1127 time: 0.2111912
Jul 18 15:27:49.152955 dv-neutron-841459-15-hyperv neutron-server[104523]: DEBUG neutron.api.rpc.handlers.resources_rpc [None req-b4f9b04b-7563-4f69-86d9-061133c33e6f tempest-AllowedAddressPairIpV6TestJSON-696102721 tempest-AllowedAddressPairIpV6TestJSON-696102721-project] Pushing event deleted for resources: {'Port': ['ID=38ca4c20-52a2-4c1f-86ca-806d0a47a9d6,revision_number=None']} {{(pid=104523) push /opt/stack/neutron/neutron/api/rpc/handlers/resources_rpc.py:237}}
Jul 18 15:27:49.155736 dv-neutron-841459-15-hyperv neutron-server[104523]: DEBUG neutron_lib.callbacks.manager [None req-95272da0-bbac-4315-8524-30ecec9af234 tempest-PortsIpV6TestJSON-1266240966 tempest-PortsIpV6TestJSON-1266240966-project] Publish callbacks ['neutron.api.rpc.agentnotifiers.dhcp_rpc_agent_api.DhcpAgentNotifyAPI._send_dhcp_notification-1646019'] for network (None), before_response {{(pid=104523) _notify_loop /usr/local/lib/python3.8/dist-packages/neutron_lib/callbacks/manager.py:176}}
Jul 18 15:27:49.159187 dv-neutron-841459-15-hyperv neutron-server[104523]: INFO neutron.wsgi [None req-95272da0-bbac-4315-8524-30ecec9af234 tempest-PortsIpV6TestJSON-1266240966 tempest-PortsIpV6TestJSON-1266240966-project] 10.222.0.84 "DELETE /v2.0/networks/0b94208a-9e6f-4637-beae-9a0c695f419e HTTP/1.1" status: 204 len: 168 time: 1.0753257
Jul 18 15:27:49.162874 dv-neutron-841459-15-hyperv neutron-server[104524]: DEBUG neutron_lib.callbacks.manager [None req-14d47bae-bec8-427a-a3e8-da90300f9f8c tempest-FloatingIPAdminTestJSON-1119212465 tempest-FloatingIPAdminTestJSON-1119212465-project] Publish callbacks [] for floatingip (6483b9a2-2bcf-461b-8f36-f47344d807e8), after_delete {{(pid=104524) _notify_loop /usr/local/lib/python3.8/dist-packages/neutron_lib/callbacks/manager.py:176}}
Jul 18 15:27:49.162874 dv-neutron-841459-15-hyperv neutron-server[104524]: INFO neutron.db.l3_db [None req-14d47bae-bec8-427a-a3e8-da90300f9f8c tempest-FloatingIPAdminTestJSON-1119212465 tempest-FloatingIPAdminTestJSON-1119212465-project] Floating IP 6483b9a2-2bcf-461b-8f36-f47344d807e8 disassociated (deleted). External IP: 172.26.5.204, port: 75ca1421-3e1d-44dd-9a77-aecfef770daf.
Jul 18 15:27:49.172736 dv-neutron-841459-15-hyperv neutron-server[104524]: DEBUG neutron.wsgi [-] (104524) accepted ('10.222.0.84', 46288) {{(pid=104524) server /usr/local/lib/python3.8/dist-packages/eventlet/wsgi.py:1004}}
Jul 18 15:27:49.179750 dv-neutron-841459-15-hyperv neutron-server[104523]: DEBUG neutron.api.rpc.handlers.resources_rpc [None req-95272da0-bbac-4315-8524-30ecec9af234 tempest-PortsIpV6TestJSON-1266240966 tempest-PortsIpV6TestJSON-1266240966-project] Pushing event deleted for resources: {'Network': ['ID=0b94208a-9e6f-4637-beae-9a0c695f419e,revision_number=None']} {{(pid=104523) push /opt/stack/neutron/neutron/api/rpc/handlers/resources_rpc.py:237}}
Jul 18 15:27:49.206619 dv-neutron-841459-15-hyperv neutron-server[104524]: DEBUG neutron.api.v2.base [None req-ff899a74-bacc-4618-b0a5-26e4776975ee tempest-PortsIpV6TestJSON-1266240966 tempest-PortsIpV6TestJSON-1266240966-project] Request body: {'network': {'name': 'tempest-PortsIpV6TestJSON-348201674'}} {{(pid=104524) prepare_request_body /opt/stack/neutron/neutron/api/v2/base.py:730}}
Jul 18 15:27:49.221845 dv-neutron-841459-15-hyperv neutron-server[104523]: DEBUG neutron_lib.callbacks.manager [None req-246feca4-1c86-4012-b63a-99cd81e43cc8 tempest-ExternalNetworksTestJSON-819014074 tempest-ExternalNetworksTestJSON-819014074-project-admin] Publish callbacks [] for port (e070bb45-0e7d-4d5e-a188-a03f4619ab16), precommit_create {{(pid=104523) _notify_loop /usr/local/lib/python3.8/dist-packages/neutron_lib/callbacks/manager.py:176}}
Jul 18 15:27:49.243916 dv-neutron-841459-15-hyperv neutron-server[104524]: DEBUG neutron_lib.callbacks.manager [None req-3c475eaa-a7a7-465b-847d-09a8fc65dfdf tempest-PortsAdminExtendedAttrsTestJSON-1381433892 tempest-PortsAdminExtendedAttrsTestJSON-1381433892-project] Publish callbacks ['neutron.plugins.ml2.plugin.Ml2Plugin._network_delete_after_delete_handler-1045622', 'neutron.plugins.ml2.ovo_rpc._ObjectChangeHandler.handle_event-1606147', 'neutron.api.rpc.agentnotifiers.dhcp_rpc_agent_api.DhcpAgentNotifyAPI._native_event_send_dhcp_notification-1646033', 'neutron.services.l3_router.l3_router_plugin.DVRResourceOperationHandler.delete_fip_namespaces_for_ext_net-1997183'] for network (e87418e1-a50e-4bdc-90b2-39d60cf91be1), after_delete {{(pid=104524) _notify_loop /usr/local/lib/python3.8/dist-packages/neutron_lib/callbacks/manager.py:176}}
Jul 18 15:27:49.289634 dv-neutron-841459-15-hyperv neutron-server[104524]: DEBUG neutron_lib.callbacks.manager [None req-3c475eaa-a7a7-465b-847d-09a8fc65dfdf tempest-PortsAdminExtendedAttrsTestJSON-1381433892 tempest-PortsAdminExtendedAttrsTestJSON-1381433892-project] Publish callbacks ['neutron.api.rpc.agentnotifiers.dhcp_rpc_agent_api.DhcpAgentNotifyAPI._send_dhcp_notification-1646019'] for network (None), before_response {{(pid=104524) _notify_loop /usr/local/lib/python3.8/dist-packages/neutron_lib/callbacks/manager.py:176}}
Jul 18 15:27:49.295467 dv-neutron-841459-15-hyperv neutron-server[104524]: INFO neutron.wsgi [None req-3c475eaa-a7a7-465b-847d-09a8fc65dfdf tempest-PortsAdminExtendedAttrsTestJSON-1381433892 tempest-PortsAdminExtendedAttrsTestJSON-1381433892-project] 10.222.0.84 "DELETE /v2.0/networks/e87418e1-a50e-4bdc-90b2-39d60cf91be1 HTTP/1.1" status: 204 len: 168 time: 1.5627246
Jul 18 15:27:49.338500 dv-neutron-841459-15-hyperv neutron-server[104524]: INFO neutron.wsgi [req-62876665-b816-410a-b873-767278ccb451 req-d422870b-72e0-438e-9164-646fa3d57310 service neutron] 10.222.0.72 "GET /v2.0/floatingips?fixed_ip_address=172.20.0.5&port_id=7a693bf6-4dae-4886-8e8d-9b146fbac40d HTTP/1.1" status: 200 len: 217 time: 0.1800318
Jul 18 15:27:49.349544 dv-neutron-841459-15-hyperv neutron-server[104523]: DEBUG neutron_lib.callbacks.manager [None req-b4f9b04b-7563-4f69-86d9-061133c33e6f tempest-AllowedAddressPairIpV6TestJSON-696102721 tempest-AllowedAddressPairIpV6TestJSON-696102721-project] Publish callbacks ['neutron.notifiers.nova.Notifier._send_nova_notification-444266'] for port (None), before_response {{(pid=104523) _notify_loop /usr/local/lib/python3.8/dist-packages/neutron_lib/callbacks/manager.py:176}}
Jul 18 15:27:49.353295 dv-neutron-841459-15-hyperv neutron-server[104523]: INFO neutron.wsgi [None req-b4f9b04b-7563-4f69-86d9-061133c33e6f tempest-AllowedAddressPairIpV6TestJSON-696102721 tempest-AllowedAddressPairIpV6TestJSON-696102721-project] 10.222.0.84 "DELETE /v2.0/ports/38ca4c20-52a2-4c1f-86ca-806d0a47a9d6 HTTP/1.1" status: 204 len: 168 time: 1.6521249
Jul 18 15:27:49.355923 dv-neutron-841459-15-hyperv neutron-server[104523]: DEBUG neutron.wsgi [-] (104523) accepted ('10.222.0.84', 46292) {{(pid=104523) server /usr/local/lib/python3.8/dist-packages/eventlet/wsgi.py:1004}}
Jul 18 15:27:49.381822 dv-neutron-841459-15-hyperv neutron-server[104524]: DEBUG neutron.api.rpc.handlers.resources_rpc [None req-3c475eaa-a7a7-465b-847d-09a8fc65dfdf tempest-PortsAdminExtendedAttrsTestJSON-1381433892 tempest-PortsAdminExtendedAttrsTestJSON-1381433892-project] Pushing event deleted for resources: {'Network': ['ID=e87418e1-a50e-4bdc-90b2-39d60cf91be1,revision_number=None']} {{(pid=104524) push /opt/stack/neutron/neutron/api/rpc/handlers/resources_rpc.py:237}}
Jul 18 15:27:49.388607 dv-neutron-841459-15-hyperv neutron-server[104523]: DEBUG neutron_lib.callbacks.manager [None req-246feca4-1c86-4012-b63a-99cd81e43cc8 tempest-ExternalNetworksTestJSON-819014074 tempest-ExternalNetworksTestJSON-819014074-project-admin] Publish callbacks ['neutron.plugins.ml2.plugin.SecurityGroupServerNotifierRpcMixin._notify_sg_on_port_change-972011', 'neutron.plugins.ml2.ovo_rpc._ObjectChangeHandler.handle_event-426764', 'neutron.api.rpc.agentnotifiers.dhcp_rpc_agent_api.DhcpAgentNotifyAPI._native_event_send_dhcp_notification-1646033', 'neutron.db.l3_dvrscheduler_db._notify_l3_agent_new_port-8760408736781', 'neutron.services.segments.plugin.NovaSegmentNotifier._notify_port_created_or_deleted-32965322'] for port (e070bb45-0e7d-4d5e-a188-a03f4619ab16), after_create {{(pid=104523) _notify_loop /usr/local/lib/python3.8/dist-packages/neutron_lib/callbacks/manager.py:176}}
