Jul 11 08:42:05.463826 dv-neutron-841459-11-hyperv neutron-server[111804]: DEBUG dbcounter [-] [111804] Writing DB stats neutron:SELECT=92,neutron:UPDATE=2,neutron:DELETE=6 {{(pid=111804) stat_writer /usr/local/lib/python3.8/dist-packages/dbcounter.py:114}}
Jul 11 08:42:05.553191 dv-neutron-841459-11-hyperv neutron-server[111805]: DEBUG neutron.pecan_wsgi.hooks.policy_enforcement [req-9dbf4063-813f-4096-a27e-2356eeb64b8e req-28871a4c-3fdf-4a25-b3a8-972e1b5d924d tempest-ServersTestJSON-1204738028 tempest-ServersTestJSON-1204738028-project] Attributes excluded by policy engine: ['standard_attr_id', 'binding:profile', 'binding:host_id', 'binding:vif_type', 'binding:vif_details'] {{(pid=111805) _exclude_attributes_by_policy /opt/stack/neutron/neutron/pecan_wsgi/hooks/policy_enforcement.py:259}}
Jul 11 08:42:05.555411 dv-neutron-841459-11-hyperv neutron-server[111805]: INFO neutron.wsgi [req-9dbf4063-813f-4096-a27e-2356eeb64b8e req-28871a4c-3fdf-4a25-b3a8-972e1b5d924d tempest-ServersTestJSON-1204738028 tempest-ServersTestJSON-1204738028-project] 10.222.0.67 "GET /v2.0/ports?device_id=ccf60c95-a867-4393-a0a6-9f66fea98113 HTTP/1.1" status: 200 len: 944 time: 0.1943481
Jul 11 08:42:05.565328 dv-neutron-841459-11-hyperv neutron-server[111805]: DEBUG neutron.pecan_wsgi.hooks.policy_enforcement [None req-9e8b7da6-bbc2-45a5-8ffb-6764d4eb13ec tempest-BulkNetworkOpsIpV6Test-970721333 tempest-BulkNetworkOpsIpV6Test-970721333-project] Attributes excluded by policy engine: ['standard_attr_id', 'vlan_transparent', 'provider:network_type', 'provider:physical_network', 'provider:segmentation_id'] {{(pid=111805) _exclude_attributes_by_policy /opt/stack/neutron/neutron/pecan_wsgi/hooks/policy_enforcement.py:259}}
Jul 11 08:42:05.570422 dv-neutron-841459-11-hyperv neutron-server[111805]: DEBUG neutron.pecan_wsgi.hooks.policy_enforcement [None req-9e8b7da6-bbc2-45a5-8ffb-6764d4eb13ec tempest-BulkNetworkOpsIpV6Test-970721333 tempest-BulkNetworkOpsIpV6Test-970721333-project] Attributes excluded by policy engine: ['standard_attr_id', 'vlan_transparent', 'provider:network_type', 'provider:physical_network', 'provider:segmentation_id'] {{(pid=111805) _exclude_attributes_by_policy /opt/stack/neutron/neutron/pecan_wsgi/hooks/policy_enforcement.py:259}}
Jul 11 08:42:05.575774 dv-neutron-841459-11-hyperv neutron-server[111805]: DEBUG neutron.pecan_wsgi.hooks.policy_enforcement [None req-9e8b7da6-bbc2-45a5-8ffb-6764d4eb13ec tempest-BulkNetworkOpsIpV6Test-970721333 tempest-BulkNetworkOpsIpV6Test-970721333-project] Attributes excluded by policy engine: ['standard_attr_id', 'vlan_transparent', 'provider:network_type', 'provider:physical_network', 'provider:segmentation_id'] {{(pid=111805) _exclude_attributes_by_policy /opt/stack/neutron/neutron/pecan_wsgi/hooks/policy_enforcement.py:259}}
Jul 11 08:42:05.581541 dv-neutron-841459-11-hyperv neutron-server[111805]: DEBUG neutron.pecan_wsgi.hooks.policy_enforcement [None req-9e8b7da6-bbc2-45a5-8ffb-6764d4eb13ec tempest-BulkNetworkOpsIpV6Test-970721333 tempest-BulkNetworkOpsIpV6Test-970721333-project] Attributes excluded by policy engine: ['standard_attr_id', 'vlan_transparent', 'provider:network_type', 'provider:physical_network', 'provider:segmentation_id'] {{(pid=111805) _exclude_attributes_by_policy /opt/stack/neutron/neutron/pecan_wsgi/hooks/policy_enforcement.py:259}}
Jul 11 08:42:05.583671 dv-neutron-841459-11-hyperv neutron-server[111804]: DEBUG neutron.objects.ports [None req-2e0f9505-2b92-4287-93ef-52ecb51e719f tempest-ExternalNetworksTestJSON-419106680 tempest-ExternalNetworksTestJSON-419106680-project-admin] Time-cost: Fetching 0 ports in 0 security groups {{(pid=111804) get_objects /opt/stack/neutron/neutron/objects/ports.py:463}}
Jul 11 08:42:05.596757 dv-neutron-841459-11-hyperv neutron-server[111804]: DEBUG neutron_lib.callbacks.manager [None req-2e0f9505-2b92-4287-93ef-52ecb51e719f tempest-ExternalNetworksTestJSON-419106680 tempest-ExternalNetworksTestJSON-419106680-project-admin] Publish callbacks ['neutron.plugins.ml2.ovo_rpc._ObjectChangeHandler.handle_event-1934582', 'neutron.api.rpc.agentnotifiers.dhcp_rpc_agent_api.DhcpAgentNotifyAPI._native_event_send_dhcp_notification-1584734', 'neutron.services.segments.plugin.NovaSegmentNotifier._notify_subnet_created-16462402', 'neutron.services.segments.plugin.SegmentHostRoutes.host_routes_after_create-13377816'] for subnet (2156233b-0936-4176-a92c-bb0ea4f5bdc8), after_create {{(pid=111804) _notify_loop /usr/local/lib/python3.8/dist-packages/neutron_lib/callbacks/manager.py:176}}
Jul 11 08:42:05.596924 dv-neutron-841459-11-hyperv neutron-server[111805]: DEBUG neutron.pecan_wsgi.hooks.policy_enforcement [None req-9e8b7da6-bbc2-45a5-8ffb-6764d4eb13ec tempest-BulkNetworkOpsIpV6Test-970721333 tempest-BulkNetworkOpsIpV6Test-970721333-project] Attributes excluded by policy engine: ['standard_attr_id', 'vlan_transparent', 'provider:network_type', 'provider:physical_network', 'provider:segmentation_id'] {{(pid=111805) _exclude_attributes_by_policy /opt/stack/neutron/neutron/pecan_wsgi/hooks/policy_enforcement.py:259}}
Jul 11 08:42:05.596924 dv-neutron-841459-11-hyperv neutron-server[111805]: INFO neutron.wsgi [None req-9e8b7da6-bbc2-45a5-8ffb-6764d4eb13ec tempest-BulkNetworkOpsIpV6Test-970721333 tempest-BulkNetworkOpsIpV6Test-970721333-project] 10.222.0.67 "GET /v2.0/networks HTTP/1.1" status: 200 len: 2968 time: 0.5110872
Jul 11 08:42:05.640167 dv-neutron-841459-11-hyperv neutron-server[111804]: DEBUG neutron.wsgi [-] (111804) accepted ('10.222.0.67', 57384) {{(pid=111804) server /usr/local/lib/python3.8/dist-packages/eventlet/wsgi.py:1004}}
Jul 11 08:42:05.643270 dv-neutron-841459-11-hyperv neutron-server[111804]: DEBUG neutron.api.rpc.handlers.resources_rpc [None req-2e0f9505-2b92-4287-93ef-52ecb51e719f tempest-ExternalNetworksTestJSON-419106680 tempest-ExternalNetworksTestJSON-419106680-project-admin] Pushing event updated for resources: {'Subnet': ['ID=2156233b-0936-4176-a92c-bb0ea4f5bdc8,revision_number=0']} {{(pid=111804) push /opt/stack/neutron/neutron/api/rpc/handlers/resources_rpc.py:237}}
Jul 11 08:42:05.651519 dv-neutron-841459-11-hyperv neutron-server[111805]: DEBUG neutron.api.rpc.handlers.resources_rpc [None req-7829fc8f-c06c-47a9-8cdf-46bccc74315c tempest-AllowedAddressPairIpV6TestJSON-392832235 tempest-AllowedAddressPairIpV6TestJSON-392832235-project] Pushing event updated for resources: {'Network': ['ID=cdaa80a5-2ec2-4d4f-8d29-79e567bd6eb2,revision_number=1']} {{(pid=111805) push /opt/stack/neutron/neutron/api/rpc/handlers/resources_rpc.py:237}}
Jul 11 08:42:05.670588 dv-neutron-841459-11-hyperv neutron-server[111806]: DEBUG neutron.plugins.ml2.rpc [None req-68f122f5-313e-46a6-9cf1-af43f5f87f45 None None] Network cdaa80a5-2ec2-4d4f-8d29-79e567bd6eb2 details requested by agent ovs-agent-dv-neutron-841459-11-hyperv with host dv-neutron-841459-11-hyperv {{(pid=111806) get_network_details /opt/stack/neutron/neutron/plugins/ml2/rpc.py:248}}
Jul 11 08:42:05.682166 dv-neutron-841459-11-hyperv neutron-server[111805]: INFO neutron.wsgi [None req-7829fc8f-c06c-47a9-8cdf-46bccc74315c tempest-AllowedAddressPairIpV6TestJSON-392832235 tempest-AllowedAddressPairIpV6TestJSON-392832235-project] 10.222.0.67 "POST /v2.0/networks HTTP/1.1" status: 201 len: 779 time: 2.8008912
Jul 11 08:42:05.687371 dv-neutron-841459-11-hyperv neutron-server[111805]: DEBUG neutron.wsgi [-] (111805) accepted ('10.222.0.67', 57386) {{(pid=111805) server /usr/local/lib/python3.8/dist-packages/eventlet/wsgi.py:1004}}
Jul 11 08:42:05.693118 dv-neutron-841459-11-hyperv neutron-server[111805]: DEBUG neutron.api.v2.base [None req-b68c6b3a-8d21-4775-84d3-71423ee53658 tempest-AllowedAddressPairIpV6TestJSON-392832235 tempest-AllowedAddressPairIpV6TestJSON-392832235-project] Request body: {'subnet': {'network_id': 'cdaa80a5-2ec2-4d4f-8d29-79e567bd6eb2', 'cidr': '2001:db8::/64', 'ip_version': 6, 'gateway_ip': '2001:db8::1'}} {{(pid=111805) prepare_request_body /opt/stack/neutron/neutron/api/v2/base.py:730}}
Jul 11 08:42:05.793903 dv-neutron-841459-11-hyperv neutron-server[111804]: DEBUG neutron_lib.callbacks.manager [None req-40d94d14-1af8-4419-824d-9c34fddcb597 tempest-FloatingIPAdminTestJSON-110008543 tempest-FloatingIPAdminTestJSON-110008543-project-admin] Publish callbacks ['neutron.plugins.ml2.plugin.SecurityGroupDbMixin._ensure_default_security_group_handler-846989'] for port (0d2c19e4-aac4-4693-8498-c6900d204110), before_update {{(pid=111804) _notify_loop /usr/local/lib/python3.8/dist-packages/neutron_lib/callbacks/manager.py:176}}
Jul 11 08:42:05.927558 dv-neutron-841459-11-hyperv neutron-server[111804]: DEBUG neutron_lib.callbacks.manager [None req-e50dc69f-6a61-4fc9-93e0-29b6984c1852 tempest-BulkNetworkOpsIpV6Test-970721333 tempest-BulkNetworkOpsIpV6Test-970721333-project] Publish callbacks ['neutron.plugins.ml2.plugin.External_net_db_mixin._before_network_delete_handler-1058250'] for network (834adca5-095c-4607-9c01-8d957e5637a6), before_delete {{(pid=111804) _notify_loop /usr/local/lib/python3.8/dist-packages/neutron_lib/callbacks/manager.py:176}}
Jul 11 08:42:05.929292 dv-neutron-841459-11-hyperv neutron-server[111804]: DEBUG neutron.plugins.ml2.managers [req-68764810-1917-4b80-8ccc-f29b0631199c req-aa8a6c87-0716-46f4-9170-2aa035ca7328 service neutron] Attempting to bind port 8c11a428-a99c-4d53-aea1-c847a90a6498 on host hv-neutron-8414 for vnic_type normal with profile {{(pid=111804) bind_port /opt/stack/neutron/neutron/plugins/ml2/managers.py:810}}
Jul 11 08:42:05.929617 dv-neutron-841459-11-hyperv neutron-server[111804]: DEBUG neutron.plugins.ml2.managers [req-68764810-1917-4b80-8ccc-f29b0631199c req-aa8a6c87-0716-46f4-9170-2aa035ca7328 service neutron] Attempting to bind port 8c11a428-a99c-4d53-aea1-c847a90a6498 by drivers openvswitch,hyperv on host hv-neutron-8414 at level 0 using segments [{'id': 'fd10e400-975c-47a6-87ae-3ed94ebf6175', 'network_type': 'vlan', 'physical_network': 'physnet1', 'segmentation_id': 783, 'network_id': '6b42f026-17cd-4a75-b943-2c98ecf471df'}] {{(pid=111804) _bind_port_level /opt/stack/neutron/neutron/plugins/ml2/managers.py:835}}
Jul 11 08:42:05.929968 dv-neutron-841459-11-hyperv neutron-server[111804]: DEBUG neutron.plugins.ml2.drivers.mech_agent [req-68764810-1917-4b80-8ccc-f29b0631199c req-aa8a6c87-0716-46f4-9170-2aa035ca7328 service neutron] Attempting to bind port 8c11a428-a99c-4d53-aea1-c847a90a6498 on network 6b42f026-17cd-4a75-b943-2c98ecf471df {{(pid=111804) bind_port /opt/stack/neutron/neutron/plugins/ml2/drivers/mech_agent.py:91}}
Jul 11 08:42:05.989103 dv-neutron-841459-11-hyperv neutron-server[111804]: DEBUG neutron.plugins.ml2.drivers.mech_agent [req-68764810-1917-4b80-8ccc-f29b0631199c req-aa8a6c87-0716-46f4-9170-2aa035ca7328 service neutron] Port 8c11a428-a99c-4d53-aea1-c847a90a6498 on network 6b42f026-17cd-4a75-b943-2c98ecf471df not bound, no agent of type Open vSwitch agent registered on host hv-neutron-8414 {{(pid=111804) bind_port /opt/stack/neutron/neutron/plugins/ml2/drivers/mech_agent.py:103}}
Jul 11 08:42:05.989426 dv-neutron-841459-11-hyperv neutron-server[111804]: DEBUG neutron.plugins.ml2.drivers.mech_agent [req-68764810-1917-4b80-8ccc-f29b0631199c req-aa8a6c87-0716-46f4-9170-2aa035ca7328 service neutron] Attempting to bind port 8c11a428-a99c-4d53-aea1-c847a90a6498 on network 6b42f026-17cd-4a75-b943-2c98ecf471df {{(pid=111804) bind_port /opt/stack/neutron/neutron/plugins/ml2/drivers/mech_agent.py:91}}
Jul 11 08:42:06.007824 dv-neutron-841459-11-hyperv neutron-server[111804]: DEBUG neutron.plugins.ml2.drivers.mech_agent [None req-2e0f9505-2b92-4287-93ef-52ecb51e719f tempest-ExternalNetworksTestJSON-419106680 tempest-ExternalNetworksTestJSON-419106680-project-admin] Checking segment: {'id': 'dc696747-9834-4171-a6ec-aee0c5e05005', 'network_type': 'vlan', 'physical_network': 'physnet1', 'segmentation_id': 790, 'network_id': 'd25103b2-98b4-46b2-a59c-425dc2c9cc45'} for mappings: {'physnet1': 'br-data'} with network types: ['local', 'flat', 'vlan'] {{(pid=111804) check_segment_for_agent /opt/stack/neutron/neutron/plugins/ml2/drivers/mech_agent.py:373}}
Jul 11 08:42:06.008190 dv-neutron-841459-11-hyperv neutron-server[111804]: DEBUG neutron.scheduler.dhcp_agent_scheduler [None req-2e0f9505-2b92-4287-93ef-52ecb51e719f tempest-ExternalNetworksTestJSON-419106680 tempest-ExternalNetworksTestJSON-419106680-project-admin] Network hostable DHCP agents. Network: d25103b2-98b4-46b2-a59c-425dc2c9cc45, hostable agents: ['fb1c12cf-6825-42f2-b4e5-414fbdce7abd'], hosted agents: [] {{(pid=111804) _get_network_hostable_dhcp_agents /opt/stack/neutron/neutron/scheduler/dhcp_agent_scheduler.py:329}}
Jul 11 08:42:06.021532 dv-neutron-841459-11-hyperv neutron-server[111804]: DEBUG neutron_lib.callbacks.manager [None req-11e8fcf6-7dbe-4a12-963b-8d4e3e6a5815 tempest-PortsAdminExtendedAttrsTestJSON-1553256265 tempest-PortsAdminExtendedAttrsTestJSON-1553256265-project-admin] Publish callbacks [] for port (69378134-dc09-47ca-b45e-3d28e2bf4cfa), precommit_create {{(pid=111804) _notify_loop /usr/local/lib/python3.8/dist-packages/neutron_lib/callbacks/manager.py:176}}
Jul 11 08:42:06.032497 dv-neutron-841459-11-hyperv neutron-server[111804]: DEBUG neutron.plugins.ml2.drivers.mech_agent [req-68764810-1917-4b80-8ccc-f29b0631199c req-aa8a6c87-0716-46f4-9170-2aa035ca7328 service neutron] Checking agent: {'id': '2344c21f-5232-42f1-a038-1fce29341ce5', 'agent_type': 'HyperV agent', 'binary': 'neutron-hyperv-agent', 'topic': 'N/A', 'host': 'hv-neutron-8414', 'admin_state_up': True, 'created_at': datetime.datetime(2022, 7, 11, 8, 39, 26), 'started_at': datetime.datetime(2022, 7, 11, 8, 39, 26), 'heartbeat_timestamp': datetime.datetime(2022, 7, 11, 8, 41, 56), 'description': None, 'resources_synced': None, 'availability_zone': None, 'alive': True, 'configurations': {'vswitch_mappings': {'physnet1$': 'br-data'}}, 'resource_versions': {}} {{(pid=111804) bind_port /opt/stack/neutron/neutron/plugins/ml2/drivers/mech_agent.py:110}}
Jul 11 08:42:06.032497 dv-neutron-841459-11-hyperv neutron-server[111804]: DEBUG neutron.plugins.ml2.drivers.mech_agent [req-68764810-1917-4b80-8ccc-f29b0631199c req-aa8a6c87-0716-46f4-9170-2aa035ca7328 service neutron] Checking segment: {'id': 'fd10e400-975c-47a6-87ae-3ed94ebf6175', 'network_type': 'vlan', 'physical_network': 'physnet1', 'segmentation_id': 783, 'network_id': '6b42f026-17cd-4a75-b943-2c98ecf471df'} for mappings: {'physnet1$': 'br-data'} with network types: ['local', 'flat', 'vlan'] {{(pid=111804) check_segment_for_agent /opt/stack/neutron/neutron/plugins/ml2/drivers/mech_agent.py:373}}
Jul 11 08:42:06.032497 dv-neutron-841459-11-hyperv neutron-server[111804]: DEBUG neutron.plugins.ml2.drivers.mech_agent [req-68764810-1917-4b80-8ccc-f29b0631199c req-aa8a6c87-0716-46f4-9170-2aa035ca7328 service neutron] Bound using segment: {'id': 'fd10e400-975c-47a6-87ae-3ed94ebf6175', 'network_type': 'vlan', 'physical_network': 'physnet1', 'segmentation_id': 783, 'network_id': '6b42f026-17cd-4a75-b943-2c98ecf471df'} {{(pid=111804) bind_port /opt/stack/neutron/neutron/plugins/ml2/drivers/mech_agent.py:120}}
Jul 11 08:42:06.032497 dv-neutron-841459-11-hyperv neutron-server[111804]: DEBUG neutron.plugins.ml2.managers [req-68764810-1917-4b80-8ccc-f29b0631199c req-aa8a6c87-0716-46f4-9170-2aa035ca7328 service neutron] Bound port: 8c11a428-a99c-4d53-aea1-c847a90a6498, host: hv-neutron-8414, vif_type: hyperv, vif_details: {"connectivity": "legacy", "port_filter": false}, binding_levels: [{'bound_driver': 'hyperv', 'bound_segment': {'id': 'fd10e400-975c-47a6-87ae-3ed94ebf6175', 'network_type': 'vlan', 'physical_network': 'physnet1', 'segmentation_id': 783, 'network_id': '6b42f026-17cd-4a75-b943-2c98ecf471df'}}] {{(pid=111804) _bind_port_level /opt/stack/neutron/neutron/plugins/ml2/managers.py:947}}
Jul 11 08:42:06.032497 dv-neutron-841459-11-hyperv neutron-server[111804]: DEBUG neutron_lib.callbacks.manager [req-68764810-1917-4b80-8ccc-f29b0631199c req-aa8a6c87-0716-46f4-9170-2aa035ca7328 service neutron] Publish callbacks ['neutron.plugins.ml2.plugin.SecurityGroupDbMixin._ensure_default_security_group_handler-846989'] for port (8c11a428-a99c-4d53-aea1-c847a90a6498), before_update {{(pid=111804) _notify_loop /usr/local/lib/python3.8/dist-packages/neutron_lib/callbacks/manager.py:176}}
Jul 11 08:42:06.033076 dv-neutron-841459-11-hyperv neutron-server[111805]: DEBUG dbcounter [-] [111805] Writing DB stats neutron:SELECT=89,neutron:UPDATE=2,neutron:DELETE=4,neutron:INSERT=5 {{(pid=111805) stat_writer /usr/local/lib/python3.8/dist-packages/dbcounter.py:114}}
Jul 11 08:42:06.033076 dv-neutron-841459-11-hyperv neutron-server[111805]: DEBUG neutron.plugins.ml2.managers [req-15a136f6-d1b9-4d40-83e0-34843b80866d req-f209b698-2b98-4735-b02c-83aba8b912fa service neutron] Attempting to bind port 77b79d8e-f2c0-4965-9f6b-112d92a2dcfe on host hv-neutron-8414 for vnic_type normal with profile {{(pid=111805) bind_port /opt/stack/neutron/neutron/plugins/ml2/managers.py:810}}
Jul 11 08:42:06.033076 dv-neutron-841459-11-hyperv neutron-server[111805]: DEBUG neutron.plugins.ml2.managers [req-15a136f6-d1b9-4d40-83e0-34843b80866d req-f209b698-2b98-4735-b02c-83aba8b912fa service neutron] Attempting to bind port 77b79d8e-f2c0-4965-9f6b-112d92a2dcfe by drivers openvswitch,hyperv on host hv-neutron-8414 at level 0 using segments [{'id': '240b2d61-d2f5-4446-b149-ebccc43f85c1', 'network_type': 'vlan', 'physical_network': 'physnet1', 'segmentation_id': 753, 'network_id': '171ec0cf-7820-45d6-9a47-d50510953aa0'}] {{(pid=111805) _bind_port_level /opt/stack/neutron/neutron/plugins/ml2/managers.py:835}}
Jul 11 08:42:06.033076 dv-neutron-841459-11-hyperv neutron-server[111805]: DEBUG neutron.plugins.ml2.drivers.mech_agent [req-15a136f6-d1b9-4d40-83e0-34843b80866d req-f209b698-2b98-4735-b02c-83aba8b912fa service neutron] Attempting to bind port 77b79d8e-f2c0-4965-9f6b-112d92a2dcfe on network 171ec0cf-7820-45d6-9a47-d50510953aa0 {{(pid=111805) bind_port /opt/stack/neutron/neutron/plugins/ml2/drivers/mech_agent.py:91}}
Jul 11 08:42:06.043382 dv-neutron-841459-11-hyperv neutron-server[111805]: INFO neutron.wsgi [req-9dbf4063-813f-4096-a27e-2356eeb64b8e req-64a7d527-c15d-44e7-aa44-c894a735d931 tempest-ServersTestJSON-1204738028 tempest-ServersTestJSON-1204738028-project] 10.222.0.67 "GET /v2.0/security-groups?id=ac20492a-1357-48ff-93e5-edda4a915c16&fields=id&fields=name HTTP/1.1" status: 200 len: 312 time: 0.4301457
Jul 11 08:42:06.052264 dv-neutron-841459-11-hyperv neutron-server[111805]: DEBUG neutron.plugins.ml2.drivers.mech_agent [req-15a136f6-d1b9-4d40-83e0-34843b80866d req-f209b698-2b98-4735-b02c-83aba8b912fa service neutron] Port 77b79d8e-f2c0-4965-9f6b-112d92a2dcfe on network 171ec0cf-7820-45d6-9a47-d50510953aa0 not bound, no agent of type Open vSwitch agent registered on host hv-neutron-8414 {{(pid=111805) bind_port /opt/stack/neutron/neutron/plugins/ml2/drivers/mech_agent.py:103}}
Jul 11 08:42:06.052620 dv-neutron-841459-11-hyperv neutron-server[111805]: DEBUG neutron.plugins.ml2.drivers.mech_agent [req-15a136f6-d1b9-4d40-83e0-34843b80866d req-f209b698-2b98-4735-b02c-83aba8b912fa service neutron] Attempting to bind port 77b79d8e-f2c0-4965-9f6b-112d92a2dcfe on network 171ec0cf-7820-45d6-9a47-d50510953aa0 {{(pid=111805) bind_port /opt/stack/neutron/neutron/plugins/ml2/drivers/mech_agent.py:91}}
Jul 11 08:42:06.066218 dv-neutron-841459-11-hyperv neutron-server[111805]: DEBUG neutron.plugins.ml2.drivers.mech_agent [req-15a136f6-d1b9-4d40-83e0-34843b80866d req-f209b698-2b98-4735-b02c-83aba8b912fa service neutron] Checking agent: {'id': '2344c21f-5232-42f1-a038-1fce29341ce5', 'agent_type': 'HyperV agent', 'binary': 'neutron-hyperv-agent', 'topic': 'N/A', 'host': 'hv-neutron-8414', 'admin_state_up': True, 'created_at': datetime.datetime(2022, 7, 11, 8, 39, 26), 'started_at': datetime.datetime(2022, 7, 11, 8, 39, 26), 'heartbeat_timestamp': datetime.datetime(2022, 7, 11, 8, 41, 56), 'description': None, 'resources_synced': None, 'availability_zone': None, 'alive': True, 'configurations': {'vswitch_mappings': {'physnet1$': 'br-data'}}, 'resource_versions': {}} {{(pid=111805) bind_port /opt/stack/neutron/neutron/plugins/ml2/drivers/mech_agent.py:110}}
Jul 11 08:42:06.071198 dv-neutron-841459-11-hyperv neutron-server[111805]: DEBUG neutron.plugins.ml2.drivers.mech_agent [req-15a136f6-d1b9-4d40-83e0-34843b80866d req-f209b698-2b98-4735-b02c-83aba8b912fa service neutron] Checking segment: {'id': '240b2d61-d2f5-4446-b149-ebccc43f85c1', 'network_type': 'vlan', 'physical_network': 'physnet1', 'segmentation_id': 753, 'network_id': '171ec0cf-7820-45d6-9a47-d50510953aa0'} for mappings: {'physnet1$': 'br-data'} with network types: ['local', 'flat', 'vlan'] {{(pid=111805) check_segment_for_agent /opt/stack/neutron/neutron/plugins/ml2/drivers/mech_agent.py:373}}
Jul 11 08:42:06.071198 dv-neutron-841459-11-hyperv neutron-server[111805]: DEBUG neutron.plugins.ml2.drivers.mech_agent [req-15a136f6-d1b9-4d40-83e0-34843b80866d req-f209b698-2b98-4735-b02c-83aba8b912fa service neutron] Bound using segment: {'id': '240b2d61-d2f5-4446-b149-ebccc43f85c1', 'network_type': 'vlan', 'physical_network': 'physnet1', 'segmentation_id': 753, 'network_id': '171ec0cf-7820-45d6-9a47-d50510953aa0'} {{(pid=111805) bind_port /opt/stack/neutron/neutron/plugins/ml2/drivers/mech_agent.py:120}}
Jul 11 08:42:06.071198 dv-neutron-841459-11-hyperv neutron-server[111805]: DEBUG neutron.plugins.ml2.managers [req-15a136f6-d1b9-4d40-83e0-34843b80866d req-f209b698-2b98-4735-b02c-83aba8b912fa service neutron] Bound port: 77b79d8e-f2c0-4965-9f6b-112d92a2dcfe, host: hv-neutron-8414, vif_type: hyperv, vif_details: {"connectivity": "legacy", "port_filter": false}, binding_levels: [{'bound_driver': 'hyperv', 'bound_segment': {'id': '240b2d61-d2f5-4446-b149-ebccc43f85c1', 'network_type': 'vlan', 'physical_network': 'physnet1', 'segmentation_id': 753, 'network_id': '171ec0cf-7820-45d6-9a47-d50510953aa0'}}] {{(pid=111805) _bind_port_level /opt/stack/neutron/neutron/plugins/ml2/managers.py:947}}
Jul 11 08:42:06.071198 dv-neutron-841459-11-hyperv neutron-server[111805]: DEBUG neutron_lib.callbacks.manager [req-15a136f6-d1b9-4d40-83e0-34843b80866d req-f209b698-2b98-4735-b02c-83aba8b912fa service neutron] Publish callbacks ['neutron.plugins.ml2.plugin.SecurityGroupDbMixin._ensure_default_security_group_handler-846989'] for port (77b79d8e-f2c0-4965-9f6b-112d92a2dcfe), before_update {{(pid=111805) _notify_loop /usr/local/lib/python3.8/dist-packages/neutron_lib/callbacks/manager.py:176}}
Jul 11 08:42:06.190890 dv-neutron-841459-11-hyperv neutron-server[111805]: DEBUG neutron.pecan_wsgi.hooks.quota_enforcement [None req-b68c6b3a-8d21-4775-84d3-71423ee53658 tempest-AllowedAddressPairIpV6TestJSON-392832235 tempest-AllowedAddressPairIpV6TestJSON-392832235-project] Made reservation on behalf of b985422673b14a49ad690ae714b42c78 for: {'subnet': 1} {{(pid=111805) before /opt/stack/neutron/neutron/pecan_wsgi/hooks/quota_enforcement.py:53}}
Jul 11 08:42:06.194247 dv-neutron-841459-11-hyperv neutron-server[111805]: DEBUG neutron_lib.callbacks.manager [None req-b68c6b3a-8d21-4775-84d3-71423ee53658 tempest-AllowedAddressPairIpV6TestJSON-392832235 tempest-AllowedAddressPairIpV6TestJSON-392832235-project] Publish callbacks ['neutron.services.segments.plugin.SegmentHostRoutes.host_routes_before_create-15746084'] for subnet (None), before_create {{(pid=111805) _notify_loop /usr/local/lib/python3.8/dist-packages/neutron_lib/callbacks/manager.py:176}}
Jul 11 08:42:06.205264 dv-neutron-841459-11-hyperv neutron-server[111805]: DEBUG neutron.pecan_wsgi.hooks.policy_enforcement [req-940adcae-a87f-4451-93d3-4e875d1d3c37 req-d6b342fb-7b3a-4ebb-bbc8-0e26bd8ac065 tempest-ServerActionsTestJSON-768717762 tempest-ServerActionsTestJSON-768717762-project] Attributes excluded by policy engine: ['standard_attr_id', 'binding:profile', 'binding:host_id', 'binding:vif_type', 'binding:vif_details'] {{(pid=111805) _exclude_attributes_by_policy /opt/stack/neutron/neutron/pecan_wsgi/hooks/policy_enforcement.py:259}}
Jul 11 08:42:06.206899 dv-neutron-841459-11-hyperv neutron-server[111805]: INFO neutron.wsgi [req-940adcae-a87f-4451-93d3-4e875d1d3c37 req-d6b342fb-7b3a-4ebb-bbc8-0e26bd8ac065 tempest-ServerActionsTestJSON-768717762 tempest-ServerActionsTestJSON-768717762-project] 10.222.0.67 "GET /v2.0/ports?device_id=6012c235-8ee3-47ba-a3d5-43986b9d8652 HTTP/1.1" status: 200 len: 944 time: 0.0772727
Jul 11 08:42:06.213754 dv-neutron-841459-11-hyperv neutron-server[111805]: DEBUG neutron.plugins.ml2.db [req-15a136f6-d1b9-4d40-83e0-34843b80866d req-f209b698-2b98-4735-b02c-83aba8b912fa service neutron] For port 77b79d8e-f2c0-4965-9f6b-112d92a2dcfe, host hv-neutron-8414, cleared binding levels {{(pid=111805) clear_binding_levels /opt/stack/neutron/neutron/plugins/ml2/db.py:87}}
Jul 11 08:42:06.281037 dv-neutron-841459-11-hyperv neutron-server[111805]: DEBUG neutron.plugins.ml2.db [req-15a136f6-d1b9-4d40-83e0-34843b80866d req-f209b698-2b98-4735-b02c-83aba8b912fa service neutron] For port 77b79d8e-f2c0-4965-9f6b-112d92a2dcfe, host hv-neutron-8414, set binding levels [PortBindingLevel(driver='hyperv',host='hv-neutron-8414',level=0,port_id=77b79d8e-f2c0-4965-9f6b-112d92a2dcfe,segment=NetworkSegment(240b2d61-d2f5-4446-b149-ebccc43f85c1),segment_id=240b2d61-d2f5-4446-b149-ebccc43f85c1)] {{(pid=111805) set_binding_levels /opt/stack/neutron/neutron/plugins/ml2/db.py:59}}
Jul 11 08:42:06.283569 dv-neutron-841459-11-hyperv neutron-server[111804]: DEBUG neutron_lib.callbacks.manager [None req-e50dc69f-6a61-4fc9-93e0-29b6984c1852 tempest-BulkNetworkOpsIpV6Test-970721333 tempest-BulkNetworkOpsIpV6Test-970721333-project] Publish callbacks ['neutron.plugins.ml2.plugin.Ml2Plugin._network_delete_precommit_handler-969858', 'neutron.services.segments.db._delete_segments_for_network-8771909701497'] for network (834adca5-095c-4607-9c01-8d957e5637a6), precommit_delete {{(pid=111804) _notify_loop /usr/local/lib/python3.8/dist-packages/neutron_lib/callbacks/manager.py:176}}
Jul 11 08:42:06.326482 dv-neutron-841459-11-hyperv neutron-server[111804]: DEBUG neutron.plugins.ml2.db [req-68764810-1917-4b80-8ccc-f29b0631199c req-aa8a6c87-0716-46f4-9170-2aa035ca7328 service neutron] For port 8c11a428-a99c-4d53-aea1-c847a90a6498, host hv-neutron-8414, cleared binding levels {{(pid=111804) clear_binding_levels /opt/stack/neutron/neutron/plugins/ml2/db.py:87}}
Jul 11 08:42:06.330993 dv-neutron-841459-11-hyperv neutron-server[111804]: DEBUG neutron.scheduler.dhcp_agent_scheduler [None req-2e0f9505-2b92-4287-93ef-52ecb51e719f tempest-ExternalNetworksTestJSON-419106680 tempest-ExternalNetworksTestJSON-419106680-project-admin] Network d25103b2-98b4-46b2-a59c-425dc2c9cc45 is scheduled to be hosted by DHCP agent fb1c12cf-6825-42f2-b4e5-414fbdce7abd with binding_index 1 {{(pid=111804) bind /opt/stack/neutron/neutron/scheduler/dhcp_agent_scheduler.py:227}}
Jul 11 08:42:06.340210 dv-neutron-841459-11-hyperv neutron-server[111804]: DEBUG neutron.services.segments.db [None req-e50dc69f-6a61-4fc9-93e0-29b6984c1852 tempest-BulkNetworkOpsIpV6Test-970721333 tempest-BulkNetworkOpsIpV6Test-970721333-project] neutron.services.segments.plugin.Plugin method get_segments called with arguments (,) {'filters': {'network_id': ['834adca5-095c-4607-9c01-8d957e5637a6']}} {{(pid=111804) wrapper /usr/local/lib/python3.8/dist-packages/oslo_log/helpers.py:65}}
Jul 11 08:42:06.367035 dv-neutron-841459-11-hyperv neutron-server[111804]: DEBUG neutron.plugins.ml2.db [req-68764810-1917-4b80-8ccc-f29b0631199c req-aa8a6c87-0716-46f4-9170-2aa035ca7328 service neutron] For port 8c11a428-a99c-4d53-aea1-c847a90a6498, host hv-neutron-8414, set binding levels [PortBindingLevel(driver='hyperv',host='hv-neutron-8414',level=0,port_id=8c11a428-a99c-4d53-aea1-c847a90a6498,segment=NetworkSegment(fd10e400-975c-47a6-87ae-3ed94ebf6175),segment_id=fd10e400-975c-47a6-87ae-3ed94ebf6175)] {{(pid=111804) set_binding_levels /opt/stack/neutron/neutron/plugins/ml2/db.py:59}}
Jul 11 08:42:06.369181 dv-neutron-841459-11-hyperv neutron-server[111804]: DEBUG neutron.services.segments.db [None req-e50dc69f-6a61-4fc9-93e0-29b6984c1852 tempest-BulkNetworkOpsIpV6Test-970721333 tempest-BulkNetworkOpsIpV6Test-970721333-project] neutron.services.segments.plugin.Plugin method delete_segment called with arguments (, '6296b748-165f-4737-92f7-94ed3efcfc05') {'for_net_delete': True} {{(pid=111804) wrapper /usr/local/lib/python3.8/dist-packages/oslo_log/helpers.py:65}}
Jul 11 08:42:06.369475 dv-neutron-841459-11-hyperv neutron-server[111804]: DEBUG neutron.services.segments.db [None req-e50dc69f-6a61-4fc9-93e0-29b6984c1852 tempest-BulkNetworkOpsIpV6Test-970721333 tempest-BulkNetworkOpsIpV6Test-970721333-project] neutron.services.segments.plugin.Plugin method get_segment called with arguments (, '6296b748-165f-4737-92f7-94ed3efcfc05') {} {{(pid=111804) wrapper /usr/local/lib/python3.8/dist-packages/oslo_log/helpers.py:65}}
Jul 11 08:42:06.371854 dv-neutron-841459-11-hyperv neutron-server[111804]: DEBUG neutron_lib.callbacks.manager [None req-11e8fcf6-7dbe-4a12-963b-8d4e3e6a5815 tempest-PortsAdminExtendedAttrsTestJSON-1553256265 tempest-PortsAdminExtendedAttrsTestJSON-1553256265-project-admin] Publish callbacks ['neutron.plugins.ml2.plugin.SecurityGroupServerNotifierRpcMixin._notify_sg_on_port_change-847176', 'neutron.plugins.ml2.ovo_rpc._ObjectChangeHandler.handle_event-252695', 'neutron.api.rpc.agentnotifiers.dhcp_rpc_agent_api.DhcpAgentNotifyAPI._native_event_send_dhcp_notification-1584734', 'neutron.db.l3_dvrscheduler_db._notify_l3_agent_new_port-8771909384551', 'neutron.services.segments.plugin.NovaSegmentNotifier._notify_port_created_or_deleted-16461298'] for port (69378134-dc09-47ca-b45e-3d28e2bf4cfa), after_create {{(pid=111804) _notify_loop /usr/local/lib/python3.8/dist-packages/neutron_lib/callbacks/manager.py:176}}
Jul 11 08:42:06.393262 dv-neutron-841459-11-hyperv neutron-server[111804]: DEBUG neutron_lib.callbacks.manager [None req-e50dc69f-6a61-4fc9-93e0-29b6984c1852 tempest-BulkNetworkOpsIpV6Test-970721333 tempest-BulkNetworkOpsIpV6Test-970721333-project] Publish callbacks ['neutron.plugins.ml2.db._prevent_segment_delete_with_port_bound-8771909703298', 'neutron.services.segments.plugin.Plugin._prevent_segment_delete_with_subnet_associated-1436287'] for segment (6296b748-165f-4737-92f7-94ed3efcfc05), before_delete {{(pid=111804) _notify_loop /usr/local/lib/python3.8/dist-packages/neutron_lib/callbacks/manager.py:176}}
Jul 11 08:42:06.410675 dv-neutron-841459-11-hyperv neutron-server[111805]: INFO neutron.wsgi [req-940adcae-a87f-4451-93d3-4e875d1d3c37 req-a3d10622-bc6b-4a8b-ada6-3cb0c21068ed tempest-ServerActionsTestJSON-768717762 tempest-ServerActionsTestJSON-768717762-project] 10.222.0.67 "GET /v2.0/security-groups?id=3987348f-fe23-42e8-8a3f-51291657076b&fields=id&fields=name HTTP/1.1" status: 200 len: 312 time: 0.1823947
Jul 11 08:42:06.424062 dv-neutron-841459-11-hyperv neutron-server[111805]: DEBUG neutron_lib.callbacks.manager [req-15a136f6-d1b9-4d40-83e0-34843b80866d req-f209b698-2b98-4735-b02c-83aba8b912fa service neutron] Publish callbacks ['neutron.plugins.ml2.plugin.SecurityGroupServerNotifierRpcMixin._notify_sg_on_port_change-847176', 'neutron.plugins.ml2.ovo_rpc._ObjectChangeHandler.handle_event-252695', 'neutron.api.rpc.agentnotifiers.dhcp_rpc_agent_api.DhcpAgentNotifyAPI._native_event_send_dhcp_notification-1584734', 'neutron.db.l3_db.L3RpcNotifierMixin._notify_gateway_port_ip_changed-8771909927464', 'neutron.db.l3_dvrscheduler_db._notify_l3_agent_port_update-8771909384569', 'neutron.db.l3_hascheduler_db._notify_l3_agent_ha_port_update-8771909384587', 'neutron.services.segments.plugin.NovaSegmentNotifier._notify_port_updated-15805669'] for port (77b79d8e-f2c0-4965-9f6b-112d92a2dcfe), after_update {{(pid=111805) _notify_loop /usr/local/lib/python3.8/dist-packages/neutron_lib/callbacks/manager.py:176}}
Jul 11 08:42:06.438707 dv-neutron-841459-11-hyperv neutron-server[111805]: DEBUG neutron.pecan_wsgi.hooks.policy_enforcement [req-ec2a5696-7359-4afc-ad4b-76cba67aa8ca req-c0f30c90-4016-4d1e-ad1f-0484ea117c85 tempest-ServersTestManualDisk-1395632354 tempest-ServersTestManualDisk-1395632354-project] Attributes excluded by policy engine: ['standard_attr_id', 'binding:profile', 'binding:host_id', 'binding:vif_type', 'binding:vif_details'] {{(pid=111805) _exclude_attributes_by_policy /opt/stack/neutron/neutron/pecan_wsgi/hooks/policy_enforcement.py:259}}
Jul 11 08:42:06.440346 dv-neutron-841459-11-hyperv neutron-server[111805]: INFO neutron.wsgi [req-ec2a5696-7359-4afc-ad4b-76cba67aa8ca req-c0f30c90-4016-4d1e-ad1f-0484ea117c85 tempest-ServersTestManualDisk-1395632354 tempest-ServersTestManualDisk-1395632354-project] 10.222.0.67 "GET /v2.0/ports?device_id=7375b2ba-f3b6-4f47-8ac9-e49185271dda HTTP/1.1" status: 200 len: 943 time: 0.0990667
Jul 11 08:42:06.457940 dv-neutron-841459-11-hyperv neutron-server[111804]: DEBUG neutron_lib.callbacks.manager [None req-40d94d14-1af8-4419-824d-9c34fddcb597 tempest-FloatingIPAdminTestJSON-110008543 tempest-FloatingIPAdminTestJSON-110008543-project-admin] Publish callbacks [] for port (0d2c19e4-aac4-4693-8498-c6900d204110), precommit_update {{(pid=111804) _notify_loop /usr/local/lib/python3.8/dist-packages/neutron_lib/callbacks/manager.py:176}}
Jul 11 08:42:06.459673 dv-neutron-841459-11-hyperv neutron-server[111804]: DEBUG neutron_lib.callbacks.manager [None req-e50dc69f-6a61-4fc9-93e0-29b6984c1852 tempest-BulkNetworkOpsIpV6Test-970721333 tempest-BulkNetworkOpsIpV6Test-970721333-project] Publish callbacks ['neutron.plugins.ml2.plugin.Ml2Plugin._handle_segment_change-910354'] for segment (6296b748-165f-4737-92f7-94ed3efcfc05), precommit_delete {{(pid=111804) _notify_loop /usr/local/lib/python3.8/dist-packages/neutron_lib/callbacks/manager.py:176}}
Jul 11 08:42:06.464312 dv-neutron-841459-11-hyperv neutron-server[111804]: DEBUG neutron.scheduler.dhcp_agent_scheduler [None req-11e8fcf6-7dbe-4a12-963b-8d4e3e6a5815 tempest-PortsAdminExtendedAttrsTestJSON-1553256265 tempest-PortsAdminExtendedAttrsTestJSON-1553256265-project-admin] Network 70529535-29d8-48ae-bd5e-b0d12a82b5c2 is already hosted by enough agents. {{(pid=111804) _get_dhcp_agents_hosting_network /opt/stack/neutron/neutron/scheduler/dhcp_agent_scheduler.py:275}}
Jul 11 08:42:06.473412 dv-neutron-841459-11-hyperv neutron-server[111804]: DEBUG neutron.api.rpc.handlers.resources_rpc [None req-11e8fcf6-7dbe-4a12-963b-8d4e3e6a5815 tempest-PortsAdminExtendedAttrsTestJSON-1553256265 tempest-PortsAdminExtendedAttrsTestJSON-1553256265-project-admin] Pushing event updated for resources: {'Port': ['ID=69378134-dc09-47ca-b45e-3d28e2bf4cfa,revision_number=1']} {{(pid=111804) push /opt/stack/neutron/neutron/api/rpc/handlers/resources_rpc.py:237}}
Jul 11 08:42:06.473892 dv-neutron-841459-11-hyperv neutron-server[111805]: DEBUG neutron.pecan_wsgi.hooks.policy_enforcement [req-15a136f6-d1b9-4d40-83e0-34843b80866d req-f209b698-2b98-4735-b02c-83aba8b912fa service neutron] Attributes excluded by policy engine: ['standard_attr_id'] {{(pid=111805) _exclude_attributes_by_policy /opt/stack/neutron/neutron/pecan_wsgi/hooks/policy_enforcement.py:259}}
Jul 11 08:42:06.474513 dv-neutron-841459-11-hyperv neutron-server[111805]: DEBUG neutron_lib.callbacks.manager [req-15a136f6-d1b9-4d40-83e0-34843b80866d req-f209b698-2b98-4735-b02c-83aba8b912fa service neutron] Publish callbacks ['neutron.notifiers.nova.Notifier._send_nova_notification-10352'] for port (None), before_response {{(pid=111805) _notify_loop /usr/local/lib/python3.8/dist-packages/neutron_lib/callbacks/manager.py:176}}
Jul 11 08:42:06.475821 dv-neutron-841459-11-hyperv neutron-server[111804]: DEBUG neutron.scheduler.base_scheduler [None req-11e8fcf6-7dbe-4a12-963b-8d4e3e6a5815 tempest-PortsAdminExtendedAttrsTestJSON-1553256265 tempest-PortsAdminExtendedAttrsTestJSON-1553256265-project-admin] Resources bound (agent type, host, resource id): {{(pid=111804) schedule /opt/stack/neutron/neutron/scheduler/base_scheduler.py:57}}
Jul 11 08:42:06.475952 dv-neutron-841459-11-hyperv neutron-server[111805]: INFO neutron.wsgi [req-15a136f6-d1b9-4d40-83e0-34843b80866d req-f209b698-2b98-4735-b02c-83aba8b912fa service neutron] 10.222.0.69 "PUT /v2.0/ports/77b79d8e-f2c0-4965-9f6b-112d92a2dcfe HTTP/1.1" status: 200 len: 1093 time: 3.7605777
Jul 11 08:42:06.478131 dv-neutron-841459-11-hyperv neutron-server[111804]: DEBUG neutron.plugins.ml2.drivers.type_vlan [None req-e50dc69f-6a61-4fc9-93e0-29b6984c1852 tempest-BulkNetworkOpsIpV6Test-970721333 tempest-BulkNetworkOpsIpV6Test-970721333-project] Releasing vlan 782 on physical network physnet1 to pool {{(pid=111804) release_segment /opt/stack/neutron/neutron/plugins/ml2/drivers/type_vlan.py:304}}
Jul 11 08:42:06.480826 dv-neutron-841459-11-hyperv neutron-server[111804]: DEBUG neutron_lib.callbacks.manager [None req-e50dc69f-6a61-4fc9-93e0-29b6984c1852 tempest-BulkNetworkOpsIpV6Test-970721333 tempest-BulkNetworkOpsIpV6Test-970721333-project] Publish callbacks ['neutron.plugins.ml2.plugin.Ml2Plugin._handle_segment_change-910354', 'neutron.services.segments.plugin.NovaSegmentNotifier._notify_segment_deleted-16461095'] for segment (6296b748-165f-4737-92f7-94ed3efcfc05), after_delete {{(pid=111804) _notify_loop /usr/local/lib/python3.8/dist-packages/neutron_lib/callbacks/manager.py:176}}
Jul 11 08:42:06.486026 dv-neutron-841459-11-hyperv neutron-server[111804]: DEBUG neutron.db.l3_dvrscheduler_db [None req-11e8fcf6-7dbe-4a12-963b-8d4e3e6a5815 tempest-PortsAdminExtendedAttrsTestJSON-1553256265 tempest-PortsAdminExtendedAttrsTestJSON-1553256265-project-admin] Received port after_create {{(pid=111804) _notify_l3_agent_new_port /opt/stack/neutron/neutron/db/l3_dvrscheduler_db.py:542}}
Jul 11 08:42:06.486987 dv-neutron-841459-11-hyperv neutron-server[111804]: DEBUG neutron.pecan_wsgi.hooks.policy_enforcement [None req-11e8fcf6-7dbe-4a12-963b-8d4e3e6a5815 tempest-PortsAdminExtendedAttrsTestJSON-1553256265 tempest-PortsAdminExtendedAttrsTestJSON-1553256265-project-admin] Attributes excluded by policy engine: ['standard_attr_id', 'network'] {{(pid=111804) _exclude_attributes_by_policy /opt/stack/neutron/neutron/pecan_wsgi/hooks/policy_enforcement.py:259}}
Jul 11 08:42:06.487688 dv-neutron-841459-11-hyperv neutron-server[111804]: DEBUG neutron_lib.callbacks.manager [None req-11e8fcf6-7dbe-4a12-963b-8d4e3e6a5815 tempest-PortsAdminExtendedAttrsTestJSON-1553256265 tempest-PortsAdminExtendedAttrsTestJSON-1553256265-project-admin] Publish callbacks ['neutron.notifiers.nova.Notifier._send_nova_notification-10352'] for port (None), before_response {{(pid=111804) _notify_loop /usr/local/lib/python3.8/dist-packages/neutron_lib/callbacks/manager.py:176}}
Jul 11 08:42:06.488932 dv-neutron-841459-11-hyperv neutron-server[111805]: DEBUG neutron.notifiers.nova [-] Sending events: [{'name': 'network-changed', 'server_uuid': '7375b2ba-f3b6-4f47-8ac9-e49185271dda', 'tag': '77b79d8e-f2c0-4965-9f6b-112d92a2dcfe'}] {{(pid=111805) send_events /opt/stack/neutron/neutron/notifiers/nova.py:271}}
Jul 11 08:42:06.507218 dv-neutron-841459-11-hyperv neutron-server[111804]: DEBUG neutron.scheduler.base_scheduler [None req-2e0f9505-2b92-4287-93ef-52ecb51e719f tempest-ExternalNetworksTestJSON-419106680 tempest-ExternalNetworksTestJSON-419106680-project-admin] Resources bound (agent type, host, resource id): (DHCP agent, dv-neutron-841459-11-hyperv, d25103b2-98b4-46b2-a59c-425dc2c9cc45) {{(pid=111804) schedule /opt/stack/neutron/neutron/scheduler/base_scheduler.py:57}}
Jul 11 08:42:06.511718 dv-neutron-841459-11-hyperv neutron-server[111804]: DEBUG neutron_lib.callbacks.manager [req-68764810-1917-4b80-8ccc-f29b0631199c req-aa8a6c87-0716-46f4-9170-2aa035ca7328 service neutron] Publish callbacks ['neutron.plugins.ml2.plugin.SecurityGroupServerNotifierRpcMixin._notify_sg_on_port_change-847176', 'neutron.plugins.ml2.ovo_rpc._ObjectChangeHandler.handle_event-252695', 'neutron.api.rpc.agentnotifiers.dhcp_rpc_agent_api.DhcpAgentNotifyAPI._native_event_send_dhcp_notification-1584734', 'neutron.db.l3_db.L3RpcNotifierMixin._notify_gateway_port_ip_changed-8771909927464', 'neutron.db.l3_dvrscheduler_db._notify_l3_agent_port_update-8771909384569', 'neutron.db.l3_hascheduler_db._notify_l3_agent_ha_port_update-8771909384587', 'neutron.services.segments.plugin.NovaSegmentNotifier._notify_port_updated-16461259'] for port (8c11a428-a99c-4d53-aea1-c847a90a6498), after_update {{(pid=111804) _notify_loop /usr/local/lib/python3.8/dist-packages/neutron_lib/callbacks/manager.py:176}}
Jul 11 08:42:06.523108 dv-neutron-841459-11-hyperv neutron-server[111806]: DEBUG neutron.api.rpc.handlers.dhcp_rpc [None req-95d8e74f-d903-4ff9-9348-e37b9561f088 None None] Network d25103b2-98b4-46b2-a59c-425dc2c9cc45 requested from dv-neutron-841459-11-hyperv {{(pid=111806) get_network_info /opt/stack/neutron/neutron/api/rpc/handlers/dhcp_rpc.py:191}}
Jul 11 08:42:06.526140 dv-neutron-841459-11-hyperv neutron-server[111804]: DEBUG neutron.pecan_wsgi.hooks.policy_enforcement [None req-2e0f9505-2b92-4287-93ef-52ecb51e719f tempest-ExternalNetworksTestJSON-419106680 tempest-ExternalNetworksTestJSON-419106680-project-admin] Attributes excluded by policy engine: ['standard_attr_id', 'shared', 'segment_id', 'network'] {{(pid=111804) _exclude_attributes_by_policy /opt/stack/neutron/neutron/pecan_wsgi/hooks/policy_enforcement.py:259}}
Jul 11 08:42:06.526735 dv-neutron-841459-11-hyperv neutron-server[111804]: DEBUG neutron_lib.callbacks.manager [None req-2e0f9505-2b92-4287-93ef-52ecb51e719f tempest-ExternalNetworksTestJSON-419106680 tempest-ExternalNetworksTestJSON-419106680-project-admin] Publish callbacks ['neutron.api.rpc.agentnotifiers.dhcp_rpc_agent_api.DhcpAgentNotifyAPI._send_dhcp_notification-1584812'] for subnet (None), before_response {{(pid=111804) _notify_loop /usr/local/lib/python3.8/dist-packages/neutron_lib/callbacks/manager.py:176}}
Jul 11 08:42:06.573431 dv-neutron-841459-11-hyperv neutron-server[111804]: INFO neutron.services.segments.plugin [-] Segment 6296b748-165f-4737-92f7-94ed3efcfc05 resource provider aggregate not found
Jul 11 08:42:06.632888 dv-neutron-841459-11-hyperv neutron-server[111805]: DEBUG neutron.api.rpc.handlers.resources_rpc [None req-f209b698-2b98-4735-b02c-83aba8b912fa service neutron] Pushing event updated for resources: {'Port': ['ID=77b79d8e-f2c0-4965-9f6b-112d92a2dcfe,revision_number=3']} {{(pid=111805) push /opt/stack/neutron/neutron/api/rpc/handlers/resources_rpc.py:237}}
Jul 11 08:42:06.683624 dv-neutron-841459-11-hyperv neutron-server[111805]: INFO neutron.wsgi [req-ec2a5696-7359-4afc-ad4b-76cba67aa8ca req-05176fae-eefd-4d36-9c7b-15c86b67feec tempest-ServersTestManualDisk-1395632354 tempest-ServersTestManualDisk-1395632354-project] 10.222.0.67 "GET /v2.0/security-groups?id=08df7c2a-0325-436d-a208-4b735f0b8be3&fields=id&fields=name HTTP/1.1" status: 200 len: 312 time: 0.2112370
Jul 11 08:42:06.709099 dv-neutron-841459-11-hyperv neutron-server[111804]: DEBUG neutron.pecan_wsgi.hooks.policy_enforcement [req-68764810-1917-4b80-8ccc-f29b0631199c req-aa8a6c87-0716-46f4-9170-2aa035ca7328 service neutron] Attributes excluded by policy engine: ['standard_attr_id'] {{(pid=111804) _exclude_attributes_by_policy /opt/stack/neutron/neutron/pecan_wsgi/hooks/policy_enforcement.py:259}}
Jul 11 08:42:06.709099 dv-neutron-841459-11-hyperv neutron-server[111804]: DEBUG neutron_lib.callbacks.manager [req-68764810-1917-4b80-8ccc-f29b0631199c req-aa8a6c87-0716-46f4-9170-2aa035ca7328 service neutron] Publish callbacks ['neutron.notifiers.nova.Notifier._send_nova_notification-10352'] for port (None), before_response {{(pid=111804) _notify_loop /usr/local/lib/python3.8/dist-packages/neutron_lib/callbacks/manager.py:176}}
Jul 11 08:42:06.709099 dv-neutron-841459-11-hyperv neutron-server[111804]: INFO neutron.wsgi [req-68764810-1917-4b80-8ccc-f29b0631199c req-aa8a6c87-0716-46f4-9170-2aa035ca7328 service neutron] 10.222.0.69 "PUT /v2.0/ports/8c11a428-a99c-4d53-aea1-c847a90a6498 HTTP/1.1" status: 200 len: 1094 time: 3.5331347
Jul 11 08:42:06.709099 dv-neutron-841459-11-hyperv neutron-server[111804]: DEBUG neutron.notifiers.nova [-] Sending events: [{'name': 'network-changed', 'server_uuid': 'ccf60c95-a867-4393-a0a6-9f66fea98113', 'tag': '8c11a428-a99c-4d53-aea1-c847a90a6498'}] {{(pid=111804) send_events /opt/stack/neutron/neutron/notifiers/nova.py:271}}
Jul 11 08:42:06.709099 dv-neutron-841459-11-hyperv neutron-server[111804]: DEBUG novaclient.v2.client [-] REQ: curl -g -i --cacert "/opt/stack/data/ca-bundle.pem" -X POST http://10.222.0.67/compute/v2.1/os-server-external-events -H "Accept: application/json" -H "Content-Type: application/json" -H "User-Agent: python-novaclient" -H "X-Auth-Token: {SHA256}baf845239fd0ac1aed4e7e19a922a27351f6741ba48aee37e078314f7797c878" -H "X-OpenStack-Nova-API-Version: 2.1" -H "X-OpenStack-Request-ID: req-874391f5-4e46-4c7d-b7dc-05102bd98fd7" -d '{"events": [{"name": "network-changed", "server_uuid": "ccf60c95-a867-4393-a0a6-9f66fea98113", "tag": "8c11a428-a99c-4d53-aea1-c847a90a6498"}]}' {{(pid=111804) _http_log_request /usr/local/lib/python3.8/dist-packages/keystoneauth1/session.py:519}}
Jul 11 08:42:06.709099 dv-neutron-841459-11-hyperv neutron-server[111804]: INFO neutron.services.segments.plugin [-] Segment 6296b748-165f-4737-92f7-94ed3efcfc05 resource provider not found; error: Placement Client Error (4xx): {"errors": [{"status": 404, "title": "Not Found", "detail": "The resource could not be found.\n\n No resource provider with uuid 6296b748-165f-4737-92f7-94ed3efcfc05 found for delete ", "request_id": "req-a7efc95c-1539-4c6a-8925-df849ba35669"}]}
Jul 11 08:42:06.739871 dv-neutron-841459-11-hyperv neutron-server[111804]: DEBUG neutron.api.rpc.handlers.resources_rpc [None req-aa8a6c87-0716-46f4-9170-2aa035ca7328 service neutron] Pushing event updated for resources: {'Port': ['ID=8c11a428-a99c-4d53-aea1-c847a90a6498,revision_number=3']} {{(pid=111804) push /opt/stack/neutron/neutron/api/rpc/handlers/resources_rpc.py:237}}
Jul 11 08:42:06.771610 dv-neutron-841459-11-hyperv neutron-server[111804]: DEBUG novaclient.v2.client [-] RESP: [200] Connection: close Content-Length: 179 Content-Type: application/json Date: Mon, 11 Jul 2022 08:42:06 GMT OpenStack-API-Version: compute 2.1 Server: Apache/2.4.41 (Ubuntu) Vary: OpenStack-API-Version,X-OpenStack-Nova-API-Version X-OpenStack-Nova-API-Version: 2.1 x-compute-request-id: req-5d76647b-aa0d-478c-ae74-1b76c445a00f x-openstack-request-id: req-5d76647b-aa0d-478c-ae74-1b76c445a00f {{(pid=111804) _http_log_response /usr/local/lib/python3.8/dist-packages/keystoneauth1/session.py:550}}
Jul 11 08:42:06.772182 dv-neutron-841459-11-hyperv neutron-server[111804]: DEBUG novaclient.v2.client [-] RESP BODY: {"events": [{"name": "network-changed", "server_uuid": "ccf60c95-a867-4393-a0a6-9f66fea98113", "tag": "8c11a428-a99c-4d53-aea1-c847a90a6498", "status": "completed", "code": 200}]} {{(pid=111804) _http_log_response /usr/local/lib/python3.8/dist-packages/keystoneauth1/session.py:582}}
Jul 11 08:42:06.772539 dv-neutron-841459-11-hyperv neutron-server[111804]: DEBUG novaclient.v2.client [-] POST call to compute for http://10.222.0.67/compute/v2.1/os-server-external-events used request id req-5d76647b-aa0d-478c-ae74-1b76c445a00f {{(pid=111804) request /usr/local/lib/python3.8/dist-packages/keystoneauth1/session.py:954}}
Jul 11 08:42:06.773242 dv-neutron-841459-11-hyperv neutron-server[111804]: INFO neutron.notifiers.nova [-] Nova event matching ['req-5d76647b-aa0d-478c-ae74-1b76c445a00f'] response: {'name': 'network-changed', 'server_uuid': 'ccf60c95-a867-4393-a0a6-9f66fea98113', 'tag': '8c11a428-a99c-4d53-aea1-c847a90a6498', 'status': 'completed', 'code': 200}
Jul 11 08:42:06.775670 dv-neutron-841459-11-hyperv neutron-server[111805]: DEBUG novaclient.v2.client [-] REQ: curl -g -i --cacert "/opt/stack/data/ca-bundle.pem" -X POST http://10.222.0.67/compute/v2.1/os-server-external-events -H "Accept: application/json" -H "Content-Type: application/json" -H "User-Agent: python-novaclient" -H "X-Auth-Token: {SHA256}53c31e1dc238f0d6c8ab10398c9d3ad6f83681123d9eed9cec2fac5d9e7eb1ef" -H "X-OpenStack-Nova-API-Version: 2.1" -H "X-OpenStack-Request-ID: req-43b09fde-eb40-44ea-9f9f-8e7b50a6e1b5" -d '{"events": [{"name": "network-changed", "server_uuid": "7375b2ba-f3b6-4f47-8ac9-e49185271dda", "tag": "77b79d8e-f2c0-4965-9f6b-112d92a2dcfe"}]}' {{(pid=111805) _http_log_request /usr/local/lib/python3.8/dist-packages/keystoneauth1/session.py:519}}
Jul 11 08:42:06.794184 dv-neutron-841459-11-hyperv neutron-server[111806]: DEBUG neutron.api.rpc.handlers.dhcp_rpc [None req-5264dd50-ec09-40db-ab58-23a39067912a None None] Network d25103b2-98b4-46b2-a59c-425dc2c9cc45 requested from dv-neutron-841459-11-hyperv {{(pid=111806) get_network_info /opt/stack/neutron/neutron/api/rpc/handlers/dhcp_rpc.py:191}}
Jul 11 08:42:06.814385 dv-neutron-841459-11-hyperv neutron-server[111804]: DEBUG neutron_lib.callbacks.manager [None req-40d94d14-1af8-4419-824d-9c34fddcb597 tempest-FloatingIPAdminTestJSON-110008543 tempest-FloatingIPAdminTestJSON-110008543-project-admin] Publish callbacks ['neutron.plugins.ml2.plugin.SecurityGroupServerNotifierRpcMixin._notify_sg_on_port_change-847176', 'neutron.plugins.ml2.ovo_rpc._ObjectChangeHandler.handle_event-252695', 'neutron.api.rpc.agentnotifiers.dhcp_rpc_agent_api.DhcpAgentNotifyAPI._native_event_send_dhcp_notification-1584734', 'neutron.db.l3_db.L3RpcNotifierMixin._notify_gateway_port_ip_changed-8771909927464', 'neutron.db.l3_dvrscheduler_db._notify_l3_agent_port_update-8771909384569', 'neutron.db.l3_hascheduler_db._notify_l3_agent_ha_port_update-8771909384587', 'neutron.services.segments.plugin.NovaSegmentNotifier._notify_port_updated-16461259'] for port (0d2c19e4-aac4-4693-8498-c6900d204110), after_update {{(pid=111804) _notify_loop /usr/local/lib/python3.8/dist-packages/neutron_lib/callbacks/manager.py:176}}
