Jul 11 08:53:55.371670 dv-neutron-841459-11-hyperv devstack@placement-api.service[112308]: DEBUG placement.objects.allocation_candidate [req-e0ddd01c-429a-43b1-8e3d-0e26fae28e30 req-910fde6c-e13d-4c71-b216-6b0e0453a58c service placement] Merging candidates yields 1 allocation requests and 1 provider summaries {{(pid=112308) _merge_candidates /opt/stack/placement/placement/objects/allocation_candidate.py:809}}
Jul 11 08:53:55.383024 dv-neutron-841459-11-hyperv devstack@placement-api.service[112308]: INFO placement.requestlog [req-e0ddd01c-429a-43b1-8e3d-0e26fae28e30 req-910fde6c-e13d-4c71-b216-6b0e0453a58c service placement] 10.222.0.67 "GET /placement/allocation_candidates?limit=1000&resources=DISK_GB%3A1%2CMEMORY_MB%3A1024%2CVCPU%3A1&root_required=%21COMPUTE_STATUS_DISABLED" status: 200 len: 767 microversion: 1.36
Jul 11 08:53:55.383024 dv-neutron-841459-11-hyperv devstack@placement-api.service[112308]: [pid: 112308|app: 0|req: 173/346] 10.222.0.67 () {60 vars in 1506 bytes} [Mon Jul 11 08:53:55 2022] GET /placement/allocation_candidates?limit=1000&resources=DISK_GB%3A1%2CMEMORY_MB%3A1024%2CVCPU%3A1&root_required=%21COMPUTE_STATUS_DISABLED => generated 767 bytes in 91 msecs (HTTP/1.1 200) 8 headers in 296 bytes (1 switches on core 0)
Jul 11 08:53:55.422706 dv-neutron-841459-11-hyperv devstack@placement-api.service[112309]: DEBUG placement.requestlog [req-e0ddd01c-429a-43b1-8e3d-0e26fae28e30 req-ee4c8723-3a3b-4805-9555-89754a4c834b None None] Starting request: 10.222.0.67 "GET /placement/allocations/dcc37d9f-2e3b-4449-87c5-d083ad347303" {{(pid=112309) __call__ /opt/stack/placement/placement/requestlog.py:55}}
Jul 11 08:53:55.437040 dv-neutron-841459-11-hyperv devstack@placement-api.service[112309]: INFO placement.requestlog [req-e0ddd01c-429a-43b1-8e3d-0e26fae28e30 req-ee4c8723-3a3b-4805-9555-89754a4c834b service placement] 10.222.0.67 "GET /placement/allocations/dcc37d9f-2e3b-4449-87c5-d083ad347303" status: 200 len: 19 microversion: 1.28
Jul 11 08:53:55.437885 dv-neutron-841459-11-hyperv devstack@placement-api.service[112309]: [pid: 112309|app: 0|req: 174/347] 10.222.0.67 () {60 vars in 1380 bytes} [Mon Jul 11 08:53:55 2022] GET /placement/allocations/dcc37d9f-2e3b-4449-87c5-d083ad347303 => generated 19 bytes in 16 msecs (HTTP/1.1 200) 8 headers in 295 bytes (2 switches on core 0)
Jul 11 08:53:55.443957 dv-neutron-841459-11-hyperv devstack@placement-api.service[112308]: DEBUG placement.requestlog [req-e0ddd01c-429a-43b1-8e3d-0e26fae28e30 req-ae4b5d6e-7179-4d28-b4df-5766569cf0d9 None None] Starting request: 10.222.0.67 "PUT /placement/allocations/dcc37d9f-2e3b-4449-87c5-d083ad347303" {{(pid=112308) __call__ /opt/stack/placement/placement/requestlog.py:55}}
Jul 11 08:53:55.586018 dv-neutron-841459-11-hyperv devstack@placement-api.service[112308]: DEBUG placement.handlers.allocation [req-e0ddd01c-429a-43b1-8e3d-0e26fae28e30 req-ae4b5d6e-7179-4d28-b4df-5766569cf0d9 service placement] Successfully wrote allocations [, , ] {{(pid=112308) _update_consumers_and_create_allocations /opt/stack/placement/placement/handlers/allocation.py:462}}
Jul 11 08:53:55.677561 dv-neutron-841459-11-hyperv devstack@placement-api.service[112308]: INFO placement.requestlog [req-e0ddd01c-429a-43b1-8e3d-0e26fae28e30 req-ae4b5d6e-7179-4d28-b4df-5766569cf0d9 service placement] 10.222.0.67 "PUT /placement/allocations/dcc37d9f-2e3b-4449-87c5-d083ad347303" status: 204 len: 0 microversion: 1.36
Jul 11 08:53:55.678934 dv-neutron-841459-11-hyperv devstack@placement-api.service[112308]: [pid: 112308|app: 0|req: 174/348] 10.222.0.67 () {64 vars in 1433 bytes} [Mon Jul 11 08:53:55 2022] PUT /placement/allocations/dcc37d9f-2e3b-4449-87c5-d083ad347303 => generated 0 bytes in 235 msecs (HTTP/1.1 204) 5 headers in 199 bytes (1 switches on core 0)
Jul 11 08:53:56.537699 dv-neutron-841459-11-hyperv devstack@placement-api.service[112309]: DEBUG placement.requestlog [req-e0ddd01c-429a-43b1-8e3d-0e26fae28e30 req-693508d4-29d0-40f9-b37c-92aa6f4bb499 None None] Starting request: 10.222.0.69 "GET /placement/allocations/dcc37d9f-2e3b-4449-87c5-d083ad347303" {{(pid=112309) __call__ /opt/stack/placement/placement/requestlog.py:55}}
Jul 11 08:53:56.554701 dv-neutron-841459-11-hyperv devstack@placement-api.service[112309]: INFO placement.requestlog [req-e0ddd01c-429a-43b1-8e3d-0e26fae28e30 req-693508d4-29d0-40f9-b37c-92aa6f4bb499 service placement] 10.222.0.69 "GET /placement/allocations/dcc37d9f-2e3b-4449-87c5-d083ad347303" status: 200 len: 259 microversion: 1.28
Jul 11 08:53:56.560261 dv-neutron-841459-11-hyperv devstack@placement-api.service[112309]: [pid: 112309|app: 0|req: 175/349] 10.222.0.69 () {60 vars in 1377 bytes} [Mon Jul 11 08:53:56 2022] GET /placement/allocations/dcc37d9f-2e3b-4449-87c5-d083ad347303 => generated 259 bytes in 18 msecs (HTTP/1.1 200) 8 headers in 296 bytes (1 switches on core 0)
Jul 11 08:54:05.585766 dv-neutron-841459-11-hyperv devstack@placement-api.service[112308]: DEBUG dbcounter [-] [112308] Writing DB stats placement:SELECT=49,placement:INSERT=7,placement:DELETE=4,placement:UPDATE=4 {{(pid=112308) stat_writer /usr/local/lib/python3.8/dist-packages/dbcounter.py:114}}
Jul 11 08:54:06.552167 dv-neutron-841459-11-hyperv devstack@placement-api.service[112309]: DEBUG dbcounter [-] [112309] Writing DB stats placement:SELECT=19,placement:DELETE=2 {{(pid=112309) stat_writer /usr/local/lib/python3.8/dist-packages/dbcounter.py:114}}
Jul 11 08:54:39.894021 dv-neutron-841459-11-hyperv devstack@placement-api.service[112308]: DEBUG placement.requestlog [req-7916d2d0-61d4-436f-96a9-d17e06eb7fd4 req-6d876551-500e-43b9-a81a-ce0f024176e4 None None] Starting request: 10.222.0.69 "GET /placement/resource_providers/424cd117-20f0-4ab4-966a-1201216f4ee4/allocations" {{(pid=112308) __call__ /opt/stack/placement/placement/requestlog.py:55}}
Jul 11 08:54:39.915707 dv-neutron-841459-11-hyperv devstack@placement-api.service[112308]: INFO placement.requestlog [req-7916d2d0-61d4-436f-96a9-d17e06eb7fd4 req-6d876551-500e-43b9-a81a-ce0f024176e4 service placement] 10.222.0.69 "GET /placement/resource_providers/424cd117-20f0-4ab4-966a-1201216f4ee4/allocations" status: 200 len: 342 microversion: 1.0
Jul 11 08:54:39.916079 dv-neutron-841459-11-hyperv devstack@placement-api.service[112308]: [pid: 112308|app: 0|req: 175/350] 10.222.0.69 () {58 vars in 1390 bytes} [Mon Jul 11 08:54:39 2022] GET /placement/resource_providers/424cd117-20f0-4ab4-966a-1201216f4ee4/allocations => generated 342 bytes in 22 msecs (HTTP/1.1 200) 6 headers in 224 bytes (1 switches on core 0)
Jul 11 08:54:49.913393 dv-neutron-841459-11-hyperv devstack@placement-api.service[112308]: DEBUG dbcounter [-] [112308] Writing DB stats placement:SELECT=6 {{(pid=112308) stat_writer /usr/local/lib/python3.8/dist-packages/dbcounter.py:114}}
Jul 11 08:55:19.106470 dv-neutron-841459-11-hyperv devstack@placement-api.service[112309]: DEBUG placement.requestlog [req-0c737848-9c30-4e11-a620-318038a2e7c9 req-f5fd30df-b594-4c16-917b-6d5061567dd5 None None] Starting request: 10.222.0.69 "DELETE /placement/allocations/dcc37d9f-2e3b-4449-87c5-d083ad347303" {{(pid=112309) __call__ /opt/stack/placement/placement/requestlog.py:55}}
Jul 11 08:55:19.282449 dv-neutron-841459-11-hyperv devstack@placement-api.service[112309]: DEBUG placement.handlers.allocation [req-0c737848-9c30-4e11-a620-318038a2e7c9 req-f5fd30df-b594-4c16-917b-6d5061567dd5 service placement] Successfully deleted allocations [, , ] {{(pid=112309) delete_allocations /opt/stack/placement/placement/handlers/allocation.py:627}}
Jul 11 08:55:19.283028 dv-neutron-841459-11-hyperv devstack@placement-api.service[112309]: INFO placement.requestlog [req-0c737848-9c30-4e11-a620-318038a2e7c9 req-f5fd30df-b594-4c16-917b-6d5061567dd5 service placement] 10.222.0.69 "DELETE /placement/allocations/dcc37d9f-2e3b-4449-87c5-d083ad347303" status: 204 len: 0 microversion: 1.0
Jul 11 08:55:19.283505 dv-neutron-841459-11-hyperv devstack@placement-api.service[112309]: [pid: 112309|app: 0|req: 176/351] 10.222.0.69 () {60 vars in 1355 bytes} [Mon Jul 11 08:55:19 2022] DELETE /placement/allocations/dcc37d9f-2e3b-4449-87c5-d083ad347303 => generated 0 bytes in 178 msecs (HTTP/1.1 204) 5 headers in 198 bytes (1 switches on core 0)
Jul 11 08:55:25.217866 dv-neutron-841459-11-hyperv devstack@placement-api.service[112308]: DEBUG placement.requestlog [req-a7382d90-3115-43ef-99a5-f2fd65d5984d req-c19c28be-ca1c-45cb-9b67-0b8b07c2f6b0 None None] Starting request: 10.222.0.69 "DELETE /placement/allocations/76c40787-6fd1-4404-a7a0-9e556f34c009" {{(pid=112308) __call__ /opt/stack/placement/placement/requestlog.py:55}}
Jul 11 08:55:25.357036 dv-neutron-841459-11-hyperv devstack@placement-api.service[112308]: DEBUG placement.handlers.allocation [req-a7382d90-3115-43ef-99a5-f2fd65d5984d req-c19c28be-ca1c-45cb-9b67-0b8b07c2f6b0 service placement] Successfully deleted allocations [, , ] {{(pid=112308) delete_allocations /opt/stack/placement/placement/handlers/allocation.py:627}}
Jul 11 08:55:25.357541 dv-neutron-841459-11-hyperv devstack@placement-api.service[112308]: INFO placement.requestlog [req-a7382d90-3115-43ef-99a5-f2fd65d5984d req-c19c28be-ca1c-45cb-9b67-0b8b07c2f6b0 service placement] 10.222.0.69 "DELETE /placement/allocations/76c40787-6fd1-4404-a7a0-9e556f34c009" status: 204 len: 0 microversion: 1.0
Jul 11 08:55:25.358011 dv-neutron-841459-11-hyperv devstack@placement-api.service[112308]: [pid: 112308|app: 0|req: 176/352] 10.222.0.69 () {60 vars in 1355 bytes} [Mon Jul 11 08:55:25 2022] DELETE /placement/allocations/76c40787-6fd1-4404-a7a0-9e556f34c009 => generated 0 bytes in 140 msecs (HTTP/1.1 204) 5 headers in 198 bytes (1 switches on core 0)
Jul 11 08:55:29.229675 dv-neutron-841459-11-hyperv devstack@placement-api.service[112309]: DEBUG dbcounter [-] [112309] Writing DB stats placement:SELECT=7,placement:DELETE=2 {{(pid=112309) stat_writer /usr/local/lib/python3.8/dist-packages/dbcounter.py:114}}
Jul 11 08:55:30.615572 dv-neutron-841459-11-hyperv devstack@placement-api.service[112309]: DEBUG placement.requestlog [None req-1e7ce788-8808-4daf-bd83-203b8c9ea87e None None] Starting request: 10.222.0.67 "GET /placement/resource_providers/98033dc4-2275-49f7-8b87-53b21b31bdb7/aggregates" {{(pid=112309) __call__ /opt/stack/placement/placement/requestlog.py:55}}
Jul 11 08:55:30.681764 dv-neutron-841459-11-hyperv devstack@placement-api.service[112309]: INFO placement.requestlog [None req-1e7ce788-8808-4daf-bd83-203b8c9ea87e service placement] 10.222.0.67 "GET /placement/resource_providers/98033dc4-2275-49f7-8b87-53b21b31bdb7/aggregates" status: 404 len: 235 microversion: 1.1
Jul 11 08:55:30.682111 dv-neutron-841459-11-hyperv devstack@placement-api.service[112309]: [pid: 112309|app: 0|req: 177/353] 10.222.0.67 () {58 vars in 1362 bytes} [Mon Jul 11 08:55:30 2022] GET /placement/resource_providers/98033dc4-2275-49f7-8b87-53b21b31bdb7/aggregates => generated 235 bytes in 67 msecs (HTTP/1.1 404) 5 headers in 202 bytes (1 switches on core 0)
Jul 11 08:55:30.688169 dv-neutron-841459-11-hyperv devstack@placement-api.service[112308]: DEBUG placement.requestlog [None req-ffe8a8e2-9361-47cf-bd88-49107476d57d None None] Starting request: 10.222.0.67 "DELETE /placement/resource_providers/98033dc4-2275-49f7-8b87-53b21b31bdb7" {{(pid=112308) __call__ /opt/stack/placement/placement/requestlog.py:55}}
Jul 11 08:55:30.697896 dv-neutron-841459-11-hyperv devstack@placement-api.service[112308]: DEBUG placement.wsgi_wrapper [None req-ffe8a8e2-9361-47cf-bd88-49107476d57d service placement] Placement API returning an error response: No resource provider with uuid 98033dc4-2275-49f7-8b87-53b21b31bdb7 found for delete {{(pid=112308) call_func /opt/stack/placement/placement/wsgi_wrapper.py:31}}
Jul 11 08:55:30.698631 dv-neutron-841459-11-hyperv devstack@placement-api.service[112308]: INFO placement.requestlog [None req-ffe8a8e2-9361-47cf-bd88-49107476d57d service placement] 10.222.0.67 "DELETE /placement/resource_providers/98033dc4-2275-49f7-8b87-53b21b31bdb7" status: 404 len: 246 microversion: 1.1
Jul 11 08:55:30.699073 dv-neutron-841459-11-hyperv devstack@placement-api.service[112308]: [pid: 112308|app: 0|req: 177/354] 10.222.0.67 () {60 vars in 1351 bytes} [Mon Jul 11 08:55:30 2022] DELETE /placement/resource_providers/98033dc4-2275-49f7-8b87-53b21b31bdb7 => generated 246 bytes in 11 msecs (HTTP/1.1 404) 6 headers in 231 bytes (1 switches on core 0)
Jul 11 08:55:40.679788 dv-neutron-841459-11-hyperv devstack@placement-api.service[112309]: DEBUG dbcounter [-] [112309] Writing DB stats placement:SELECT=2 {{(pid=112309) stat_writer /usr/local/lib/python3.8/dist-packages/dbcounter.py:114}}
Jul 11 08:55:40.696364 dv-neutron-841459-11-hyperv devstack@placement-api.service[112308]: DEBUG dbcounter [-] [112308] Writing DB stats placement:SELECT=9,placement:DELETE=2 {{(pid=112308) stat_writer /usr/local/lib/python3.8/dist-packages/dbcounter.py:114}}
Jul 11 08:55:41.841511 dv-neutron-841459-11-hyperv devstack@placement-api.service[112309]: DEBUG placement.requestlog [req-a318268f-2d7e-4547-8242-205a4031e4dc req-99fa4383-11c3-4ada-9056-32b8022e96e4 None None] Starting request: 10.222.0.69 "GET /placement/resource_providers/424cd117-20f0-4ab4-966a-1201216f4ee4/allocations" {{(pid=112309) __call__ /opt/stack/placement/placement/requestlog.py:55}}
Jul 11 08:55:41.918815 dv-neutron-841459-11-hyperv devstack@placement-api.service[112309]: INFO placement.requestlog [req-a318268f-2d7e-4547-8242-205a4031e4dc req-99fa4383-11c3-4ada-9056-32b8022e96e4 service placement] 10.222.0.69 "GET /placement/resource_providers/424cd117-20f0-4ab4-966a-1201216f4ee4/allocations" status: 200 len: 140 microversion: 1.0
Jul 11 08:55:41.919480 dv-neutron-841459-11-hyperv devstack@placement-api.service[112309]: [pid: 112309|app: 0|req: 178/355] 10.222.0.69 () {58 vars in 1390 bytes} [Mon Jul 11 08:55:41 2022] GET /placement/resource_providers/424cd117-20f0-4ab4-966a-1201216f4ee4/allocations => generated 140 bytes in 78 msecs (HTTP/1.1 200) 6 headers in 224 bytes (2 switches on core 0)
Jul 11 08:55:42.047150 dv-neutron-841459-11-hyperv devstack@placement-api.service[112308]: DEBUG placement.requestlog [req-a318268f-2d7e-4547-8242-205a4031e4dc req-03433496-f761-4533-a3e7-6bed37ff69ce None None] Starting request: 10.222.0.69 "GET /placement/resource_providers?in_tree=424cd117-20f0-4ab4-966a-1201216f4ee4" {{(pid=112308) __call__ /opt/stack/placement/placement/requestlog.py:55}}
Jul 11 08:55:42.062136 dv-neutron-841459-11-hyperv devstack@placement-api.service[112308]: INFO placement.requestlog [req-a318268f-2d7e-4547-8242-205a4031e4dc req-03433496-f761-4533-a3e7-6bed37ff69ce service placement] 10.222.0.69 "GET /placement/resource_providers?in_tree=424cd117-20f0-4ab4-966a-1201216f4ee4" status: 200 len: 865 microversion: 1.14
Jul 11 08:55:42.062566 dv-neutron-841459-11-hyperv devstack@placement-api.service[112308]: [pid: 112308|app: 0|req: 178/356] 10.222.0.69 () {60 vars in 1376 bytes} [Mon Jul 11 08:55:42 2022] GET /placement/resource_providers?in_tree=424cd117-20f0-4ab4-966a-1201216f4ee4 => generated 865 bytes in 16 msecs (HTTP/1.1 200) 6 headers in 225 bytes (1 switches on core 0)
Jul 11 08:55:42.076876 dv-neutron-841459-11-hyperv devstack@placement-api.service[112309]: DEBUG placement.requestlog [req-a318268f-2d7e-4547-8242-205a4031e4dc req-b703f0f7-3ded-40f4-952b-e621576c4fb4 None None] Starting request: 10.222.0.69 "GET /placement/resource_providers/424cd117-20f0-4ab4-966a-1201216f4ee4/inventories" {{(pid=112309) __call__ /opt/stack/placement/placement/requestlog.py:55}}
Jul 11 08:55:42.079346 dv-neutron-841459-11-hyperv devstack@placement-api.service[112308]: DEBUG placement.requestlog [req-7405ee68-4452-4857-a209-bb70906bea89 req-f63a1052-78ba-483c-b8b2-1e12b7e2483f None None] Starting request: 10.222.0.67 "GET /placement/allocation_candidates?limit=1000&resources=DISK_GB%3A1%2CMEMORY_MB%3A1024%2CVCPU%3A1&root_required=%21COMPUTE_STATUS_DISABLED" {{(pid=112308) __call__ /opt/stack/placement/placement/requestlog.py:55}}
Jul 11 08:55:42.097956 dv-neutron-841459-11-hyperv devstack@placement-api.service[112309]: INFO placement.requestlog [req-a318268f-2d7e-4547-8242-205a4031e4dc req-b703f0f7-3ded-40f4-952b-e621576c4fb4 service placement] 10.222.0.69 "GET /placement/resource_providers/424cd117-20f0-4ab4-966a-1201216f4ee4/inventories" status: 200 len: 398 microversion: 1.0
Jul 11 08:55:42.098325 dv-neutron-841459-11-hyperv devstack@placement-api.service[112309]: [pid: 112309|app: 0|req: 179/357] 10.222.0.69 () {58 vars in 1390 bytes} [Mon Jul 11 08:55:42 2022] GET /placement/resource_providers/424cd117-20f0-4ab4-966a-1201216f4ee4/inventories => generated 398 bytes in 23 msecs (HTTP/1.1 200) 6 headers in 224 bytes (2 switches on core 0)
Jul 11 08:55:42.113278 dv-neutron-841459-11-hyperv devstack@placement-api.service[112308]: DEBUG placement.objects.research_context [req-7405ee68-4452-4857-a209-bb70906bea89 req-f63a1052-78ba-483c-b8b2-1e12b7e2483f service placement] getting providers with 1 DISK_GB {{(pid=112308) __init__ /opt/stack/placement/placement/objects/research_context.py:136}}
Jul 11 08:55:42.117732 dv-neutron-841459-11-hyperv devstack@placement-api.service[112309]: DEBUG placement.requestlog [req-a318268f-2d7e-4547-8242-205a4031e4dc req-b3a6ec48-f013-4ab7-9d2b-6a9f627e344a None None] Starting request: 10.222.0.69 "GET /placement/resource_providers/424cd117-20f0-4ab4-966a-1201216f4ee4/aggregates" {{(pid=112309) __call__ /opt/stack/placement/placement/requestlog.py:55}}
Jul 11 08:55:42.118658 dv-neutron-841459-11-hyperv devstack@placement-api.service[112308]: DEBUG placement.objects.research_context [req-7405ee68-4452-4857-a209-bb70906bea89 req-f63a1052-78ba-483c-b8b2-1e12b7e2483f service placement] getting providers with 1024 MEMORY_MB {{(pid=112308) __init__ /opt/stack/placement/placement/objects/research_context.py:136}}
Jul 11 08:55:42.124256 dv-neutron-841459-11-hyperv devstack@placement-api.service[112308]: DEBUG placement.objects.research_context [req-7405ee68-4452-4857-a209-bb70906bea89 req-f63a1052-78ba-483c-b8b2-1e12b7e2483f service placement] getting providers with 1 VCPU {{(pid=112308) __init__ /opt/stack/placement/placement/objects/research_context.py:136}}
Jul 11 08:55:42.129410 dv-neutron-841459-11-hyperv devstack@placement-api.service[112308]: DEBUG placement.objects.research_context [req-7405ee68-4452-4857-a209-bb70906bea89 req-f63a1052-78ba-483c-b8b2-1e12b7e2483f service placement] found 1 providers with available 1 DISK_GB {{(pid=112308) get_provider_ids_matching /opt/stack/placement/placement/objects/research_context.py:563}}
Jul 11 08:55:42.129692 dv-neutron-841459-11-hyperv devstack@placement-api.service[112308]: DEBUG placement.objects.research_context [req-7405ee68-4452-4857-a209-bb70906bea89 req-f63a1052-78ba-483c-b8b2-1e12b7e2483f service placement] found 1 providers with available 1024 MEMORY_MB {{(pid=112308) get_provider_ids_matching /opt/stack/placement/placement/objects/research_context.py:563}}
Jul 11 08:55:42.129986 dv-neutron-841459-11-hyperv devstack@placement-api.service[112308]: DEBUG placement.objects.research_context [req-7405ee68-4452-4857-a209-bb70906bea89 req-f63a1052-78ba-483c-b8b2-1e12b7e2483f service placement] found 1 providers after filtering by previous result {{(pid=112308) get_provider_ids_matching /opt/stack/placement/placement/objects/research_context.py:594}}
Jul 11 08:55:42.130246 dv-neutron-841459-11-hyperv devstack@placement-api.service[112308]: DEBUG placement.objects.research_context [req-7405ee68-4452-4857-a209-bb70906bea89 req-f63a1052-78ba-483c-b8b2-1e12b7e2483f service placement] found 1 providers with available 1 VCPU {{(pid=112308) get_provider_ids_matching /opt/stack/placement/placement/objects/research_context.py:563}}
Jul 11 08:55:42.130508 dv-neutron-841459-11-hyperv devstack@placement-api.service[112308]: DEBUG placement.objects.research_context [req-7405ee68-4452-4857-a209-bb70906bea89 req-f63a1052-78ba-483c-b8b2-1e12b7e2483f service placement] found 1 providers after filtering by previous result {{(pid=112308) get_provider_ids_matching /opt/stack/placement/placement/objects/research_context.py:594}}
Jul 11 08:55:42.130992 dv-neutron-841459-11-hyperv devstack@placement-api.service[112309]: INFO placement.requestlog [req-a318268f-2d7e-4547-8242-205a4031e4dc req-b3a6ec48-f013-4ab7-9d2b-6a9f627e344a service placement] 10.222.0.69 "GET /placement/resource_providers/424cd117-20f0-4ab4-966a-1201216f4ee4/aggregates" status: 200 len: 54 microversion: 1.19
Jul 11 08:55:42.131345 dv-neutron-841459-11-hyperv devstack@placement-api.service[112309]: [pid: 112309|app: 0|req: 180/358] 10.222.0.69 () {60 vars in 1431 bytes} [Mon Jul 11 08:55:42 2022] GET /placement/resource_providers/424cd117-20f0-4ab4-966a-1201216f4ee4/aggregates => generated 54 bytes in 14 msecs (HTTP/1.1 200) 8 headers in 295 bytes (2 switches on core 0)
Jul 11 08:55:42.141513 dv-neutron-841459-11-hyperv devstack@placement-api.service[112308]: DEBUG placement.objects.allocation_candidate [req-7405ee68-4452-4857-a209-bb70906bea89 req-f63a1052-78ba-483c-b8b2-1e12b7e2483f service placement] RequestGroup(use_same_provider=False, resources={DISK_GB:1, MEMORY_MB:1024, VCPU:1}, traits=(), aggregates=[]) (suffix '') returned 1 matches {{(pid=112308) _get_by_requests /opt/stack/placement/placement/objects/allocation_candidate.py:156}}
Jul 11 08:55:42.141749 dv-neutron-841459-11-hyperv devstack@placement-api.service[112308]: DEBUG placement.objects.allocation_candidate [req-7405ee68-4452-4857-a209-bb70906bea89 req-f63a1052-78ba-483c-b8b2-1e12b7e2483f service placement] Merging candidates yields 1 allocation requests and 1 provider summaries {{(pid=112308) _merge_candidates /opt/stack/placement/placement/objects/allocation_candidate.py:809}}
Jul 11 08:55:42.143321 dv-neutron-841459-11-hyperv devstack@placement-api.service[112308]: INFO placement.requestlog [req-7405ee68-4452-4857-a209-bb70906bea89 req-f63a1052-78ba-483c-b8b2-1e12b7e2483f service placement] 10.222.0.67 "GET /placement/allocation_candidates?limit=1000&resources=DISK_GB%3A1%2CMEMORY_MB%3A1024%2CVCPU%3A1&root_required=%21COMPUTE_STATUS_DISABLED" status: 200 len: 767 microversion: 1.36
Jul 11 08:55:42.143690 dv-neutron-841459-11-hyperv devstack@placement-api.service[112308]: [pid: 112308|app: 0|req: 179/359] 10.222.0.67 () {60 vars in 1506 bytes} [Mon Jul 11 08:55:42 2022] GET /placement/allocation_candidates?limit=1000&resources=DISK_GB%3A1%2CMEMORY_MB%3A1024%2CVCPU%3A1&root_required=%21COMPUTE_STATUS_DISABLED => generated 767 bytes in 65 msecs (HTTP/1.1 200) 8 headers in 296 bytes (2 switches on core 0)
Jul 11 08:55:42.147094 dv-neutron-841459-11-hyperv devstack@placement-api.service[112309]: DEBUG placement.requestlog [req-a318268f-2d7e-4547-8242-205a4031e4dc req-aaa8852a-2c17-4db4-bb71-d40ded201914 None None] Starting request: 10.222.0.69 "GET /placement/resource_providers/424cd117-20f0-4ab4-966a-1201216f4ee4/traits" {{(pid=112309) __call__ /opt/stack/placement/placement/requestlog.py:55}}
Jul 11 08:55:42.177194 dv-neutron-841459-11-hyperv devstack@placement-api.service[112309]: INFO placement.requestlog [req-a318268f-2d7e-4547-8242-205a4031e4dc req-aaa8852a-2c17-4db4-bb71-d40ded201914 service placement] 10.222.0.69 "GET /placement/resource_providers/424cd117-20f0-4ab4-966a-1201216f4ee4/traits" status: 200 len: 300 microversion: 1.6
Jul 11 08:55:42.177561 dv-neutron-841459-11-hyperv devstack@placement-api.service[112309]: [pid: 112309|app: 0|req: 181/360] 10.222.0.69 () {60 vars in 1418 bytes} [Mon Jul 11 08:55:42 2022] GET /placement/resource_providers/424cd117-20f0-4ab4-966a-1201216f4ee4/traits => generated 300 bytes in 31 msecs (HTTP/1.1 200) 6 headers in 224 bytes (2 switches on core 0)
Jul 11 08:55:42.181329 dv-neutron-841459-11-hyperv devstack@placement-api.service[112308]: DEBUG placement.requestlog [req-7405ee68-4452-4857-a209-bb70906bea89 req-4afe2911-2e6e-4093-b221-341ce4d38da8 None None] Starting request: 10.222.0.67 "GET /placement/allocations/5eec6b85-c23e-4264-8bdf-8b5bafd93af2" {{(pid=112308) __call__ /opt/stack/placement/placement/requestlog.py:55}}
Jul 11 08:55:42.192835 dv-neutron-841459-11-hyperv devstack@placement-api.service[112308]: INFO placement.requestlog [req-7405ee68-4452-4857-a209-bb70906bea89 req-4afe2911-2e6e-4093-b221-341ce4d38da8 service placement] 10.222.0.67 "GET /placement/allocations/5eec6b85-c23e-4264-8bdf-8b5bafd93af2" status: 200 len: 19 microversion: 1.28
Jul 11 08:55:42.193182 dv-neutron-841459-11-hyperv devstack@placement-api.service[112308]: [pid: 112308|app: 0|req: 180/361] 10.222.0.67 () {60 vars in 1380 bytes} [Mon Jul 11 08:55:42 2022] GET /placement/allocations/5eec6b85-c23e-4264-8bdf-8b5bafd93af2 => generated 19 bytes in 12 msecs (HTTP/1.1 200) 8 headers in 295 bytes (1 switches on core 0)
Jul 11 08:55:42.198961 dv-neutron-841459-11-hyperv devstack@placement-api.service[112309]: DEBUG placement.requestlog [req-7405ee68-4452-4857-a209-bb70906bea89 req-3526059b-e3a2-4dd1-b10c-d0e716f5c19a None None] Starting request: 10.222.0.67 "PUT /placement/allocations/5eec6b85-c23e-4264-8bdf-8b5bafd93af2" {{(pid=112309) __call__ /opt/stack/placement/placement/requestlog.py:55}}
Jul 11 08:55:42.305760 dv-neutron-841459-11-hyperv devstack@placement-api.service[112309]: DEBUG placement.handlers.allocation [req-7405ee68-4452-4857-a209-bb70906bea89 req-3526059b-e3a2-4dd1-b10c-d0e716f5c19a service placement] Successfully wrote allocations [, , ] {{(pid=112309) _update_consumers_and_create_allocations /opt/stack/placement/placement/handlers/allocation.py:462}}
Jul 11 08:55:42.385495 dv-neutron-841459-11-hyperv devstack@placement-api.service[112309]: INFO placement.requestlog [req-7405ee68-4452-4857-a209-bb70906bea89 req-3526059b-e3a2-4dd1-b10c-d0e716f5c19a service placement] 10.222.0.67 "PUT /placement/allocations/5eec6b85-c23e-4264-8bdf-8b5bafd93af2" status: 204 len: 0 microversion: 1.36
Jul 11 08:55:42.385915 dv-neutron-841459-11-hyperv devstack@placement-api.service[112309]: [pid: 112309|app: 0|req: 182/362] 10.222.0.67 () {64 vars in 1433 bytes} [Mon Jul 11 08:55:42 2022] PUT /placement/allocations/5eec6b85-c23e-4264-8bdf-8b5bafd93af2 => generated 0 bytes in 187 msecs (HTTP/1.1 204) 5 headers in 199 bytes (2 switches on core 0)
Jul 11 08:55:43.241296 dv-neutron-841459-11-hyperv devstack@placement-api.service[112308]: DEBUG placement.requestlog [req-7405ee68-4452-4857-a209-bb70906bea89 req-de5574fd-df04-4957-9c48-a8c2977ad61b None None] Starting request: 10.222.0.69 "GET /placement/allocations/5eec6b85-c23e-4264-8bdf-8b5bafd93af2" {{(pid=112308) __call__ /opt/stack/placement/placement/requestlog.py:55}}
Jul 11 08:55:43.256692 dv-neutron-841459-11-hyperv devstack@placement-api.service[112308]: INFO placement.requestlog [req-7405ee68-4452-4857-a209-bb70906bea89 req-de5574fd-df04-4957-9c48-a8c2977ad61b service placement] 10.222.0.69 "GET /placement/allocations/5eec6b85-c23e-4264-8bdf-8b5bafd93af2" status: 200 len: 259 microversion: 1.28
Jul 11 08:55:43.257043 dv-neutron-841459-11-hyperv devstack@placement-api.service[112308]: [pid: 112308|app: 0|req: 181/363] 10.222.0.69 () {60 vars in 1377 bytes} [Mon Jul 11 08:55:43 2022] GET /placement/allocations/5eec6b85-c23e-4264-8bdf-8b5bafd93af2 => generated 259 bytes in 16 msecs (HTTP/1.1 200) 8 headers in 296 bytes (1 switches on core 0)
Jul 11 08:55:52.305545 dv-neutron-841459-11-hyperv devstack@placement-api.service[112309]: DEBUG dbcounter [-] [112309] Writing DB stats placement:SELECT=34,placement:INSERT=4,placement:DELETE=2,placement:UPDATE=2 {{(pid=112309) stat_writer /usr/local/lib/python3.8/dist-packages/dbcounter.py:114}}
Jul 11 08:55:53.254549 dv-neutron-841459-11-hyperv devstack@placement-api.service[112308]: DEBUG dbcounter [-] [112308] Writing DB stats placement:SELECT=21 {{(pid=112308) stat_writer /usr/local/lib/python3.8/dist-packages/dbcounter.py:114}}
Jul 11 08:55:59.196533 dv-neutron-841459-11-hyperv devstack@placement-api.service[112309]: DEBUG placement.requestlog [req-8fa45201-9fb4-47ee-9d84-180219fb49f8 req-3251b6e8-8b0c-4ba7-a427-9cb75acc4ad0 None None] Starting request: 10.222.0.69 "DELETE /placement/allocations/5eec6b85-c23e-4264-8bdf-8b5bafd93af2" {{(pid=112309) __call__ /opt/stack/placement/placement/requestlog.py:55}}
Jul 11 08:55:59.345268 dv-neutron-841459-11-hyperv devstack@placement-api.service[112309]: DEBUG placement.handlers.allocation [req-8fa45201-9fb4-47ee-9d84-180219fb49f8 req-3251b6e8-8b0c-4ba7-a427-9cb75acc4ad0 service placement] Successfully deleted allocations [, , ] {{(pid=112309) delete_allocations /opt/stack/placement/placement/handlers/allocation.py:627}}
Jul 11 08:55:59.345686 dv-neutron-841459-11-hyperv devstack@placement-api.service[112309]: INFO placement.requestlog [req-8fa45201-9fb4-47ee-9d84-180219fb49f8 req-3251b6e8-8b0c-4ba7-a427-9cb75acc4ad0 service placement] 10.222.0.69 "DELETE /placement/allocations/5eec6b85-c23e-4264-8bdf-8b5bafd93af2" status: 204 len: 0 microversion: 1.0
Jul 11 08:55:59.346101 dv-neutron-841459-11-hyperv devstack@placement-api.service[112309]: [pid: 112309|app: 0|req: 183/364] 10.222.0.69 () {60 vars in 1355 bytes} [Mon Jul 11 08:55:59 2022] DELETE /placement/allocations/5eec6b85-c23e-4264-8bdf-8b5bafd93af2 => generated 0 bytes in 150 msecs (HTTP/1.1 204) 5 headers in 198 bytes (1 switches on core 0)
Jul 11 08:56:03.326206 dv-neutron-841459-11-hyperv devstack@placement-api.service[112308]: DEBUG placement.requestlog [req-ce864b75-100f-471d-9bcc-3da15edfe891 req-300c0491-5b66-4485-ace3-6a69c48f7324 None None] Starting request: 10.222.0.67 "GET /placement/allocation_candidates?limit=1000&resources=DISK_GB%3A1%2CMEMORY_MB%3A1024%2CVCPU%3A1&root_required=%21COMPUTE_STATUS_DISABLED" {{(pid=112308) __call__ /opt/stack/placement/placement/requestlog.py:55}}
Jul 11 08:56:03.359028 dv-neutron-841459-11-hyperv devstack@placement-api.service[112308]: DEBUG placement.objects.research_context [req-ce864b75-100f-471d-9bcc-3da15edfe891 req-300c0491-5b66-4485-ace3-6a69c48f7324 service placement] getting providers with 1 DISK_GB {{(pid=112308) __init__ /opt/stack/placement/placement/objects/research_context.py:136}}
Jul 11 08:56:03.365982 dv-neutron-841459-11-hyperv devstack@placement-api.service[112308]: DEBUG placement.objects.research_context [req-ce864b75-100f-471d-9bcc-3da15edfe891 req-300c0491-5b66-4485-ace3-6a69c48f7324 service placement] getting providers with 1024 MEMORY_MB {{(pid=112308) __init__ /opt/stack/placement/placement/objects/research_context.py:136}}
Jul 11 08:56:03.374599 dv-neutron-841459-11-hyperv devstack@placement-api.service[112308]: DEBUG placement.objects.research_context [req-ce864b75-100f-471d-9bcc-3da15edfe891 req-300c0491-5b66-4485-ace3-6a69c48f7324 service placement] getting providers with 1 VCPU {{(pid=112308) __init__ /opt/stack/placement/placement/objects/research_context.py:136}}
Jul 11 08:56:03.380204 dv-neutron-841459-11-hyperv devstack@placement-api.service[112308]: DEBUG placement.objects.research_context [req-ce864b75-100f-471d-9bcc-3da15edfe891 req-300c0491-5b66-4485-ace3-6a69c48f7324 service placement] found 1 providers with available 1 DISK_GB {{(pid=112308) get_provider_ids_matching /opt/stack/placement/placement/objects/research_context.py:563}}
Jul 11 08:56:03.380486 dv-neutron-841459-11-hyperv devstack@placement-api.service[112308]: DEBUG placement.objects.research_context [req-ce864b75-100f-471d-9bcc-3da15edfe891 req-300c0491-5b66-4485-ace3-6a69c48f7324 service placement] found 1 providers with available 1024 MEMORY_MB {{(pid=112308) get_provider_ids_matching /opt/stack/placement/placement/objects/research_context.py:563}}
Jul 11 08:56:03.380758 dv-neutron-841459-11-hyperv devstack@placement-api.service[112308]: DEBUG placement.objects.research_context [req-ce864b75-100f-471d-9bcc-3da15edfe891 req-300c0491-5b66-4485-ace3-6a69c48f7324 service placement] found 1 providers after filtering by previous result {{(pid=112308) get_provider_ids_matching /opt/stack/placement/placement/objects/research_context.py:594}}
Jul 11 08:56:03.381022 dv-neutron-841459-11-hyperv devstack@placement-api.service[112308]: DEBUG placement.objects.research_context [req-ce864b75-100f-471d-9bcc-3da15edfe891 req-300c0491-5b66-4485-ace3-6a69c48f7324 service placement] found 1 providers with available 1 VCPU {{(pid=112308) get_provider_ids_matching /opt/stack/placement/placement/objects/research_context.py:563}}
Jul 11 08:56:03.381294 dv-neutron-841459-11-hyperv devstack@placement-api.service[112308]: DEBUG placement.objects.research_context [req-ce864b75-100f-471d-9bcc-3da15edfe891 req-300c0491-5b66-4485-ace3-6a69c48f7324 service placement] found 1 providers after filtering by previous result {{(pid=112308) get_provider_ids_matching /opt/stack/placement/placement/objects/research_context.py:594}}
Jul 11 08:56:03.392843 dv-neutron-841459-11-hyperv devstack@placement-api.service[112308]: DEBUG placement.objects.allocation_candidate [req-ce864b75-100f-471d-9bcc-3da15edfe891 req-300c0491-5b66-4485-ace3-6a69c48f7324 service placement] RequestGroup(use_same_provider=False, resources={DISK_GB:1, MEMORY_MB:1024, VCPU:1}, traits=(), aggregates=[]) (suffix '') returned 1 matches {{(pid=112308) _get_by_requests /opt/stack/placement/placement/objects/allocation_candidate.py:156}}
Jul 11 08:56:03.393185 dv-neutron-841459-11-hyperv devstack@placement-api.service[112308]: DEBUG placement.objects.allocation_candidate [req-ce864b75-100f-471d-9bcc-3da15edfe891 req-300c0491-5b66-4485-ace3-6a69c48f7324 service placement] Merging candidates yields 1 allocation requests and 1 provider summaries {{(pid=112308) _merge_candidates /opt/stack/placement/placement/objects/allocation_candidate.py:809}}
Jul 11 08:56:03.395688 dv-neutron-841459-11-hyperv devstack@placement-api.service[112308]: INFO placement.requestlog [req-ce864b75-100f-471d-9bcc-3da15edfe891 req-300c0491-5b66-4485-ace3-6a69c48f7324 service placement] 10.222.0.67 "GET /placement/allocation_candidates?limit=1000&resources=DISK_GB%3A1%2CMEMORY_MB%3A1024%2CVCPU%3A1&root_required=%21COMPUTE_STATUS_DISABLED" status: 200 len: 767 microversion: 1.36
Jul 11 08:56:03.396321 dv-neutron-841459-11-hyperv devstack@placement-api.service[112308]: [pid: 112308|app: 0|req: 182/365] 10.222.0.67 () {60 vars in 1506 bytes} [Mon Jul 11 08:56:03 2022] GET /placement/allocation_candidates?limit=1000&resources=DISK_GB%3A1%2CMEMORY_MB%3A1024%2CVCPU%3A1&root_required=%21COMPUTE_STATUS_DISABLED => generated 767 bytes in 70 msecs (HTTP/1.1 200) 8 headers in 296 bytes (1 switches on core 0)
Jul 11 08:56:03.432599 dv-neutron-841459-11-hyperv devstack@placement-api.service[112309]: DEBUG placement.requestlog [req-ce864b75-100f-471d-9bcc-3da15edfe891 req-0f980bcf-5a66-4c0a-af8f-7a00ed2c650f None None] Starting request: 10.222.0.67 "GET /placement/allocations/0a660e28-4f94-49cd-b8da-130fc6486368" {{(pid=112309) __call__ /opt/stack/placement/placement/requestlog.py:55}}
Jul 11 08:56:03.444478 dv-neutron-841459-11-hyperv devstack@placement-api.service[112309]: INFO placement.requestlog [req-ce864b75-100f-471d-9bcc-3da15edfe891 req-0f980bcf-5a66-4c0a-af8f-7a00ed2c650f service placement] 10.222.0.67 "GET /placement/allocations/0a660e28-4f94-49cd-b8da-130fc6486368" status: 200 len: 19 microversion: 1.28
Jul 11 08:56:03.445009 dv-neutron-841459-11-hyperv devstack@placement-api.service[112309]: [pid: 112309|app: 0|req: 184/366] 10.222.0.67 () {60 vars in 1380 bytes} [Mon Jul 11 08:56:03 2022] GET /placement/allocations/0a660e28-4f94-49cd-b8da-130fc6486368 => generated 19 bytes in 13 msecs (HTTP/1.1 200) 8 headers in 295 bytes (1 switches on core 0)
Jul 11 08:56:03.450946 dv-neutron-841459-11-hyperv devstack@placement-api.service[112308]: DEBUG placement.requestlog [req-ce864b75-100f-471d-9bcc-3da15edfe891 req-fd554154-1130-474d-a296-156ff1d51b08 None None] Starting request: 10.222.0.67 "PUT /placement/allocations/0a660e28-4f94-49cd-b8da-130fc6486368" {{(pid=112308) __call__ /opt/stack/placement/placement/requestlog.py:55}}
Jul 11 08:56:03.528594 dv-neutron-841459-11-hyperv devstack@placement-api.service[112308]: DEBUG placement.handlers.allocation [req-ce864b75-100f-471d-9bcc-3da15edfe891 req-fd554154-1130-474d-a296-156ff1d51b08 service placement] Successfully wrote allocations [, , ] {{(pid=112308) _update_consumers_and_create_allocations /opt/stack/placement/placement/handlers/allocation.py:462}}
Jul 11 08:56:03.636700 dv-neutron-841459-11-hyperv devstack@placement-api.service[112308]: INFO placement.requestlog [req-ce864b75-100f-471d-9bcc-3da15edfe891 req-fd554154-1130-474d-a296-156ff1d51b08 service placement] 10.222.0.67 "PUT /placement/allocations/0a660e28-4f94-49cd-b8da-130fc6486368" status: 204 len: 0 microversion: 1.36
Jul 11 08:56:03.637102 dv-neutron-841459-11-hyperv devstack@placement-api.service[112308]: [pid: 112308|app: 0|req: 183/367] 10.222.0.67 () {64 vars in 1433 bytes} [Mon Jul 11 08:56:03 2022] PUT /placement/allocations/0a660e28-4f94-49cd-b8da-130fc6486368 => generated 0 bytes in 186 msecs (HTTP/1.1 204) 5 headers in 199 bytes (1 switches on core 0)
Jul 11 08:56:04.436381 dv-neutron-841459-11-hyperv devstack@placement-api.service[112309]: DEBUG placement.requestlog [req-ce864b75-100f-471d-9bcc-3da15edfe891 req-cb568687-963b-4357-bf85-de6b33efe7c8 None None] Starting request: 10.222.0.69 "GET /placement/allocations/0a660e28-4f94-49cd-b8da-130fc6486368" {{(pid=112309) __call__ /opt/stack/placement/placement/requestlog.py:55}}
Jul 11 08:56:04.454930 dv-neutron-841459-11-hyperv devstack@placement-api.service[112309]: INFO placement.requestlog [req-ce864b75-100f-471d-9bcc-3da15edfe891 req-cb568687-963b-4357-bf85-de6b33efe7c8 service placement] 10.222.0.69 "GET /placement/allocations/0a660e28-4f94-49cd-b8da-130fc6486368" status: 200 len: 259 microversion: 1.28
Jul 11 08:56:04.457378 dv-neutron-841459-11-hyperv devstack@placement-api.service[112309]: [pid: 112309|app: 0|req: 185/368] 10.222.0.69 () {60 vars in 1377 bytes} [Mon Jul 11 08:56:04 2022] GET /placement/allocations/0a660e28-4f94-49cd-b8da-130fc6486368 => generated 259 bytes in 19 msecs (HTTP/1.1 200) 8 headers in 296 bytes (1 switches on core 0)
Jul 11 08:56:13.528377 dv-neutron-841459-11-hyperv devstack@placement-api.service[112308]: DEBUG dbcounter [-] [112308] Writing DB stats placement:SELECT=25,placement:INSERT=4,placement:DELETE=2,placement:UPDATE=2 {{(pid=112308) stat_writer /usr/local/lib/python3.8/dist-packages/dbcounter.py:114}}
Jul 11 08:56:14.452211 dv-neutron-841459-11-hyperv devstack@placement-api.service[112309]: DEBUG dbcounter [-] [112309] Writing DB stats placement:SELECT=13,placement:DELETE=2 {{(pid=112309) stat_writer /usr/local/lib/python3.8/dist-packages/dbcounter.py:114}}
Jul 11 08:56:18.569199 dv-neutron-841459-11-hyperv devstack@placement-api.service[112308]: DEBUG placement.requestlog [req-9b48f086-90dd-4ea4-a598-7145e8576276 req-46920315-e517-465b-9ed0-043c592bb8ae None None] Starting request: 10.222.0.69 "DELETE /placement/allocations/0a660e28-4f94-49cd-b8da-130fc6486368" {{(pid=112308) __call__ /opt/stack/placement/placement/requestlog.py:55}}
Jul 11 08:56:18.768167 dv-neutron-841459-11-hyperv devstack@placement-api.service[112308]: DEBUG placement.handlers.allocation [req-9b48f086-90dd-4ea4-a598-7145e8576276 req-46920315-e517-465b-9ed0-043c592bb8ae service placement] Successfully deleted allocations [, , ] {{(pid=112308) delete_allocations /opt/stack/placement/placement/handlers/allocation.py:627}}
Jul 11 08:56:18.772032 dv-neutron-841459-11-hyperv devstack@placement-api.service[112308]: INFO placement.requestlog [req-9b48f086-90dd-4ea4-a598-7145e8576276 req-46920315-e517-465b-9ed0-043c592bb8ae service placement] 10.222.0.69 "DELETE /placement/allocations/0a660e28-4f94-49cd-b8da-130fc6486368" status: 204 len: 0 microversion: 1.0
Jul 11 08:56:18.772032 dv-neutron-841459-11-hyperv devstack@placement-api.service[112308]: [pid: 112308|app: 0|req: 184/369] 10.222.0.69 () {60 vars in 1355 bytes} [Mon Jul 11 08:56:18 2022] DELETE /placement/allocations/0a660e28-4f94-49cd-b8da-130fc6486368 => generated 0 bytes in 200 msecs (HTTP/1.1 204) 5 headers in 198 bytes (1 switches on core 0)
Jul 11 08:56:25.826788 dv-neutron-841459-11-hyperv devstack@placement-api.service[112309]: DEBUG placement.requestlog [None req-a000ffff-6b83-4a55-a85c-42b40182981e None None] Starting request: 10.222.0.67 "GET /placement/resource_providers/066a42ac-8df6-4260-8b79-45bf4fc6a15c/aggregates" {{(pid=112309) __call__ /opt/stack/placement/placement/requestlog.py:55}}
Jul 11 08:56:25.838592 dv-neutron-841459-11-hyperv devstack@placement-api.service[112309]: INFO placement.requestlog [None req-a000ffff-6b83-4a55-a85c-42b40182981e service placement] 10.222.0.67 "GET /placement/resource_providers/066a42ac-8df6-4260-8b79-45bf4fc6a15c/aggregates" status: 404 len: 235 microversion: 1.1
Jul 11 08:56:25.839242 dv-neutron-841459-11-hyperv devstack@placement-api.service[112309]: [pid: 112309|app: 0|req: 186/370] 10.222.0.67 () {58 vars in 1362 bytes} [Mon Jul 11 08:56:25 2022] GET /placement/resource_providers/066a42ac-8df6-4260-8b79-45bf4fc6a15c/aggregates => generated 235 bytes in 13 msecs (HTTP/1.1 404) 5 headers in 202 bytes (1 switches on core 0)
Jul 11 08:56:25.853041 dv-neutron-841459-11-hyperv devstack@placement-api.service[112308]: DEBUG placement.requestlog [None req-2b20f8f2-43cb-4e85-bb0d-2284a3e831dd None None] Starting request: 10.222.0.67 "DELETE /placement/resource_providers/066a42ac-8df6-4260-8b79-45bf4fc6a15c" {{(pid=112308) __call__ /opt/stack/placement/placement/requestlog.py:55}}
Jul 11 08:56:25.861867 dv-neutron-841459-11-hyperv devstack@placement-api.service[112308]: DEBUG placement.wsgi_wrapper [None req-2b20f8f2-43cb-4e85-bb0d-2284a3e831dd service placement] Placement API returning an error response: No resource provider with uuid 066a42ac-8df6-4260-8b79-45bf4fc6a15c found for delete {{(pid=112308) call_func /opt/stack/placement/placement/wsgi_wrapper.py:31}}
Jul 11 08:56:25.862650 dv-neutron-841459-11-hyperv devstack@placement-api.service[112308]: INFO placement.requestlog [None req-2b20f8f2-43cb-4e85-bb0d-2284a3e831dd service placement] 10.222.0.67 "DELETE /placement/resource_providers/066a42ac-8df6-4260-8b79-45bf4fc6a15c" status: 404 len: 246 microversion: 1.1
Jul 11 08:56:25.865945 dv-neutron-841459-11-hyperv devstack@placement-api.service[112308]: [pid: 112308|app: 0|req: 185/371] 10.222.0.67 () {60 vars in 1351 bytes} [Mon Jul 11 08:56:25 2022] DELETE /placement/resource_providers/066a42ac-8df6-4260-8b79-45bf4fc6a15c => generated 246 bytes in 12 msecs (HTTP/1.1 404) 6 headers in 231 bytes (2 switches on core 0)
Jul 11 08:56:35.836750 dv-neutron-841459-11-hyperv devstack@placement-api.service[112309]: DEBUG dbcounter [-] [112309] Writing DB stats placement:SELECT=2 {{(pid=112309) stat_writer /usr/local/lib/python3.8/dist-packages/dbcounter.py:114}}
Jul 11 08:56:35.862066 dv-neutron-841459-11-hyperv devstack@placement-api.service[112308]: DEBUG dbcounter [-] [112308] Writing DB stats placement:SELECT=9,placement:DELETE=2 {{(pid=112308) stat_writer /usr/local/lib/python3.8/dist-packages/dbcounter.py:114}}
Jul 11 08:56:38.029882 dv-neutron-841459-11-hyperv devstack@placement-api.service[112309]: DEBUG placement.requestlog [req-5acdf32b-eecf-4d20-81ab-c81f43801346 req-bbe034d5-7085-46c4-b091-fb75c6a78e99 None None] Starting request: 10.222.0.67 "GET /placement/allocation_candidates?limit=1000&resources=DISK_GB%3A1%2CMEMORY_MB%3A1024%2CVCPU%3A1&root_required=%21COMPUTE_STATUS_DISABLED" {{(pid=112309) __call__ /opt/stack/placement/placement/requestlog.py:55}}
Jul 11 08:56:38.095809 dv-neutron-841459-11-hyperv devstack@placement-api.service[112309]: DEBUG placement.objects.research_context [req-5acdf32b-eecf-4d20-81ab-c81f43801346 req-bbe034d5-7085-46c4-b091-fb75c6a78e99 service placement] getting providers with 1 DISK_GB {{(pid=112309) __init__ /opt/stack/placement/placement/objects/research_context.py:136}}
Jul 11 08:56:38.102689 dv-neutron-841459-11-hyperv devstack@placement-api.service[112309]: DEBUG placement.objects.research_context [req-5acdf32b-eecf-4d20-81ab-c81f43801346 req-bbe034d5-7085-46c4-b091-fb75c6a78e99 service placement] getting providers with 1024 MEMORY_MB {{(pid=112309) __init__ /opt/stack/placement/placement/objects/research_context.py:136}}
Jul 11 08:56:38.108138 dv-neutron-841459-11-hyperv devstack@placement-api.service[112309]: DEBUG placement.objects.research_context [req-5acdf32b-eecf-4d20-81ab-c81f43801346 req-bbe034d5-7085-46c4-b091-fb75c6a78e99 service placement] getting providers with 1 VCPU {{(pid=112309) __init__ /opt/stack/placement/placement/objects/research_context.py:136}}
Jul 11 08:56:38.113296 dv-neutron-841459-11-hyperv devstack@placement-api.service[112309]: DEBUG placement.objects.research_context [req-5acdf32b-eecf-4d20-81ab-c81f43801346 req-bbe034d5-7085-46c4-b091-fb75c6a78e99 service placement] found 1 providers with available 1 DISK_GB {{(pid=112309) get_provider_ids_matching /opt/stack/placement/placement/objects/research_context.py:563}}
Jul 11 08:56:38.115733 dv-neutron-841459-11-hyperv devstack@placement-api.service[112309]: DEBUG placement.objects.research_context [req-5acdf32b-eecf-4d20-81ab-c81f43801346 req-bbe034d5-7085-46c4-b091-fb75c6a78e99 service placement] found 1 providers with available 1024 MEMORY_MB {{(pid=112309) get_provider_ids_matching /opt/stack/placement/placement/objects/research_context.py:563}}
Jul 11 08:56:38.115733 dv-neutron-841459-11-hyperv devstack@placement-api.service[112309]: DEBUG placement.objects.research_context [req-5acdf32b-eecf-4d20-81ab-c81f43801346 req-bbe034d5-7085-46c4-b091-fb75c6a78e99 service placement] found 1 providers after filtering by previous result {{(pid=112309) get_provider_ids_matching /opt/stack/placement/placement/objects/research_context.py:594}}
Jul 11 08:56:38.115733 dv-neutron-841459-11-hyperv devstack@placement-api.service[112309]: DEBUG placement.objects.research_context [req-5acdf32b-eecf-4d20-81ab-c81f43801346 req-bbe034d5-7085-46c4-b091-fb75c6a78e99 service placement] found 1 providers with available 1 VCPU {{(pid=112309) get_provider_ids_matching /opt/stack/placement/placement/objects/research_context.py:563}}
Jul 11 08:56:38.115733 dv-neutron-841459-11-hyperv devstack@placement-api.service[112309]: DEBUG placement.objects.research_context [req-5acdf32b-eecf-4d20-81ab-c81f43801346 req-bbe034d5-7085-46c4-b091-fb75c6a78e99 service placement] found 1 providers after filtering by previous result {{(pid=112309) get_provider_ids_matching /opt/stack/placement/placement/objects/research_context.py:594}}
Jul 11 08:56:38.131404 dv-neutron-841459-11-hyperv devstack@placement-api.service[112309]: DEBUG placement.objects.allocation_candidate [req-5acdf32b-eecf-4d20-81ab-c81f43801346 req-bbe034d5-7085-46c4-b091-fb75c6a78e99 service placement] RequestGroup(use_same_provider=False, resources={DISK_GB:1, MEMORY_MB:1024, VCPU:1}, traits=(), aggregates=[]) (suffix '') returned 1 matches {{(pid=112309) _get_by_requests /opt/stack/placement/placement/objects/allocation_candidate.py:156}}
Jul 11 08:56:38.131848 dv-neutron-841459-11-hyperv devstack@placement-api.service[112309]: DEBUG placement.objects.allocation_candidate [req-5acdf32b-eecf-4d20-81ab-c81f43801346 req-bbe034d5-7085-46c4-b091-fb75c6a78e99 service placement] Merging candidates yields 1 allocation requests and 1 provider summaries {{(pid=112309) _merge_candidates /opt/stack/placement/placement/objects/allocation_candidate.py:809}}
Jul 11 08:56:38.133926 dv-neutron-841459-11-hyperv devstack@placement-api.service[112309]: INFO placement.requestlog [req-5acdf32b-eecf-4d20-81ab-c81f43801346 req-bbe034d5-7085-46c4-b091-fb75c6a78e99 service placement] 10.222.0.67 "GET /placement/allocation_candidates?limit=1000&resources=DISK_GB%3A1%2CMEMORY_MB%3A1024%2CVCPU%3A1&root_required=%21COMPUTE_STATUS_DISABLED" status: 200 len: 767 microversion: 1.36
Jul 11 08:56:38.134308 dv-neutron-841459-11-hyperv devstack@placement-api.service[112309]: [pid: 112309|app: 0|req: 187/372] 10.222.0.67 () {60 vars in 1506 bytes} [Mon Jul 11 08:56:38 2022] GET /placement/allocation_candidates?limit=1000&resources=DISK_GB%3A1%2CMEMORY_MB%3A1024%2CVCPU%3A1&root_required=%21COMPUTE_STATUS_DISABLED => generated 767 bytes in 105 msecs (HTTP/1.1 200) 8 headers in 296 bytes (1 switches on core 0)
Jul 11 08:56:38.168896 dv-neutron-841459-11-hyperv devstack@placement-api.service[112308]: DEBUG placement.requestlog [req-5acdf32b-eecf-4d20-81ab-c81f43801346 req-2c9431a3-fe61-43ba-93f1-0f42feb63663 None None] Starting request: 10.222.0.67 "GET /placement/allocations/fbda1a3a-d5e9-4212-9084-ffdf2c2b53e2" {{(pid=112308) __call__ /opt/stack/placement/placement/requestlog.py:55}}
Jul 11 08:56:38.180954 dv-neutron-841459-11-hyperv devstack@placement-api.service[112308]: INFO placement.requestlog [req-5acdf32b-eecf-4d20-81ab-c81f43801346 req-2c9431a3-fe61-43ba-93f1-0f42feb63663 service placement] 10.222.0.67 "GET /placement/allocations/fbda1a3a-d5e9-4212-9084-ffdf2c2b53e2" status: 200 len: 19 microversion: 1.28
Jul 11 08:56:38.181987 dv-neutron-841459-11-hyperv devstack@placement-api.service[112308]: [pid: 112308|app: 0|req: 186/373] 10.222.0.67 () {60 vars in 1380 bytes} [Mon Jul 11 08:56:38 2022] GET /placement/allocations/fbda1a3a-d5e9-4212-9084-ffdf2c2b53e2 => generated 19 bytes in 13 msecs (HTTP/1.1 200) 8 headers in 295 bytes (1 switches on core 0)
Jul 11 08:56:38.187889 dv-neutron-841459-11-hyperv devstack@placement-api.service[112309]: DEBUG placement.requestlog [req-5acdf32b-eecf-4d20-81ab-c81f43801346 req-b6946814-5698-4424-aa72-cc299b38de49 None None] Starting request: 10.222.0.67 "PUT /placement/allocations/fbda1a3a-d5e9-4212-9084-ffdf2c2b53e2" {{(pid=112309) __call__ /opt/stack/placement/placement/requestlog.py:55}}
