Jul 07 07:03:11.285008 dv-neutron-841459-10-hyperv neutron-server[104724]: INFO neutron.wsgi [None req-72d1ea10-05bf-4a5a-8fa9-76657fc842a5 tempest-RoutersAdminTest-1569317812 tempest-RoutersAdminTest-1569317812-project-admin] 10.222.0.52 "POST /v2.0/subnets HTTP/1.1" status: 201 len: 802 time: 1.4665320
Jul 07 07:03:11.288107 dv-neutron-841459-10-hyperv neutron-server[104724]: DEBUG neutron.wsgi [-] (104724) accepted ('10.222.0.52', 44234) {{(pid=104724) server /usr/local/lib/python3.8/dist-packages/eventlet/wsgi.py:1004}}
Jul 07 07:03:11.295528 dv-neutron-841459-10-hyperv neutron-server[104724]: DEBUG neutron.api.v2.base [None req-420195ce-960c-4564-a98e-65184580be35 tempest-RoutersAdminTest-1569317812 tempest-RoutersAdminTest-1569317812-project-admin] Request body: {'port': {'name': 'tempest-RoutersAdminTest-1976122833', 'network_id': '10df3a44-1fee-4f9b-b4e8-0801277ee2ec'}} {{(pid=104724) prepare_request_body /opt/stack/neutron/neutron/api/v2/base.py:730}}
Jul 07 07:03:11.345583 dv-neutron-841459-10-hyperv neutron-server[104725]: DEBUG neutron.api.rpc.handlers.dhcp_rpc [None req-124d9217-7627-4b0e-af8c-c02d03ebb242 None None] Network 10df3a44-1fee-4f9b-b4e8-0801277ee2ec requested from dv-neutron-841459-10-hyperv {{(pid=104725) get_network_info /opt/stack/neutron/neutron/api/rpc/handlers/dhcp_rpc.py:191}}
Jul 07 07:03:11.381295 dv-neutron-841459-10-hyperv neutron-server[104724]: DEBUG neutron.pecan_wsgi.hooks.quota_enforcement [None req-420195ce-960c-4564-a98e-65184580be35 tempest-RoutersAdminTest-1569317812 tempest-RoutersAdminTest-1569317812-project-admin] Made reservation on behalf of ebe684b881bd40ec832cfcfb4926f1a6 for: {'port': 1} {{(pid=104724) before /opt/stack/neutron/neutron/pecan_wsgi/hooks/quota_enforcement.py:53}}
Jul 07 07:03:11.384928 dv-neutron-841459-10-hyperv neutron-server[104724]: DEBUG neutron_lib.callbacks.manager [None req-420195ce-960c-4564-a98e-65184580be35 tempest-RoutersAdminTest-1569317812 tempest-RoutersAdminTest-1569317812-project-admin] Publish callbacks ['neutron.plugins.ml2.plugin.SecurityGroupDbMixin._ensure_default_security_group_handler-628977'] for port (None), before_create {{(pid=104724) _notify_loop /usr/local/lib/python3.8/dist-packages/neutron_lib/callbacks/manager.py:176}}
Jul 07 07:03:11.429950 dv-neutron-841459-10-hyperv neutron-server[104724]: DEBUG neutron.notifiers.nova [None req-420195ce-960c-4564-a98e-65184580be35 tempest-RoutersAdminTest-1569317812 tempest-RoutersAdminTest-1569317812-project-admin] device_id is not set on port 27d49af4-2bf4-46a4-8009-a831eb2b549e yet. {{(pid=104724) _can_notify /opt/stack/neutron/neutron/notifiers/nova.py:199}}
Jul 07 07:03:11.468435 dv-neutron-841459-10-hyperv neutron-server[104725]: DEBUG neutron_lib.callbacks.manager [None req-a60b6a67-a9c1-4a75-8d84-bdd76ccc2029 None None] Publish callbacks ['neutron.services.segments.db._update_segment_host_mapping_for_agent-8782041139047', 'neutron.plugins.ml2.plugin.Ml2Plugin._retry_binding_revived_agents-762083'] for agent (25935930-54ef-4c20-b274-f965fe272138), after_update {{(pid=104725) _notify_loop /usr/local/lib/python3.8/dist-packages/neutron_lib/callbacks/manager.py:176}}
Jul 07 07:03:11.479477 dv-neutron-841459-10-hyperv neutron-server[104723]: DEBUG neutron_lib.callbacks.manager [None req-205411f6-8459-4e9e-9908-1f1babd190ef tempest-RoutersIpV6AdminTest-222697664 tempest-RoutersIpV6AdminTest-222697664-project] Publish callbacks [] for router (None), before_response {{(pid=104723) _notify_loop /usr/local/lib/python3.8/dist-packages/neutron_lib/callbacks/manager.py:176}}
Jul 07 07:03:11.480950 dv-neutron-841459-10-hyperv neutron-server[104723]: INFO neutron.wsgi [None req-205411f6-8459-4e9e-9908-1f1babd190ef tempest-RoutersIpV6AdminTest-222697664 tempest-RoutersIpV6AdminTest-222697664-project] 10.222.0.52 "POST /v2.0/routers HTTP/1.1" status: 201 len: 888 time: 13.1877272
Jul 07 07:03:11.487498 dv-neutron-841459-10-hyperv neutron-server[104724]: DEBUG neutron_lib.callbacks.manager [None req-e9ef9055-2c4c-4168-a54a-e1b7ec3a372d tempest-AllowedAddressPairIpV6TestJSON-1103071881 tempest-AllowedAddressPairIpV6TestJSON-1103071881-project] Publish callbacks [] for port (0ed8b3ba-65d1-44b0-8bc4-183306cbe2f6), precommit_update {{(pid=104724) _notify_loop /usr/local/lib/python3.8/dist-packages/neutron_lib/callbacks/manager.py:176}}
Jul 07 07:03:11.489974 dv-neutron-841459-10-hyperv neutron-server[104724]: DEBUG neutron.wsgi [-] (104724) accepted ('10.222.0.52', 44236) {{(pid=104724) server /usr/local/lib/python3.8/dist-packages/eventlet/wsgi.py:1004}}
Jul 07 07:03:11.513888 dv-neutron-841459-10-hyperv neutron-server[104723]: DEBUG neutron.pecan_wsgi.hooks.quota_enforcement [None req-33ab3c3d-f4d9-4b77-a907-837ad0ac0d41 tempest-AllowedAddressPairTestJSON-845543189 tempest-AllowedAddressPairTestJSON-845543189-project] Made reservation on behalf of a6ac2a44ab5a4b6d89450ae63550a1f2 for: {'network': 1} {{(pid=104723) before /opt/stack/neutron/neutron/pecan_wsgi/hooks/quota_enforcement.py:53}}
Jul 07 07:03:11.517217 dv-neutron-841459-10-hyperv neutron-server[104723]: DEBUG neutron_lib.callbacks.manager [None req-33ab3c3d-f4d9-4b77-a907-837ad0ac0d41 tempest-AllowedAddressPairTestJSON-845543189 tempest-AllowedAddressPairTestJSON-845543189-project] Publish callbacks ['neutron.plugins.ml2.plugin.SecurityGroupDbMixin._ensure_default_security_group_handler-628977'] for network (None), before_create {{(pid=104723) _notify_loop /usr/local/lib/python3.8/dist-packages/neutron_lib/callbacks/manager.py:176}}
Jul 07 07:03:11.540603 dv-neutron-841459-10-hyperv neutron-server[104724]: DEBUG neutron_lib.callbacks.manager [None req-e9ef9055-2c4c-4168-a54a-e1b7ec3a372d tempest-AllowedAddressPairIpV6TestJSON-1103071881 tempest-AllowedAddressPairIpV6TestJSON-1103071881-project] Publish callbacks ['neutron.plugins.ml2.plugin.SecurityGroupServerNotifierRpcMixin._notify_sg_on_port_change-629300', 'neutron.plugins.ml2.ovo_rpc._ObjectChangeHandler.handle_event-254725', 'neutron.api.rpc.agentnotifiers.dhcp_rpc_agent_api.DhcpAgentNotifyAPI._native_event_send_dhcp_notification-1588258', 'neutron.db.l3_db.L3RpcNotifierMixin._notify_gateway_port_ip_changed-8782041118693', 'neutron.db.l3_dvrscheduler_db._notify_l3_agent_port_update-8782040690589', 'neutron.db.l3_hascheduler_db._notify_l3_agent_ha_port_update-8782040690607', 'neutron.services.segments.plugin.NovaSegmentNotifier._notify_port_updated-4115296'] for port (0ed8b3ba-65d1-44b0-8bc4-183306cbe2f6), after_update {{(pid=104724) _notify_loop /usr/local/lib/python3.8/dist-packages/neutron_lib/callbacks/manager.py:176}}
Jul 07 07:03:11.561213 dv-neutron-841459-10-hyperv neutron-server[104723]: DEBUG neutron.pecan_wsgi.hooks.policy_enforcement [req-4b33d045-75be-4a47-bdab-65589c78c1ff req-7f87421c-89cc-40db-9b28-b7794c13df24 tempest-ServersTestJSON-1933971226 tempest-ServersTestJSON-1933971226-project] Attributes excluded by policy engine: ['standard_attr_id', 'binding:profile', 'binding:host_id', 'binding:vif_type', 'binding:vif_details'] {{(pid=104723) _exclude_attributes_by_policy /opt/stack/neutron/neutron/pecan_wsgi/hooks/policy_enforcement.py:259}}
Jul 07 07:03:11.562736 dv-neutron-841459-10-hyperv neutron-server[104723]: INFO neutron.wsgi [req-4b33d045-75be-4a47-bdab-65589c78c1ff req-7f87421c-89cc-40db-9b28-b7794c13df24 tempest-ServersTestJSON-1933971226 tempest-ServersTestJSON-1933971226-project] 10.222.0.52 "GET /v2.0/ports?device_id=d9d31699-01ad-45ce-9134-d4b27354e94d HTTP/1.1" status: 200 len: 944 time: 0.4674783
Jul 07 07:03:11.575433 dv-neutron-841459-10-hyperv neutron-server[104723]: DEBUG neutron_lib.callbacks.manager [None req-33ab3c3d-f4d9-4b77-a907-837ad0ac0d41 tempest-AllowedAddressPairTestJSON-845543189 tempest-AllowedAddressPairTestJSON-845543189-project] Publish callbacks [] for security_group (None), before_create {{(pid=104723) _notify_loop /usr/local/lib/python3.8/dist-packages/neutron_lib/callbacks/manager.py:176}}
Jul 07 07:03:11.600787 dv-neutron-841459-10-hyperv neutron-server[104724]: DEBUG neutron.plugins.ml2.plugin [None req-e9ef9055-2c4c-4168-a54a-e1b7ec3a372d tempest-AllowedAddressPairIpV6TestJSON-1103071881 tempest-AllowedAddressPairIpV6TestJSON-1103071881-project] In _notify_port_updated(), no bound segment for port 0ed8b3ba-65d1-44b0-8bc4-183306cbe2f6 on network f3a15dcc-1b92-441e-8290-05c52c8b2663 {{(pid=104724) _notify_port_updated /opt/stack/neutron/neutron/plugins/ml2/plugin.py:931}}
Jul 07 07:03:11.606152 dv-neutron-841459-10-hyperv neutron-server[104724]: DEBUG neutron.pecan_wsgi.hooks.policy_enforcement [None req-e9ef9055-2c4c-4168-a54a-e1b7ec3a372d tempest-AllowedAddressPairIpV6TestJSON-1103071881 tempest-AllowedAddressPairIpV6TestJSON-1103071881-project] Attributes excluded by policy engine: ['standard_attr_id', 'binding:profile', 'binding:host_id', 'binding:vif_type', 'binding:vif_details'] {{(pid=104724) _exclude_attributes_by_policy /opt/stack/neutron/neutron/pecan_wsgi/hooks/policy_enforcement.py:259}}
Jul 07 07:03:11.606876 dv-neutron-841459-10-hyperv neutron-server[104724]: DEBUG neutron_lib.callbacks.manager [None req-e9ef9055-2c4c-4168-a54a-e1b7ec3a372d tempest-AllowedAddressPairIpV6TestJSON-1103071881 tempest-AllowedAddressPairIpV6TestJSON-1103071881-project] Publish callbacks ['neutron.notifiers.nova.Notifier._send_nova_notification-9915'] for port (None), before_response {{(pid=104724) _notify_loop /usr/local/lib/python3.8/dist-packages/neutron_lib/callbacks/manager.py:176}}
Jul 07 07:03:11.608239 dv-neutron-841459-10-hyperv neutron-server[104724]: INFO neutron.wsgi [None req-e9ef9055-2c4c-4168-a54a-e1b7ec3a372d tempest-AllowedAddressPairIpV6TestJSON-1103071881 tempest-AllowedAddressPairIpV6TestJSON-1103071881-project] 10.222.0.52 "PUT /v2.0/ports/0ed8b3ba-65d1-44b0-8bc4-183306cbe2f6 HTTP/1.1" status: 200 len: 1001 time: 1.0778556
Jul 07 07:03:11.614360 dv-neutron-841459-10-hyperv neutron-server[104724]: DEBUG neutron.wsgi [-] (104724) accepted ('10.222.0.52', 44238) {{(pid=104724) server /usr/local/lib/python3.8/dist-packages/eventlet/wsgi.py:1004}}
Jul 07 07:03:11.625796 dv-neutron-841459-10-hyperv neutron-server[104723]: DEBUG neutron.plugins.ml2.plugin [None req-970db4eb-f456-40c5-b39c-4d70478e2a8a tempest-ExternalNetworksAdminNegativeTestJSON-1719212834 tempest-ExternalNetworksAdminNegativeTestJSON-1719212834-project-admin] Deleting port 3fc6d335-2c85-4cc8-9ce1-b14f2a6ce089 {{(pid=104723) _pre_delete_port /opt/stack/neutron/neutron/plugins/ml2/plugin.py:2037}}
Jul 07 07:03:11.626495 dv-neutron-841459-10-hyperv neutron-server[104723]: DEBUG neutron_lib.callbacks.manager [None req-970db4eb-f456-40c5-b39c-4d70478e2a8a tempest-ExternalNetworksAdminNegativeTestJSON-1719212834 tempest-ExternalNetworksAdminNegativeTestJSON-1719212834-project-admin] Publish callbacks ['neutron.db.l3_db.L3_NAT_dbonly_mixin._prevent_l3_port_delete_callback-8782041115944'] for port (3fc6d335-2c85-4cc8-9ce1-b14f2a6ce089), before_delete {{(pid=104723) _notify_loop /usr/local/lib/python3.8/dist-packages/neutron_lib/callbacks/manager.py:176}}
Jul 07 07:03:11.682143 dv-neutron-841459-10-hyperv neutron-server[104723]: DEBUG neutron.notifiers.nova [req-d3e271ce-2f47-4fb9-9c9f-d78c9e93d9d6 req-7898844c-a2d9-4155-ad3b-1859f7884ada service neutron] Ignoring state change previous_port_status: DOWN current_port_status: DOWN port_id 4db64f79-aa0c-4d77-80c2-9d49791d1242 {{(pid=104723) record_port_status_changed /opt/stack/neutron/neutron/notifiers/nova.py:233}}
Jul 07 07:03:11.698074 dv-neutron-841459-10-hyperv neutron-server[104723]: DEBUG neutron_lib.callbacks.manager [req-d3e271ce-2f47-4fb9-9c9f-d78c9e93d9d6 req-7898844c-a2d9-4155-ad3b-1859f7884ada service neutron] Publish callbacks [] for port (4db64f79-aa0c-4d77-80c2-9d49791d1242), precommit_update {{(pid=104723) _notify_loop /usr/local/lib/python3.8/dist-packages/neutron_lib/callbacks/manager.py:176}}
Jul 07 07:03:11.700920 dv-neutron-841459-10-hyperv neutron-server[104723]: DEBUG neutron_lib.callbacks.manager [None req-3714d187-5232-4623-990a-20bdb51faa3b admin admin] Publish callbacks ['neutron.plugins.ml2.ovo_rpc._ObjectChangeHandler.handle_event-1644004'] for security_group (f908ce91-da7e-44f4-9bb3-e41139c75671), after_delete {{(pid=104723) _notify_loop /usr/local/lib/python3.8/dist-packages/neutron_lib/callbacks/manager.py:176}}
Jul 07 07:03:11.703611 dv-neutron-841459-10-hyperv neutron-server[104723]: DEBUG neutron_lib.callbacks.manager [None req-3714d187-5232-4623-990a-20bdb51faa3b admin admin] Publish callbacks [] for security_group (None), before_response {{(pid=104723) _notify_loop /usr/local/lib/python3.8/dist-packages/neutron_lib/callbacks/manager.py:176}}
Jul 07 07:03:11.703915 dv-neutron-841459-10-hyperv neutron-server[104724]: DEBUG neutron.api.rpc.handlers.resources_rpc [None req-e9ef9055-2c4c-4168-a54a-e1b7ec3a372d tempest-AllowedAddressPairIpV6TestJSON-1103071881 tempest-AllowedAddressPairIpV6TestJSON-1103071881-project] Pushing event updated for resources: {'Port': ['ID=0ed8b3ba-65d1-44b0-8bc4-183306cbe2f6,revision_number=2']} {{(pid=104724) push /opt/stack/neutron/neutron/api/rpc/handlers/resources_rpc.py:237}}
Jul 07 07:03:11.704783 dv-neutron-841459-10-hyperv neutron-server[104723]: INFO neutron.wsgi [None req-3714d187-5232-4623-990a-20bdb51faa3b admin admin] 10.222.0.52 "DELETE /v2.0/security-groups/f908ce91-da7e-44f4-9bb3-e41139c75671 HTTP/1.1" status: 204 len: 168 time: 1.0188603
Jul 07 07:03:11.750736 dv-neutron-841459-10-hyperv neutron-server[104723]: DEBUG dbcounter [-] [104723] Writing DB stats neutron:SELECT=88,neutron:DELETE=7,neutron:UPDATE=3,neutron:INSERT=2 {{(pid=104723) stat_writer /usr/local/lib/python3.8/dist-packages/dbcounter.py:114}}
Jul 07 07:03:11.790065 dv-neutron-841459-10-hyperv neutron-server[104724]: INFO neutron.wsgi [None req-24df48e4-7ffb-4324-ae8a-2857430c7cab tempest-RoutersIpV6AdminTest-607324857 tempest-RoutersIpV6AdminTest-607324857-project-admin] 10.222.0.52 "GET /v2.0/routers/72b18c14-44ef-4591-8d82-ed44ac6cca11 HTTP/1.1" status: 200 len: 924 time: 0.2958763
Jul 07 07:03:11.790779 dv-neutron-841459-10-hyperv neutron-server[104724]: DEBUG neutron.wsgi [-] (104724) accepted ('10.222.0.52', 44242) {{(pid=104724) server /usr/local/lib/python3.8/dist-packages/eventlet/wsgi.py:1004}}
Jul 07 07:03:11.806886 dv-neutron-841459-10-hyperv neutron-server[104724]: DEBUG neutron.db.db_base_plugin_common [None req-420195ce-960c-4564-a98e-65184580be35 tempest-RoutersAdminTest-1569317812 tempest-RoutersAdminTest-1569317812-project-admin] Allocated IP 172.20.0.8 (10df3a44-1fee-4f9b-b4e8-0801277ee2ec/82bf3e0d-7a72-40d5-ba02-22efc8f1ef5d/27d49af4-2bf4-46a4-8009-a831eb2b549e) {{(pid=104724) _store_ip_allocation /opt/stack/neutron/neutron/db/db_base_plugin_common.py:131}}
Jul 07 07:03:11.845220 dv-neutron-841459-10-hyperv neutron-server[104724]: DEBUG neutron.plugins.ml2.plugin [None req-aae76ada-8d26-405b-a766-1ef8bc28f29b tempest-AllowedAddressPairIpV6TestJSON-1103071881 tempest-AllowedAddressPairIpV6TestJSON-1103071881-project] Deleting port 0ed8b3ba-65d1-44b0-8bc4-183306cbe2f6 {{(pid=104724) _pre_delete_port /opt/stack/neutron/neutron/plugins/ml2/plugin.py:2037}}
Jul 07 07:03:11.845566 dv-neutron-841459-10-hyperv neutron-server[104724]: DEBUG neutron_lib.callbacks.manager [None req-aae76ada-8d26-405b-a766-1ef8bc28f29b tempest-AllowedAddressPairIpV6TestJSON-1103071881 tempest-AllowedAddressPairIpV6TestJSON-1103071881-project] Publish callbacks ['neutron.db.l3_db.L3_NAT_dbonly_mixin._prevent_l3_port_delete_callback-8782041115944'] for port (0ed8b3ba-65d1-44b0-8bc4-183306cbe2f6), before_delete {{(pid=104724) _notify_loop /usr/local/lib/python3.8/dist-packages/neutron_lib/callbacks/manager.py:176}}
Jul 07 07:03:11.854466 dv-neutron-841459-10-hyperv neutron-server[104723]: DEBUG neutron.api.rpc.handlers.resources_rpc [None req-3714d187-5232-4623-990a-20bdb51faa3b admin admin] Pushing event deleted for resources: {'SecurityGroup': ['ID=f908ce91-da7e-44f4-9bb3-e41139c75671,revision_number=None']} {{(pid=104723) push /opt/stack/neutron/neutron/api/rpc/handlers/resources_rpc.py:237}}
Jul 07 07:03:11.856383 dv-neutron-841459-10-hyperv neutron-server[104724]: INFO neutron.wsgi [None req-66f00604-ff6f-4979-b379-c3494adf0833 tempest-RoutersIpV6AdminTest-222697664 tempest-RoutersIpV6AdminTest-222697664-project] 10.222.0.52 "GET /v2.0/ports?device_id=72b18c14-44ef-4591-8d82-ed44ac6cca11 HTTP/1.1" status: 200 len: 205 time: 0.0598140
Jul 07 07:03:11.856795 dv-neutron-841459-10-hyperv neutron-server[104723]: DEBUG neutron.wsgi [-] (104723) accepted ('10.222.0.52', 44244) {{(pid=104723) server /usr/local/lib/python3.8/dist-packages/eventlet/wsgi.py:1004}}
Jul 07 07:03:11.860210 dv-neutron-841459-10-hyperv neutron-server[104723]: DEBUG neutron.db.provisioning_blocks [req-d3e271ce-2f47-4fb9-9c9f-d78c9e93d9d6 req-7898844c-a2d9-4155-ad3b-1859f7884ada service neutron] Transition to ACTIVE for port object 4db64f79-aa0c-4d77-80c2-9d49791d1242 will not be triggered until provisioned by entity L2. {{(pid=104723) add_provisioning_component /opt/stack/neutron/neutron/db/provisioning_blocks.py:75}}
Jul 07 07:03:11.866752 dv-neutron-841459-10-hyperv neutron-server[104723]: INFO neutron.wsgi [req-e1737fd9-665d-49d2-9b7c-ce1fc44bf2a3 req-b26d411e-da11-4f69-8c36-85aef17fd99c service neutron] 10.222.0.57 "GET /v2.0/floatingips?fixed_ip_address=172.20.0.12&port_id=976b3d97-5774-4995-b2ee-ca745a1141e4 HTTP/1.1" status: 200 len: 217 time: 0.1235940
Jul 07 07:03:11.872604 dv-neutron-841459-10-hyperv neutron-server[104724]: DEBUG dbcounter [-] [104724] Writing DB stats neutron:SELECT=90,neutron:DELETE=3,neutron:INSERT=5,neutron:UPDATE=2 {{(pid=104724) stat_writer /usr/local/lib/python3.8/dist-packages/dbcounter.py:114}}
Jul 07 07:03:11.885508 dv-neutron-841459-10-hyperv neutron-server[104723]: INFO neutron.wsgi [req-4b33d045-75be-4a47-bdab-65589c78c1ff req-9b354d87-5d31-4517-b76e-221cee3ad78a tempest-ServersTestJSON-1933971226 tempest-ServersTestJSON-1933971226-project] 10.222.0.52 "GET /v2.0/security-groups?id=44fa02f5-6b27-40ca-acfe-278c929c85ff&fields=id&fields=name HTTP/1.1" status: 200 len: 312 time: 0.3128548
Jul 07 07:03:11.886292 dv-neutron-841459-10-hyperv neutron-server[104723]: DEBUG dbcounter [-] [104723] Writing DB stats neutron:SELECT=90,neutron:INSERT=6,neutron:DELETE=1,neutron:UPDATE=3 {{(pid=104723) stat_writer /usr/local/lib/python3.8/dist-packages/dbcounter.py:114}}
Jul 07 07:03:11.887397 dv-neutron-841459-10-hyperv neutron-server[104723]: DEBUG neutron_lib.callbacks.manager [req-d3e271ce-2f47-4fb9-9c9f-d78c9e93d9d6 req-7898844c-a2d9-4155-ad3b-1859f7884ada service neutron] Publish callbacks ['neutron.plugins.ml2.plugin.SecurityGroupServerNotifierRpcMixin._notify_sg_on_port_change-629300', 'neutron.plugins.ml2.ovo_rpc._ObjectChangeHandler.handle_event-254725', 'neutron.api.rpc.agentnotifiers.dhcp_rpc_agent_api.DhcpAgentNotifyAPI._native_event_send_dhcp_notification-1588258', 'neutron.db.l3_db.L3RpcNotifierMixin._notify_gateway_port_ip_changed-8782041118693', 'neutron.db.l3_dvrscheduler_db._notify_l3_agent_port_update-8782040690589', 'neutron.db.l3_hascheduler_db._notify_l3_agent_ha_port_update-8782040690607', 'neutron.services.segments.plugin.NovaSegmentNotifier._notify_port_updated-3603340'] for port (4db64f79-aa0c-4d77-80c2-9d49791d1242), after_update {{(pid=104723) _notify_loop /usr/local/lib/python3.8/dist-packages/neutron_lib/callbacks/manager.py:176}}
Jul 07 07:03:12.026335 dv-neutron-841459-10-hyperv neutron-server[104724]: DEBUG neutron_lib.callbacks.manager [None req-aae76ada-8d26-405b-a766-1ef8bc28f29b tempest-AllowedAddressPairIpV6TestJSON-1103071881 tempest-AllowedAddressPairIpV6TestJSON-1103071881-project] Publish callbacks ['neutron.services.l3_router.l3_router_plugin.L3_NAT_dbonly_mixin._precommit_delete_port_callback-1823817'] for port (0ed8b3ba-65d1-44b0-8bc4-183306cbe2f6), precommit_delete {{(pid=104724) _notify_loop /usr/local/lib/python3.8/dist-packages/neutron_lib/callbacks/manager.py:176}}
Jul 07 07:03:12.061093 dv-neutron-841459-10-hyperv neutron-server[104723]: DEBUG neutron_lib.callbacks.manager [None req-970db4eb-f456-40c5-b39c-4d70478e2a8a tempest-ExternalNetworksAdminNegativeTestJSON-1719212834 tempest-ExternalNetworksAdminNegativeTestJSON-1719212834-project-admin] Publish callbacks ['neutron.services.l3_router.l3_router_plugin.L3_NAT_dbonly_mixin._precommit_delete_port_callback-1823817'] for port (3fc6d335-2c85-4cc8-9ce1-b14f2a6ce089), precommit_delete {{(pid=104723) _notify_loop /usr/local/lib/python3.8/dist-packages/neutron_lib/callbacks/manager.py:176}}
Jul 07 07:03:12.061418 dv-neutron-841459-10-hyperv neutron-server[104723]: DEBUG neutron_lib.callbacks.manager [None req-970db4eb-f456-40c5-b39c-4d70478e2a8a tempest-ExternalNetworksAdminNegativeTestJSON-1719212834 tempest-ExternalNetworksAdminNegativeTestJSON-1719212834-project-admin] Publish callbacks [] for floatingip (3fc6d335-2c85-4cc8-9ce1-b14f2a6ce089), precommit_delete {{(pid=104723) _notify_loop /usr/local/lib/python3.8/dist-packages/neutron_lib/callbacks/manager.py:176}}
Jul 07 07:03:12.064040 dv-neutron-841459-10-hyperv neutron-server[104724]: DEBUG dbcounter [-] [104724] Writing DB stats neutron:SELECT=90,neutron:UPDATE=4,neutron:INSERT=5,neutron:DELETE=1 {{(pid=104724) stat_writer /usr/local/lib/python3.8/dist-packages/dbcounter.py:114}}
Jul 07 07:03:12.075442 dv-neutron-841459-10-hyperv neutron-server[104724]: DEBUG neutron.plugins.ml2.plugin [None req-aae76ada-8d26-405b-a766-1ef8bc28f29b tempest-AllowedAddressPairIpV6TestJSON-1103071881 tempest-AllowedAddressPairIpV6TestJSON-1103071881-project] Calling delete_port for 0ed8b3ba-65d1-44b0-8bc4-183306cbe2f6 owned by {{(pid=104724) delete_port /opt/stack/neutron/neutron/plugins/ml2/plugin.py:2116}}
Jul 07 07:03:12.105743 dv-neutron-841459-10-hyperv neutron-server[104723]: DEBUG neutron.plugins.ml2.plugin [None req-970db4eb-f456-40c5-b39c-4d70478e2a8a tempest-ExternalNetworksAdminNegativeTestJSON-1719212834 tempest-ExternalNetworksAdminNegativeTestJSON-1719212834-project-admin] Calling delete_port for 3fc6d335-2c85-4cc8-9ce1-b14f2a6ce089 owned by network:floatingip {{(pid=104723) delete_port /opt/stack/neutron/neutron/plugins/ml2/plugin.py:2116}}
Jul 07 07:03:12.111086 dv-neutron-841459-10-hyperv neutron-server[104725]: DEBUG neutron.db.provisioning_blocks [None req-62094c82-6efc-4d89-baeb-6fd596fa0d99 None None] Provisioning complete for port 0ed8b3ba-65d1-44b0-8bc4-183306cbe2f6 triggered by entity DHCP. {{(pid=104725) provisioning_complete /opt/stack/neutron/neutron/db/provisioning_blocks.py:145}}
Jul 07 07:03:12.112121 dv-neutron-841459-10-hyperv neutron-server[104725]: DEBUG neutron_lib.callbacks.manager [None req-62094c82-6efc-4d89-baeb-6fd596fa0d99 None None] Publish callbacks ['neutron.plugins.ml2.plugin.Ml2Plugin._port_provisioned-761925'] for port (0ed8b3ba-65d1-44b0-8bc4-183306cbe2f6), provisioning_complete {{(pid=104725) _notify_loop /usr/local/lib/python3.8/dist-packages/neutron_lib/callbacks/manager.py:176}}
Jul 07 07:03:12.161132 dv-neutron-841459-10-hyperv neutron-server[104725]: DEBUG neutron.plugins.ml2.plugin [None req-62094c82-6efc-4d89-baeb-6fd596fa0d99 None None] Port 0ed8b3ba-65d1-44b0-8bc4-183306cbe2f6 cannot update to ACTIVE because it is not bound. {{(pid=104725) _port_provisioned /opt/stack/neutron/neutron/plugins/ml2/plugin.py:348}}
Jul 07 07:03:12.169384 dv-neutron-841459-10-hyperv neutron-server[104724]: DEBUG neutron_lib.callbacks.manager [None req-420195ce-960c-4564-a98e-65184580be35 tempest-RoutersAdminTest-1569317812 tempest-RoutersAdminTest-1569317812-project-admin] Publish callbacks [] for port (27d49af4-2bf4-46a4-8009-a831eb2b549e), precommit_create {{(pid=104724) _notify_loop /usr/local/lib/python3.8/dist-packages/neutron_lib/callbacks/manager.py:176}}
Jul 07 07:03:12.225090 dv-neutron-841459-10-hyperv neutron-server[104723]: DEBUG neutron_lib.callbacks.manager [None req-6cffe8b0-f64e-4745-8dfd-6e56f18d3ee6 tempest-RoutersIpV6AdminTest-222697664 tempest-RoutersIpV6AdminTest-222697664-project] Publish callbacks [] for router (72b18c14-44ef-4591-8d82-ed44ac6cca11), before_delete {{(pid=104723) _notify_loop /usr/local/lib/python3.8/dist-packages/neutron_lib/callbacks/manager.py:176}}
Jul 07 07:03:12.260687 dv-neutron-841459-10-hyperv neutron-server[104724]: DEBUG neutron_lib.callbacks.manager [None req-420195ce-960c-4564-a98e-65184580be35 tempest-RoutersAdminTest-1569317812 tempest-RoutersAdminTest-1569317812-project-admin] Publish callbacks ['neutron.plugins.ml2.plugin.SecurityGroupServerNotifierRpcMixin._notify_sg_on_port_change-629300', 'neutron.plugins.ml2.ovo_rpc._ObjectChangeHandler.handle_event-254725', 'neutron.api.rpc.agentnotifiers.dhcp_rpc_agent_api.DhcpAgentNotifyAPI._native_event_send_dhcp_notification-1588258', 'neutron.db.l3_dvrscheduler_db._notify_l3_agent_new_port-8782040690571', 'neutron.services.segments.plugin.NovaSegmentNotifier._notify_port_created_or_deleted-4115305'] for port (27d49af4-2bf4-46a4-8009-a831eb2b549e), after_create {{(pid=104724) _notify_loop /usr/local/lib/python3.8/dist-packages/neutron_lib/callbacks/manager.py:176}}
Jul 07 07:03:12.291356 dv-neutron-841459-10-hyperv neutron-server[104724]: DEBUG neutron.wsgi [-] (104724) accepted ('10.222.0.52', 44250) {{(pid=104724) server /usr/local/lib/python3.8/dist-packages/eventlet/wsgi.py:1004}}
Jul 07 07:03:12.312583 dv-neutron-841459-10-hyperv neutron-server[104723]: DEBUG neutron.pecan_wsgi.hooks.policy_enforcement [req-e1737fd9-665d-49d2-9b7c-ce1fc44bf2a3 req-56da12ce-0390-4d1e-be2e-87a7e6c5edca service neutron] Attributes excluded by policy engine: ['standard_attr_id', 'shared', 'segment_id'] {{(pid=104723) _exclude_attributes_by_policy /opt/stack/neutron/neutron/pecan_wsgi/hooks/policy_enforcement.py:259}}
Jul 07 07:03:12.314606 dv-neutron-841459-10-hyperv neutron-server[104723]: INFO neutron.wsgi [req-e1737fd9-665d-49d2-9b7c-ce1fc44bf2a3 req-56da12ce-0390-4d1e-be2e-87a7e6c5edca service neutron] 10.222.0.57 "GET /v2.0/subnets?id=02c02356-680f-4f47-9dc1-b6f52270311c HTTP/1.1" status: 200 len: 845 time: 0.4346855
Jul 07 07:03:12.364647 dv-neutron-841459-10-hyperv neutron-server[104723]: DEBUG neutron.api.rpc.handlers.resources_rpc [None req-7898844c-a2d9-4155-ad3b-1859f7884ada service neutron] Pushing event updated for resources: {'Port': ['ID=4db64f79-aa0c-4d77-80c2-9d49791d1242,revision_number=2']} {{(pid=104723) push /opt/stack/neutron/neutron/api/rpc/handlers/resources_rpc.py:237}}
Jul 07 07:03:12.420157 dv-neutron-841459-10-hyperv neutron-server[104724]: DEBUG neutron.scheduler.dhcp_agent_scheduler [None req-420195ce-960c-4564-a98e-65184580be35 tempest-RoutersAdminTest-1569317812 tempest-RoutersAdminTest-1569317812-project-admin] Network 10df3a44-1fee-4f9b-b4e8-0801277ee2ec is already hosted by enough agents. {{(pid=104724) _get_dhcp_agents_hosting_network /opt/stack/neutron/neutron/scheduler/dhcp_agent_scheduler.py:275}}
Jul 07 07:03:12.423501 dv-neutron-841459-10-hyperv neutron-server[104724]: DEBUG neutron.api.rpc.handlers.resources_rpc [None req-420195ce-960c-4564-a98e-65184580be35 tempest-RoutersAdminTest-1569317812 tempest-RoutersAdminTest-1569317812-project-admin] Pushing event updated for resources: {'Port': ['ID=27d49af4-2bf4-46a4-8009-a831eb2b549e,revision_number=1']} {{(pid=104724) push /opt/stack/neutron/neutron/api/rpc/handlers/resources_rpc.py:237}}
Jul 07 07:03:12.432430 dv-neutron-841459-10-hyperv neutron-server[104724]: DEBUG neutron.scheduler.base_scheduler [None req-420195ce-960c-4564-a98e-65184580be35 tempest-RoutersAdminTest-1569317812 tempest-RoutersAdminTest-1569317812-project-admin] Resources bound (agent type, host, resource id): {{(pid=104724) schedule /opt/stack/neutron/neutron/scheduler/base_scheduler.py:57}}
Jul 07 07:03:12.439749 dv-neutron-841459-10-hyperv neutron-server[104724]: DEBUG neutron.pecan_wsgi.hooks.policy_enforcement [req-8551c67f-cb31-47fe-a456-edd672c46a35 req-b7fde320-cab4-4795-8616-2d620e7dba51 tempest-ServersTestManualDisk-531656093 tempest-ServersTestManualDisk-531656093-project] Attributes excluded by policy engine: ['standard_attr_id', 'binding:profile', 'binding:host_id', 'binding:vif_type', 'binding:vif_details'] {{(pid=104724) _exclude_attributes_by_policy /opt/stack/neutron/neutron/pecan_wsgi/hooks/policy_enforcement.py:259}}
Jul 07 07:03:12.441344 dv-neutron-841459-10-hyperv neutron-server[104724]: INFO neutron.wsgi [req-8551c67f-cb31-47fe-a456-edd672c46a35 req-b7fde320-cab4-4795-8616-2d620e7dba51 tempest-ServersTestManualDisk-531656093 tempest-ServersTestManualDisk-531656093-project] 10.222.0.52 "GET /v2.0/ports?device_id=36f99a4f-9fbc-4f53-9a5d-26465853cc7b HTTP/1.1" status: 200 len: 943 time: 0.1515615
Jul 07 07:03:12.444322 dv-neutron-841459-10-hyperv neutron-server[104724]: DEBUG neutron.db.l3_dvrscheduler_db [None req-420195ce-960c-4564-a98e-65184580be35 tempest-RoutersAdminTest-1569317812 tempest-RoutersAdminTest-1569317812-project-admin] Received port after_create {{(pid=104724) _notify_l3_agent_new_port /opt/stack/neutron/neutron/db/l3_dvrscheduler_db.py:542}}
Jul 07 07:03:12.465485 dv-neutron-841459-10-hyperv neutron-server[104724]: DEBUG neutron_lib.callbacks.manager [None req-aae76ada-8d26-405b-a766-1ef8bc28f29b tempest-AllowedAddressPairIpV6TestJSON-1103071881 tempest-AllowedAddressPairIpV6TestJSON-1103071881-project] Publish callbacks ['neutron.plugins.ml2.plugin.SecurityGroupServerNotifierRpcMixin._notify_sg_on_port_change-629300', 'neutron.plugins.ml2.ovo_rpc._ObjectChangeHandler.handle_event-254725', 'neutron.api.rpc.agentnotifiers.dhcp_rpc_agent_api.DhcpAgentNotifyAPI._native_event_send_dhcp_notification-1588258', 'neutron.db.l3_db.L3RpcNotifierMixin._notify_routers_callback-8782041118711', 'neutron.db.l3_dvrscheduler_db._notify_port_delete-8782040690580', 'neutron.services.segments.plugin.NovaSegmentNotifier._notify_port_created_or_deleted-4115305'] for port (0ed8b3ba-65d1-44b0-8bc4-183306cbe2f6), after_delete {{(pid=104724) _notify_loop /usr/local/lib/python3.8/dist-packages/neutron_lib/callbacks/manager.py:176}}
Jul 07 07:03:12.480585 dv-neutron-841459-10-hyperv neutron-server[104723]: DEBUG neutron_lib.callbacks.manager [None req-33ab3c3d-f4d9-4b77-a907-837ad0ac0d41 tempest-AllowedAddressPairTestJSON-845543189 tempest-AllowedAddressPairTestJSON-845543189-project] Publish callbacks [] for security_group (397876f9-6132-4aff-8121-cf240e62f593), precommit_create {{(pid=104723) _notify_loop /usr/local/lib/python3.8/dist-packages/neutron_lib/callbacks/manager.py:176}}
Jul 07 07:03:12.524710 dv-neutron-841459-10-hyperv neutron-server[104723]: DEBUG neutron_lib.callbacks.manager [None req-33ab3c3d-f4d9-4b77-a907-837ad0ac0d41 tempest-AllowedAddressPairTestJSON-845543189 tempest-AllowedAddressPairTestJSON-845543189-project] Publish callbacks ['neutron.plugins.ml2.ovo_rpc._ObjectChangeHandler.handle_event-1644004'] for security_group (397876f9-6132-4aff-8121-cf240e62f593), after_create {{(pid=104723) _notify_loop /usr/local/lib/python3.8/dist-packages/neutron_lib/callbacks/manager.py:176}}
Jul 07 07:03:12.532079 dv-neutron-841459-10-hyperv neutron-server[104724]: INFO neutron.wsgi [None req-45b797eb-684a-42fe-bc1a-c66a8b0f2dbd admin admin] 10.222.0.52 "GET /v2.0/security-groups?tenant_id=4b19cc4297844c139093e4f1488a2a29&name=default HTTP/1.1" status: 200 len: 2992 time: 0.2309501
Jul 07 07:03:12.538235 dv-neutron-841459-10-hyperv neutron-server[104724]: DEBUG neutron.api.rpc.handlers.resources_rpc [None req-aae76ada-8d26-405b-a766-1ef8bc28f29b tempest-AllowedAddressPairIpV6TestJSON-1103071881 tempest-AllowedAddressPairIpV6TestJSON-1103071881-project] Pushing event deleted for resources: {'Port': ['ID=0ed8b3ba-65d1-44b0-8bc4-183306cbe2f6,revision_number=None']} {{(pid=104724) push /opt/stack/neutron/neutron/api/rpc/handlers/resources_rpc.py:237}}
Jul 07 07:03:12.542822 dv-neutron-841459-10-hyperv neutron-server[104724]: DEBUG neutron.wsgi [-] (104724) accepted ('10.222.0.52', 44252) {{(pid=104724) server /usr/local/lib/python3.8/dist-packages/eventlet/wsgi.py:1004}}
Jul 07 07:03:12.591542 dv-neutron-841459-10-hyperv neutron-server[104723]: DEBUG dbcounter [-] [104723] Writing DB stats neutron:SELECT=93,neutron:INSERT=7 {{(pid=104723) stat_writer /usr/local/lib/python3.8/dist-packages/dbcounter.py:114}}
Jul 07 07:03:12.591848 dv-neutron-841459-10-hyperv neutron-server[104724]: DEBUG neutron.pecan_wsgi.hooks.policy_enforcement [None req-420195ce-960c-4564-a98e-65184580be35 tempest-RoutersAdminTest-1569317812 tempest-RoutersAdminTest-1569317812-project-admin] Attributes excluded by policy engine: ['standard_attr_id', 'network'] {{(pid=104724) _exclude_attributes_by_policy /opt/stack/neutron/neutron/pecan_wsgi/hooks/policy_enforcement.py:259}}
Jul 07 07:03:12.592418 dv-neutron-841459-10-hyperv neutron-server[104724]: DEBUG neutron_lib.callbacks.manager [None req-420195ce-960c-4564-a98e-65184580be35 tempest-RoutersAdminTest-1569317812 tempest-RoutersAdminTest-1569317812-project-admin] Publish callbacks ['neutron.notifiers.nova.Notifier._send_nova_notification-9915'] for port (None), before_response {{(pid=104724) _notify_loop /usr/local/lib/python3.8/dist-packages/neutron_lib/callbacks/manager.py:176}}
Jul 07 07:03:12.600906 dv-neutron-841459-10-hyperv neutron-server[104723]: DEBUG neutron.pecan_wsgi.hooks.policy_enforcement [req-e1737fd9-665d-49d2-9b7c-ce1fc44bf2a3 req-4e800337-ab9f-4f88-8385-11ecd71ee684 service neutron] Attributes excluded by policy engine: ['standard_attr_id'] {{(pid=104723) _exclude_attributes_by_policy /opt/stack/neutron/neutron/pecan_wsgi/hooks/policy_enforcement.py:259}}
Jul 07 07:03:12.602481 dv-neutron-841459-10-hyperv neutron-server[104723]: INFO neutron.wsgi [req-e1737fd9-665d-49d2-9b7c-ce1fc44bf2a3 req-4e800337-ab9f-4f88-8385-11ecd71ee684 service neutron] 10.222.0.57 "GET /v2.0/ports?network_id=b4bf70fc-4b60-45d1-8d7f-61a3d93686cf&device_owner=network%3Adhcp HTTP/1.1" status: 200 len: 1215 time: 0.2392461
Jul 07 07:03:12.623740 dv-neutron-841459-10-hyperv neutron-server[104723]: DEBUG neutron.plugins.ml2.drivers.helpers [None req-33ab3c3d-f4d9-4b77-a907-837ad0ac0d41 tempest-AllowedAddressPairTestJSON-845543189 tempest-AllowedAddressPairTestJSON-845543189-project] vlan segment allocate from pool success with {'vlan_id': 689, 'physical_network': 'physnet1'} {{(pid=104723) allocate_partially_specified_segment /opt/stack/neutron/neutron/plugins/ml2/drivers/helpers.py:153}}
Jul 07 07:03:12.649108 dv-neutron-841459-10-hyperv neutron-server[104724]: INFO neutron.wsgi [None req-420195ce-960c-4564-a98e-65184580be35 tempest-RoutersAdminTest-1569317812 tempest-RoutersAdminTest-1569317812-project-admin] 10.222.0.52 "POST /v2.0/ports HTTP/1.1" status: 201 len: 1023 time: 1.3598492
Jul 07 07:03:12.652669 dv-neutron-841459-10-hyperv neutron-server[104724]: INFO neutron.wsgi [req-8551c67f-cb31-47fe-a456-edd672c46a35 req-f0ef6855-ef84-45a3-97dc-07158c25fbdf tempest-ServersTestManualDisk-531656093 tempest-ServersTestManualDisk-531656093-project] 10.222.0.52 "GET /v2.0/security-groups?id=369ea8f6-13f5-4460-a96d-a0199e8be168&fields=id&fields=name HTTP/1.1" status: 200 len: 313 time: 0.1781278
Jul 07 07:03:12.660321 dv-neutron-841459-10-hyperv neutron-server[104724]: DEBUG neutron.wsgi [-] (104724) accepted ('10.222.0.52', 44254) {{(pid=104724) server /usr/local/lib/python3.8/dist-packages/eventlet/wsgi.py:1004}}
Jul 07 07:03:12.706864 dv-neutron-841459-10-hyperv neutron-server[104723]: DEBUG neutron.api.rpc.handlers.resources_rpc [None req-33ab3c3d-f4d9-4b77-a907-837ad0ac0d41 tempest-AllowedAddressPairTestJSON-845543189 tempest-AllowedAddressPairTestJSON-845543189-project] Pushing event updated for resources: {'SecurityGroup': ['ID=397876f9-6132-4aff-8121-cf240e62f593,revision_number=1']} {{(pid=104723) push /opt/stack/neutron/neutron/api/rpc/handlers/resources_rpc.py:237}}
Jul 07 07:03:12.715221 dv-neutron-841459-10-hyperv neutron-server[104723]: DEBUG neutron_lib.callbacks.manager [None req-33ab3c3d-f4d9-4b77-a907-837ad0ac0d41 tempest-AllowedAddressPairTestJSON-845543189 tempest-AllowedAddressPairTestJSON-845543189-project] Publish callbacks ['neutron.plugins.ml2.plugin.Ml2Plugin._handle_segment_change-702151'] for segment (7a4f4985-6aa1-430b-8310-54cbe752aeb0), precommit_create {{(pid=104723) _notify_loop /usr/local/lib/python3.8/dist-packages/neutron_lib/callbacks/manager.py:176}}
Jul 07 07:03:12.715570 dv-neutron-841459-10-hyperv neutron-server[104723]: INFO neutron.db.segments_db [None req-33ab3c3d-f4d9-4b77-a907-837ad0ac0d41 tempest-AllowedAddressPairTestJSON-845543189 tempest-AllowedAddressPairTestJSON-845543189-project] Added segment 7a4f4985-6aa1-430b-8310-54cbe752aeb0 of type vlan for network 7858afca-1015-4f7a-9bd8-ab37a3a37e34
Jul 07 07:03:12.770021 dv-neutron-841459-10-hyperv neutron-server[104723]: DEBUG neutron_lib.callbacks.manager [None req-6cffe8b0-f64e-4745-8dfd-6e56f18d3ee6 tempest-RoutersIpV6AdminTest-222697664 tempest-RoutersIpV6AdminTest-222697664-project] Publish callbacks [] for router_gateway (72b18c14-44ef-4591-8d82-ed44ac6cca11), before_delete {{(pid=104723) _notify_loop /usr/local/lib/python3.8/dist-packages/neutron_lib/callbacks/manager.py:176}}
Jul 07 07:03:12.777461 dv-neutron-841459-10-hyperv neutron-server[104724]: DEBUG neutron_lib.callbacks.manager [None req-aae76ada-8d26-405b-a766-1ef8bc28f29b tempest-AllowedAddressPairIpV6TestJSON-1103071881 tempest-AllowedAddressPairIpV6TestJSON-1103071881-project] Publish callbacks ['neutron.notifiers.nova.Notifier._send_nova_notification-9915'] for port (None), before_response {{(pid=104724) _notify_loop /usr/local/lib/python3.8/dist-packages/neutron_lib/callbacks/manager.py:176}}
Jul 07 07:03:12.780707 dv-neutron-841459-10-hyperv neutron-server[104724]: INFO neutron.wsgi [None req-aae76ada-8d26-405b-a766-1ef8bc28f29b tempest-AllowedAddressPairIpV6TestJSON-1103071881 tempest-AllowedAddressPairIpV6TestJSON-1103071881-project] 10.222.0.52 "DELETE /v2.0/ports/0ed8b3ba-65d1-44b0-8bc4-183306cbe2f6 HTTP/1.1" status: 204 len: 168 time: 1.1634831
Jul 07 07:03:12.781724 dv-neutron-841459-10-hyperv neutron-server[104724]: DEBUG neutron_lib.callbacks.manager [None req-e84e5088-2631-41b9-a8a3-078671266871 admin admin] Publish callbacks [] for security_group (04620bd8-1959-4735-955c-633a2a182148), before_delete {{(pid=104724) _notify_loop /usr/local/lib/python3.8/dist-packages/neutron_lib/callbacks/manager.py:176}}
Jul 07 07:03:12.787226 dv-neutron-841459-10-hyperv neutron-server[104723]: DEBUG neutron.wsgi [-] (104723) accepted ('10.222.0.52', 44256) {{(pid=104723) server /usr/local/lib/python3.8/dist-packages/eventlet/wsgi.py:1004}}
Jul 07 07:03:12.795472 dv-neutron-841459-10-hyperv neutron-server[104724]: DEBUG dbcounter [-] [104724] Writing DB stats neutron:SELECT=92,neutron:INSERT=1,neutron:DELETE=7 {{(pid=104724) stat_writer /usr/local/lib/python3.8/dist-packages/dbcounter.py:114}}
Jul 07 07:03:12.802884 dv-neutron-841459-10-hyperv neutron-server[104724]: DEBUG dbcounter [-] [104724] Writing DB stats neutron:SELECT=97,neutron:DELETE=3 {{(pid=104724) stat_writer /usr/local/lib/python3.8/dist-packages/dbcounter.py:114}}
Jul 07 07:03:12.812874 dv-neutron-841459-10-hyperv neutron-server[104723]: DEBUG neutron.plugins.ml2.managers [req-d3e271ce-2f47-4fb9-9c9f-d78c9e93d9d6 req-7898844c-a2d9-4155-ad3b-1859f7884ada service neutron] Attempting to bind port 4db64f79-aa0c-4d77-80c2-9d49791d1242 on host hv-neutron-8414 for vnic_type normal with profile {{(pid=104723) bind_port /opt/stack/neutron/neutron/plugins/ml2/managers.py:810}}
Jul 07 07:03:12.813292 dv-neutron-841459-10-hyperv neutron-server[104723]: DEBUG neutron.plugins.ml2.managers [req-d3e271ce-2f47-4fb9-9c9f-d78c9e93d9d6 req-7898844c-a2d9-4155-ad3b-1859f7884ada service neutron] Attempting to bind port 4db64f79-aa0c-4d77-80c2-9d49791d1242 by drivers openvswitch,hyperv on host hv-neutron-8414 at level 0 using segments [{'id': 'c00dc3f4-9161-49f3-8402-c72cb9b78e8d', 'network_type': 'vlan', 'physical_network': 'physnet1', 'segmentation_id': 672, 'network_id': '03960e0e-6de9-48de-a12d-8fce5f21b870'}] {{(pid=104723) _bind_port_level /opt/stack/neutron/neutron/plugins/ml2/managers.py:835}}
Jul 07 07:03:12.813807 dv-neutron-841459-10-hyperv neutron-server[104723]: DEBUG neutron.plugins.ml2.drivers.mech_agent [req-d3e271ce-2f47-4fb9-9c9f-d78c9e93d9d6 req-7898844c-a2d9-4155-ad3b-1859f7884ada service neutron] Attempting to bind port 4db64f79-aa0c-4d77-80c2-9d49791d1242 on network 03960e0e-6de9-48de-a12d-8fce5f21b870 {{(pid=104723) bind_port /opt/stack/neutron/neutron/plugins/ml2/drivers/mech_agent.py:91}}
Jul 07 07:03:12.818188 dv-neutron-841459-10-hyperv neutron-server[104724]: DEBUG neutron.plugins.ml2.plugin [None req-54c27343-58c2-42f2-adcb-0891a03252eb tempest-RoutersAdminTest-1569317812 tempest-RoutersAdminTest-1569317812-project-admin] Deleting port 27d49af4-2bf4-46a4-8009-a831eb2b549e {{(pid=104724) _pre_delete_port /opt/stack/neutron/neutron/plugins/ml2/plugin.py:2037}}
Jul 07 07:03:12.818851 dv-neutron-841459-10-hyperv neutron-server[104724]: DEBUG neutron_lib.callbacks.manager [None req-54c27343-58c2-42f2-adcb-0891a03252eb tempest-RoutersAdminTest-1569317812 tempest-RoutersAdminTest-1569317812-project-admin] Publish callbacks ['neutron.db.l3_db.L3_NAT_dbonly_mixin._prevent_l3_port_delete_callback-8782041115944'] for port (27d49af4-2bf4-46a4-8009-a831eb2b549e), before_delete {{(pid=104724) _notify_loop /usr/local/lib/python3.8/dist-packages/neutron_lib/callbacks/manager.py:176}}
Jul 07 07:03:12.827171 dv-neutron-841459-10-hyperv neutron-server[104724]: DEBUG neutron_lib.callbacks.manager [None req-e84e5088-2631-41b9-a8a3-078671266871 admin admin] Publish callbacks [] for security_group (04620bd8-1959-4735-955c-633a2a182148), precommit_delete {{(pid=104724) _notify_loop /usr/local/lib/python3.8/dist-packages/neutron_lib/callbacks/manager.py:176}}
Jul 07 07:03:12.914958 dv-neutron-841459-10-hyperv neutron-server[104723]: INFO neutron.pecan_wsgi.hooks.translation [None req-91dbf344-108d-4117-ad2f-4b809a332fb3 tempest-AllowedAddressPairIpV6TestJSON-1103071881 tempest-AllowedAddressPairIpV6TestJSON-1103071881-project] GET failed (client error): The resource could not be found.
Jul 07 07:03:12.924044 dv-neutron-841459-10-hyperv neutron-server[104723]: INFO neutron.wsgi [None req-91dbf344-108d-4117-ad2f-4b809a332fb3 tempest-AllowedAddressPairIpV6TestJSON-1103071881 tempest-AllowedAddressPairIpV6TestJSON-1103071881-project] 10.222.0.52 "GET /v2.0/ports/0ed8b3ba-65d1-44b0-8bc4-183306cbe2f6 HTTP/1.1" status: 404 len: 333 time: 0.1219006
Jul 07 07:03:12.925814 dv-neutron-841459-10-hyperv neutron-server[104723]: DEBUG neutron.plugins.ml2.drivers.mech_agent [req-d3e271ce-2f47-4fb9-9c9f-d78c9e93d9d6 req-7898844c-a2d9-4155-ad3b-1859f7884ada service neutron] Port 4db64f79-aa0c-4d77-80c2-9d49791d1242 on network 03960e0e-6de9-48de-a12d-8fce5f21b870 not bound, no agent of type Open vSwitch agent registered on host hv-neutron-8414 {{(pid=104723) bind_port /opt/stack/neutron/neutron/plugins/ml2/drivers/mech_agent.py:103}}
Jul 07 07:03:12.925814 dv-neutron-841459-10-hyperv neutron-server[104723]: DEBUG neutron.plugins.ml2.drivers.mech_agent [req-d3e271ce-2f47-4fb9-9c9f-d78c9e93d9d6 req-7898844c-a2d9-4155-ad3b-1859f7884ada service neutron] Attempting to bind port 4db64f79-aa0c-4d77-80c2-9d49791d1242 on network 03960e0e-6de9-48de-a12d-8fce5f21b870 {{(pid=104723) bind_port /opt/stack/neutron/neutron/plugins/ml2/drivers/mech_agent.py:91}}
Jul 07 07:03:12.933566 dv-neutron-841459-10-hyperv neutron-server[104723]: DEBUG neutron.wsgi [-] (104723) accepted ('10.222.0.52', 44260) {{(pid=104723) server /usr/local/lib/python3.8/dist-packages/eventlet/wsgi.py:1004}}
Jul 07 07:03:12.944806 dv-neutron-841459-10-hyperv neutron-server[104723]: DEBUG neutron.api.v2.base [None req-c4f5cae4-a32c-48d6-a282-602eca4c74b3 tempest-AllowedAddressPairIpV6TestJSON-1103071881 tempest-AllowedAddressPairIpV6TestJSON-1103071881-project] Request body: {'port': {'network_id': 'f3a15dcc-1b92-441e-8290-05c52c8b2663', 'name': 'tempest-AllowedAddressPairIpV6TestJSON-1940594852'}} {{(pid=104723) prepare_request_body /opt/stack/neutron/neutron/api/v2/base.py:730}}
Jul 07 07:03:12.965367 dv-neutron-841459-10-hyperv neutron-server[104723]: DEBUG neutron_lib.callbacks.manager [None req-33ab3c3d-f4d9-4b77-a907-837ad0ac0d41 tempest-AllowedAddressPairTestJSON-845543189 tempest-AllowedAddressPairTestJSON-845543189-project] Publish callbacks ['neutron.services.auto_allocate.db._ensure_external_network_default_value_callback-8782040726465'] for network (7858afca-1015-4f7a-9bd8-ab37a3a37e34), precommit_create {{(pid=104723) _notify_loop /usr/local/lib/python3.8/dist-packages/neutron_lib/callbacks/manager.py:176}}
Jul 07 07:03:12.991683 dv-neutron-841459-10-hyperv neutron-server[104723]: DEBUG neutron.plugins.ml2.drivers.mech_agent [req-d3e271ce-2f47-4fb9-9c9f-d78c9e93d9d6 req-7898844c-a2d9-4155-ad3b-1859f7884ada service neutron] Checking agent: {'id': '30eac5e0-4599-4b7e-8600-f4c28a560a1f', 'agent_type': 'HyperV agent', 'binary': 'neutron-hyperv-agent', 'topic': 'N/A', 'host': 'hv-neutron-8414', 'admin_state_up': True, 'created_at': datetime.datetime(2022, 7, 7, 7, 0, 33), 'started_at': datetime.datetime(2022, 7, 7, 7, 0, 33), 'heartbeat_timestamp': datetime.datetime(2022, 7, 7, 7, 3, 3), 'description': None, 'resources_synced': None, 'availability_zone': None, 'alive': True, 'configurations': {'vswitch_mappings': {'physnet1$': 'br-data'}}, 'resource_versions': {}} {{(pid=104723) bind_port /opt/stack/neutron/neutron/plugins/ml2/drivers/mech_agent.py:110}}
Jul 07 07:03:12.992027 dv-neutron-841459-10-hyperv neutron-server[104723]: DEBUG neutron.plugins.ml2.drivers.mech_agent [req-d3e271ce-2f47-4fb9-9c9f-d78c9e93d9d6 req-7898844c-a2d9-4155-ad3b-1859f7884ada service neutron] Checking segment: {'id': 'c00dc3f4-9161-49f3-8402-c72cb9b78e8d', 'network_type': 'vlan', 'physical_network': 'physnet1', 'segmentation_id': 672, 'network_id': '03960e0e-6de9-48de-a12d-8fce5f21b870'} for mappings: {'physnet1$': 'br-data'} with network types: ['local', 'flat', 'vlan'] {{(pid=104723) check_segment_for_agent /opt/stack/neutron/neutron/plugins/ml2/drivers/mech_agent.py:373}}
Jul 07 07:03:12.992434 dv-neutron-841459-10-hyperv neutron-server[104723]: DEBUG neutron.plugins.ml2.drivers.mech_agent [req-d3e271ce-2f47-4fb9-9c9f-d78c9e93d9d6 req-7898844c-a2d9-4155-ad3b-1859f7884ada service neutron] Bound using segment: {'id': 'c00dc3f4-9161-49f3-8402-c72cb9b78e8d', 'network_type': 'vlan', 'physical_network': 'physnet1', 'segmentation_id': 672, 'network_id': '03960e0e-6de9-48de-a12d-8fce5f21b870'} {{(pid=104723) bind_port /opt/stack/neutron/neutron/plugins/ml2/drivers/mech_agent.py:120}}
Jul 07 07:03:12.992929 dv-neutron-841459-10-hyperv neutron-server[104723]: DEBUG neutron.plugins.ml2.managers [req-d3e271ce-2f47-4fb9-9c9f-d78c9e93d9d6 req-7898844c-a2d9-4155-ad3b-1859f7884ada service neutron] Bound port: 4db64f79-aa0c-4d77-80c2-9d49791d1242, host: hv-neutron-8414, vif_type: hyperv, vif_details: {"connectivity": "legacy", "port_filter": false}, binding_levels: [{'bound_driver': 'hyperv', 'bound_segment': {'id': 'c00dc3f4-9161-49f3-8402-c72cb9b78e8d', 'network_type': 'vlan', 'physical_network': 'physnet1', 'segmentation_id': 672, 'network_id': '03960e0e-6de9-48de-a12d-8fce5f21b870'}}] {{(pid=104723) _bind_port_level /opt/stack/neutron/neutron/plugins/ml2/managers.py:947}}
Jul 07 07:03:12.993297 dv-neutron-841459-10-hyperv neutron-server[104723]: DEBUG neutron_lib.callbacks.manager [req-d3e271ce-2f47-4fb9-9c9f-d78c9e93d9d6 req-7898844c-a2d9-4155-ad3b-1859f7884ada service neutron] Publish callbacks ['neutron.plugins.ml2.plugin.SecurityGroupDbMixin._ensure_default_security_group_handler-628977'] for port (4db64f79-aa0c-4d77-80c2-9d49791d1242), before_update {{(pid=104723) _notify_loop /usr/local/lib/python3.8/dist-packages/neutron_lib/callbacks/manager.py:176}}
Jul 07 07:03:13.004245 dv-neutron-841459-10-hyperv neutron-server[104723]: DEBUG neutron.plugins.ml2.plugin [None req-6cffe8b0-f64e-4745-8dfd-6e56f18d3ee6 tempest-RoutersIpV6AdminTest-222697664 tempest-RoutersIpV6AdminTest-222697664-project] Deleting port e7d40b56-87d9-4b77-81c5-8095bd86eeba {{(pid=104723) _pre_delete_port /opt/stack/neutron/neutron/plugins/ml2/plugin.py:2037}}
Jul 07 07:03:13.004584 dv-neutron-841459-10-hyperv neutron-server[104723]: DEBUG neutron_lib.callbacks.manager [None req-6cffe8b0-f64e-4745-8dfd-6e56f18d3ee6 tempest-RoutersIpV6AdminTest-222697664 tempest-RoutersIpV6AdminTest-222697664-project] Publish callbacks ['neutron.db.l3_db.L3_NAT_dbonly_mixin._prevent_l3_port_delete_callback-8782041115944'] for port (e7d40b56-87d9-4b77-81c5-8095bd86eeba), before_delete {{(pid=104723) _notify_loop /usr/local/lib/python3.8/dist-packages/neutron_lib/callbacks/manager.py:176}}
Jul 07 07:03:13.047594 dv-neutron-841459-10-hyperv neutron-server[104723]: INFO neutron.wsgi [req-e1737fd9-665d-49d2-9b7c-ce1fc44bf2a3 req-a34ada12-fa97-4518-b1a6-80f3712a7408 service neutron] 10.222.0.57 "GET /v2.0/networks/b4bf70fc-4b60-45d1-8d7f-61a3d93686cf?fields=segments HTTP/1.1" status: 200 len: 212 time: 0.4291749
Jul 07 07:03:13.064227 dv-neutron-841459-10-hyperv neutron-server[104723]: DEBUG dbcounter [-] [104723] Writing DB stats neutron:SELECT=90,neutron:INSERT=3,neutron:UPDATE=2,neutron:DELETE=5 {{(pid=104723) stat_writer /usr/local/lib/python3.8/dist-packages/dbcounter.py:114}}
Jul 07 07:03:13.152121 dv-neutron-841459-10-hyperv neutron-server[104724]: DEBUG neutron_lib.callbacks.manager [None req-54c27343-58c2-42f2-adcb-0891a03252eb tempest-RoutersAdminTest-1569317812 tempest-RoutersAdminTest-1569317812-project-admin] Publish callbacks ['neutron.services.l3_router.l3_router_plugin.L3_NAT_dbonly_mixin._precommit_delete_port_callback-1823817'] for port (27d49af4-2bf4-46a4-8009-a831eb2b549e), precommit_delete {{(pid=104724) _notify_loop /usr/local/lib/python3.8/dist-packages/neutron_lib/callbacks/manager.py:176}}
