May 09 17:56:07.166615 dv-neutron-841151-1-hyperv neutron-server[104107]: INFO neutron.wsgi [None req-52298ab0-08e2-4b8d-970c-85eb80c33112 tempest-QuotasNegativeTest-834565992 tempest-QuotasNegativeTest-834565992-project-admin] 10.222.0.32 "POST /v2.0/networks HTTP/1.1" status: 409 len: 310 time: 0.0282638
May 09 17:56:07.193064 dv-neutron-841151-1-hyperv neutron-server[104107]: DEBUG neutron.wsgi [-] (104107) accepted ('10.222.0.32', 52718) {{(pid=104107) server /usr/local/lib/python3.8/dist-packages/eventlet/wsgi.py:1004}}
May 09 17:56:07.236371 dv-neutron-841151-1-hyperv neutron-server[104107]: DEBUG neutron.api.rpc.handlers.resources_rpc [None req-4521582a-e76a-4578-bc0b-d6ee115b4f48 tempest-QuotasNegativeTest-834565992 tempest-QuotasNegativeTest-834565992-project-admin] Pushing event updated for resources: {'Network': ['ID=d13acd23-eb61-4ab2-b1e7-f86cb82da668,revision_number=1']} {{(pid=104107) push /opt/stack/neutron/neutron/api/rpc/handlers/resources_rpc.py:237}}
May 09 17:56:07.240363 dv-neutron-841151-1-hyperv neutron-server[104108]: DEBUG neutron.plugins.ml2.plugin [None req-cecbc37b-c6df-4e81-9683-a71199e76595 None None] Current status of the port aef95daa-ce51-465d-befe-47632f66b896 is: ACTIVE; New status is: ACTIVE {{(pid=104108) _update_individual_port_db_status /opt/stack/neutron/neutron/plugins/ml2/plugin.py:2296}}
May 09 17:56:07.272404 dv-neutron-841151-1-hyperv neutron-server[104107]: INFO neutron.wsgi [None req-9f67dc25-f732-4d5d-8612-ceee747ef93e tempest-QuotasNegativeTest-834565992 tempest-QuotasNegativeTest-834565992-project-admin] 10.222.0.32 "GET /v2.0/security-groups?tenant_id=3d8f3338370045d5bac0404b934830cd&name=default HTTP/1.1" status: 200 len: 2992 time: 0.0782516
May 09 17:56:07.275328 dv-neutron-841151-1-hyperv neutron-server[104107]: DEBUG neutron.wsgi [-] (104107) accepted ('10.222.0.32', 52720) {{(pid=104107) server /usr/local/lib/python3.8/dist-packages/eventlet/wsgi.py:1004}}
May 09 17:56:07.333923 dv-neutron-841151-1-hyperv neutron-server[104106]: DEBUG neutron.pecan_wsgi.hooks.quota_enforcement [None req-2cf306c1-e5ae-41b5-9624-e13f51157474 tempest-DHCPAgentSchedulersTestJSON-1653746817 tempest-DHCPAgentSchedulersTestJSON-1653746817-project] Made reservation on behalf of af7859cfe56540f595c3ae85373d83b1 for: {'port': 1} {{(pid=104106) before /opt/stack/neutron/neutron/pecan_wsgi/hooks/quota_enforcement.py:53}}
May 09 17:56:07.337477 dv-neutron-841151-1-hyperv neutron-server[104106]: DEBUG neutron_lib.callbacks.manager [None req-2cf306c1-e5ae-41b5-9624-e13f51157474 tempest-DHCPAgentSchedulersTestJSON-1653746817 tempest-DHCPAgentSchedulersTestJSON-1653746817-project] Publish callbacks ['neutron.plugins.ml2.plugin.SecurityGroupDbMixin._ensure_default_security_group_handler-727918'] for port (None), before_create {{(pid=104106) _notify_loop /usr/local/lib/python3.8/dist-packages/neutron_lib/callbacks/manager.py:176}}
May 09 17:56:07.339082 dv-neutron-841151-1-hyperv neutron-server[104108]: DEBUG neutron_lib.callbacks.manager [None req-59f03270-fb4e-4225-940a-aa238a10e57a None None] Publish callbacks [] for port (fbf7ff03-88f1-4be3-a9ed-56cda9342708), precommit_create {{(pid=104108) _notify_loop /usr/local/lib/python3.8/dist-packages/neutron_lib/callbacks/manager.py:176}}
May 09 17:56:07.362157 dv-neutron-841151-1-hyperv neutron-server[104108]: DEBUG neutron.api.rpc.handlers.resources_rpc [None req-8576af2f-ef89-40c7-bda7-a09ce516ac03 None None] Pushing event updated for resources: {'Port': ['ID=9def514a-fb27-40a3-8b12-fe79661bfffb,revision_number=2']} {{(pid=104108) push /opt/stack/neutron/neutron/api/rpc/handlers/resources_rpc.py:237}}
May 09 17:56:07.381134 dv-neutron-841151-1-hyperv neutron-server[104108]: DEBUG neutron.plugins.ml2.rpc [None req-6f21860d-825d-40c4-8285-75c0f88f104a None None] Network d13acd23-eb61-4ab2-b1e7-f86cb82da668 details requested by agent ovs-agent-dv-neutron-841151-1-hyperv with host dv-neutron-841151-1-hyperv {{(pid=104108) get_network_details /opt/stack/neutron/neutron/plugins/ml2/rpc.py:248}}
May 09 17:56:07.388043 dv-neutron-841151-1-hyperv neutron-server[104108]: DEBUG neutron.api.rpc.handlers.dhcp_rpc [None req-c3943e05-9b1a-4cb4-bfb0-07d7895f82c0 None None] Network e28c33f0-ed81-4627-9b1e-3ebebd46d005 requested from dv-neutron-841151-1-hyperv {{(pid=104108) get_network_info /opt/stack/neutron/neutron/api/rpc/handlers/dhcp_rpc.py:191}}
May 09 17:56:07.463680 dv-neutron-841151-1-hyperv neutron-server[104108]: DEBUG neutron.db.provisioning_blocks [None req-9e5d2a15-efd3-437c-ba1c-a81156288b65 None None] Provisioning complete for port ddcfbbf0-2e87-470f-b61c-21b7f1f8d22b triggered by entity DHCP. {{(pid=104108) provisioning_complete /opt/stack/neutron/neutron/db/provisioning_blocks.py:145}}
May 09 17:56:07.464382 dv-neutron-841151-1-hyperv neutron-server[104108]: DEBUG neutron_lib.callbacks.manager [None req-9e5d2a15-efd3-437c-ba1c-a81156288b65 None None] Publish callbacks ['neutron.plugins.ml2.plugin.Ml2Plugin._port_provisioned-738814'] for port (ddcfbbf0-2e87-470f-b61c-21b7f1f8d22b), provisioning_complete {{(pid=104108) _notify_loop /usr/local/lib/python3.8/dist-packages/neutron_lib/callbacks/manager.py:176}}
May 09 17:56:07.495035 dv-neutron-841151-1-hyperv neutron-server[104106]: DEBUG neutron.objects.ports [None req-caafc8e0-d2f9-4b88-bb33-785e5b65fd57 tempest-RoutersIpV6AdminTest-514098785 tempest-RoutersIpV6AdminTest-514098785-project-admin] Time-cost: Fetching 0 ports in 0 security groups {{(pid=104106) get_objects /opt/stack/neutron/neutron/objects/ports.py:463}}
May 09 17:56:07.495035 dv-neutron-841151-1-hyperv neutron-server[104106]: DEBUG neutron_lib.callbacks.manager [None req-caafc8e0-d2f9-4b88-bb33-785e5b65fd57 tempest-RoutersIpV6AdminTest-514098785 tempest-RoutersIpV6AdminTest-514098785-project-admin] Publish callbacks ['neutron.plugins.ml2.ovo_rpc._ObjectChangeHandler.handle_event-16404722', 'neutron.api.rpc.agentnotifiers.dhcp_rpc_agent_api.DhcpAgentNotifyAPI._native_event_send_dhcp_notification-16294980'] for subnet (4da3c823-a2af-4ce0-9354-4624561cf998), after_create {{(pid=104106) _notify_loop /usr/local/lib/python3.8/dist-packages/neutron_lib/callbacks/manager.py:176}}
May 09 17:56:07.502930 dv-neutron-841151-1-hyperv neutron-server[104108]: DEBUG neutron_lib.callbacks.manager [None req-59f03270-fb4e-4225-940a-aa238a10e57a None None] Publish callbacks ['neutron.plugins.ml2.plugin.SecurityGroupServerNotifierRpcMixin._notify_sg_on_port_change-728000', 'neutron.plugins.ml2.ovo_rpc._ObjectChangeHandler.handle_event-486639', 'neutron.api.rpc.agentnotifiers.dhcp_rpc_agent_api.DhcpAgentNotifyAPI._native_event_send_dhcp_notification-16294980', 'neutron.db.l3_dvrscheduler_db._notify_l3_agent_new_port-8755181662567'] for port (fbf7ff03-88f1-4be3-a9ed-56cda9342708), after_create {{(pid=104108) _notify_loop /usr/local/lib/python3.8/dist-packages/neutron_lib/callbacks/manager.py:176}}
May 09 17:56:07.524964 dv-neutron-841151-1-hyperv neutron-server[104106]: DEBUG neutron.notifiers.nova [None req-2cf306c1-e5ae-41b5-9624-e13f51157474 tempest-DHCPAgentSchedulersTestJSON-1653746817 tempest-DHCPAgentSchedulersTestJSON-1653746817-project] device_id is not set on port 770dc9fd-5754-4c6c-af03-e0899646376f yet. {{(pid=104106) _can_notify /opt/stack/neutron/neutron/notifiers/nova.py:199}}
May 09 17:56:07.577608 dv-neutron-841151-1-hyperv neutron-server[104106]: DEBUG neutron.api.rpc.handlers.resources_rpc [None req-caafc8e0-d2f9-4b88-bb33-785e5b65fd57 tempest-RoutersIpV6AdminTest-514098785 tempest-RoutersIpV6AdminTest-514098785-project-admin] Pushing event updated for resources: {'Subnet': ['ID=4da3c823-a2af-4ce0-9354-4624561cf998,revision_number=0']} {{(pid=104106) push /opt/stack/neutron/neutron/api/rpc/handlers/resources_rpc.py:237}}
May 09 17:56:07.580115 dv-neutron-841151-1-hyperv neutron-server[104106]: DEBUG neutron_lib.callbacks.manager [None req-f0d4cb69-a626-47cd-97dc-995515fdbbfa admin admin] Publish callbacks ['neutron.services.l3_router.l3_router_plugin.L3_HA_NAT_db_mixin._after_router_create-16543403', 'neutron.services.l3_router.l3_router_plugin.DVRResourceOperationHandler._create_snat_interfaces_after_change-16521192'] for router (f16d8491-e339-4804-a3c2-32a50780be7c), after_create {{(pid=104106) _notify_loop /usr/local/lib/python3.8/dist-packages/neutron_lib/callbacks/manager.py:176}}
May 09 17:56:07.704756 dv-neutron-841151-1-hyperv neutron-server[104107]: DEBUG neutron_lib.callbacks.manager [None req-f1e0ad8b-4764-43fe-8dc9-dc79fda93cd7 tempest-QuotasNegativeTest-834565992 tempest-QuotasNegativeTest-834565992-project-admin] Publish callbacks [] for security_group (fe2ff458-c825-4501-8aea-f29c33937891), before_delete {{(pid=104107) _notify_loop /usr/local/lib/python3.8/dist-packages/neutron_lib/callbacks/manager.py:176}}
May 09 17:56:07.728346 dv-neutron-841151-1-hyperv neutron-server[104107]: DEBUG neutron_lib.callbacks.manager [None req-0068ad41-c089-49f0-b241-e748a347da66 admin admin] Publish callbacks ['neutron.services.l3_router.l3_router_plugin.L3_HA_NAT_db_mixin._after_router_create-16543403', 'neutron.services.l3_router.l3_router_plugin.DVRResourceOperationHandler._create_snat_interfaces_after_change-16521192'] for router (93bc774e-300d-4017-a9a5-f7d27ff37d5a), after_create {{(pid=104107) _notify_loop /usr/local/lib/python3.8/dist-packages/neutron_lib/callbacks/manager.py:176}}
May 09 17:56:07.743631 dv-neutron-841151-1-hyperv neutron-server[104107]: DEBUG neutron_lib.callbacks.manager [None req-f1e0ad8b-4764-43fe-8dc9-dc79fda93cd7 tempest-QuotasNegativeTest-834565992 tempest-QuotasNegativeTest-834565992-project-admin] Publish callbacks [] for security_group (fe2ff458-c825-4501-8aea-f29c33937891), precommit_delete {{(pid=104107) _notify_loop /usr/local/lib/python3.8/dist-packages/neutron_lib/callbacks/manager.py:176}}
May 09 17:56:07.794821 dv-neutron-841151-1-hyperv neutron-server[104108]: DEBUG neutron.scheduler.dhcp_agent_scheduler [None req-59f03270-fb4e-4225-940a-aa238a10e57a None None] Network 391fa9fe-ac9d-43fc-8a19-056a441cd1f8 is already hosted by enough agents. {{(pid=104108) _get_dhcp_agents_hosting_network /opt/stack/neutron/neutron/scheduler/dhcp_agent_scheduler.py:275}}
May 09 17:56:07.815668 dv-neutron-841151-1-hyperv neutron-server[104106]: DEBUG neutron.plugins.ml2.drivers.mech_agent [None req-caafc8e0-d2f9-4b88-bb33-785e5b65fd57 tempest-RoutersIpV6AdminTest-514098785 tempest-RoutersIpV6AdminTest-514098785-project-admin] Checking segment: {'id': '17b42370-d37c-4c25-b1a6-6225ffbbaa0c', 'network_type': 'vlan', 'physical_network': 'physnet1', 'segmentation_id': 109, 'network_id': 'f374839d-e4d3-46c2-a46a-9ee2e1819427'} for mappings: {'physnet1': 'br-data'} with network types: ['local', 'flat', 'vlan'] {{(pid=104106) check_segment_for_agent /opt/stack/neutron/neutron/plugins/ml2/drivers/mech_agent.py:373}}
May 09 17:56:07.815997 dv-neutron-841151-1-hyperv neutron-server[104106]: DEBUG neutron.scheduler.dhcp_agent_scheduler [None req-caafc8e0-d2f9-4b88-bb33-785e5b65fd57 tempest-RoutersIpV6AdminTest-514098785 tempest-RoutersIpV6AdminTest-514098785-project-admin] Network hostable DHCP agents. Network: f374839d-e4d3-46c2-a46a-9ee2e1819427, hostable agents: ['787f0911-e589-4f1e-a237-ae12e234d849'], hosted agents: [] {{(pid=104106) _get_network_hostable_dhcp_agents /opt/stack/neutron/neutron/scheduler/dhcp_agent_scheduler.py:329}}
May 09 17:56:07.817069 dv-neutron-841151-1-hyperv neutron-server[104108]: DEBUG neutron.scheduler.base_scheduler [None req-59f03270-fb4e-4225-940a-aa238a10e57a None None] Resources bound (agent type, host, resource id): {{(pid=104108) schedule /opt/stack/neutron/neutron/scheduler/base_scheduler.py:57}}
May 09 17:56:07.827707 dv-neutron-841151-1-hyperv neutron-server[104108]: DEBUG neutron.db.l3_dvrscheduler_db [None req-59f03270-fb4e-4225-940a-aa238a10e57a None None] Received port after_create {{(pid=104108) _notify_l3_agent_new_port /opt/stack/neutron/neutron/db/l3_dvrscheduler_db.py:536}}
May 09 17:56:07.834846 dv-neutron-841151-1-hyperv neutron-server[104108]: DEBUG neutron.api.rpc.handlers.resources_rpc [None req-59f03270-fb4e-4225-940a-aa238a10e57a None None] Pushing event updated for resources: {'Port': ['ID=fbf7ff03-88f1-4be3-a9ed-56cda9342708,revision_number=1']} {{(pid=104108) push /opt/stack/neutron/neutron/api/rpc/handlers/resources_rpc.py:237}}
May 09 17:56:07.897879 dv-neutron-841151-1-hyperv neutron-server[104107]: DEBUG neutron_lib.callbacks.manager [None req-f1e0ad8b-4764-43fe-8dc9-dc79fda93cd7 tempest-QuotasNegativeTest-834565992 tempest-QuotasNegativeTest-834565992-project-admin] Publish callbacks ['neutron.plugins.ml2.ovo_rpc._ObjectChangeHandler.handle_event-16386575'] for security_group (fe2ff458-c825-4501-8aea-f29c33937891), after_delete {{(pid=104107) _notify_loop /usr/local/lib/python3.8/dist-packages/neutron_lib/callbacks/manager.py:176}}
May 09 17:56:07.900574 dv-neutron-841151-1-hyperv neutron-server[104107]: DEBUG neutron_lib.callbacks.manager [None req-f1e0ad8b-4764-43fe-8dc9-dc79fda93cd7 tempest-QuotasNegativeTest-834565992 tempest-QuotasNegativeTest-834565992-project-admin] Publish callbacks [] for security_group (None), before_response {{(pid=104107) _notify_loop /usr/local/lib/python3.8/dist-packages/neutron_lib/callbacks/manager.py:176}}
May 09 17:56:07.901752 dv-neutron-841151-1-hyperv neutron-server[104107]: INFO neutron.wsgi [None req-f1e0ad8b-4764-43fe-8dc9-dc79fda93cd7 tempest-QuotasNegativeTest-834565992 tempest-QuotasNegativeTest-834565992-project-admin] 10.222.0.32 "DELETE /v2.0/security-groups/fe2ff458-c825-4501-8aea-f29c33937891 HTTP/1.1" status: 204 len: 168 time: 0.6252820
May 09 17:56:07.909974 dv-neutron-841151-1-hyperv neutron-server[104107]: DEBUG neutron.wsgi [-] (104107) accepted ('10.222.0.32', 52724) {{(pid=104107) server /usr/local/lib/python3.8/dist-packages/eventlet/wsgi.py:1004}}
May 09 17:56:07.935496 dv-neutron-841151-1-hyperv neutron-server[104107]: DEBUG neutron.api.rpc.handlers.resources_rpc [None req-f1e0ad8b-4764-43fe-8dc9-dc79fda93cd7 tempest-QuotasNegativeTest-834565992 tempest-QuotasNegativeTest-834565992-project-admin] Pushing event deleted for resources: {'SecurityGroup': ['ID=fe2ff458-c825-4501-8aea-f29c33937891,revision_number=None']} {{(pid=104107) push /opt/stack/neutron/neutron/api/rpc/handlers/resources_rpc.py:237}}
May 09 17:56:07.965536 dv-neutron-841151-1-hyperv neutron-server[104106]: DEBUG neutron.scheduler.dhcp_agent_scheduler [None req-caafc8e0-d2f9-4b88-bb33-785e5b65fd57 tempest-RoutersIpV6AdminTest-514098785 tempest-RoutersIpV6AdminTest-514098785-project-admin] Network f374839d-e4d3-46c2-a46a-9ee2e1819427 is scheduled to be hosted by DHCP agent 787f0911-e589-4f1e-a237-ae12e234d849 with binding_index 1 {{(pid=104106) bind /opt/stack/neutron/neutron/scheduler/dhcp_agent_scheduler.py:227}}
May 09 17:56:08.016958 dv-neutron-841151-1-hyperv neutron-server[104108]: DEBUG neutron.plugins.ml2.managers [None req-59f03270-fb4e-4225-940a-aa238a10e57a None None] Attempting to bind port fbf7ff03-88f1-4be3-a9ed-56cda9342708 on host dv-neutron-841151-1-hyperv for vnic_type normal with profile {{(pid=104108) bind_port /opt/stack/neutron/neutron/plugins/ml2/managers.py:795}}
May 09 17:56:08.017437 dv-neutron-841151-1-hyperv neutron-server[104108]: DEBUG neutron.plugins.ml2.managers [None req-59f03270-fb4e-4225-940a-aa238a10e57a None None] Attempting to bind port fbf7ff03-88f1-4be3-a9ed-56cda9342708 by drivers openvswitch,hyperv on host dv-neutron-841151-1-hyperv at level 0 using segments [{'id': '737ff5af-0c62-45f4-aa60-c2a37b80b219', 'network_type': 'vlan', 'physical_network': 'physnet1', 'segmentation_id': 112, 'network_id': '391fa9fe-ac9d-43fc-8a19-056a441cd1f8'}] {{(pid=104108) _bind_port_level /opt/stack/neutron/neutron/plugins/ml2/managers.py:820}}
May 09 17:56:08.017780 dv-neutron-841151-1-hyperv neutron-server[104108]: DEBUG neutron.plugins.ml2.drivers.mech_agent [None req-59f03270-fb4e-4225-940a-aa238a10e57a None None] Attempting to bind port fbf7ff03-88f1-4be3-a9ed-56cda9342708 on network 391fa9fe-ac9d-43fc-8a19-056a441cd1f8 {{(pid=104108) bind_port /opt/stack/neutron/neutron/plugins/ml2/drivers/mech_agent.py:91}}
May 09 17:56:08.028487 dv-neutron-841151-1-hyperv neutron-server[104106]: DEBUG neutron.scheduler.base_scheduler [None req-caafc8e0-d2f9-4b88-bb33-785e5b65fd57 tempest-RoutersIpV6AdminTest-514098785 tempest-RoutersIpV6AdminTest-514098785-project-admin] Resources bound (agent type, host, resource id): (DHCP agent, dv-neutron-841151-1-hyperv, f374839d-e4d3-46c2-a46a-9ee2e1819427) {{(pid=104106) schedule /opt/stack/neutron/neutron/scheduler/base_scheduler.py:57}}
May 09 17:56:08.029098 dv-neutron-841151-1-hyperv neutron-server[104108]: DEBUG neutron.plugins.ml2.drivers.mech_agent [None req-59f03270-fb4e-4225-940a-aa238a10e57a None None] Checking agent: {'id': '0fdc2133-34d1-4483-a3dc-220be851a229', 'agent_type': 'Open vSwitch agent', 'binary': 'neutron-openvswitch-agent', 'topic': 'N/A', 'host': 'dv-neutron-841151-1-hyperv', 'admin_state_up': True, 'created_at': datetime.datetime(2022, 5, 9, 17, 48, 1), 'started_at': datetime.datetime(2022, 5, 9, 17, 48, 31), 'heartbeat_timestamp': datetime.datetime(2022, 5, 9, 17, 56, 1), 'description': None, 'resources_synced': None, 'availability_zone': None, 'alive': True, 'configurations': {'arp_responder_enabled': False, 'baremetal_smartnic': False, 'bridge_mappings': {'physnet1': 'br-data'}, 'datapath_type': 'system', 'devices': 0, 'enable_distributed_routing': False, 'extensions': [], 'in_distributed_mode': False, 'integration_bridge': 'br-int', 'l2_population': False, 'log_agent_heartbeats': False, 'ovs_capabilities': {'datapath_types': ['netdev', 'system'], 'iface_types': ['erspan', 'geneve', 'gre', 'internal', 'ip6erspan', 'ip6gre', 'lisp', 'patch', 'stt', 'system', 'tap', 'vxlan']}, 'ovs_hybrid_plug': False, 'resource_provider_bandwidths': {}, 'resource_provider_hypervisors': {'br-data': 'dv-neutron-841151-1-hyperv'}, 'resource_provider_inventory_defaults': {'allocation_ratio': 1.0, 'min_unit': 1, 'step_size': 1, 'reserved': 0}, 'resource_provider_packet_processing_inventory_defaults': {'allocation_ratio': 1.0, 'min_unit': 1, 'step_size': 1, 'reserved': 0}, 'resource_provider_packet_processing_with_direction': {}, 'resource_provider_packet_processing_without_direction': {}, 'tunnel_types': [], 'tunneling_ip': None, 'vhostuser_socket_dir': '/var/run/openvswitch'}, 'resource_versions': {'AddressGroup': '1.2', 'Agent': '1.1', 'ConntrackHelper': '1.0', 'LocalIPAssociation': '1.0', 'Log': '1.0', 'NDPProxy': '1.0', 'Network': '1.1', 'Port': '1.7', 'PortForwarding': '1.3', 'QosPolicy': '1.10', 'SecurityGroup': '1.5', 'SecurityGroupRule': '1.2', 'SubPort': '1.0', 'Subnet': '1.1', 'Trunk': '1.1'}} {{(pid=104108) bind_port /opt/stack/neutron/neutron/plugins/ml2/drivers/mech_agent.py:110}}
May 09 17:56:08.030229 dv-neutron-841151-1-hyperv neutron-server[104108]: DEBUG neutron.plugins.ml2.drivers.mech_agent [None req-59f03270-fb4e-4225-940a-aa238a10e57a None None] Checking segment: {'id': '737ff5af-0c62-45f4-aa60-c2a37b80b219', 'network_type': 'vlan', 'physical_network': 'physnet1', 'segmentation_id': 112, 'network_id': '391fa9fe-ac9d-43fc-8a19-056a441cd1f8'} for mappings: {'physnet1': 'br-data'} with network types: ['local', 'flat', 'vlan'] {{(pid=104108) check_segment_for_agent /opt/stack/neutron/neutron/plugins/ml2/drivers/mech_agent.py:373}}
May 09 17:56:08.030580 dv-neutron-841151-1-hyperv neutron-server[104106]: DEBUG neutron.db.db_base_plugin_common [None req-2cf306c1-e5ae-41b5-9624-e13f51157474 tempest-DHCPAgentSchedulersTestJSON-1653746817 tempest-DHCPAgentSchedulersTestJSON-1653746817-project] Allocated IP 172.20.0.13 (391fa9fe-ac9d-43fc-8a19-056a441cd1f8/1308d36a-349a-4b4f-851a-4576d9e3a1ba/770dc9fd-5754-4c6c-af03-e0899646376f) {{(pid=104106) _store_ip_allocation /opt/stack/neutron/neutron/db/db_base_plugin_common.py:131}}
May 09 17:56:08.030682 dv-neutron-841151-1-hyperv neutron-server[104108]: DEBUG neutron_lib.callbacks.manager [None req-59f03270-fb4e-4225-940a-aa238a10e57a None None] Publish callbacks [] for ovs_bridge_name (None), before_read {{(pid=104108) _notify_loop /usr/local/lib/python3.8/dist-packages/neutron_lib/callbacks/manager.py:176}}
May 09 17:56:08.031038 dv-neutron-841151-1-hyperv neutron-server[104108]: DEBUG neutron.plugins.ml2.drivers.mech_agent [None req-59f03270-fb4e-4225-940a-aa238a10e57a None None] Bound using segment: {'id': '737ff5af-0c62-45f4-aa60-c2a37b80b219', 'network_type': 'vlan', 'physical_network': 'physnet1', 'segmentation_id': 112, 'network_id': '391fa9fe-ac9d-43fc-8a19-056a441cd1f8'} {{(pid=104108) bind_port /opt/stack/neutron/neutron/plugins/ml2/drivers/mech_agent.py:120}}
May 09 17:56:08.031740 dv-neutron-841151-1-hyperv neutron-server[104108]: DEBUG neutron.plugins.ml2.managers [None req-59f03270-fb4e-4225-940a-aa238a10e57a None None] Bound port: fbf7ff03-88f1-4be3-a9ed-56cda9342708, host: dv-neutron-841151-1-hyperv, vif_type: ovs, vif_details: {"connectivity": "l2", "port_filter": true, "ovs_hybrid_plug": false, "datapath_type": "system", "bridge_name": "br-int"}, binding_levels: [{'bound_driver': 'openvswitch', 'bound_segment': {'id': '737ff5af-0c62-45f4-aa60-c2a37b80b219', 'network_type': 'vlan', 'physical_network': 'physnet1', 'segmentation_id': 112, 'network_id': '391fa9fe-ac9d-43fc-8a19-056a441cd1f8'}}] {{(pid=104108) _bind_port_level /opt/stack/neutron/neutron/plugins/ml2/managers.py:932}}
May 09 17:56:08.032671 dv-neutron-841151-1-hyperv neutron-server[104108]: DEBUG neutron_lib.callbacks.manager [None req-59f03270-fb4e-4225-940a-aa238a10e57a None None] Publish callbacks ['neutron.plugins.ml2.plugin.SecurityGroupDbMixin._ensure_default_security_group_handler-727918'] for port (fbf7ff03-88f1-4be3-a9ed-56cda9342708), before_update {{(pid=104108) _notify_loop /usr/local/lib/python3.8/dist-packages/neutron_lib/callbacks/manager.py:176}}
May 09 17:56:08.034683 dv-neutron-841151-1-hyperv neutron-server[104106]: DEBUG neutron_lib.callbacks.manager [None req-963a7aec-577f-4c79-90de-ba0a40bd17db tempest-RoutersAdminNegativeTest-499802574 tempest-RoutersAdminNegativeTest-499802574-project-admin] Publish callbacks [] for port (6ea9aaa6-8019-4c58-827d-586a28d28b97), precommit_create {{(pid=104106) _notify_loop /usr/local/lib/python3.8/dist-packages/neutron_lib/callbacks/manager.py:176}}
May 09 17:56:08.049775 dv-neutron-841151-1-hyperv neutron-server[104106]: DEBUG neutron.pecan_wsgi.hooks.policy_enforcement [None req-caafc8e0-d2f9-4b88-bb33-785e5b65fd57 tempest-RoutersIpV6AdminTest-514098785 tempest-RoutersIpV6AdminTest-514098785-project-admin] Attributes excluded by policy engine: ['standard_attr_id', 'shared', 'network'] {{(pid=104106) _exclude_attributes_by_policy /opt/stack/neutron/neutron/pecan_wsgi/hooks/policy_enforcement.py:259}}
May 09 17:56:08.050454 dv-neutron-841151-1-hyperv neutron-server[104106]: DEBUG neutron_lib.callbacks.manager [None req-caafc8e0-d2f9-4b88-bb33-785e5b65fd57 tempest-RoutersIpV6AdminTest-514098785 tempest-RoutersIpV6AdminTest-514098785-project-admin] Publish callbacks ['neutron.api.rpc.agentnotifiers.dhcp_rpc_agent_api.DhcpAgentNotifyAPI._send_dhcp_notification-16295018'] for subnet (None), before_response {{(pid=104106) _notify_loop /usr/local/lib/python3.8/dist-packages/neutron_lib/callbacks/manager.py:176}}
May 09 17:56:08.072116 dv-neutron-841151-1-hyperv neutron-server[104107]: DEBUG neutron_lib.callbacks.manager [None req-8b5b4c39-17c6-470a-878c-4a09222f71bf tempest-QuotasNegativeTest-834565992 tempest-QuotasNegativeTest-834565992-project-admin] Publish callbacks ['neutron.plugins.ml2.plugin.External_net_db_mixin._before_network_delete_handler-650509'] for network (d13acd23-eb61-4ab2-b1e7-f86cb82da668), before_delete {{(pid=104107) _notify_loop /usr/local/lib/python3.8/dist-packages/neutron_lib/callbacks/manager.py:176}}
May 09 17:56:08.085023 dv-neutron-841151-1-hyperv neutron-server[104106]: INFO neutron.wsgi [None req-caafc8e0-d2f9-4b88-bb33-785e5b65fd57 tempest-RoutersIpV6AdminTest-514098785 tempest-RoutersIpV6AdminTest-514098785-project-admin] 10.222.0.32 "POST /v2.0/subnets HTTP/1.1" status: 201 len: 822 time: 2.3745360
May 09 17:56:08.093859 dv-neutron-841151-1-hyperv neutron-server[104107]: DEBUG neutron.wsgi [-] (104107) accepted ('10.222.0.32', 52726) {{(pid=104107) server /usr/local/lib/python3.8/dist-packages/eventlet/wsgi.py:1004}}
May 09 17:56:08.104104 dv-neutron-841151-1-hyperv neutron-server[104107]: DEBUG neutron.api.v2.base [None req-31083721-928b-4328-b4e1-d53e502812c0 tempest-RoutersIpV6AdminTest-514098785 tempest-RoutersIpV6AdminTest-514098785-project-admin] Request body: {'port': {'name': 'tempest-RoutersIpV6AdminTest-1838241221', 'network_id': 'f374839d-e4d3-46c2-a46a-9ee2e1819427'}} {{(pid=104107) prepare_request_body /opt/stack/neutron/neutron/api/v2/base.py:730}}
May 09 17:56:08.149832 dv-neutron-841151-1-hyperv neutron-server[104108]: DEBUG neutron.api.rpc.handlers.dhcp_rpc [None req-e0956caf-7dac-4d55-8378-8a29190e8705 None None] Network f374839d-e4d3-46c2-a46a-9ee2e1819427 requested from dv-neutron-841151-1-hyperv {{(pid=104108) get_network_info /opt/stack/neutron/neutron/api/rpc/handlers/dhcp_rpc.py:191}}
May 09 17:56:08.157956 dv-neutron-841151-1-hyperv neutron-server[104108]: DEBUG neutron.plugins.ml2.rpc [None req-6f21860d-825d-40c4-8285-75c0f88f104a None None] Device 9def514a-fb27-40a3-8b12-fe79661bfffb up at agent ovs-agent-dv-neutron-841151-1-hyperv {{(pid=104108) update_device_up /opt/stack/neutron/neutron/plugins/ml2/rpc.py:296}}
May 09 17:56:08.169407 dv-neutron-841151-1-hyperv neutron-server[104108]: DEBUG neutron.plugins.ml2.db [None req-59f03270-fb4e-4225-940a-aa238a10e57a None None] For port fbf7ff03-88f1-4be3-a9ed-56cda9342708, host dv-neutron-841151-1-hyperv, cleared binding levels {{(pid=104108) clear_binding_levels /opt/stack/neutron/neutron/plugins/ml2/db.py:87}}
May 09 17:56:08.185907 dv-neutron-841151-1-hyperv neutron-server[104107]: DEBUG neutron.scheduler.l3_agent_scheduler [None req-0068ad41-c089-49f0-b241-e748a347da66 admin admin] Router 93bc774e-300d-4017-a9a5-f7d27ff37d5a is scheduled to L3 agent cc5af5ae-6bfa-4c1b-9f09-345392c46f1b with binding_index 1 {{(pid=104107) bind_router /opt/stack/neutron/neutron/scheduler/l3_agent_scheduler.py:209}}
May 09 17:56:08.199340 dv-neutron-841151-1-hyperv neutron-server[104107]: DEBUG neutron.pecan_wsgi.hooks.quota_enforcement [None req-31083721-928b-4328-b4e1-d53e502812c0 tempest-RoutersIpV6AdminTest-514098785 tempest-RoutersIpV6AdminTest-514098785-project-admin] Made reservation on behalf of b63141bb6acd45b78d3a6a4a1e53ac51 for: {'port': 1} {{(pid=104107) before /opt/stack/neutron/neutron/pecan_wsgi/hooks/quota_enforcement.py:53}}
May 09 17:56:08.201724 dv-neutron-841151-1-hyperv neutron-server[104107]: DEBUG neutron_lib.callbacks.manager [None req-31083721-928b-4328-b4e1-d53e502812c0 tempest-RoutersIpV6AdminTest-514098785 tempest-RoutersIpV6AdminTest-514098785-project-admin] Publish callbacks ['neutron.plugins.ml2.plugin.SecurityGroupDbMixin._ensure_default_security_group_handler-727918'] for port (None), before_create {{(pid=104107) _notify_loop /usr/local/lib/python3.8/dist-packages/neutron_lib/callbacks/manager.py:176}}
May 09 17:56:08.261095 dv-neutron-841151-1-hyperv neutron-server[104108]: DEBUG neutron.plugins.ml2.db [None req-59f03270-fb4e-4225-940a-aa238a10e57a None None] For port fbf7ff03-88f1-4be3-a9ed-56cda9342708, host dv-neutron-841151-1-hyperv, set binding levels [PortBindingLevel(driver='openvswitch',host='dv-neutron-841151-1-hyperv',level=0,port_id=fbf7ff03-88f1-4be3-a9ed-56cda9342708,segment=NetworkSegment(737ff5af-0c62-45f4-aa60-c2a37b80b219),segment_id=737ff5af-0c62-45f4-aa60-c2a37b80b219)] {{(pid=104108) set_binding_levels /opt/stack/neutron/neutron/plugins/ml2/db.py:59}}
May 09 17:56:08.272815 dv-neutron-841151-1-hyperv neutron-server[104108]: DEBUG neutron.plugins.ml2.plugin [None req-9e5d2a15-efd3-437c-ba1c-a81156288b65 None None] Current status of the port ddcfbbf0-2e87-470f-b61c-21b7f1f8d22b is: DOWN; New status is: ACTIVE {{(pid=104108) _update_individual_port_db_status /opt/stack/neutron/neutron/plugins/ml2/plugin.py:2296}}
May 09 17:56:08.273350 dv-neutron-841151-1-hyperv neutron-server[104108]: DEBUG neutron_lib.callbacks.manager [None req-9e5d2a15-efd3-437c-ba1c-a81156288b65 None None] Publish callbacks ['neutron.plugins.ml2.plugin.SecurityGroupDbMixin._ensure_default_security_group_handler-727918'] for port (ddcfbbf0-2e87-470f-b61c-21b7f1f8d22b), before_update {{(pid=104108) _notify_loop /usr/local/lib/python3.8/dist-packages/neutron_lib/callbacks/manager.py:176}}
May 09 17:56:08.293143 dv-neutron-841151-1-hyperv neutron-server[104107]: DEBUG neutron.notifiers.nova [None req-31083721-928b-4328-b4e1-d53e502812c0 tempest-RoutersIpV6AdminTest-514098785 tempest-RoutersIpV6AdminTest-514098785-project-admin] device_id is not set on port c4b8f676-6a1f-4e53-ad9f-53a77778981c yet. {{(pid=104107) _can_notify /opt/stack/neutron/neutron/notifiers/nova.py:199}}
May 09 17:56:08.293591 dv-neutron-841151-1-hyperv neutron-server[104108]: DEBUG neutron_lib.callbacks.manager [None req-59f03270-fb4e-4225-940a-aa238a10e57a None None] Publish callbacks ['neutron.plugins.ml2.plugin.SecurityGroupServerNotifierRpcMixin._notify_sg_on_port_change-728000', 'neutron.plugins.ml2.ovo_rpc._ObjectChangeHandler.handle_event-486639', 'neutron.api.rpc.agentnotifiers.dhcp_rpc_agent_api.DhcpAgentNotifyAPI._native_event_send_dhcp_notification-16294980', 'neutron.db.l3_db.L3RpcNotifierMixin._notify_gateway_port_ip_changed-8755181959819', 'neutron.db.l3_dvrscheduler_db._notify_l3_agent_port_update-8755181662585', 'neutron.db.l3_hascheduler_db._notify_l3_agent_ha_port_update-8755181662603'] for port (fbf7ff03-88f1-4be3-a9ed-56cda9342708), after_update {{(pid=104108) _notify_loop /usr/local/lib/python3.8/dist-packages/neutron_lib/callbacks/manager.py:176}}
May 09 17:56:08.322823 dv-neutron-841151-1-hyperv neutron-server[104106]: DEBUG neutron_lib.callbacks.manager [None req-963a7aec-577f-4c79-90de-ba0a40bd17db tempest-RoutersAdminNegativeTest-499802574 tempest-RoutersAdminNegativeTest-499802574-project-admin] Publish callbacks ['neutron.plugins.ml2.plugin.SecurityGroupServerNotifierRpcMixin._notify_sg_on_port_change-728000', 'neutron.plugins.ml2.ovo_rpc._ObjectChangeHandler.handle_event-486639', 'neutron.api.rpc.agentnotifiers.dhcp_rpc_agent_api.DhcpAgentNotifyAPI._native_event_send_dhcp_notification-16294980', 'neutron.db.l3_dvrscheduler_db._notify_l3_agent_new_port-8755181662567'] for port (6ea9aaa6-8019-4c58-827d-586a28d28b97), after_create {{(pid=104106) _notify_loop /usr/local/lib/python3.8/dist-packages/neutron_lib/callbacks/manager.py:176}}
May 09 17:56:08.324281 dv-neutron-841151-1-hyperv neutron-server[104106]: DEBUG neutron.scheduler.l3_agent_scheduler [None req-f0d4cb69-a626-47cd-97dc-995515fdbbfa admin admin] Router f16d8491-e339-4804-a3c2-32a50780be7c is scheduled to L3 agent cc5af5ae-6bfa-4c1b-9f09-345392c46f1b with binding_index 1 {{(pid=104106) bind_router /opt/stack/neutron/neutron/scheduler/l3_agent_scheduler.py:209}}
May 09 17:56:08.390514 dv-neutron-841151-1-hyperv neutron-server[104108]: DEBUG neutron.plugins.ml2.db [None req-9e5d2a15-efd3-437c-ba1c-a81156288b65 None None] For port ddcfbbf0-2e87-470f-b61c-21b7f1f8d22b, host dv-neutron-841151-1-hyperv, got binding levels [PortBindingLevel(driver='openvswitch',host='dv-neutron-841151-1-hyperv',level=0,port_id=ddcfbbf0-2e87-470f-b61c-21b7f1f8d22b,segment=NetworkSegment(d3edb94f-4ed8-4b06-9c17-dc340742c9e2),segment_id=d3edb94f-4ed8-4b06-9c17-dc340742c9e2)] {{(pid=104108) get_binding_level_objs /opt/stack/neutron/neutron/plugins/ml2/db.py:74}}
May 09 17:56:08.403490 dv-neutron-841151-1-hyperv neutron-server[104108]: DEBUG neutron_lib.callbacks.manager [None req-9e5d2a15-efd3-437c-ba1c-a81156288b65 None None] Publish callbacks ['neutron.plugins.ml2.plugin.SecurityGroupServerNotifierRpcMixin._notify_sg_on_port_change-728000', 'neutron.plugins.ml2.ovo_rpc._ObjectChangeHandler.handle_event-486639', 'neutron.api.rpc.agentnotifiers.dhcp_rpc_agent_api.DhcpAgentNotifyAPI._native_event_send_dhcp_notification-16294980', 'neutron.db.l3_db.L3RpcNotifierMixin._notify_gateway_port_ip_changed-8755181959819', 'neutron.db.l3_dvrscheduler_db._notify_l3_agent_port_update-8755181662585', 'neutron.db.l3_hascheduler_db._notify_l3_agent_ha_port_update-8755181662603'] for port (ddcfbbf0-2e87-470f-b61c-21b7f1f8d22b), after_update {{(pid=104108) _notify_loop /usr/local/lib/python3.8/dist-packages/neutron_lib/callbacks/manager.py:176}}
May 09 17:56:08.412164 dv-neutron-841151-1-hyperv neutron-server[104107]: DEBUG neutron_lib.callbacks.manager [None req-8b5b4c39-17c6-470a-878c-4a09222f71bf tempest-QuotasNegativeTest-834565992 tempest-QuotasNegativeTest-834565992-project-admin] Publish callbacks ['neutron.plugins.ml2.plugin.Ml2Plugin._network_delete_precommit_handler-673895', 'neutron.services.segments.db._delete_segments_for_network-8755182223638'] for network (d13acd23-eb61-4ab2-b1e7-f86cb82da668), precommit_delete {{(pid=104107) _notify_loop /usr/local/lib/python3.8/dist-packages/neutron_lib/callbacks/manager.py:176}}
May 09 17:56:08.452738 dv-neutron-841151-1-hyperv neutron-server[104107]: DEBUG neutron_lib.callbacks.manager [None req-8b5b4c39-17c6-470a-878c-4a09222f71bf tempest-QuotasNegativeTest-834565992 tempest-QuotasNegativeTest-834565992-project-admin] Subscribe: > segment before_delete 55550000 {{(pid=104107) subscribe /usr/local/lib/python3.8/dist-packages/neutron_lib/callbacks/manager.py:45}}
May 09 17:56:08.453093 dv-neutron-841151-1-hyperv neutron-server[104108]: DEBUG neutron.db.provisioning_blocks [None req-6f21860d-825d-40c4-8285-75c0f88f104a None None] Provisioning complete for port 9def514a-fb27-40a3-8b12-fe79661bfffb triggered by entity L2. {{(pid=104108) provisioning_complete /opt/stack/neutron/neutron/db/provisioning_blocks.py:145}}
May 09 17:56:08.453499 dv-neutron-841151-1-hyperv neutron-server[104108]: DEBUG neutron_lib.callbacks.manager [None req-6f21860d-825d-40c4-8285-75c0f88f104a None None] Publish callbacks ['neutron.plugins.ml2.plugin.Ml2Plugin._port_provisioned-738814'] for port (9def514a-fb27-40a3-8b12-fe79661bfffb), provisioning_complete {{(pid=104108) _notify_loop /usr/local/lib/python3.8/dist-packages/neutron_lib/callbacks/manager.py:176}}
May 09 17:56:08.455889 dv-neutron-841151-1-hyperv neutron-server[104107]: DEBUG neutron_lib.callbacks.manager [None req-8b5b4c39-17c6-470a-878c-4a09222f71bf tempest-QuotasNegativeTest-834565992 tempest-QuotasNegativeTest-834565992-project-admin] Subscribe: > subnet precommit_delete_associations 55550000 {{(pid=104107) subscribe /usr/local/lib/python3.8/dist-packages/neutron_lib/callbacks/manager.py:45}}
May 09 17:56:08.456998 dv-neutron-841151-1-hyperv neutron-server[104107]: DEBUG neutron_lib.callbacks.manager [None req-8b5b4c39-17c6-470a-878c-4a09222f71bf tempest-QuotasNegativeTest-834565992 tempest-QuotasNegativeTest-834565992-project-admin] Subscribe: > segment_host_mapping after_create 55550000 {{(pid=104107) subscribe /usr/local/lib/python3.8/dist-packages/neutron_lib/callbacks/manager.py:45}}
May 09 17:56:08.459352 dv-neutron-841151-1-hyperv neutron-server[104107]: DEBUG neutron_lib.callbacks.manager [None req-8b5b4c39-17c6-470a-878c-4a09222f71bf tempest-QuotasNegativeTest-834565992 tempest-QuotasNegativeTest-834565992-project-admin] Subscribe: > port after_create 55550000 {{(pid=104107) subscribe /usr/local/lib/python3.8/dist-packages/neutron_lib/callbacks/manager.py:45}}
May 09 17:56:08.459920 dv-neutron-841151-1-hyperv neutron-server[104107]: DEBUG neutron_lib.callbacks.manager [None req-8b5b4c39-17c6-470a-878c-4a09222f71bf tempest-QuotasNegativeTest-834565992 tempest-QuotasNegativeTest-834565992-project-admin] Subscribe: > port after_delete 55550000 {{(pid=104107) subscribe /usr/local/lib/python3.8/dist-packages/neutron_lib/callbacks/manager.py:45}}
May 09 17:56:08.461891 dv-neutron-841151-1-hyperv neutron-server[104107]: DEBUG neutron_lib.callbacks.manager [None req-8b5b4c39-17c6-470a-878c-4a09222f71bf tempest-QuotasNegativeTest-834565992 tempest-QuotasNegativeTest-834565992-project-admin] Subscribe: > port after_update 55550000 {{(pid=104107) subscribe /usr/local/lib/python3.8/dist-packages/neutron_lib/callbacks/manager.py:45}}
May 09 17:56:08.462565 dv-neutron-841151-1-hyperv neutron-server[104107]: DEBUG neutron_lib.callbacks.manager [None req-8b5b4c39-17c6-470a-878c-4a09222f71bf tempest-QuotasNegativeTest-834565992 tempest-QuotasNegativeTest-834565992-project-admin] Subscribe: > segment after_delete 55550000 {{(pid=104107) subscribe /usr/local/lib/python3.8/dist-packages/neutron_lib/callbacks/manager.py:45}}
May 09 17:56:08.465388 dv-neutron-841151-1-hyperv neutron-server[104107]: DEBUG neutron_lib.callbacks.manager [None req-8b5b4c39-17c6-470a-878c-4a09222f71bf tempest-QuotasNegativeTest-834565992 tempest-QuotasNegativeTest-834565992-project-admin] Subscribe: > subnet after_create 55550000 {{(pid=104107) subscribe /usr/local/lib/python3.8/dist-packages/neutron_lib/callbacks/manager.py:45}}
May 09 17:56:08.465941 dv-neutron-841151-1-hyperv neutron-server[104107]: DEBUG neutron_lib.callbacks.manager [None req-8b5b4c39-17c6-470a-878c-4a09222f71bf tempest-QuotasNegativeTest-834565992 tempest-QuotasNegativeTest-834565992-project-admin] Subscribe: > subnet after_delete 55550000 {{(pid=104107) subscribe /usr/local/lib/python3.8/dist-packages/neutron_lib/callbacks/manager.py:45}}
May 09 17:56:08.466045 dv-neutron-841151-1-hyperv neutron-server[104106]: DEBUG neutron.scheduler.dhcp_agent_scheduler [None req-963a7aec-577f-4c79-90de-ba0a40bd17db tempest-RoutersAdminNegativeTest-499802574 tempest-RoutersAdminNegativeTest-499802574-project-admin] Network 3a7d7677-8f0e-4f03-b488-187cf36a9bde is already hosted by enough agents. {{(pid=104106) _get_dhcp_agents_hosting_network /opt/stack/neutron/neutron/scheduler/dhcp_agent_scheduler.py:275}}
May 09 17:56:08.466702 dv-neutron-841151-1-hyperv neutron-server[104107]: DEBUG neutron_lib.callbacks.manager [None req-8b5b4c39-17c6-470a-878c-4a09222f71bf tempest-QuotasNegativeTest-834565992 tempest-QuotasNegativeTest-834565992-project-admin] Subscribe: > subnet after_update 55550000 {{(pid=104107) subscribe /usr/local/lib/python3.8/dist-packages/neutron_lib/callbacks/manager.py:45}}
May 09 17:56:08.482167 dv-neutron-841151-1-hyperv neutron-server[104108]: DEBUG neutron.api.rpc.handlers.dhcp_rpc [None req-a724db47-d7af-43a4-a9c4-f74d3b116dc0 None None] Network f374839d-e4d3-46c2-a46a-9ee2e1819427 requested from dv-neutron-841151-1-hyperv {{(pid=104108) get_network_info /opt/stack/neutron/neutron/api/rpc/handlers/dhcp_rpc.py:191}}
May 09 17:56:08.486018 dv-neutron-841151-1-hyperv neutron-server[104108]: DEBUG neutron.api.rpc.handlers.resources_rpc [None req-59f03270-fb4e-4225-940a-aa238a10e57a None None] Pushing event updated for resources: {'Port': ['ID=fbf7ff03-88f1-4be3-a9ed-56cda9342708,revision_number=2']} {{(pid=104108) push /opt/stack/neutron/neutron/api/rpc/handlers/resources_rpc.py:237}}
May 09 17:56:08.511715 dv-neutron-841151-1-hyperv neutron-server[104106]: DEBUG neutron.scheduler.base_scheduler [None req-963a7aec-577f-4c79-90de-ba0a40bd17db tempest-RoutersAdminNegativeTest-499802574 tempest-RoutersAdminNegativeTest-499802574-project-admin] Resources bound (agent type, host, resource id): {{(pid=104106) schedule /opt/stack/neutron/neutron/scheduler/base_scheduler.py:57}}
May 09 17:56:08.529588 dv-neutron-841151-1-hyperv neutron-server[104106]: DEBUG neutron.db.l3_dvrscheduler_db [None req-963a7aec-577f-4c79-90de-ba0a40bd17db tempest-RoutersAdminNegativeTest-499802574 tempest-RoutersAdminNegativeTest-499802574-project-admin] Received port after_create {{(pid=104106) _notify_l3_agent_new_port /opt/stack/neutron/neutron/db/l3_dvrscheduler_db.py:536}}
May 09 17:56:08.530522 dv-neutron-841151-1-hyperv neutron-server[104106]: DEBUG neutron.pecan_wsgi.hooks.policy_enforcement [None req-963a7aec-577f-4c79-90de-ba0a40bd17db tempest-RoutersAdminNegativeTest-499802574 tempest-RoutersAdminNegativeTest-499802574-project-admin] Attributes excluded by policy engine: ['standard_attr_id', 'network'] {{(pid=104106) _exclude_attributes_by_policy /opt/stack/neutron/neutron/pecan_wsgi/hooks/policy_enforcement.py:259}}
May 09 17:56:08.531126 dv-neutron-841151-1-hyperv neutron-server[104106]: DEBUG neutron_lib.callbacks.manager [None req-963a7aec-577f-4c79-90de-ba0a40bd17db tempest-RoutersAdminNegativeTest-499802574 tempest-RoutersAdminNegativeTest-499802574-project-admin] Publish callbacks ['neutron.notifiers.nova.Notifier._send_nova_notification-28875', 'neutron.api.rpc.agentnotifiers.dhcp_rpc_agent_api.DhcpAgentNotifyAPI._send_dhcp_notification-16295018'] for port (None), before_response {{(pid=104106) _notify_loop /usr/local/lib/python3.8/dist-packages/neutron_lib/callbacks/manager.py:176}}
May 09 17:56:08.548197 dv-neutron-841151-1-hyperv neutron-server[104106]: DEBUG neutron.api.rpc.handlers.resources_rpc [None req-963a7aec-577f-4c79-90de-ba0a40bd17db tempest-RoutersAdminNegativeTest-499802574 tempest-RoutersAdminNegativeTest-499802574-project-admin] Pushing event updated for resources: {'Port': ['ID=6ea9aaa6-8019-4c58-827d-586a28d28b97,revision_number=1']} {{(pid=104106) push /opt/stack/neutron/neutron/api/rpc/handlers/resources_rpc.py:237}}
May 09 17:56:08.556949 dv-neutron-841151-1-hyperv neutron-server[104106]: DEBUG neutron.db.db_base_plugin_common [None req-3e40bbf2-1d1e-4354-82cb-a8c9f522619c admin admin] Allocated IP 172.26.8.167 (3a7d7677-8f0e-4f03-b488-187cf36a9bde/1873af7e-9b71-419c-9131-a08d1ace9ad7/2ee2b65e-6987-486d-a53b-7bc5393788c7) {{(pid=104106) _store_ip_allocation /opt/stack/neutron/neutron/db/db_base_plugin_common.py:131}}
May 09 17:56:08.607283 dv-neutron-841151-1-hyperv neutron-server[104106]: DEBUG neutron_lib.callbacks.manager [None req-2cf306c1-e5ae-41b5-9624-e13f51157474 tempest-DHCPAgentSchedulersTestJSON-1653746817 tempest-DHCPAgentSchedulersTestJSON-1653746817-project] Publish callbacks [] for port (770dc9fd-5754-4c6c-af03-e0899646376f), precommit_create {{(pid=104106) _notify_loop /usr/local/lib/python3.8/dist-packages/neutron_lib/callbacks/manager.py:176}}
May 09 17:56:08.626843 dv-neutron-841151-1-hyperv neutron-server[104108]: DEBUG neutron.db.provisioning_blocks [None req-1f7f80cb-35ad-4513-8d81-9023fe22a148 None None] Provisioning complete for port ddcfbbf0-2e87-470f-b61c-21b7f1f8d22b triggered by entity DHCP. {{(pid=104108) provisioning_complete /opt/stack/neutron/neutron/db/provisioning_blocks.py:145}}
May 09 17:56:08.627234 dv-neutron-841151-1-hyperv neutron-server[104108]: DEBUG neutron_lib.callbacks.manager [None req-1f7f80cb-35ad-4513-8d81-9023fe22a148 None None] Publish callbacks ['neutron.plugins.ml2.plugin.Ml2Plugin._port_provisioned-738814'] for port (ddcfbbf0-2e87-470f-b61c-21b7f1f8d22b), provisioning_complete {{(pid=104108) _notify_loop /usr/local/lib/python3.8/dist-packages/neutron_lib/callbacks/manager.py:176}}
May 09 17:56:08.647336 dv-neutron-841151-1-hyperv neutron-server[104106]: INFO neutron.wsgi [None req-963a7aec-577f-4c79-90de-ba0a40bd17db tempest-RoutersAdminNegativeTest-499802574 tempest-RoutersAdminNegativeTest-499802574-project-admin] 10.222.0.32 "POST /v2.0/ports HTTP/1.1" status: 201 len: 1032 time: 4.5322604
May 09 17:56:08.695958 dv-neutron-841151-1-hyperv neutron-server[104106]: DEBUG neutron.wsgi [-] (104106) accepted ('10.222.0.32', 52728) {{(pid=104106) server /usr/local/lib/python3.8/dist-packages/eventlet/wsgi.py:1004}}
May 09 17:56:08.702447 dv-neutron-841151-1-hyperv neutron-server[104108]: DEBUG neutron.api.rpc.handlers.resources_rpc [None req-9e5d2a15-efd3-437c-ba1c-a81156288b65 None None] Pushing event updated for resources: {'Port': ['ID=ddcfbbf0-2e87-470f-b61c-21b7f1f8d22b,revision_number=3']} {{(pid=104108) push /opt/stack/neutron/neutron/api/rpc/handlers/resources_rpc.py:237}}
May 09 17:56:08.783413 dv-neutron-841151-1-hyperv neutron-server[104106]: DEBUG neutron.api.v2.base [None req-04cf95a6-17c8-496c-8951-2ca9e43c4574 tempest-RoutersAdminNegativeTest-499802574 tempest-RoutersAdminNegativeTest-499802574-project-admin] Request body: {'router': {'external_gateway_info': {'network_id': '3a7d7677-8f0e-4f03-b488-187cf36a9bde', 'external_fixed_ips': [{'subnet_id': '1873af7e-9b71-419c-9131-a08d1ace9ad7', 'ip_address': '172.26.8.98'}]}}} {{(pid=104106) prepare_request_body /opt/stack/neutron/neutron/api/v2/base.py:730}}
May 09 17:56:08.792329 dv-neutron-841151-1-hyperv neutron-server[104108]: DEBUG neutron.api.rpc.handlers.dhcp_rpc [None req-58e83be2-57a6-4a61-9249-b048839c035a None None] Network 10339a7d-2d21-41ae-ac2b-39174764f970 requested from dv-neutron-841151-1-hyperv {{(pid=104108) get_network_info /opt/stack/neutron/neutron/api/rpc/handlers/dhcp_rpc.py:191}}
May 09 17:56:08.793201 dv-neutron-841151-1-hyperv neutron-server[104107]: DEBUG neutron_lib.callbacks.manager [None req-8b5b4c39-17c6-470a-878c-4a09222f71bf tempest-QuotasNegativeTest-834565992 tempest-QuotasNegativeTest-834565992-project-admin] Subscribe: > subnet after_create 55550000 {{(pid=104107) subscribe /usr/local/lib/python3.8/dist-packages/neutron_lib/callbacks/manager.py:45}}
May 09 17:56:08.793555 dv-neutron-841151-1-hyperv neutron-server[104107]: DEBUG neutron_lib.callbacks.manager [None req-8b5b4c39-17c6-470a-878c-4a09222f71bf tempest-QuotasNegativeTest-834565992 tempest-QuotasNegativeTest-834565992-project-admin] Subscribe: > subnet after_delete 55550000 {{(pid=104107) subscribe /usr/local/lib/python3.8/dist-packages/neutron_lib/callbacks/manager.py:45}}
May 09 17:56:08.793888 dv-neutron-841151-1-hyperv neutron-server[104107]: DEBUG neutron_lib.callbacks.manager [None req-8b5b4c39-17c6-470a-878c-4a09222f71bf tempest-QuotasNegativeTest-834565992 tempest-QuotasNegativeTest-834565992-project-admin] Subscribe: > subnet before_create 55550000 {{(pid=104107) subscribe /usr/local/lib/python3.8/dist-packages/neutron_lib/callbacks/manager.py:45}}
May 09 17:56:08.794220 dv-neutron-841151-1-hyperv neutron-server[104107]: DEBUG neutron_lib.callbacks.manager [None req-8b5b4c39-17c6-470a-878c-4a09222f71bf tempest-QuotasNegativeTest-834565992 tempest-QuotasNegativeTest-834565992-project-admin] Subscribe: > subnet before_update 55550000 {{(pid=104107) subscribe /usr/local/lib/python3.8/dist-packages/neutron_lib/callbacks/manager.py:45}}
May 09 17:56:08.794578 dv-neutron-841151-1-hyperv neutron-server[104107]: DEBUG neutron.services.segments.db [None req-8b5b4c39-17c6-470a-878c-4a09222f71bf tempest-QuotasNegativeTest-834565992 tempest-QuotasNegativeTest-834565992-project-admin] neutron.services.segments.plugin.Plugin method get_segments called with arguments (,) {'filters': {'network_id': ['d13acd23-eb61-4ab2-b1e7-f86cb82da668']}} {{(pid=104107) wrapper /usr/local/lib/python3.8/dist-packages/oslo_log/helpers.py:65}}
May 09 17:56:08.812072 dv-neutron-841151-1-hyperv neutron-server[104107]: DEBUG neutron.services.segments.db [None req-8b5b4c39-17c6-470a-878c-4a09222f71bf tempest-QuotasNegativeTest-834565992 tempest-QuotasNegativeTest-834565992-project-admin] neutron.services.segments.plugin.Plugin method delete_segment called with arguments (, '8ceaca71-0c6c-4c02-89c9-6536bded991f') {'for_net_delete': True} {{(pid=104107) wrapper /usr/local/lib/python3.8/dist-packages/oslo_log/helpers.py:65}}
May 09 17:56:08.812384 dv-neutron-841151-1-hyperv neutron-server[104107]: DEBUG neutron.services.segments.db [None req-8b5b4c39-17c6-470a-878c-4a09222f71bf tempest-QuotasNegativeTest-834565992 tempest-QuotasNegativeTest-834565992-project-admin] neutron.services.segments.plugin.Plugin method get_segment called with arguments (, '8ceaca71-0c6c-4c02-89c9-6536bded991f') {} {{(pid=104107) wrapper /usr/local/lib/python3.8/dist-packages/oslo_log/helpers.py:65}}
May 09 17:56:08.827017 dv-neutron-841151-1-hyperv neutron-server[104106]: DEBUG neutron_lib.callbacks.manager [None req-2cf306c1-e5ae-41b5-9624-e13f51157474 tempest-DHCPAgentSchedulersTestJSON-1653746817 tempest-DHCPAgentSchedulersTestJSON-1653746817-project] Publish callbacks ['neutron.plugins.ml2.plugin.SecurityGroupServerNotifierRpcMixin._notify_sg_on_port_change-728000', 'neutron.plugins.ml2.ovo_rpc._ObjectChangeHandler.handle_event-486639', 'neutron.api.rpc.agentnotifiers.dhcp_rpc_agent_api.DhcpAgentNotifyAPI._native_event_send_dhcp_notification-16294980', 'neutron.db.l3_dvrscheduler_db._notify_l3_agent_new_port-8755181662567'] for port (770dc9fd-5754-4c6c-af03-e0899646376f), after_create {{(pid=104106) _notify_loop /usr/local/lib/python3.8/dist-packages/neutron_lib/callbacks/manager.py:176}}
May 09 17:56:08.833004 dv-neutron-841151-1-hyperv neutron-server[104107]: DEBUG neutron_lib.callbacks.manager [None req-8b5b4c39-17c6-470a-878c-4a09222f71bf tempest-QuotasNegativeTest-834565992 tempest-QuotasNegativeTest-834565992-project-admin] Publish callbacks ['neutron.plugins.ml2.db._prevent_segment_delete_with_port_bound-8755182225183', 'neutron.services.segments.plugin.Plugin._prevent_segment_delete_with_subnet_associated-13875697'] for segment (8ceaca71-0c6c-4c02-89c9-6536bded991f), before_delete {{(pid=104107) _notify_loop /usr/local/lib/python3.8/dist-packages/neutron_lib/callbacks/manager.py:176}}
May 09 17:56:08.858601 dv-neutron-841151-1-hyperv neutron-server[104107]: DEBUG neutron_lib.callbacks.manager [None req-8b5b4c39-17c6-470a-878c-4a09222f71bf tempest-QuotasNegativeTest-834565992 tempest-QuotasNegativeTest-834565992-project-admin] Publish callbacks ['neutron.plugins.ml2.plugin.Ml2Plugin._handle_segment_change-677929'] for segment (8ceaca71-0c6c-4c02-89c9-6536bded991f), precommit_delete {{(pid=104107) _notify_loop /usr/local/lib/python3.8/dist-packages/neutron_lib/callbacks/manager.py:176}}
