May 04 12:25:09.460995 dv-neutron-840442-1-hyperv neutron-server[104559]: INFO neutron.wsgi [req-decae95c-9942-4895-9a9f-8b092357138b req-afae8745-7afb-4eca-bf88-210db918cc2f tempest-ServersTestJSON-1746479247 tempest-ServersTestJSON-1746479247-project] 10.222.0.24 "GET /v2.0/networks?id=b70db942-b5e7-486a-b6e0-42cba91b7898 HTTP/1.1" status: 200 len: 806 time: 0.9048808
May 04 12:25:09.485727 dv-neutron-840442-1-hyperv neutron-server[104560]: INFO neutron.wsgi [req-412adace-64b1-451f-9644-4d95bd1b078b req-3241c410-c122-4760-ba91-a905de2fba0b tempest-ServersTestJSON-1746479247 tempest-ServersTestJSON-1746479247-project] 10.222.0.57 "GET /v2.0/ports?device_id=cc1bbd44-9180-4742-b43a-6b258e21eb1a HTTP/1.1" status: 200 len: 210 time: 0.0959418
May 04 12:25:09.493283 dv-neutron-840442-1-hyperv neutron-server[104559]: INFO neutron.wsgi [None req-e5c094ae-e7e2-4b8d-86ac-e94d79252be3 tempest-QuotasTest-590888564 tempest-QuotasTest-590888564-project-admin] 10.222.0.57 "PUT /v2.0/quotas/557795d6218e446e8f1db6d3ade5d4c7 HTTP/1.1" status: 200 len: 366 time: 1.0825322
May 04 12:25:09.498590 dv-neutron-840442-1-hyperv neutron-server[104560]: DEBUG neutron.wsgi [-] (104560) accepted ('10.222.0.57', 49188) {{(pid=104560) server /usr/local/lib/python3.8/dist-packages/eventlet/wsgi.py:1004}}
May 04 12:25:09.560087 dv-neutron-840442-1-hyperv neutron-server[104559]: DEBUG neutron_lib.callbacks.manager [None req-f0377ae5-5eba-4253-b66c-8375b7e28342 admin admin] Publish callbacks [] for security_group (9248bfaf-06d0-4e1d-9de0-9afd1df2ef15), before_delete {{(pid=104559) _notify_loop /usr/local/lib/python3.8/dist-packages/neutron_lib/callbacks/manager.py:176}}
May 04 12:25:09.568361 dv-neutron-840442-1-hyperv neutron-server[104560]: INFO neutron.wsgi [None req-58276399-b55c-4aff-bb16-18445d490505 tempest-QuotasTest-590888564 tempest-QuotasTest-590888564-project-admin] 10.222.0.57 "GET /v2.0/quotas HTTP/1.1" status: 200 len: 468 time: 0.0536067
May 04 12:25:09.573435 dv-neutron-840442-1-hyperv neutron-server[104559]: DEBUG neutron.wsgi [-] (104559) accepted ('10.222.0.57', 49190) {{(pid=104559) server /usr/local/lib/python3.8/dist-packages/eventlet/wsgi.py:1004}}
May 04 12:25:09.596124 dv-neutron-840442-1-hyperv neutron-server[104560]: DEBUG neutron.pecan_wsgi.hooks.policy_enforcement [None req-15be3a06-6cc7-486e-8e93-264aa0b83229 tempest-BulkNetworkOpsIpV6Test-1500056017 tempest-BulkNetworkOpsIpV6Test-1500056017-project] Attributes excluded by policy engine: ['standard_attr_id', 'binding:profile', 'binding:host_id', 'binding:vif_type', 'binding:vif_details'] {{(pid=104560) _exclude_attributes_by_policy /opt/stack/neutron/neutron/pecan_wsgi/hooks/policy_enforcement.py:259}}
May 04 12:25:09.604103 dv-neutron-840442-1-hyperv neutron-server[104560]: DEBUG neutron.pecan_wsgi.hooks.policy_enforcement [None req-15be3a06-6cc7-486e-8e93-264aa0b83229 tempest-BulkNetworkOpsIpV6Test-1500056017 tempest-BulkNetworkOpsIpV6Test-1500056017-project] Attributes excluded by policy engine: ['standard_attr_id', 'binding:profile', 'binding:host_id', 'binding:vif_type', 'binding:vif_details'] {{(pid=104560) _exclude_attributes_by_policy /opt/stack/neutron/neutron/pecan_wsgi/hooks/policy_enforcement.py:259}}
May 04 12:25:09.605986 dv-neutron-840442-1-hyperv neutron-server[104560]: INFO neutron.wsgi [None req-15be3a06-6cc7-486e-8e93-264aa0b83229 tempest-BulkNetworkOpsIpV6Test-1500056017 tempest-BulkNetworkOpsIpV6Test-1500056017-project] 10.222.0.57 "GET /v2.0/ports HTTP/1.1" status: 200 len: 1445 time: 0.3367250
May 04 12:25:09.610509 dv-neutron-840442-1-hyperv neutron-server[104560]: DEBUG neutron.wsgi [-] (104560) accepted ('10.222.0.57', 49192) {{(pid=104560) server /usr/local/lib/python3.8/dist-packages/eventlet/wsgi.py:1004}}
May 04 12:25:09.626668 dv-neutron-840442-1-hyperv neutron-server[104559]: INFO neutron.wsgi [None req-fa663a1a-b7a3-43a7-9ea5-e3c108abcc18 tempest-QuotasTest-590888564 tempest-QuotasTest-590888564-project-admin] 10.222.0.57 "GET /v2.0/quotas/557795d6218e446e8f1db6d3ade5d4c7 HTTP/1.1" status: 200 len: 366 time: 0.0237205
May 04 12:25:09.649545 dv-neutron-840442-1-hyperv neutron-server[104560]: DEBUG neutron.wsgi [-] (104560) accepted ('10.222.0.57', 49194) {{(pid=104560) server /usr/local/lib/python3.8/dist-packages/eventlet/wsgi.py:1004}}
May 04 12:25:09.726439 dv-neutron-840442-1-hyperv neutron-server[104560]: DEBUG neutron_lib.callbacks.manager [None req-0a52f34b-3641-4d24-8efd-a57b00f33b50 tempest-AllowedAddressPairIpV6TestJSON-394605024 tempest-AllowedAddressPairIpV6TestJSON-394605024-project] Publish callbacks [] for port (e7f374cc-76e7-49a2-9024-45dcb8ca280e), precommit_create {{(pid=104560) _notify_loop /usr/local/lib/python3.8/dist-packages/neutron_lib/callbacks/manager.py:176}}
May 04 12:25:09.748775 dv-neutron-840442-1-hyperv neutron-server[104560]: DEBUG neutron_lib.callbacks.manager [None req-7e9926c0-1929-49bc-8469-9ca438da93e7 admin admin] Publish callbacks [] for security_group (7d59543b-5c0f-48d3-936f-0f0719123818), before_delete {{(pid=104560) _notify_loop /usr/local/lib/python3.8/dist-packages/neutron_lib/callbacks/manager.py:176}}
May 04 12:25:09.772140 dv-neutron-840442-1-hyperv neutron-server[104559]: DEBUG neutron_lib.callbacks.manager [req-eaba7d98-0000-4e42-baee-a9d616b41cb5 req-611f661a-d92e-47de-b0fa-f718a7f8eeca tempest-ServersTestManualDisk-164643381 tempest-ServersTestManualDisk-164643381-project] Publish callbacks [] for port (9bc624d6-acfb-4f35-8747-575911f4aaba), precommit_create {{(pid=104559) _notify_loop /usr/local/lib/python3.8/dist-packages/neutron_lib/callbacks/manager.py:176}}
May 04 12:25:09.789259 dv-neutron-840442-1-hyperv neutron-server[104559]: INFO neutron.wsgi [req-decae95c-9942-4895-9a9f-8b092357138b req-4f67d195-95a2-47f5-857c-c2b161a9fe80 tempest-ServersTestJSON-1746479247 tempest-ServersTestJSON-1746479247-project] 10.222.0.24 "GET /v2.0/security-groups?fields=id&fields=name&tenant_id=09a47ac80d9d4a17af26f3ef01ad7266 HTTP/1.1" status: 200 len: 380 time: 0.2841897
May 04 12:25:09.803751 dv-neutron-840442-1-hyperv neutron-server[104559]: DEBUG neutron.api.v2.base [req-decae95c-9942-4895-9a9f-8b092357138b req-d84a5421-0a22-43d2-8215-3d5597abb013 tempest-ServersTestJSON-1746479247 tempest-ServersTestJSON-1746479247-project] Request body: {'port': {'device_id': 'cc1bbd44-9180-4742-b43a-6b258e21eb1a', 'network_id': 'b70db942-b5e7-486a-b6e0-42cba91b7898', 'admin_state_up': True, 'tenant_id': '09a47ac80d9d4a17af26f3ef01ad7266', 'security_groups': ['0c80ae9e-f6ae-475a-8d46-0fc79e59cf93']}} {{(pid=104559) prepare_request_body /opt/stack/neutron/neutron/api/v2/base.py:730}}
May 04 12:25:09.810311 dv-neutron-840442-1-hyperv neutron-server[104559]: DEBUG neutron_lib.callbacks.manager [None req-f0377ae5-5eba-4253-b66c-8375b7e28342 admin admin] Publish callbacks [] for security_group (9248bfaf-06d0-4e1d-9de0-9afd1df2ef15), precommit_delete {{(pid=104559) _notify_loop /usr/local/lib/python3.8/dist-packages/neutron_lib/callbacks/manager.py:176}}
May 04 12:25:09.905131 dv-neutron-840442-1-hyperv neutron-server[104559]: INFO neutron.wsgi [req-cf0741ee-58f3-45d3-a279-a578aebf4ba6 req-b9432f01-ecd2-4ebf-9df9-0b4340fbd0db tempest-ServerActionsTestJSON-1641162532 tempest-ServerActionsTestJSON-1641162532-project] 10.222.0.57 "GET /v2.0/ports?device_id=c7203d04-61ba-4d84-a22a-958f6fb739d0 HTTP/1.1" status: 200 len: 210 time: 0.0678251
May 04 12:25:09.919249 dv-neutron-840442-1-hyperv neutron-server[104560]: DEBUG neutron_lib.callbacks.manager [None req-7e9926c0-1929-49bc-8469-9ca438da93e7 admin admin] Publish callbacks [] for security_group (7d59543b-5c0f-48d3-936f-0f0719123818), precommit_delete {{(pid=104560) _notify_loop /usr/local/lib/python3.8/dist-packages/neutron_lib/callbacks/manager.py:176}}
May 04 12:25:09.966806 dv-neutron-840442-1-hyperv neutron-server[104560]: INFO neutron.wsgi [None req-e8f8eb7c-5933-4551-ad1f-487260fa1f04 tempest-QuotasTest-590888564 tempest-QuotasTest-590888564-project-admin] 10.222.0.57 "DELETE /v2.0/quotas/557795d6218e446e8f1db6d3ade5d4c7 HTTP/1.1" status: 204 len: 168 time: 0.3197410
May 04 12:25:09.972064 dv-neutron-840442-1-hyperv neutron-server[104559]: DEBUG neutron.wsgi [-] (104559) accepted ('10.222.0.57', 49200) {{(pid=104559) server /usr/local/lib/python3.8/dist-packages/eventlet/wsgi.py:1004}}
May 04 12:25:09.999126 dv-neutron-840442-1-hyperv neutron-server[104559]: INFO neutron.wsgi [None req-a0ae7ef7-2386-4b2c-b6c5-1adf24cbe9d1 tempest-QuotasTest-590888564 tempest-QuotasTest-590888564-project-admin] 10.222.0.57 "GET /v2.0/quotas HTTP/1.1" status: 200 len: 207 time: 0.0230808
May 04 12:25:09.999555 dv-neutron-840442-1-hyperv neutron-server[104560]: DEBUG neutron.wsgi [-] (104560) accepted ('10.222.0.57', 49202) {{(pid=104560) server /usr/local/lib/python3.8/dist-packages/eventlet/wsgi.py:1004}}
May 04 12:25:10.024239 dv-neutron-840442-1-hyperv neutron-server[104560]: DEBUG neutron.plugins.ml2.plugin [None req-91f6f779-3d51-4658-9595-9f85f5510944 tempest-BulkNetworkOpsIpV6Test-1500056017 tempest-BulkNetworkOpsIpV6Test-1500056017-project] Deleting port aeb67154-1841-4897-8d80-7e8eb921e5f6 {{(pid=104560) _pre_delete_port /opt/stack/neutron/neutron/plugins/ml2/plugin.py:2042}}
May 04 12:25:10.025939 dv-neutron-840442-1-hyperv neutron-server[104560]: DEBUG neutron_lib.callbacks.manager [None req-91f6f779-3d51-4658-9595-9f85f5510944 tempest-BulkNetworkOpsIpV6Test-1500056017 tempest-BulkNetworkOpsIpV6Test-1500056017-project] Publish callbacks ['neutron.db.l3_db.L3_NAT_dbonly_mixin._prevent_l3_port_delete_callback-8781151111967'] for port (aeb67154-1841-4897-8d80-7e8eb921e5f6), before_delete {{(pid=104560) _notify_loop /usr/local/lib/python3.8/dist-packages/neutron_lib/callbacks/manager.py:176}}
May 04 12:25:10.048568 dv-neutron-840442-1-hyperv neutron-server[104560]: INFO neutron.wsgi [None req-276a32ee-cf5f-4a91-a1e0-da649baedc51 tempest-QuotasTest-590888564 tempest-QuotasTest-590888564-project-admin] 10.222.0.57 "GET /v2.0/quotas/557795d6218e446e8f1db6d3ade5d4c7 HTTP/1.1" status: 200 len: 370 time: 0.0378714
May 04 12:25:10.050076 dv-neutron-840442-1-hyperv neutron-server[104560]: DEBUG neutron.wsgi [-] (104560) accepted ('10.222.0.57', 49204) {{(pid=104560) server /usr/local/lib/python3.8/dist-packages/eventlet/wsgi.py:1004}}
May 04 12:25:10.050198 dv-neutron-840442-1-hyperv neutron-server[104559]: DEBUG neutron_lib.callbacks.manager [req-eaba7d98-0000-4e42-baee-a9d616b41cb5 req-611f661a-d92e-47de-b0fa-f718a7f8eeca tempest-ServersTestManualDisk-164643381 tempest-ServersTestManualDisk-164643381-project] Publish callbacks ['neutron.plugins.ml2.plugin.SecurityGroupServerNotifierRpcMixin._notify_sg_on_port_change-587225', 'neutron.plugins.ml2.ovo_rpc._ObjectChangeHandler.handle_event-420301', 'neutron.api.rpc.agentnotifiers.dhcp_rpc_agent_api.DhcpAgentNotifyAPI._native_event_send_dhcp_notification-3695167', 'neutron.db.l3_dvrscheduler_db._notify_l3_agent_new_port-8781150640038', 'neutron.services.segments.plugin.NovaSegmentNotifier._notify_port_created_or_deleted-26351403'] for port (9bc624d6-acfb-4f35-8747-575911f4aaba), after_create {{(pid=104559) _notify_loop /usr/local/lib/python3.8/dist-packages/neutron_lib/callbacks/manager.py:176}}
May 04 12:25:10.098251 dv-neutron-840442-1-hyperv neutron-server[104560]: INFO neutron.wsgi [None req-b3c6eea7-123b-4b57-a375-b63461837ce6 tempest-QuotasTest-590888564 tempest-QuotasTest-590888564-project-admin] 10.222.0.57 "GET /v2.0/quotas/557795d6218e446e8f1db6d3ade5d4c7/default HTTP/1.1" status: 200 len: 370 time: 0.0251229
May 04 12:25:10.101568 dv-neutron-840442-1-hyperv neutron-server[104559]: DEBUG neutron.wsgi [-] (104559) accepted ('10.222.0.57', 49206) {{(pid=104559) server /usr/local/lib/python3.8/dist-packages/eventlet/wsgi.py:1004}}
May 04 12:25:10.114022 dv-neutron-840442-1-hyperv neutron-server[104559]: DEBUG neutron_lib.callbacks.manager [None req-f0377ae5-5eba-4253-b66c-8375b7e28342 admin admin] Publish callbacks ['neutron.plugins.ml2.ovo_rpc._ObjectChangeHandler.handle_event-3753936'] for security_group (9248bfaf-06d0-4e1d-9de0-9afd1df2ef15), after_delete {{(pid=104559) _notify_loop /usr/local/lib/python3.8/dist-packages/neutron_lib/callbacks/manager.py:176}}
May 04 12:25:10.117050 dv-neutron-840442-1-hyperv neutron-server[104559]: DEBUG neutron_lib.callbacks.manager [None req-f0377ae5-5eba-4253-b66c-8375b7e28342 admin admin] Publish callbacks [] for security_group (None), before_response {{(pid=104559) _notify_loop /usr/local/lib/python3.8/dist-packages/neutron_lib/callbacks/manager.py:176}}
May 04 12:25:10.118311 dv-neutron-840442-1-hyperv neutron-server[104559]: INFO neutron.wsgi [None req-f0377ae5-5eba-4253-b66c-8375b7e28342 admin admin] 10.222.0.57 "DELETE /v2.0/security-groups/9248bfaf-06d0-4e1d-9de0-9afd1df2ef15 HTTP/1.1" status: 204 len: 168 time: 1.3737590
May 04 12:25:10.155568 dv-neutron-840442-1-hyperv neutron-server[104560]: DEBUG neutron_lib.callbacks.manager [None req-91f6f779-3d51-4658-9595-9f85f5510944 tempest-BulkNetworkOpsIpV6Test-1500056017 tempest-BulkNetworkOpsIpV6Test-1500056017-project] Publish callbacks ['neutron.services.l3_router.l3_router_plugin.L3_NAT_dbonly_mixin._precommit_delete_port_callback-3744587'] for port (aeb67154-1841-4897-8d80-7e8eb921e5f6), precommit_delete {{(pid=104560) _notify_loop /usr/local/lib/python3.8/dist-packages/neutron_lib/callbacks/manager.py:176}}
May 04 12:25:10.159900 dv-neutron-840442-1-hyperv neutron-server[104559]: DEBUG neutron.scheduler.dhcp_agent_scheduler [req-eaba7d98-0000-4e42-baee-a9d616b41cb5 req-611f661a-d92e-47de-b0fa-f718a7f8eeca tempest-ServersTestManualDisk-164643381 tempest-ServersTestManualDisk-164643381-project] Network 1030553b-4672-44c6-95dd-06f491cf7da1 is already hosted by enough agents. {{(pid=104559) _get_dhcp_agents_hosting_network /opt/stack/neutron/neutron/scheduler/dhcp_agent_scheduler.py:275}}
May 04 12:25:10.167711 dv-neutron-840442-1-hyperv neutron-server[104559]: DEBUG neutron.api.rpc.handlers.resources_rpc [None req-f0377ae5-5eba-4253-b66c-8375b7e28342 admin admin] Pushing event deleted for resources: {'SecurityGroup': ['ID=9248bfaf-06d0-4e1d-9de0-9afd1df2ef15,revision_number=None']} {{(pid=104559) push /opt/stack/neutron/neutron/api/rpc/handlers/resources_rpc.py:237}}
May 04 12:25:10.169846 dv-neutron-840442-1-hyperv neutron-server[104559]: INFO neutron.api.v2.resource [None req-615d2b1b-618f-40f1-bb80-6304ca4f81da tempest-QuotasTest-590888564 tempest-QuotasTest-590888564-project-admin] delete failed (client error): The resource could not be found.
May 04 12:25:10.175511 dv-neutron-840442-1-hyperv neutron-server[104559]: INFO neutron.wsgi [None req-615d2b1b-618f-40f1-bb80-6304ca4f81da tempest-QuotasTest-590888564 tempest-QuotasTest-590888564-project-admin] 10.222.0.57 "DELETE /v2.0/quotas/557795d6218e446e8f1db6d3ade5d4c7 HTTP/1.1" status: 404 len: 348 time: 0.0724022
May 04 12:25:10.176237 dv-neutron-840442-1-hyperv neutron-server[104559]: DEBUG neutron.pecan_wsgi.hooks.quota_enforcement [req-decae95c-9942-4895-9a9f-8b092357138b req-d84a5421-0a22-43d2-8215-3d5597abb013 tempest-ServersTestJSON-1746479247 tempest-ServersTestJSON-1746479247-project] Made reservation on behalf of 09a47ac80d9d4a17af26f3ef01ad7266 for: {'port': 1} {{(pid=104559) before /opt/stack/neutron/neutron/pecan_wsgi/hooks/quota_enforcement.py:53}}
May 04 12:25:10.180290 dv-neutron-840442-1-hyperv neutron-server[104559]: DEBUG neutron_lib.callbacks.manager [req-decae95c-9942-4895-9a9f-8b092357138b req-d84a5421-0a22-43d2-8215-3d5597abb013 tempest-ServersTestJSON-1746479247 tempest-ServersTestJSON-1746479247-project] Publish callbacks ['neutron.plugins.ml2.plugin.SecurityGroupDbMixin._ensure_default_security_group_handler-587189'] for port (None), before_create {{(pid=104559) _notify_loop /usr/local/lib/python3.8/dist-packages/neutron_lib/callbacks/manager.py:176}}
May 04 12:25:10.181401 dv-neutron-840442-1-hyperv neutron-server[104560]: DEBUG neutron.plugins.ml2.plugin [None req-91f6f779-3d51-4658-9595-9f85f5510944 tempest-BulkNetworkOpsIpV6Test-1500056017 tempest-BulkNetworkOpsIpV6Test-1500056017-project] Calling delete_port for aeb67154-1841-4897-8d80-7e8eb921e5f6 owned by {{(pid=104560) delete_port /opt/stack/neutron/neutron/plugins/ml2/plugin.py:2121}}
May 04 12:25:10.202428 dv-neutron-840442-1-hyperv neutron-server[104560]: DEBUG neutron_lib.callbacks.manager [None req-7e9926c0-1929-49bc-8469-9ca438da93e7 admin admin] Publish callbacks ['neutron.plugins.ml2.ovo_rpc._ObjectChangeHandler.handle_event-3753936'] for security_group (7d59543b-5c0f-48d3-936f-0f0719123818), after_delete {{(pid=104560) _notify_loop /usr/local/lib/python3.8/dist-packages/neutron_lib/callbacks/manager.py:176}}
May 04 12:25:10.205896 dv-neutron-840442-1-hyperv neutron-server[104560]: DEBUG neutron_lib.callbacks.manager [None req-7e9926c0-1929-49bc-8469-9ca438da93e7 admin admin] Publish callbacks [] for security_group (None), before_response {{(pid=104560) _notify_loop /usr/local/lib/python3.8/dist-packages/neutron_lib/callbacks/manager.py:176}}
May 04 12:25:10.210550 dv-neutron-840442-1-hyperv neutron-server[104560]: INFO neutron.wsgi [None req-7e9926c0-1929-49bc-8469-9ca438da93e7 admin admin] 10.222.0.57 "DELETE /v2.0/security-groups/7d59543b-5c0f-48d3-936f-0f0719123818 HTTP/1.1" status: 204 len: 168 time: 0.9633029
May 04 12:25:10.222731 dv-neutron-840442-1-hyperv neutron-server[104560]: DEBUG neutron_lib.callbacks.manager [None req-0a52f34b-3641-4d24-8efd-a57b00f33b50 tempest-AllowedAddressPairIpV6TestJSON-394605024 tempest-AllowedAddressPairIpV6TestJSON-394605024-project] Publish callbacks ['neutron.plugins.ml2.plugin.SecurityGroupServerNotifierRpcMixin._notify_sg_on_port_change-587225', 'neutron.plugins.ml2.ovo_rpc._ObjectChangeHandler.handle_event-420301', 'neutron.api.rpc.agentnotifiers.dhcp_rpc_agent_api.DhcpAgentNotifyAPI._native_event_send_dhcp_notification-3695167', 'neutron.db.l3_dvrscheduler_db._notify_l3_agent_new_port-8781150640038', 'neutron.services.segments.plugin.NovaSegmentNotifier._notify_port_created_or_deleted-26303230'] for port (e7f374cc-76e7-49a2-9024-45dcb8ca280e), after_create {{(pid=104560) _notify_loop /usr/local/lib/python3.8/dist-packages/neutron_lib/callbacks/manager.py:176}}
May 04 12:25:10.358191 dv-neutron-840442-1-hyperv neutron-server[104560]: DEBUG neutron.api.rpc.handlers.resources_rpc [None req-7e9926c0-1929-49bc-8469-9ca438da93e7 admin admin] Pushing event deleted for resources: {'SecurityGroup': ['ID=7d59543b-5c0f-48d3-936f-0f0719123818,revision_number=None']} {{(pid=104560) push /opt/stack/neutron/neutron/api/rpc/handlers/resources_rpc.py:237}}
May 04 12:25:10.374867 dv-neutron-840442-1-hyperv neutron-server[104560]: DEBUG neutron.scheduler.dhcp_agent_scheduler [None req-0a52f34b-3641-4d24-8efd-a57b00f33b50 tempest-AllowedAddressPairIpV6TestJSON-394605024 tempest-AllowedAddressPairIpV6TestJSON-394605024-project] Network deffdad6-31b4-4d31-817a-23764fde1e94 is already hosted by enough agents. {{(pid=104560) _get_dhcp_agents_hosting_network /opt/stack/neutron/neutron/scheduler/dhcp_agent_scheduler.py:275}}
May 04 12:25:10.382668 dv-neutron-840442-1-hyperv neutron-server[104560]: DEBUG neutron.scheduler.base_scheduler [None req-0a52f34b-3641-4d24-8efd-a57b00f33b50 tempest-AllowedAddressPairIpV6TestJSON-394605024 tempest-AllowedAddressPairIpV6TestJSON-394605024-project] Resources bound (agent type, host, resource id): {{(pid=104560) schedule /opt/stack/neutron/neutron/scheduler/base_scheduler.py:57}}
May 04 12:25:10.384690 dv-neutron-840442-1-hyperv neutron-server[104560]: DEBUG neutron.api.rpc.handlers.resources_rpc [None req-0a52f34b-3641-4d24-8efd-a57b00f33b50 tempest-AllowedAddressPairIpV6TestJSON-394605024 tempest-AllowedAddressPairIpV6TestJSON-394605024-project] Pushing event updated for resources: {'Port': ['ID=e7f374cc-76e7-49a2-9024-45dcb8ca280e,revision_number=1']} {{(pid=104560) push /opt/stack/neutron/neutron/api/rpc/handlers/resources_rpc.py:237}}
May 04 12:25:10.387189 dv-neutron-840442-1-hyperv neutron-server[104560]: DEBUG neutron.db.l3_dvrscheduler_db [None req-0a52f34b-3641-4d24-8efd-a57b00f33b50 tempest-AllowedAddressPairIpV6TestJSON-394605024 tempest-AllowedAddressPairIpV6TestJSON-394605024-project] Received port after_create {{(pid=104560) _notify_l3_agent_new_port /opt/stack/neutron/neutron/db/l3_dvrscheduler_db.py:536}}
May 04 12:25:10.392532 dv-neutron-840442-1-hyperv neutron-server[104560]: DEBUG neutron.pecan_wsgi.hooks.policy_enforcement [None req-0a52f34b-3641-4d24-8efd-a57b00f33b50 tempest-AllowedAddressPairIpV6TestJSON-394605024 tempest-AllowedAddressPairIpV6TestJSON-394605024-project] Attributes excluded by policy engine: ['standard_attr_id', 'binding:profile', 'binding:host_id', 'binding:vif_type', 'binding:vif_details', 'network'] {{(pid=104560) _exclude_attributes_by_policy /opt/stack/neutron/neutron/pecan_wsgi/hooks/policy_enforcement.py:259}}
May 04 12:25:10.393357 dv-neutron-840442-1-hyperv neutron-server[104560]: DEBUG neutron_lib.callbacks.manager [None req-0a52f34b-3641-4d24-8efd-a57b00f33b50 tempest-AllowedAddressPairIpV6TestJSON-394605024 tempest-AllowedAddressPairIpV6TestJSON-394605024-project] Publish callbacks ['neutron.notifiers.nova.Notifier._send_nova_notification-37218'] for port (None), before_response {{(pid=104560) _notify_loop /usr/local/lib/python3.8/dist-packages/neutron_lib/callbacks/manager.py:176}}
May 04 12:25:10.407782 dv-neutron-840442-1-hyperv neutron-server[104559]: DEBUG neutron.api.rpc.handlers.resources_rpc [None req-611f661a-d92e-47de-b0fa-f718a7f8eeca tempest-ServersTestManualDisk-164643381 tempest-ServersTestManualDisk-164643381-project] Pushing event updated for resources: {'Port': ['ID=9bc624d6-acfb-4f35-8747-575911f4aaba,revision_number=1']} {{(pid=104559) push /opt/stack/neutron/neutron/api/rpc/handlers/resources_rpc.py:237}}
May 04 12:25:10.416820 dv-neutron-840442-1-hyperv neutron-server[104559]: DEBUG neutron.scheduler.base_scheduler [req-eaba7d98-0000-4e42-baee-a9d616b41cb5 req-611f661a-d92e-47de-b0fa-f718a7f8eeca tempest-ServersTestManualDisk-164643381 tempest-ServersTestManualDisk-164643381-project] Resources bound (agent type, host, resource id): {{(pid=104559) schedule /opt/stack/neutron/neutron/scheduler/base_scheduler.py:57}}
May 04 12:25:10.428532 dv-neutron-840442-1-hyperv neutron-server[104559]: DEBUG neutron.db.db_base_plugin_common [req-decae95c-9942-4895-9a9f-8b092357138b req-d84a5421-0a22-43d2-8215-3d5597abb013 tempest-ServersTestJSON-1746479247 tempest-ServersTestJSON-1746479247-project] Allocated IP 172.20.0.3 (b70db942-b5e7-486a-b6e0-42cba91b7898/c70f9f7d-5a84-450f-a7f5-7f7edb85ee3c/87e6ce7a-787c-41a6-bcdb-2c43da80fe97) {{(pid=104559) _store_ip_allocation /opt/stack/neutron/neutron/db/db_base_plugin_common.py:131}}
May 04 12:25:10.453542 dv-neutron-840442-1-hyperv neutron-server[104561]: DEBUG neutron.plugins.ml2.rpc [None req-adfd653e-46c5-4031-bcc4-50a4a465ef79 None None] Device 225326af-4dd8-4248-bdcd-11988c7c6037 up at agent ovs-agent-dv-neutron-840442-1-hyperv {{(pid=104561) update_device_up /opt/stack/neutron/neutron/plugins/ml2/rpc.py:296}}
May 04 12:25:10.468340 dv-neutron-840442-1-hyperv neutron-server[104559]: DEBUG neutron.db.l3_dvrscheduler_db [req-eaba7d98-0000-4e42-baee-a9d616b41cb5 req-611f661a-d92e-47de-b0fa-f718a7f8eeca tempest-ServersTestManualDisk-164643381 tempest-ServersTestManualDisk-164643381-project] Received port after_create {{(pid=104559) _notify_l3_agent_new_port /opt/stack/neutron/neutron/db/l3_dvrscheduler_db.py:536}}
May 04 12:25:10.479268 dv-neutron-840442-1-hyperv neutron-server[104560]: INFO neutron.wsgi [None req-0a52f34b-3641-4d24-8efd-a57b00f33b50 tempest-AllowedAddressPairIpV6TestJSON-394605024 tempest-AllowedAddressPairIpV6TestJSON-394605024-project] 10.222.0.57 "POST /v2.0/ports HTTP/1.1" status: 201 len: 1007 time: 2.9681222
May 04 12:25:10.479734 dv-neutron-840442-1-hyperv neutron-server[104560]: DEBUG neutron.wsgi [-] (104560) accepted ('10.222.0.57', 49216) {{(pid=104560) server /usr/local/lib/python3.8/dist-packages/eventlet/wsgi.py:1004}}
May 04 12:25:10.511243 dv-neutron-840442-1-hyperv neutron-server[104560]: DEBUG neutron_lib.callbacks.manager [None req-91f6f779-3d51-4658-9595-9f85f5510944 tempest-BulkNetworkOpsIpV6Test-1500056017 tempest-BulkNetworkOpsIpV6Test-1500056017-project] Publish callbacks ['neutron.plugins.ml2.plugin.SecurityGroupServerNotifierRpcMixin._notify_sg_on_port_change-587225', 'neutron.plugins.ml2.ovo_rpc._ObjectChangeHandler.handle_event-420301', 'neutron.api.rpc.agentnotifiers.dhcp_rpc_agent_api.DhcpAgentNotifyAPI._native_event_send_dhcp_notification-3695167', 'neutron.db.l3_db.L3RpcNotifierMixin._notify_routers_callback-8781151118255', 'neutron.db.l3_dvrscheduler_db._notify_port_delete-8781150640047', 'neutron.services.segments.plugin.NovaSegmentNotifier._notify_port_created_or_deleted-26303230'] for port (aeb67154-1841-4897-8d80-7e8eb921e5f6), after_delete {{(pid=104560) _notify_loop /usr/local/lib/python3.8/dist-packages/neutron_lib/callbacks/manager.py:176}}
May 04 12:25:10.551920 dv-neutron-840442-1-hyperv neutron-server[104559]: DEBUG neutron.pecan_wsgi.hooks.policy_enforcement [req-eaba7d98-0000-4e42-baee-a9d616b41cb5 req-611f661a-d92e-47de-b0fa-f718a7f8eeca tempest-ServersTestManualDisk-164643381 tempest-ServersTestManualDisk-164643381-project] Attributes excluded by policy engine: ['standard_attr_id', 'binding:profile', 'binding:host_id', 'binding:vif_type', 'binding:vif_details', 'network'] {{(pid=104559) _exclude_attributes_by_policy /opt/stack/neutron/neutron/pecan_wsgi/hooks/policy_enforcement.py:259}}
May 04 12:25:10.552589 dv-neutron-840442-1-hyperv neutron-server[104559]: DEBUG neutron_lib.callbacks.manager [req-eaba7d98-0000-4e42-baee-a9d616b41cb5 req-611f661a-d92e-47de-b0fa-f718a7f8eeca tempest-ServersTestManualDisk-164643381 tempest-ServersTestManualDisk-164643381-project] Publish callbacks ['neutron.notifiers.nova.Notifier._send_nova_notification-37218'] for port (None), before_response {{(pid=104559) _notify_loop /usr/local/lib/python3.8/dist-packages/neutron_lib/callbacks/manager.py:176}}
May 04 12:25:10.750834 dv-neutron-840442-1-hyperv neutron-server[104561]: DEBUG neutron.db.provisioning_blocks [None req-adfd653e-46c5-4031-bcc4-50a4a465ef79 None None] Provisioning complete for port 225326af-4dd8-4248-bdcd-11988c7c6037 triggered by entity L2. {{(pid=104561) provisioning_complete /opt/stack/neutron/neutron/db/provisioning_blocks.py:145}}
May 04 12:25:10.751236 dv-neutron-840442-1-hyperv neutron-server[104561]: DEBUG neutron_lib.callbacks.manager [None req-adfd653e-46c5-4031-bcc4-50a4a465ef79 None None] Publish callbacks ['neutron.plugins.ml2.plugin.Ml2Plugin._port_provisioned-987498'] for port (225326af-4dd8-4248-bdcd-11988c7c6037), provisioning_complete {{(pid=104561) _notify_loop /usr/local/lib/python3.8/dist-packages/neutron_lib/callbacks/manager.py:176}}
May 04 12:25:10.981439 dv-neutron-840442-1-hyperv neutron-server[104559]: DEBUG neutron.wsgi [-] (104559) accepted ('10.222.0.57', 49222) {{(pid=104559) server /usr/local/lib/python3.8/dist-packages/eventlet/wsgi.py:1004}}
May 04 12:25:10.984667 dv-neutron-840442-1-hyperv neutron-server[104559]: INFO neutron.wsgi [req-fe1994d3-2e77-4c2f-9b8f-eb78005d6434 req-9c650a14-5613-41dd-ba52-df3c3387cb8b tempest-ServersTestJSON-1746479247 tempest-ServersTestJSON-1746479247-project] 10.222.0.57 "GET /v2.0/ports?device_id=cc1bbd44-9180-4742-b43a-6b258e21eb1a HTTP/1.1" status: 200 len: 210 time: 0.0536151
May 04 12:25:11.025869 dv-neutron-840442-1-hyperv neutron-server[104559]: INFO neutron.wsgi [req-eaba7d98-0000-4e42-baee-a9d616b41cb5 req-611f661a-d92e-47de-b0fa-f718a7f8eeca tempest-ServersTestManualDisk-164643381 tempest-ServersTestManualDisk-164643381-project] 10.222.0.24 "POST /v2.0/ports HTTP/1.1" status: 201 len: 934 time: 3.5403111
May 04 12:25:11.032204 dv-neutron-840442-1-hyperv neutron-server[104559]: DEBUG neutron.wsgi [req-eaba7d98-0000-4e42-baee-a9d616b41cb5 req-987a9bd4-9d69-42df-acf1-27a2be8f8b47 tempest-ServersTestManualDisk-164643381 tempest-ServersTestManualDisk-164643381-project] http://10.222.0.57:9696/v2.0/extensions returned with HTTP 200 {{(pid=104559) __call__ /opt/stack/neutron/neutron/wsgi.py:730}}
May 04 12:25:11.033414 dv-neutron-840442-1-hyperv neutron-server[104559]: INFO neutron.wsgi [req-eaba7d98-0000-4e42-baee-a9d616b41cb5 req-987a9bd4-9d69-42df-acf1-27a2be8f8b47 tempest-ServersTestManualDisk-164643381 tempest-ServersTestManualDisk-164643381-project] 10.222.0.24 "GET /v2.0/extensions HTTP/1.1" status: 200 len: 14320 time: 0.0062332
May 04 12:25:11.046357 dv-neutron-840442-1-hyperv neutron-server[104559]: DEBUG neutron.quota.resource [None req-c8c796eb-eab6-4c4a-997d-ab7dbbe71210 tempest-QuotasTest-590888564 tempest-QuotasTest-590888564-project-admin] Usage tracker for resource:network and project:3ae5d0030ea7455686efd1280ec5c8e8 is out of sync, need to count used quota {{(pid=104559) count_used /opt/stack/neutron/neutron/quota/resource.py:292}}
May 04 12:25:11.050777 dv-neutron-840442-1-hyperv neutron-server[104559]: DEBUG neutron.quota.resource [None req-c8c796eb-eab6-4c4a-997d-ab7dbbe71210 tempest-QuotasTest-590888564 tempest-QuotasTest-590888564-project-admin] Quota usage for network was recalculated. Used quota:0. {{(pid=104559) count_used /opt/stack/neutron/neutron/quota/resource.py:313}}
May 04 12:25:11.067399 dv-neutron-840442-1-hyperv neutron-server[104559]: DEBUG neutron.quota.resource [None req-c8c796eb-eab6-4c4a-997d-ab7dbbe71210 tempest-QuotasTest-590888564 tempest-QuotasTest-590888564-project-admin] Usage tracker for resource:subnet and project:3ae5d0030ea7455686efd1280ec5c8e8 is out of sync, need to count used quota {{(pid=104559) count_used /opt/stack/neutron/neutron/quota/resource.py:292}}
May 04 12:25:11.071016 dv-neutron-840442-1-hyperv neutron-server[104559]: DEBUG neutron.quota.resource [None req-c8c796eb-eab6-4c4a-997d-ab7dbbe71210 tempest-QuotasTest-590888564 tempest-QuotasTest-590888564-project-admin] Quota usage for subnet was recalculated. Used quota:0. {{(pid=104559) count_used /opt/stack/neutron/neutron/quota/resource.py:313}}
May 04 12:25:11.083443 dv-neutron-840442-1-hyperv neutron-server[104559]: DEBUG neutron.quota.resource [None req-c8c796eb-eab6-4c4a-997d-ab7dbbe71210 tempest-QuotasTest-590888564 tempest-QuotasTest-590888564-project-admin] Usage tracker for resource:subnetpool and project:3ae5d0030ea7455686efd1280ec5c8e8 is out of sync, need to count used quota {{(pid=104559) count_used /opt/stack/neutron/neutron/quota/resource.py:292}}
May 04 12:25:11.088275 dv-neutron-840442-1-hyperv neutron-server[104559]: DEBUG neutron.quota.resource [None req-c8c796eb-eab6-4c4a-997d-ab7dbbe71210 tempest-QuotasTest-590888564 tempest-QuotasTest-590888564-project-admin] Quota usage for subnetpool was recalculated. Used quota:0. {{(pid=104559) count_used /opt/stack/neutron/neutron/quota/resource.py:313}}
May 04 12:25:11.091520 dv-neutron-840442-1-hyperv neutron-server[104561]: DEBUG neutron.db.provisioning_blocks [None req-ce6b2c69-1295-4cf5-a203-d9c67615369f None None] Provisioning complete for port 9bc624d6-acfb-4f35-8747-575911f4aaba triggered by entity DHCP. {{(pid=104561) provisioning_complete /opt/stack/neutron/neutron/db/provisioning_blocks.py:145}}
May 04 12:25:11.091933 dv-neutron-840442-1-hyperv neutron-server[104561]: DEBUG neutron_lib.callbacks.manager [None req-ce6b2c69-1295-4cf5-a203-d9c67615369f None None] Publish callbacks ['neutron.plugins.ml2.plugin.Ml2Plugin._port_provisioned-987498'] for port (9bc624d6-acfb-4f35-8747-575911f4aaba), provisioning_complete {{(pid=104561) _notify_loop /usr/local/lib/python3.8/dist-packages/neutron_lib/callbacks/manager.py:176}}
May 04 12:25:11.104464 dv-neutron-840442-1-hyperv neutron-server[104559]: DEBUG neutron.quota.resource [None req-c8c796eb-eab6-4c4a-997d-ab7dbbe71210 tempest-QuotasTest-590888564 tempest-QuotasTest-590888564-project-admin] Usage tracker for resource:port and project:3ae5d0030ea7455686efd1280ec5c8e8 is out of sync, need to count used quota {{(pid=104559) count_used /opt/stack/neutron/neutron/quota/resource.py:292}}
May 04 12:25:11.106796 dv-neutron-840442-1-hyperv neutron-server[104559]: DEBUG neutron.quota.resource [None req-c8c796eb-eab6-4c4a-997d-ab7dbbe71210 tempest-QuotasTest-590888564 tempest-QuotasTest-590888564-project-admin] Quota usage for port was recalculated. Used quota:0. {{(pid=104559) count_used /opt/stack/neutron/neutron/quota/resource.py:313}}
May 04 12:25:11.117729 dv-neutron-840442-1-hyperv neutron-server[104559]: DEBUG neutron.quota.resource [None req-c8c796eb-eab6-4c4a-997d-ab7dbbe71210 tempest-QuotasTest-590888564 tempest-QuotasTest-590888564-project-admin] Usage tracker for resource:router and project:3ae5d0030ea7455686efd1280ec5c8e8 is out of sync, need to count used quota {{(pid=104559) count_used /opt/stack/neutron/neutron/quota/resource.py:292}}
May 04 12:25:11.125227 dv-neutron-840442-1-hyperv neutron-server[104559]: DEBUG neutron.quota.resource [None req-c8c796eb-eab6-4c4a-997d-ab7dbbe71210 tempest-QuotasTest-590888564 tempest-QuotasTest-590888564-project-admin] Quota usage for router was recalculated. Used quota:0. {{(pid=104559) count_used /opt/stack/neutron/neutron/quota/resource.py:313}}
May 04 12:25:11.141687 dv-neutron-840442-1-hyperv neutron-server[104559]: DEBUG neutron_lib.callbacks.manager [req-decae95c-9942-4895-9a9f-8b092357138b req-d84a5421-0a22-43d2-8215-3d5597abb013 tempest-ServersTestJSON-1746479247 tempest-ServersTestJSON-1746479247-project] Publish callbacks [] for port (87e6ce7a-787c-41a6-bcdb-2c43da80fe97), precommit_create {{(pid=104559) _notify_loop /usr/local/lib/python3.8/dist-packages/neutron_lib/callbacks/manager.py:176}}
May 04 12:25:11.145381 dv-neutron-840442-1-hyperv neutron-server[104559]: DEBUG neutron.quota.resource [None req-c8c796eb-eab6-4c4a-997d-ab7dbbe71210 tempest-QuotasTest-590888564 tempest-QuotasTest-590888564-project-admin] Usage tracker for resource:floatingip and project:3ae5d0030ea7455686efd1280ec5c8e8 is out of sync, need to count used quota {{(pid=104559) count_used /opt/stack/neutron/neutron/quota/resource.py:292}}
May 04 12:25:11.147010 dv-neutron-840442-1-hyperv neutron-server[104559]: DEBUG neutron.quota.resource [None req-c8c796eb-eab6-4c4a-997d-ab7dbbe71210 tempest-QuotasTest-590888564 tempest-QuotasTest-590888564-project-admin] Quota usage for floatingip was recalculated. Used quota:0. {{(pid=104559) count_used /opt/stack/neutron/neutron/quota/resource.py:313}}
May 04 12:25:11.189940 dv-neutron-840442-1-hyperv neutron-server[104561]: DEBUG neutron.plugins.ml2.plugin [None req-ce6b2c69-1295-4cf5-a203-d9c67615369f None None] Port 9bc624d6-acfb-4f35-8747-575911f4aaba cannot update to ACTIVE because it is not bound. {{(pid=104561) _port_provisioned /opt/stack/neutron/neutron/plugins/ml2/plugin.py:352}}
May 04 12:25:11.197123 dv-neutron-840442-1-hyperv neutron-server[104559]: INFO neutron.wsgi [req-991fa768-b608-4e38-bb3c-15e7da08ea36 req-92909ec0-8edb-4675-bab7-9a31035130de tempest-ServerActionsTestJSON-1641162532 tempest-ServerActionsTestJSON-1641162532-project] 10.222.0.57 "GET /v2.0/ports?device_id=c7203d04-61ba-4d84-a22a-958f6fb739d0 HTTP/1.1" status: 200 len: 210 time: 0.0382285
May 04 12:25:11.207773 dv-neutron-840442-1-hyperv neutron-server[104561]: DEBUG neutron.db.provisioning_blocks [None req-ce6b2c69-1295-4cf5-a203-d9c67615369f None None] Provisioning complete for port e7f374cc-76e7-49a2-9024-45dcb8ca280e triggered by entity DHCP. {{(pid=104561) provisioning_complete /opt/stack/neutron/neutron/db/provisioning_blocks.py:145}}
May 04 12:25:11.208683 dv-neutron-840442-1-hyperv neutron-server[104561]: DEBUG neutron_lib.callbacks.manager [None req-ce6b2c69-1295-4cf5-a203-d9c67615369f None None] Publish callbacks ['neutron.plugins.ml2.plugin.Ml2Plugin._port_provisioned-987498'] for port (e7f374cc-76e7-49a2-9024-45dcb8ca280e), provisioning_complete {{(pid=104561) _notify_loop /usr/local/lib/python3.8/dist-packages/neutron_lib/callbacks/manager.py:176}}
May 04 12:25:11.211179 dv-neutron-840442-1-hyperv neutron-server[104561]: DEBUG neutron.plugins.ml2.plugin [None req-adfd653e-46c5-4031-bcc4-50a4a465ef79 None None] Current status of the port 225326af-4dd8-4248-bdcd-11988c7c6037 is: ACTIVE; New status is: ACTIVE {{(pid=104561) _update_individual_port_db_status /opt/stack/neutron/neutron/plugins/ml2/plugin.py:2297}}
May 04 12:25:11.274355 dv-neutron-840442-1-hyperv neutron-server[104559]: DEBUG neutron.quota.resource [None req-c8c796eb-eab6-4c4a-997d-ab7dbbe71210 tempest-QuotasTest-590888564 tempest-QuotasTest-590888564-project-admin] Usage tracker for resource:security_group and project:3ae5d0030ea7455686efd1280ec5c8e8 is out of sync, need to count used quota {{(pid=104559) count_used /opt/stack/neutron/neutron/quota/resource.py:292}}
May 04 12:25:11.285352 dv-neutron-840442-1-hyperv neutron-server[104559]: DEBUG neutron.quota.resource [None req-c8c796eb-eab6-4c4a-997d-ab7dbbe71210 tempest-QuotasTest-590888564 tempest-QuotasTest-590888564-project-admin] Quota usage for security_group was recalculated. Used quota:0. {{(pid=104559) count_used /opt/stack/neutron/neutron/quota/resource.py:313}}
May 04 12:25:11.295527 dv-neutron-840442-1-hyperv neutron-server[104559]: DEBUG neutron.quota.resource [None req-c8c796eb-eab6-4c4a-997d-ab7dbbe71210 tempest-QuotasTest-590888564 tempest-QuotasTest-590888564-project-admin] Usage tracker for resource:security_group_rule and project:3ae5d0030ea7455686efd1280ec5c8e8 is out of sync, need to count used quota {{(pid=104559) count_used /opt/stack/neutron/neutron/quota/resource.py:292}}
May 04 12:25:11.307672 dv-neutron-840442-1-hyperv neutron-server[104559]: DEBUG neutron.quota.resource [None req-c8c796eb-eab6-4c4a-997d-ab7dbbe71210 tempest-QuotasTest-590888564 tempest-QuotasTest-590888564-project-admin] Quota usage for security_group_rule was recalculated. Used quota:0. {{(pid=104559) count_used /opt/stack/neutron/neutron/quota/resource.py:313}}
May 04 12:25:11.315530 dv-neutron-840442-1-hyperv neutron-server[104559]: INFO neutron.wsgi [None req-c8c796eb-eab6-4c4a-997d-ab7dbbe71210 tempest-QuotasTest-590888564 tempest-QuotasTest-590888564-project-admin] 10.222.0.57 "GET /v2.0/quotas/3ae5d0030ea7455686efd1280ec5c8e8/details.json HTTP/1.1" status: 200 len: 703 time: 0.3298719
May 04 12:25:11.332534 dv-neutron-840442-1-hyperv neutron-server[104561]: DEBUG neutron.plugins.ml2.plugin [None req-ce6b2c69-1295-4cf5-a203-d9c67615369f None None] Port e7f374cc-76e7-49a2-9024-45dcb8ca280e cannot update to ACTIVE because it is not bound. {{(pid=104561) _port_provisioned /opt/stack/neutron/neutron/plugins/ml2/plugin.py:352}}
May 04 12:25:11.332981 dv-neutron-840442-1-hyperv neutron-server[104559]: DEBUG neutron_lib.callbacks.manager [req-decae95c-9942-4895-9a9f-8b092357138b req-d84a5421-0a22-43d2-8215-3d5597abb013 tempest-ServersTestJSON-1746479247 tempest-ServersTestJSON-1746479247-project] Publish callbacks ['neutron.plugins.ml2.plugin.SecurityGroupServerNotifierRpcMixin._notify_sg_on_port_change-587225', 'neutron.plugins.ml2.ovo_rpc._ObjectChangeHandler.handle_event-420301', 'neutron.api.rpc.agentnotifiers.dhcp_rpc_agent_api.DhcpAgentNotifyAPI._native_event_send_dhcp_notification-3695167', 'neutron.db.l3_dvrscheduler_db._notify_l3_agent_new_port-8781150640038', 'neutron.services.segments.plugin.NovaSegmentNotifier._notify_port_created_or_deleted-26351403'] for port (87e6ce7a-787c-41a6-bcdb-2c43da80fe97), after_create {{(pid=104559) _notify_loop /usr/local/lib/python3.8/dist-packages/neutron_lib/callbacks/manager.py:176}}
May 04 12:25:11.385115 dv-neutron-840442-1-hyperv neutron-server[104559]: DEBUG neutron.scheduler.dhcp_agent_scheduler [req-decae95c-9942-4895-9a9f-8b092357138b req-d84a5421-0a22-43d2-8215-3d5597abb013 tempest-ServersTestJSON-1746479247 tempest-ServersTestJSON-1746479247-project] Network b70db942-b5e7-486a-b6e0-42cba91b7898 is already hosted by enough agents. {{(pid=104559) _get_dhcp_agents_hosting_network /opt/stack/neutron/neutron/scheduler/dhcp_agent_scheduler.py:275}}
May 04 12:25:11.388339 dv-neutron-840442-1-hyperv neutron-server[104559]: DEBUG neutron.scheduler.base_scheduler [req-decae95c-9942-4895-9a9f-8b092357138b req-d84a5421-0a22-43d2-8215-3d5597abb013 tempest-ServersTestJSON-1746479247 tempest-ServersTestJSON-1746479247-project] Resources bound (agent type, host, resource id): {{(pid=104559) schedule /opt/stack/neutron/neutron/scheduler/base_scheduler.py:57}}
May 04 12:25:11.408010 dv-neutron-840442-1-hyperv neutron-server[104559]: DEBUG neutron.db.l3_dvrscheduler_db [req-decae95c-9942-4895-9a9f-8b092357138b req-d84a5421-0a22-43d2-8215-3d5597abb013 tempest-ServersTestJSON-1746479247 tempest-ServersTestJSON-1746479247-project] Received port after_create {{(pid=104559) _notify_l3_agent_new_port /opt/stack/neutron/neutron/db/l3_dvrscheduler_db.py:536}}
May 04 12:25:11.458525 dv-neutron-840442-1-hyperv neutron-server[104560]: DEBUG neutron_lib.callbacks.manager [None req-91f6f779-3d51-4658-9595-9f85f5510944 tempest-BulkNetworkOpsIpV6Test-1500056017 tempest-BulkNetworkOpsIpV6Test-1500056017-project] Publish callbacks ['neutron.notifiers.nova.Notifier._send_nova_notification-37218'] for port (None), before_response {{(pid=104560) _notify_loop /usr/local/lib/python3.8/dist-packages/neutron_lib/callbacks/manager.py:176}}
May 04 12:25:11.464565 dv-neutron-840442-1-hyperv neutron-server[104559]: DEBUG neutron.wsgi [-] (104559) accepted ('10.222.0.57', 49230) {{(pid=104559) server /usr/local/lib/python3.8/dist-packages/eventlet/wsgi.py:1004}}
May 04 12:25:11.465884 dv-neutron-840442-1-hyperv neutron-server[104560]: INFO neutron.wsgi [None req-91f6f779-3d51-4658-9595-9f85f5510944 tempest-BulkNetworkOpsIpV6Test-1500056017 tempest-BulkNetworkOpsIpV6Test-1500056017-project] 10.222.0.57 "DELETE /v2.0/ports/aeb67154-1841-4897-8d80-7e8eb921e5f6 HTTP/1.1" status: 204 len: 168 time: 1.8517578
May 04 12:25:11.474544 dv-neutron-840442-1-hyperv neutron-server[104560]: DEBUG neutron.api.rpc.handlers.resources_rpc [None req-91f6f779-3d51-4658-9595-9f85f5510944 tempest-BulkNetworkOpsIpV6Test-1500056017 tempest-BulkNetworkOpsIpV6Test-1500056017-project] Pushing event deleted for resources: {'Port': ['ID=aeb67154-1841-4897-8d80-7e8eb921e5f6,revision_number=None']} {{(pid=104560) push /opt/stack/neutron/neutron/api/rpc/handlers/resources_rpc.py:237}}
May 04 12:25:11.484243 dv-neutron-840442-1-hyperv neutron-server[104559]: DEBUG neutron.wsgi [-] (104559) accepted ('10.222.0.57', 49232) {{(pid=104559) server /usr/local/lib/python3.8/dist-packages/eventlet/wsgi.py:1004}}
May 04 12:25:11.520052 dv-neutron-840442-1-hyperv neutron-server[104560]: DEBUG neutron.pecan_wsgi.hooks.policy_enforcement [None req-f6ccbbd7-c74d-4612-8c82-52ca4c3c259e tempest-AllowedAddressPairIpV6TestJSON-394605024 tempest-AllowedAddressPairIpV6TestJSON-394605024-project] Attributes excluded by policy engine: ['standard_attr_id', 'binding:profile', 'binding:host_id', 'binding:vif_type', 'binding:vif_details'] {{(pid=104560) _exclude_attributes_by_policy /opt/stack/neutron/neutron/pecan_wsgi/hooks/policy_enforcement.py:259}}
May 04 12:25:11.525754 dv-neutron-840442-1-hyperv neutron-server[104560]: DEBUG neutron.pecan_wsgi.hooks.policy_enforcement [None req-f6ccbbd7-c74d-4612-8c82-52ca4c3c259e tempest-AllowedAddressPairIpV6TestJSON-394605024 tempest-AllowedAddressPairIpV6TestJSON-394605024-project] Attributes excluded by policy engine: ['standard_attr_id', 'binding:profile', 'binding:host_id', 'binding:vif_type', 'binding:vif_details'] {{(pid=104560) _exclude_attributes_by_policy /opt/stack/neutron/neutron/pecan_wsgi/hooks/policy_enforcement.py:259}}
May 04 12:25:11.531782 dv-neutron-840442-1-hyperv neutron-server[104560]: DEBUG neutron.pecan_wsgi.hooks.policy_enforcement [None req-f6ccbbd7-c74d-4612-8c82-52ca4c3c259e tempest-AllowedAddressPairIpV6TestJSON-394605024 tempest-AllowedAddressPairIpV6TestJSON-394605024-project] Attributes excluded by policy engine: ['standard_attr_id', 'binding:profile', 'binding:host_id', 'binding:vif_type', 'binding:vif_details'] {{(pid=104560) _exclude_attributes_by_policy /opt/stack/neutron/neutron/pecan_wsgi/hooks/policy_enforcement.py:259}}
May 04 12:25:11.539692 dv-neutron-840442-1-hyperv neutron-server[104560]: INFO neutron.wsgi [None req-f6ccbbd7-c74d-4612-8c82-52ca4c3c259e tempest-AllowedAddressPairIpV6TestJSON-394605024 tempest-AllowedAddressPairIpV6TestJSON-394605024-project] 10.222.0.57 "GET /v2.0/ports HTTP/1.1" status: 200 len: 2483 time: 1.0592494
May 04 12:25:11.540409 dv-neutron-840442-1-hyperv neutron-server[104560]: DEBUG neutron.wsgi [-] (104560) accepted ('10.222.0.57', 49234) {{(pid=104560) server /usr/local/lib/python3.8/dist-packages/eventlet/wsgi.py:1004}}
May 04 12:25:11.551566 dv-neutron-840442-1-hyperv neutron-server[104559]: DEBUG neutron.api.rpc.handlers.resources_rpc [None req-d84a5421-0a22-43d2-8215-3d5597abb013 tempest-ServersTestJSON-1746479247 tempest-ServersTestJSON-1746479247-project] Pushing event updated for resources: {'Port': ['ID=87e6ce7a-787c-41a6-bcdb-2c43da80fe97,revision_number=1']} {{(pid=104559) push /opt/stack/neutron/neutron/api/rpc/handlers/resources_rpc.py:237}}
May 04 12:25:11.576905 dv-neutron-840442-1-hyperv neutron-server[104560]: DEBUG neutron.pecan_wsgi.hooks.policy_enforcement [req-f5f9c39f-a122-4629-a66d-2ffdfdfadef8 req-7de95c48-6840-4afb-b369-dbc9f303419b tempest-ServersTestManualDisk-164643381 tempest-ServersTestManualDisk-164643381-project] Attributes excluded by policy engine: ['standard_attr_id', 'binding:profile', 'binding:host_id', 'binding:vif_type', 'binding:vif_details'] {{(pid=104560) _exclude_attributes_by_policy /opt/stack/neutron/neutron/pecan_wsgi/hooks/policy_enforcement.py:259}}
May 04 12:25:11.578445 dv-neutron-840442-1-hyperv neutron-server[104560]: INFO neutron.wsgi [req-f5f9c39f-a122-4629-a66d-2ffdfdfadef8 req-7de95c48-6840-4afb-b369-dbc9f303419b tempest-ServersTestManualDisk-164643381 tempest-ServersTestManualDisk-164643381-project] 10.222.0.57 "GET /v2.0/ports?device_id=d7295ada-ac0f-4758-80ce-709265732855 HTTP/1.1" status: 200 len: 932 time: 0.2459936
May 04 12:25:11.641293 dv-neutron-840442-1-hyperv neutron-server[104559]: DEBUG neutron.pecan_wsgi.hooks.policy_enforcement [req-decae95c-9942-4895-9a9f-8b092357138b req-d84a5421-0a22-43d2-8215-3d5597abb013 tempest-ServersTestJSON-1746479247 tempest-ServersTestJSON-1746479247-project] Attributes excluded by policy engine: ['standard_attr_id', 'binding:profile', 'binding:host_id', 'binding:vif_type', 'binding:vif_details', 'network'] {{(pid=104559) _exclude_attributes_by_policy /opt/stack/neutron/neutron/pecan_wsgi/hooks/policy_enforcement.py:259}}
May 04 12:25:11.641293 dv-neutron-840442-1-hyperv neutron-server[104559]: DEBUG neutron_lib.callbacks.manager [req-decae95c-9942-4895-9a9f-8b092357138b req-d84a5421-0a22-43d2-8215-3d5597abb013 tempest-ServersTestJSON-1746479247 tempest-ServersTestJSON-1746479247-project] Publish callbacks ['neutron.notifiers.nova.Notifier._send_nova_notification-37218'] for port (None), before_response {{(pid=104559) _notify_loop /usr/local/lib/python3.8/dist-packages/neutron_lib/callbacks/manager.py:176}}
May 04 12:25:11.649035 dv-neutron-840442-1-hyperv neutron-server[104559]: INFO neutron.wsgi [None req-409bd334-969f-47f0-b757-58ec6d9e4926 admin admin] 10.222.0.57 "GET /v2.0/security-groups?tenant_id=d74d0d57226740d18acfda120b56f323&name=default HTTP/1.1" status: 200 len: 2992 time: 0.1724167
May 04 12:25:11.654239 dv-neutron-840442-1-hyperv neutron-server[104559]: DEBUG neutron.wsgi [-] (104559) accepted ('10.222.0.57', 49236) {{(pid=104559) server /usr/local/lib/python3.8/dist-packages/eventlet/wsgi.py:1004}}
May 04 12:25:11.771886 dv-neutron-840442-1-hyperv neutron-server[104559]: INFO neutron.wsgi [req-decae95c-9942-4895-9a9f-8b092357138b req-d84a5421-0a22-43d2-8215-3d5597abb013 tempest-ServersTestJSON-1746479247 tempest-ServersTestJSON-1746479247-project] 10.222.0.24 "POST /v2.0/ports HTTP/1.1" status: 201 len: 933 time: 1.9757011
May 04 12:25:11.820909 dv-neutron-840442-1-hyperv neutron-server[104559]: DEBUG neutron.plugins.ml2.plugin [None req-44981f6f-a770-4725-b072-27aa8dea16b6 tempest-BulkNetworkOpsIpV6Test-1500056017 tempest-BulkNetworkOpsIpV6Test-1500056017-project] Deleting port 913ab3da-2da6-48f6-a4c9-e04fa140f182 {{(pid=104559) _pre_delete_port /opt/stack/neutron/neutron/plugins/ml2/plugin.py:2042}}
May 04 12:25:11.821180 dv-neutron-840442-1-hyperv neutron-server[104559]: DEBUG neutron_lib.callbacks.manager [None req-44981f6f-a770-4725-b072-27aa8dea16b6 tempest-BulkNetworkOpsIpV6Test-1500056017 tempest-BulkNetworkOpsIpV6Test-1500056017-project] Publish callbacks ['neutron.db.l3_db.L3_NAT_dbonly_mixin._prevent_l3_port_delete_callback-8781151111967'] for port (913ab3da-2da6-48f6-a4c9-e04fa140f182), before_delete {{(pid=104559) _notify_loop /usr/local/lib/python3.8/dist-packages/neutron_lib/callbacks/manager.py:176}}
May 04 12:25:11.822661 dv-neutron-840442-1-hyperv neutron-server[104560]: DEBUG neutron.plugins.ml2.plugin [None req-2aff8a5f-c631-4dfb-aaf8-6eb41486c239 tempest-AllowedAddressPairIpV6TestJSON-394605024 tempest-AllowedAddressPairIpV6TestJSON-394605024-project] Deleting port e7f374cc-76e7-49a2-9024-45dcb8ca280e {{(pid=104560) _pre_delete_port /opt/stack/neutron/neutron/plugins/ml2/plugin.py:2042}}
May 04 12:25:11.823206 dv-neutron-840442-1-hyperv neutron-server[104560]: DEBUG neutron_lib.callbacks.manager [None req-2aff8a5f-c631-4dfb-aaf8-6eb41486c239 tempest-AllowedAddressPairIpV6TestJSON-394605024 tempest-AllowedAddressPairIpV6TestJSON-394605024-project] Publish callbacks ['neutron.db.l3_db.L3_NAT_dbonly_mixin._prevent_l3_port_delete_callback-8781151111967'] for port (e7f374cc-76e7-49a2-9024-45dcb8ca280e), before_delete {{(pid=104560) _notify_loop /usr/local/lib/python3.8/dist-packages/neutron_lib/callbacks/manager.py:176}}
