May 04 12:24:54.625020 dv-neutron-840442-1-hyperv neutron-server[104562]: DEBUG neutron_lib.callbacks.manager [None req-ae399f3b-570f-43d4-ae34-9ffe9901969c None None] Publish callbacks ['neutron.plugins.ml2.plugin.SecurityGroupDbMixin._ensure_default_security_group_handler-587189'] for port (ee712ad4-95af-4982-86f5-3fe0792d5337), before_update {{(pid=104562) _notify_loop /usr/local/lib/python3.8/dist-packages/neutron_lib/callbacks/manager.py:176}}
May 04 12:24:54.667715 dv-neutron-840442-1-hyperv neutron-server[104561]: DEBUG neutron.plugins.ml2.plugin [None req-f16cb53a-2280-41c5-b105-7960a6da7110 None None] Port eb7d9b26-b7bd-4130-9bcb-fe6244005efd cannot update to ACTIVE because it is not bound. {{(pid=104561) _port_provisioned /opt/stack/neutron/neutron/plugins/ml2/plugin.py:352}}
May 04 12:24:54.708759 dv-neutron-840442-1-hyperv neutron-server[104560]: DEBUG neutron.api.rpc.agentnotifiers.l3_rpc_agent_api [None req-d6b62c74-7c97-477c-8e50-988f8152124c admin admin] Notify agent at l3_agent.dv-neutron-840442-1-hyperv the message routers_updated {{(pid=104560) _agent_notification /opt/stack/neutron/neutron/api/rpc/agentnotifiers/l3_rpc_agent_api.py:65}}
May 04 12:24:54.732938 dv-neutron-840442-1-hyperv neutron-server[104560]: INFO neutron.wsgi [None req-d6b62c74-7c97-477c-8e50-988f8152124c admin admin] 10.222.0.57 "PUT /v2.0/routers/c9192748-1f6d-43eb-92b1-c0b59b7c1323/add_router_interface HTTP/1.1" status: 200 len: 503 time: 9.3231730
May 04 12:24:54.733574 dv-neutron-840442-1-hyperv neutron-server[104562]: DEBUG neutron.plugins.ml2.db [None req-ae399f3b-570f-43d4-ae34-9ffe9901969c None None] For port ee712ad4-95af-4982-86f5-3fe0792d5337, host dv-neutron-840442-1-hyperv, cleared binding levels {{(pid=104562) clear_binding_levels /opt/stack/neutron/neutron/plugins/ml2/db.py:87}}
May 04 12:24:54.737083 dv-neutron-840442-1-hyperv neutron-server[104562]: DEBUG neutron.plugins.ml2.db [None req-ae399f3b-570f-43d4-ae34-9ffe9901969c None None] For port ee712ad4-95af-4982-86f5-3fe0792d5337, host dv-neutron-840442-1-hyperv, set binding levels [PortBindingLevel(driver='openvswitch',host='dv-neutron-840442-1-hyperv',level=0,port_id=ee712ad4-95af-4982-86f5-3fe0792d5337,segment=NetworkSegment(909aecd9-6f1a-4da1-920d-63a369f5ad7b),segment_id=909aecd9-6f1a-4da1-920d-63a369f5ad7b)] {{(pid=104562) set_binding_levels /opt/stack/neutron/neutron/plugins/ml2/db.py:59}}
May 04 12:24:54.750142 dv-neutron-840442-1-hyperv neutron-server[104560]: DEBUG neutron.api.v2.base [None req-6b783ba2-1f4d-4d45-8318-2892a7038fa4 tempest-BulkNetworkOpsIpV6Test-1500056017 tempest-BulkNetworkOpsIpV6Test-1500056017-project] Request body: {'networks': [{'name': 'tempest-network--1331537902'}, {'name': 'tempest-network--1433038824'}]} {{(pid=104560) prepare_request_body /opt/stack/neutron/neutron/api/v2/base.py:730}}
May 04 12:24:54.750571 dv-neutron-840442-1-hyperv neutron-server[104560]: DEBUG neutron.api.v2.base [None req-6b783ba2-1f4d-4d45-8318-2892a7038fa4 tempest-BulkNetworkOpsIpV6Test-1500056017 tempest-BulkNetworkOpsIpV6Test-1500056017-project] Request body: {'network': {'name': 'tempest-network--1331537902'}} {{(pid=104560) prepare_request_body /opt/stack/neutron/neutron/api/v2/base.py:730}}
May 04 12:24:54.751127 dv-neutron-840442-1-hyperv neutron-server[104560]: DEBUG neutron.api.v2.base [None req-6b783ba2-1f4d-4d45-8318-2892a7038fa4 tempest-BulkNetworkOpsIpV6Test-1500056017 tempest-BulkNetworkOpsIpV6Test-1500056017-project] Request body: {'network': {'name': 'tempest-network--1433038824'}} {{(pid=104560) prepare_request_body /opt/stack/neutron/neutron/api/v2/base.py:730}}
May 04 12:24:54.774928 dv-neutron-840442-1-hyperv neutron-server[104559]: DEBUG neutron_lib.callbacks.manager [None req-18a5643d-9837-400c-a4e7-23a1ff99dcb5 tempest-ServersTestManualDisk-164643381 tempest-ServersTestManualDisk-164643381-project] Publish callbacks [] for security_group_rule (f5a6586c-50f1-49bc-b760-2404e18c482e), precommit_create {{(pid=104559) _notify_loop /usr/local/lib/python3.8/dist-packages/neutron_lib/callbacks/manager.py:176}}
May 04 12:24:54.804154 dv-neutron-840442-1-hyperv neutron-server[104559]: DEBUG neutron_lib.callbacks.manager [None req-c42eef7c-3dff-45b3-a911-008afcf4f6ee admin admin] Publish callbacks [] for security_group (7d417246-9034-4563-996e-e55c021846e8), precommit_delete {{(pid=104559) _notify_loop /usr/local/lib/python3.8/dist-packages/neutron_lib/callbacks/manager.py:176}}
May 04 12:24:54.843384 dv-neutron-840442-1-hyperv neutron-server[104562]: DEBUG neutron_lib.callbacks.manager [None req-ae399f3b-570f-43d4-ae34-9ffe9901969c None None] Publish callbacks ['neutron.plugins.ml2.plugin.SecurityGroupServerNotifierRpcMixin._notify_sg_on_port_change-587225', 'neutron.plugins.ml2.ovo_rpc._ObjectChangeHandler.handle_event-420301', 'neutron.api.rpc.agentnotifiers.dhcp_rpc_agent_api.DhcpAgentNotifyAPI._native_event_send_dhcp_notification-3695167', 'neutron.db.l3_db.L3RpcNotifierMixin._notify_gateway_port_ip_changed-8781151118273', 'neutron.db.l3_dvrscheduler_db._notify_l3_agent_port_update-8781150640056', 'neutron.db.l3_hascheduler_db._notify_l3_agent_ha_port_update-8781150640074'] for port (ee712ad4-95af-4982-86f5-3fe0792d5337), after_update {{(pid=104562) _notify_loop /usr/local/lib/python3.8/dist-packages/neutron_lib/callbacks/manager.py:176}}
May 04 12:24:54.848525 dv-neutron-840442-1-hyperv neutron-server[104559]: INFO neutron.wsgi [None req-c5caaf81-983a-4ee9-8730-351e55c446b2 tempest-ExternalNetworksTestJSON-3310676 tempest-ExternalNetworksTestJSON-3310676-project-admin] 10.222.0.57 "GET /v2.0/floatingips HTTP/1.1" status: 200 len: 212 time: 0.2862353
May 04 12:24:54.849413 dv-neutron-840442-1-hyperv neutron-server[104559]: DEBUG neutron_lib.callbacks.manager [None req-f47a1810-981b-4f38-99ab-cdb1afab3268 tempest-DHCPAgentSchedulersTestJSON-142339402 tempest-DHCPAgentSchedulersTestJSON-142339402-project] Publish callbacks ['neutron.plugins.ml2.plugin.Ml2Plugin._network_delete_after_delete_handler-985480', 'neutron.plugins.ml2.ovo_rpc._ObjectChangeHandler.handle_event-3757695', 'neutron.api.rpc.agentnotifiers.dhcp_rpc_agent_api.DhcpAgentNotifyAPI._native_event_send_dhcp_notification-3695167', 'neutron.services.l3_router.l3_router_plugin.DVRResourceOperationHandler.delete_fip_namespaces_for_ext_net-3746581'] for network (955d852c-f1ac-46b0-ba1f-65ecb6d6c7c6), after_delete {{(pid=104559) _notify_loop /usr/local/lib/python3.8/dist-packages/neutron_lib/callbacks/manager.py:176}}
May 04 12:24:54.851108 dv-neutron-840442-1-hyperv neutron-server[104560]: DEBUG neutron.wsgi [-] (104560) accepted ('10.222.0.57', 48742) {{(pid=104560) server /usr/local/lib/python3.8/dist-packages/eventlet/wsgi.py:1004}}
May 04 12:24:54.871500 dv-neutron-840442-1-hyperv neutron-server[104559]: DEBUG neutron_lib.callbacks.manager [None req-c98abdb2-a062-4e83-9c58-192181b812a9 admin admin] Publish callbacks [] for security_group (3b4d0da0-38b7-413c-b496-9006ab49c3a7), before_delete {{(pid=104559) _notify_loop /usr/local/lib/python3.8/dist-packages/neutron_lib/callbacks/manager.py:176}}
May 04 12:24:54.894980 dv-neutron-840442-1-hyperv neutron-server[104559]: DEBUG neutron_lib.callbacks.manager [None req-c98abdb2-a062-4e83-9c58-192181b812a9 admin admin] Publish callbacks [] for security_group (3b4d0da0-38b7-413c-b496-9006ab49c3a7), precommit_delete {{(pid=104559) _notify_loop /usr/local/lib/python3.8/dist-packages/neutron_lib/callbacks/manager.py:176}}
May 04 12:24:54.915290 dv-neutron-840442-1-hyperv neutron-server[104560]: DEBUG neutron.pecan_wsgi.hooks.quota_enforcement [None req-6b783ba2-1f4d-4d45-8318-2892a7038fa4 tempest-BulkNetworkOpsIpV6Test-1500056017 tempest-BulkNetworkOpsIpV6Test-1500056017-project] Made reservation on behalf of f8477ce110f24f32b752d9d7b2fefb28 for: {'network': 2} {{(pid=104560) before /opt/stack/neutron/neutron/pecan_wsgi/hooks/quota_enforcement.py:53}}
May 04 12:24:54.919689 dv-neutron-840442-1-hyperv neutron-server[104560]: DEBUG neutron_lib.callbacks.manager [None req-6b783ba2-1f4d-4d45-8318-2892a7038fa4 tempest-BulkNetworkOpsIpV6Test-1500056017 tempest-BulkNetworkOpsIpV6Test-1500056017-project] Publish callbacks ['neutron.plugins.ml2.plugin.SecurityGroupDbMixin._ensure_default_security_group_handler-587189'] for network (None), before_create {{(pid=104560) _notify_loop /usr/local/lib/python3.8/dist-packages/neutron_lib/callbacks/manager.py:176}}
May 04 12:24:54.954761 dv-neutron-840442-1-hyperv neutron-server[104560]: DEBUG neutron_lib.callbacks.manager [None req-6b783ba2-1f4d-4d45-8318-2892a7038fa4 tempest-BulkNetworkOpsIpV6Test-1500056017 tempest-BulkNetworkOpsIpV6Test-1500056017-project] Publish callbacks [] for security_group (None), before_create {{(pid=104560) _notify_loop /usr/local/lib/python3.8/dist-packages/neutron_lib/callbacks/manager.py:176}}
May 04 12:24:54.962583 dv-neutron-840442-1-hyperv neutron-server[104559]: DEBUG neutron_lib.callbacks.manager [None req-f47a1810-981b-4f38-99ab-cdb1afab3268 tempest-DHCPAgentSchedulersTestJSON-142339402 tempest-DHCPAgentSchedulersTestJSON-142339402-project] Publish callbacks ['neutron.api.rpc.agentnotifiers.dhcp_rpc_agent_api.DhcpAgentNotifyAPI._send_dhcp_notification-3695117'] for network (None), before_response {{(pid=104559) _notify_loop /usr/local/lib/python3.8/dist-packages/neutron_lib/callbacks/manager.py:176}}
May 04 12:24:54.967002 dv-neutron-840442-1-hyperv neutron-server[104559]: INFO neutron.wsgi [None req-f47a1810-981b-4f38-99ab-cdb1afab3268 tempest-DHCPAgentSchedulersTestJSON-142339402 tempest-DHCPAgentSchedulersTestJSON-142339402-project] 10.222.0.57 "DELETE /v2.0/networks/955d852c-f1ac-46b0-ba1f-65ecb6d6c7c6 HTTP/1.1" status: 204 len: 168 time: 2.2042048
May 04 12:24:54.968053 dv-neutron-840442-1-hyperv neutron-server[104559]: DEBUG neutron.api.rpc.handlers.resources_rpc [None req-f47a1810-981b-4f38-99ab-cdb1afab3268 tempest-DHCPAgentSchedulersTestJSON-142339402 tempest-DHCPAgentSchedulersTestJSON-142339402-project] Pushing event deleted for resources: {'Network': ['ID=955d852c-f1ac-46b0-ba1f-65ecb6d6c7c6,revision_number=None']} {{(pid=104559) push /opt/stack/neutron/neutron/api/rpc/handlers/resources_rpc.py:237}}
May 04 12:24:54.972466 dv-neutron-840442-1-hyperv neutron-server[104559]: DEBUG neutron_lib.callbacks.manager [None req-18a5643d-9837-400c-a4e7-23a1ff99dcb5 tempest-ServersTestManualDisk-164643381 tempest-ServersTestManualDisk-164643381-project] Publish callbacks ['neutron.plugins.ml2.ovo_rpc._ObjectChangeHandler.handle_event-3753764'] for security_group_rule (f5a6586c-50f1-49bc-b760-2404e18c482e), after_create {{(pid=104559) _notify_loop /usr/local/lib/python3.8/dist-packages/neutron_lib/callbacks/manager.py:176}}
May 04 12:24:54.982288 dv-neutron-840442-1-hyperv neutron-server[104560]: DEBUG neutron.wsgi [-] (104560) accepted ('10.222.0.57', 48746) {{(pid=104560) server /usr/local/lib/python3.8/dist-packages/eventlet/wsgi.py:1004}}
May 04 12:24:54.991782 dv-neutron-840442-1-hyperv neutron-server[104561]: DEBUG neutron.db.provisioning_blocks [None req-04f1be60-1394-433d-b4b4-9990043b9f1a None None] Provisioning complete for port ee712ad4-95af-4982-86f5-3fe0792d5337 triggered by entity DHCP. {{(pid=104561) provisioning_complete /opt/stack/neutron/neutron/db/provisioning_blocks.py:145}}
May 04 12:24:54.992926 dv-neutron-840442-1-hyperv neutron-server[104561]: DEBUG neutron_lib.callbacks.manager [None req-04f1be60-1394-433d-b4b4-9990043b9f1a None None] Publish callbacks ['neutron.plugins.ml2.plugin.Ml2Plugin._port_provisioned-987498'] for port (ee712ad4-95af-4982-86f5-3fe0792d5337), provisioning_complete {{(pid=104561) _notify_loop /usr/local/lib/python3.8/dist-packages/neutron_lib/callbacks/manager.py:176}}
May 04 12:24:55.044917 dv-neutron-840442-1-hyperv neutron-server[104559]: DEBUG neutron_lib.callbacks.manager [None req-c98abdb2-a062-4e83-9c58-192181b812a9 admin admin] Publish callbacks ['neutron.plugins.ml2.ovo_rpc._ObjectChangeHandler.handle_event-3753936'] for security_group (3b4d0da0-38b7-413c-b496-9006ab49c3a7), after_delete {{(pid=104559) _notify_loop /usr/local/lib/python3.8/dist-packages/neutron_lib/callbacks/manager.py:176}}
May 04 12:24:55.048767 dv-neutron-840442-1-hyperv neutron-server[104559]: DEBUG neutron_lib.callbacks.manager [None req-c98abdb2-a062-4e83-9c58-192181b812a9 admin admin] Publish callbacks [] for security_group (None), before_response {{(pid=104559) _notify_loop /usr/local/lib/python3.8/dist-packages/neutron_lib/callbacks/manager.py:176}}
May 04 12:24:55.065445 dv-neutron-840442-1-hyperv neutron-server[104559]: INFO neutron.wsgi [None req-c98abdb2-a062-4e83-9c58-192181b812a9 admin admin] 10.222.0.57 "DELETE /v2.0/security-groups/3b4d0da0-38b7-413c-b496-9006ab49c3a7 HTTP/1.1" status: 204 len: 168 time: 1.0198359
May 04 12:24:55.076299 dv-neutron-840442-1-hyperv neutron-server[104559]: DEBUG neutron.api.rpc.handlers.resources_rpc [None req-18a5643d-9837-400c-a4e7-23a1ff99dcb5 tempest-ServersTestManualDisk-164643381 tempest-ServersTestManualDisk-164643381-project] Pushing event updated for resources: {'SecurityGroupRule': ['ID=f5a6586c-50f1-49bc-b760-2404e18c482e,revision_number=0']} {{(pid=104559) push /opt/stack/neutron/neutron/api/rpc/handlers/resources_rpc.py:237}}
May 04 12:24:55.105032 dv-neutron-840442-1-hyperv neutron-server[104559]: DEBUG neutron.api.rpc.handlers.resources_rpc [None req-c98abdb2-a062-4e83-9c58-192181b812a9 admin admin] Pushing event deleted for resources: {'SecurityGroup': ['ID=3b4d0da0-38b7-413c-b496-9006ab49c3a7,revision_number=None']} {{(pid=104559) push /opt/stack/neutron/neutron/api/rpc/handlers/resources_rpc.py:237}}
May 04 12:24:55.108069 dv-neutron-840442-1-hyperv neutron-server[104560]: DEBUG neutron.pecan_wsgi.hooks.policy_enforcement [None req-8f8d4a80-ed20-44e4-9a78-14dc3e205cb2 tempest-ExternalNetworksTestJSON-3310676 tempest-ExternalNetworksTestJSON-3310676-project-admin] Attributes excluded by policy engine: ['standard_attr_id', 'shared', 'segment_id'] {{(pid=104560) _exclude_attributes_by_policy /opt/stack/neutron/neutron/pecan_wsgi/hooks/policy_enforcement.py:259}}
May 04 12:24:55.108791 dv-neutron-840442-1-hyperv neutron-server[104560]: DEBUG neutron.pecan_wsgi.hooks.policy_enforcement [None req-8f8d4a80-ed20-44e4-9a78-14dc3e205cb2 tempest-ExternalNetworksTestJSON-3310676 tempest-ExternalNetworksTestJSON-3310676-project-admin] Attributes excluded by policy engine: ['standard_attr_id', 'shared', 'segment_id'] {{(pid=104560) _exclude_attributes_by_policy /opt/stack/neutron/neutron/pecan_wsgi/hooks/policy_enforcement.py:259}}
May 04 12:24:55.109470 dv-neutron-840442-1-hyperv neutron-server[104560]: DEBUG neutron.pecan_wsgi.hooks.policy_enforcement [None req-8f8d4a80-ed20-44e4-9a78-14dc3e205cb2 tempest-ExternalNetworksTestJSON-3310676 tempest-ExternalNetworksTestJSON-3310676-project-admin] Attributes excluded by policy engine: ['standard_attr_id', 'shared', 'segment_id'] {{(pid=104560) _exclude_attributes_by_policy /opt/stack/neutron/neutron/pecan_wsgi/hooks/policy_enforcement.py:259}}
May 04 12:24:55.110214 dv-neutron-840442-1-hyperv neutron-server[104560]: DEBUG neutron.pecan_wsgi.hooks.policy_enforcement [None req-8f8d4a80-ed20-44e4-9a78-14dc3e205cb2 tempest-ExternalNetworksTestJSON-3310676 tempest-ExternalNetworksTestJSON-3310676-project-admin] Attributes excluded by policy engine: ['standard_attr_id', 'shared', 'segment_id'] {{(pid=104560) _exclude_attributes_by_policy /opt/stack/neutron/neutron/pecan_wsgi/hooks/policy_enforcement.py:259}}
May 04 12:24:55.110959 dv-neutron-840442-1-hyperv neutron-server[104560]: DEBUG neutron.pecan_wsgi.hooks.policy_enforcement [None req-8f8d4a80-ed20-44e4-9a78-14dc3e205cb2 tempest-ExternalNetworksTestJSON-3310676 tempest-ExternalNetworksTestJSON-3310676-project-admin] Attributes excluded by policy engine: ['standard_attr_id', 'shared', 'segment_id'] {{(pid=104560) _exclude_attributes_by_policy /opt/stack/neutron/neutron/pecan_wsgi/hooks/policy_enforcement.py:259}}
May 04 12:24:55.111702 dv-neutron-840442-1-hyperv neutron-server[104560]: DEBUG neutron.pecan_wsgi.hooks.policy_enforcement [None req-8f8d4a80-ed20-44e4-9a78-14dc3e205cb2 tempest-ExternalNetworksTestJSON-3310676 tempest-ExternalNetworksTestJSON-3310676-project-admin] Attributes excluded by policy engine: ['standard_attr_id', 'shared', 'segment_id'] {{(pid=104560) _exclude_attributes_by_policy /opt/stack/neutron/neutron/pecan_wsgi/hooks/policy_enforcement.py:259}}
May 04 12:24:55.112347 dv-neutron-840442-1-hyperv neutron-server[104560]: DEBUG neutron.pecan_wsgi.hooks.policy_enforcement [None req-8f8d4a80-ed20-44e4-9a78-14dc3e205cb2 tempest-ExternalNetworksTestJSON-3310676 tempest-ExternalNetworksTestJSON-3310676-project-admin] Attributes excluded by policy engine: ['standard_attr_id', 'shared', 'segment_id'] {{(pid=104560) _exclude_attributes_by_policy /opt/stack/neutron/neutron/pecan_wsgi/hooks/policy_enforcement.py:259}}
May 04 12:24:55.114488 dv-neutron-840442-1-hyperv neutron-server[104560]: INFO neutron.wsgi [None req-8f8d4a80-ed20-44e4-9a78-14dc3e205cb2 tempest-ExternalNetworksTestJSON-3310676 tempest-ExternalNetworksTestJSON-3310676-project-admin] 10.222.0.57 "GET /v2.0/subnets HTTP/1.1" status: 200 len: 4607 time: 0.2622440
May 04 12:24:55.117454 dv-neutron-840442-1-hyperv neutron-server[104559]: DEBUG neutron.wsgi [-] (104559) accepted ('10.222.0.57', 48752) {{(pid=104559) server /usr/local/lib/python3.8/dist-packages/eventlet/wsgi.py:1004}}
May 04 12:24:55.134417 dv-neutron-840442-1-hyperv neutron-server[104560]: INFO neutron.pecan_wsgi.hooks.translation [None req-0ba65abd-ea9e-498b-9013-963c6b05aa42 tempest-DHCPAgentSchedulersTestJSON-142339402 tempest-DHCPAgentSchedulersTestJSON-142339402-project] DELETE failed (client error): The resource could not be found.
May 04 12:24:55.135475 dv-neutron-840442-1-hyperv neutron-server[104560]: DEBUG neutron.pecan_wsgi.hooks.notifier [None req-0ba65abd-ea9e-498b-9013-963c6b05aa42 tempest-DHCPAgentSchedulersTestJSON-142339402 tempest-DHCPAgentSchedulersTestJSON-142339402-project] No notification will be sent due to unsuccessful status code: 404 {{(pid=104560) after /opt/stack/neutron/neutron/pecan_wsgi/hooks/notifier.py:78}}
May 04 12:24:55.138807 dv-neutron-840442-1-hyperv neutron-server[104560]: INFO neutron.wsgi [None req-0ba65abd-ea9e-498b-9013-963c6b05aa42 tempest-DHCPAgentSchedulersTestJSON-142339402 tempest-DHCPAgentSchedulersTestJSON-142339402-project] 10.222.0.57 "DELETE /v2.0/ports/68f3c546-45ee-4dc4-8e8a-d58aa069fa4a HTTP/1.1" status: 404 len: 333 time: 0.1512358
May 04 12:24:55.148836 dv-neutron-840442-1-hyperv neutron-server[104560]: DEBUG neutron.wsgi [-] (104560) accepted ('10.222.0.57', 48754) {{(pid=104560) server /usr/local/lib/python3.8/dist-packages/eventlet/wsgi.py:1004}}
May 04 12:24:55.153714 dv-neutron-840442-1-hyperv neutron-server[104562]: DEBUG neutron.api.rpc.handlers.resources_rpc [None req-64c396ca-1830-427b-a724-99cff5f31b51 None None] Pushing event updated for resources: {'Port': ['ID=ee712ad4-95af-4982-86f5-3fe0792d5337,revision_number=4']} {{(pid=104562) push /opt/stack/neutron/neutron/api/rpc/handlers/resources_rpc.py:237}}
May 04 12:24:55.175479 dv-neutron-840442-1-hyperv neutron-server[104562]: DEBUG neutron.db.l3_dvrscheduler_db [None req-ae399f3b-570f-43d4-ae34-9ffe9901969c None None] Routers {'0a9f3bd5-1328-4caf-b37b-6d8d06623162'} bound to L3 agent in host dv-neutron-840442-1-hyperv {{(pid=104562) _get_router_ids_for_agent /opt/stack/neutron/neutron/db/l3_dvrscheduler_db.py:421}}
May 04 12:24:55.177189 dv-neutron-840442-1-hyperv neutron-server[104562]: DEBUG neutron.db.l3_hamode_db [None req-ae399f3b-570f-43d4-ae34-9ffe9901969c None None] neutron.services.l3_router.l3_router_plugin.L3RouterPlugin method get_ha_sync_data_for_host called with arguments (, 'dv-neutron-840442-1-hyperv', Agent(admin_state_up=True,agent_type='L3 agent',availability_zone='nova',binary='neutron-l3-agent',configurations={"agent_mode": "legacy", "ex_gw_ports": 4, "extensions": [], "floating_ips": 0, "handle_internal_only_routers": true, "interface_driver": "openvswitch", "interfaces": 1, "log_agent_heartbeats": false, "routers": 4},created_at=2022-05-04T12:16:23Z,description=,heartbeat_timestamp=2022-05-04T12:24:53Z,host='dv-neutron-840442-1-hyperv',id=169e1c41-bac3-4749-98df-95cdf66ca968,load=0,resource_versions=,resources_synced=,started_at=2022-05-04T12:16:24Z,topic='l3_agent')) {'router_ids': ['0a9f3bd5-1328-4caf-b37b-6d8d06623162'], 'active': True} {{(pid=104562) wrapper /usr/local/lib/python3.8/dist-packages/oslo_log/helpers.py:65}}
May 04 12:24:55.260157 dv-neutron-840442-1-hyperv neutron-server[104561]: DEBUG neutron.plugins.ml2.plugin [None req-04f1be60-1394-433d-b4b4-9990043b9f1a None None] Current status of the port ee712ad4-95af-4982-86f5-3fe0792d5337 is: DOWN; New status is: ACTIVE {{(pid=104561) _update_individual_port_db_status /opt/stack/neutron/neutron/plugins/ml2/plugin.py:2297}}
May 04 12:24:55.260948 dv-neutron-840442-1-hyperv neutron-server[104561]: DEBUG neutron_lib.callbacks.manager [None req-04f1be60-1394-433d-b4b4-9990043b9f1a None None] Publish callbacks ['neutron.plugins.ml2.plugin.SecurityGroupDbMixin._ensure_default_security_group_handler-587189'] for port (ee712ad4-95af-4982-86f5-3fe0792d5337), before_update {{(pid=104561) _notify_loop /usr/local/lib/python3.8/dist-packages/neutron_lib/callbacks/manager.py:176}}
May 04 12:24:55.281905 dv-neutron-840442-1-hyperv neutron-server[104560]: DEBUG neutron.wsgi [-] (104560) accepted ('10.222.0.57', 48756) {{(pid=104560) server /usr/local/lib/python3.8/dist-packages/eventlet/wsgi.py:1004}}
May 04 12:24:55.292371 dv-neutron-840442-1-hyperv neutron-server[104559]: DEBUG neutron_lib.callbacks.manager [None req-18a5643d-9837-400c-a4e7-23a1ff99dcb5 tempest-ServersTestManualDisk-164643381 tempest-ServersTestManualDisk-164643381-project] Publish callbacks [] for security_group_rule (None), before_response {{(pid=104559) _notify_loop /usr/local/lib/python3.8/dist-packages/neutron_lib/callbacks/manager.py:176}}
May 04 12:24:55.306172 dv-neutron-840442-1-hyperv neutron-server[104559]: INFO neutron.wsgi [None req-18a5643d-9837-400c-a4e7-23a1ff99dcb5 tempest-ServersTestManualDisk-164643381 tempest-ServersTestManualDisk-164643381-project] 10.222.0.57 "POST /v2.0/security-group-rules HTTP/1.1" status: 201 len: 769 time: 1.6917305
May 04 12:24:55.308528 dv-neutron-840442-1-hyperv neutron-server[104559]: INFO neutron.api.v2.resource [None req-5e39bd1e-dfcb-484d-a4cf-d8c2625f3d3a tempest-ExternalNetworksTestJSON-3310676 tempest-ExternalNetworksTestJSON-3310676-project-admin] delete failed (client error): The resource could not be found.
May 04 12:24:55.312270 dv-neutron-840442-1-hyperv neutron-server[104559]: INFO neutron.wsgi [None req-5e39bd1e-dfcb-484d-a4cf-d8c2625f3d3a tempest-ExternalNetworksTestJSON-3310676 tempest-ExternalNetworksTestJSON-3310676-project-admin] 10.222.0.57 "DELETE /v2.0/floatingips/93e9f247-c7fa-4cd8-b3e9-58ced8943121 HTTP/1.1" status: 404 len: 345 time: 0.1909053
May 04 12:24:55.316688 dv-neutron-840442-1-hyperv neutron-server[104561]: DEBUG neutron.plugins.ml2.db [None req-04f1be60-1394-433d-b4b4-9990043b9f1a None None] For port ee712ad4-95af-4982-86f5-3fe0792d5337, host dv-neutron-840442-1-hyperv, got binding levels [PortBindingLevel(driver='openvswitch',host='dv-neutron-840442-1-hyperv',level=0,port_id=ee712ad4-95af-4982-86f5-3fe0792d5337,segment=NetworkSegment(909aecd9-6f1a-4da1-920d-63a369f5ad7b),segment_id=909aecd9-6f1a-4da1-920d-63a369f5ad7b)] {{(pid=104561) get_binding_level_objs /opt/stack/neutron/neutron/plugins/ml2/db.py:74}}
May 04 12:24:55.322121 dv-neutron-840442-1-hyperv neutron-server[104559]: DEBUG neutron.wsgi [-] (104559) accepted ('10.222.0.57', 48758) {{(pid=104559) server /usr/local/lib/python3.8/dist-packages/eventlet/wsgi.py:1004}}
May 04 12:24:55.324992 dv-neutron-840442-1-hyperv neutron-server[104559]: DEBUG neutron.wsgi [-] (104559) accepted ('10.222.0.57', 48760) {{(pid=104559) server /usr/local/lib/python3.8/dist-packages/eventlet/wsgi.py:1004}}
May 04 12:24:55.325793 dv-neutron-840442-1-hyperv neutron-server[104559]: DEBUG neutron_lib.callbacks.manager [None req-c42eef7c-3dff-45b3-a911-008afcf4f6ee admin admin] Publish callbacks ['neutron.plugins.ml2.ovo_rpc._ObjectChangeHandler.handle_event-3753936'] for security_group (7d417246-9034-4563-996e-e55c021846e8), after_delete {{(pid=104559) _notify_loop /usr/local/lib/python3.8/dist-packages/neutron_lib/callbacks/manager.py:176}}
May 04 12:24:55.328672 dv-neutron-840442-1-hyperv neutron-server[104559]: DEBUG neutron_lib.callbacks.manager [None req-c42eef7c-3dff-45b3-a911-008afcf4f6ee admin admin] Publish callbacks [] for security_group (None), before_response {{(pid=104559) _notify_loop /usr/local/lib/python3.8/dist-packages/neutron_lib/callbacks/manager.py:176}}
May 04 12:24:55.333036 dv-neutron-840442-1-hyperv neutron-server[104559]: INFO neutron.wsgi [None req-c42eef7c-3dff-45b3-a911-008afcf4f6ee admin admin] 10.222.0.57 "DELETE /v2.0/security-groups/7d417246-9034-4563-996e-e55c021846e8 HTTP/1.1" status: 204 len: 168 time: 1.6277103
May 04 12:24:55.373708 dv-neutron-840442-1-hyperv neutron-server[104559]: DEBUG neutron.api.v2.base [None req-07117517-563d-40cb-98c2-ec47370cfbc2 tempest-ServersTestManualDisk-164643381 tempest-ServersTestManualDisk-164643381-project] Request body: {'floatingip': {'floating_network_id': 'e9456015-507a-4d37-a40a-d154fd8f38a6'}} {{(pid=104559) prepare_request_body /opt/stack/neutron/neutron/api/v2/base.py:730}}
May 04 12:24:55.380949 dv-neutron-840442-1-hyperv neutron-server[104561]: DEBUG neutron_lib.callbacks.manager [None req-04f1be60-1394-433d-b4b4-9990043b9f1a None None] Publish callbacks ['neutron.plugins.ml2.plugin.SecurityGroupServerNotifierRpcMixin._notify_sg_on_port_change-587225', 'neutron.plugins.ml2.ovo_rpc._ObjectChangeHandler.handle_event-420301', 'neutron.api.rpc.agentnotifiers.dhcp_rpc_agent_api.DhcpAgentNotifyAPI._native_event_send_dhcp_notification-3695167', 'neutron.db.l3_db.L3RpcNotifierMixin._notify_gateway_port_ip_changed-8781151118273', 'neutron.db.l3_dvrscheduler_db._notify_l3_agent_port_update-8781150640056', 'neutron.db.l3_hascheduler_db._notify_l3_agent_ha_port_update-8781150640074'] for port (ee712ad4-95af-4982-86f5-3fe0792d5337), after_update {{(pid=104561) _notify_loop /usr/local/lib/python3.8/dist-packages/neutron_lib/callbacks/manager.py:176}}
May 04 12:24:55.388100 dv-neutron-840442-1-hyperv neutron-server[104560]: DEBUG neutron_lib.callbacks.manager [None req-6b783ba2-1f4d-4d45-8318-2892a7038fa4 tempest-BulkNetworkOpsIpV6Test-1500056017 tempest-BulkNetworkOpsIpV6Test-1500056017-project] Publish callbacks [] for security_group (b9669c99-763a-42c8-9128-a1a010e8e160), precommit_create {{(pid=104560) _notify_loop /usr/local/lib/python3.8/dist-packages/neutron_lib/callbacks/manager.py:176}}
May 04 12:24:55.392773 dv-neutron-840442-1-hyperv neutron-server[104560]: DEBUG neutron.api.v2.base [None req-f5927ca1-9fae-40a2-a7ca-3336f4e0f9d5 tempest-ServersTestJSON-1746479247 tempest-ServersTestJSON-1746479247-project] Request body: {'security_group': {'name': 'tempest-securitygroup--2061935248', 'description': 'tempest-description--671871677'}} {{(pid=104560) prepare_request_body /opt/stack/neutron/neutron/api/v2/base.py:730}}
May 04 12:24:55.408438 dv-neutron-840442-1-hyperv neutron-server[104562]: DEBUG neutron.db.l3_dvr_db [None req-ae399f3b-570f-43d4-ae34-9ffe9901969c None None] Set router 0a9f3bd5-1328-4caf-b37b-6d8d06623162 gateway port host: dv-neutron-840442-1-hyperv {{(pid=104562) _build_routers_list /opt/stack/neutron/neutron/db/l3_dvr_db.py:906}}
May 04 12:24:55.466753 dv-neutron-840442-1-hyperv neutron-server[104560]: DEBUG neutron_lib.callbacks.manager [None req-6b783ba2-1f4d-4d45-8318-2892a7038fa4 tempest-BulkNetworkOpsIpV6Test-1500056017 tempest-BulkNetworkOpsIpV6Test-1500056017-project] Publish callbacks ['neutron.plugins.ml2.ovo_rpc._ObjectChangeHandler.handle_event-3753936'] for security_group (b9669c99-763a-42c8-9128-a1a010e8e160), after_create {{(pid=104560) _notify_loop /usr/local/lib/python3.8/dist-packages/neutron_lib/callbacks/manager.py:176}}
May 04 12:24:55.468353 dv-neutron-840442-1-hyperv neutron-server[104560]: DEBUG neutron_lib.callbacks.manager [None req-6b783ba2-1f4d-4d45-8318-2892a7038fa4 tempest-BulkNetworkOpsIpV6Test-1500056017 tempest-BulkNetworkOpsIpV6Test-1500056017-project] Publish callbacks ['neutron.plugins.ml2.plugin.SecurityGroupDbMixin._ensure_default_security_group_handler-587189'] for network (None), before_create {{(pid=104560) _notify_loop /usr/local/lib/python3.8/dist-packages/neutron_lib/callbacks/manager.py:176}}
May 04 12:24:55.474326 dv-neutron-840442-1-hyperv neutron-server[104559]: DEBUG neutron.api.rpc.handlers.resources_rpc [None req-c42eef7c-3dff-45b3-a911-008afcf4f6ee admin admin] Pushing event deleted for resources: {'SecurityGroup': ['ID=7d417246-9034-4563-996e-e55c021846e8,revision_number=None']} {{(pid=104559) push /opt/stack/neutron/neutron/api/rpc/handlers/resources_rpc.py:237}}
May 04 12:24:55.479890 dv-neutron-840442-1-hyperv neutron-server[104559]: INFO neutron.pecan_wsgi.hooks.translation [None req-fbfaf077-3978-419b-8318-5fa5c2525662 tempest-ExternalNetworksTestJSON-3310676 tempest-ExternalNetworksTestJSON-3310676-project-admin] DELETE failed (client error): The resource could not be found.
May 04 12:24:55.479890 dv-neutron-840442-1-hyperv neutron-server[104559]: DEBUG neutron.pecan_wsgi.hooks.notifier [None req-fbfaf077-3978-419b-8318-5fa5c2525662 tempest-ExternalNetworksTestJSON-3310676 tempest-ExternalNetworksTestJSON-3310676-project-admin] No notification will be sent due to unsuccessful status code: 404 {{(pid=104559) after /opt/stack/neutron/neutron/pecan_wsgi/hooks/notifier.py:78}}
May 04 12:24:55.481686 dv-neutron-840442-1-hyperv neutron-server[104561]: DEBUG neutron.api.rpc.handlers.resources_rpc [None req-04f1be60-1394-433d-b4b4-9990043b9f1a None None] Pushing event updated for resources: {'Port': ['ID=ee712ad4-95af-4982-86f5-3fe0792d5337,revision_number=5']} {{(pid=104561) push /opt/stack/neutron/neutron/api/rpc/handlers/resources_rpc.py:237}}
May 04 12:24:55.499413 dv-neutron-840442-1-hyperv neutron-server[104559]: INFO neutron.wsgi [None req-fbfaf077-3978-419b-8318-5fa5c2525662 tempest-ExternalNetworksTestJSON-3310676 tempest-ExternalNetworksTestJSON-3310676-project-admin] 10.222.0.57 "DELETE /v2.0/networks/bcb2dc9b-9346-4216-a798-7161c818ebd8 HTTP/1.1" status: 404 len: 339 time: 0.1675394
May 04 12:24:55.504070 dv-neutron-840442-1-hyperv neutron-server[104559]: DEBUG neutron.wsgi [-] (104559) accepted ('10.222.0.57', 48764) {{(pid=104559) server /usr/local/lib/python3.8/dist-packages/eventlet/wsgi.py:1004}}
May 04 12:24:55.521625 dv-neutron-840442-1-hyperv neutron-server[104559]: DEBUG neutron.api.v2.base [None req-44a67a82-4249-4029-8822-6748320605d6 tempest-ExternalNetworksTestJSON-3310676 tempest-ExternalNetworksTestJSON-3310676-project-admin] Request body: {'network': {'name': 'tempest-network--1024477220', 'router:external': True}} {{(pid=104559) prepare_request_body /opt/stack/neutron/neutron/api/v2/base.py:730}}
May 04 12:24:55.533768 dv-neutron-840442-1-hyperv neutron-server[104560]: DEBUG neutron_lib.callbacks.manager [None req-f5927ca1-9fae-40a2-a7ca-3336f4e0f9d5 tempest-ServersTestJSON-1746479247 tempest-ServersTestJSON-1746479247-project] Publish callbacks [] for security_group (None), before_create {{(pid=104560) _notify_loop /usr/local/lib/python3.8/dist-packages/neutron_lib/callbacks/manager.py:176}}
May 04 12:24:55.539006 dv-neutron-840442-1-hyperv neutron-server[104560]: DEBUG neutron.db.db_base_plugin_v2 [None req-2be34bef-85bc-4fda-b60f-8950e04270b6 tempest-DHCPAgentSchedulersTestJSON-142339402 tempest-DHCPAgentSchedulersTestJSON-142339402-project] Deleting subnet 6cedb15c-a240-4e29-a09d-a12a53cc8dbb {{(pid=104560) delete_subnet /opt/stack/neutron/neutron/db/db_base_plugin_v2.py:1067}}
May 04 12:24:55.552098 dv-neutron-840442-1-hyperv neutron-server[104560]: DEBUG neutron.api.rpc.handlers.resources_rpc [None req-6b783ba2-1f4d-4d45-8318-2892a7038fa4 tempest-BulkNetworkOpsIpV6Test-1500056017 tempest-BulkNetworkOpsIpV6Test-1500056017-project] Pushing event updated for resources: {'SecurityGroup': ['ID=b9669c99-763a-42c8-9128-a1a010e8e160,revision_number=1']} {{(pid=104560) push /opt/stack/neutron/neutron/api/rpc/handlers/resources_rpc.py:237}}
May 04 12:24:55.574107 dv-neutron-840442-1-hyperv neutron-server[104560]: DEBUG neutron_lib.callbacks.manager [None req-2be34bef-85bc-4fda-b60f-8950e04270b6 tempest-DHCPAgentSchedulersTestJSON-142339402 tempest-DHCPAgentSchedulersTestJSON-142339402-project] Publish callbacks [] for subnet (6cedb15c-a240-4e29-a09d-a12a53cc8dbb), before_delete {{(pid=104560) _notify_loop /usr/local/lib/python3.8/dist-packages/neutron_lib/callbacks/manager.py:176}}
May 04 12:24:55.605656 dv-neutron-840442-1-hyperv neutron-server[104561]: DEBUG neutron.db.provisioning_blocks [None req-d4ceba5f-4d1a-42be-88af-1a0edf5fc0db None None] Provisioning complete for port ee712ad4-95af-4982-86f5-3fe0792d5337 triggered by entity DHCP. {{(pid=104561) provisioning_complete /opt/stack/neutron/neutron/db/provisioning_blocks.py:145}}
May 04 12:24:55.606196 dv-neutron-840442-1-hyperv neutron-server[104561]: DEBUG neutron_lib.callbacks.manager [None req-d4ceba5f-4d1a-42be-88af-1a0edf5fc0db None None] Publish callbacks ['neutron.plugins.ml2.plugin.Ml2Plugin._port_provisioned-987498'] for port (ee712ad4-95af-4982-86f5-3fe0792d5337), provisioning_complete {{(pid=104561) _notify_loop /usr/local/lib/python3.8/dist-packages/neutron_lib/callbacks/manager.py:176}}
May 04 12:24:55.655626 dv-neutron-840442-1-hyperv neutron-server[104559]: DEBUG neutron_lib.callbacks.manager [None req-07117517-563d-40cb-98c2-ec47370cfbc2 tempest-ServersTestManualDisk-164643381 tempest-ServersTestManualDisk-164643381-project] Publish callbacks [] for floatingip (None), before_create {{(pid=104559) _notify_loop /usr/local/lib/python3.8/dist-packages/neutron_lib/callbacks/manager.py:176}}
May 04 12:24:55.763747 dv-neutron-840442-1-hyperv neutron-server[104561]: DEBUG neutron.api.rpc.handlers.l3_rpc [None req-972ce72f-feb3-424a-b1b6-f162faaa1208 None None] Sync routers for ids ['c9192748-1f6d-43eb-92b1-c0b59b7c1323'] in dv-neutron-840442-1-hyperv {{(pid=104561) sync_routers /opt/stack/neutron/neutron/api/rpc/handlers/l3_rpc.py:125}}
May 04 12:24:55.770885 dv-neutron-840442-1-hyperv neutron-server[104559]: DEBUG neutron.pecan_wsgi.hooks.quota_enforcement [None req-44a67a82-4249-4029-8822-6748320605d6 tempest-ExternalNetworksTestJSON-3310676 tempest-ExternalNetworksTestJSON-3310676-project-admin] Made reservation on behalf of d74d0d57226740d18acfda120b56f323 for: {'network': 1} {{(pid=104559) before /opt/stack/neutron/neutron/pecan_wsgi/hooks/quota_enforcement.py:53}}
May 04 12:24:55.773551 dv-neutron-840442-1-hyperv neutron-server[104559]: DEBUG neutron_lib.callbacks.manager [None req-44a67a82-4249-4029-8822-6748320605d6 tempest-ExternalNetworksTestJSON-3310676 tempest-ExternalNetworksTestJSON-3310676-project-admin] Publish callbacks ['neutron.plugins.ml2.plugin.SecurityGroupDbMixin._ensure_default_security_group_handler-587189'] for network (None), before_create {{(pid=104559) _notify_loop /usr/local/lib/python3.8/dist-packages/neutron_lib/callbacks/manager.py:176}}
May 04 12:24:55.773979 dv-neutron-840442-1-hyperv neutron-server[104560]: DEBUG neutron_lib.callbacks.manager [None req-f5927ca1-9fae-40a2-a7ca-3336f4e0f9d5 tempest-ServersTestJSON-1746479247 tempest-ServersTestJSON-1746479247-project] Publish callbacks [] for security_group (0c80ae9e-f6ae-475a-8d46-0fc79e59cf93), precommit_create {{(pid=104560) _notify_loop /usr/local/lib/python3.8/dist-packages/neutron_lib/callbacks/manager.py:176}}
May 04 12:24:55.791567 dv-neutron-840442-1-hyperv neutron-server[104560]: DEBUG neutron.plugins.ml2.drivers.helpers [None req-6b783ba2-1f4d-4d45-8318-2892a7038fa4 tempest-BulkNetworkOpsIpV6Test-1500056017 tempest-BulkNetworkOpsIpV6Test-1500056017-project] vlan segment allocate from pool success with {'physical_network': 'physnet1', 'vlan_id': 140} {{(pid=104560) allocate_partially_specified_segment /opt/stack/neutron/neutron/plugins/ml2/drivers/helpers.py:153}}
May 04 12:24:55.792999 dv-neutron-840442-1-hyperv neutron-server[104559]: DEBUG neutron_lib.callbacks.manager [None req-07117517-563d-40cb-98c2-ec47370cfbc2 tempest-ServersTestManualDisk-164643381 tempest-ServersTestManualDisk-164643381-project] Publish callbacks ['neutron.plugins.ml2.plugin.SecurityGroupDbMixin._ensure_default_security_group_handler-587189'] for port (None), before_create {{(pid=104559) _notify_loop /usr/local/lib/python3.8/dist-packages/neutron_lib/callbacks/manager.py:176}}
May 04 12:24:55.821081 dv-neutron-840442-1-hyperv neutron-server[104561]: DEBUG neutron.db.l3_dvrscheduler_db [None req-972ce72f-feb3-424a-b1b6-f162faaa1208 None None] Routers {'c9192748-1f6d-43eb-92b1-c0b59b7c1323'} bound to L3 agent in host dv-neutron-840442-1-hyperv {{(pid=104561) _get_router_ids_for_agent /opt/stack/neutron/neutron/db/l3_dvrscheduler_db.py:421}}
May 04 12:24:55.822021 dv-neutron-840442-1-hyperv neutron-server[104561]: DEBUG neutron.db.l3_hamode_db [None req-972ce72f-feb3-424a-b1b6-f162faaa1208 None None] neutron.services.l3_router.l3_router_plugin.L3RouterPlugin method get_ha_sync_data_for_host called with arguments (, 'dv-neutron-840442-1-hyperv', Agent(admin_state_up=True,agent_type='L3 agent',availability_zone='nova',binary='neutron-l3-agent',configurations={"agent_mode": "legacy", "ex_gw_ports": 4, "extensions": [], "floating_ips": 0, "handle_internal_only_routers": true, "interface_driver": "openvswitch", "interfaces": 1, "log_agent_heartbeats": false, "routers": 4},created_at=2022-05-04T12:16:23Z,description=,heartbeat_timestamp=2022-05-04T12:24:53Z,host='dv-neutron-840442-1-hyperv',id=169e1c41-bac3-4749-98df-95cdf66ca968,load=0,resource_versions=,resources_synced=,started_at=2022-05-04T12:16:24Z,topic='l3_agent')) {'router_ids': ['c9192748-1f6d-43eb-92b1-c0b59b7c1323'], 'active': True} {{(pid=104561) wrapper /usr/local/lib/python3.8/dist-packages/oslo_log/helpers.py:65}}
May 04 12:24:55.831775 dv-neutron-840442-1-hyperv neutron-server[104560]: DEBUG neutron_lib.callbacks.manager [None req-2be34bef-85bc-4fda-b60f-8950e04270b6 tempest-DHCPAgentSchedulersTestJSON-142339402 tempest-DHCPAgentSchedulersTestJSON-142339402-project] Publish callbacks ['neutron.services.segments.plugin.Plugin._validate_auto_address_subnet_delete-26395095'] for subnet (6cedb15c-a240-4e29-a09d-a12a53cc8dbb), precommit_delete_associations {{(pid=104560) _notify_loop /usr/local/lib/python3.8/dist-packages/neutron_lib/callbacks/manager.py:176}}
May 04 12:24:55.898710 dv-neutron-840442-1-hyperv neutron-server[104560]: DEBUG neutron_lib.callbacks.manager [None req-f5927ca1-9fae-40a2-a7ca-3336f4e0f9d5 tempest-ServersTestJSON-1746479247 tempest-ServersTestJSON-1746479247-project] Publish callbacks ['neutron.plugins.ml2.ovo_rpc._ObjectChangeHandler.handle_event-3753936'] for security_group (0c80ae9e-f6ae-475a-8d46-0fc79e59cf93), after_create {{(pid=104560) _notify_loop /usr/local/lib/python3.8/dist-packages/neutron_lib/callbacks/manager.py:176}}
May 04 12:24:55.920546 dv-neutron-840442-1-hyperv neutron-server[104560]: DEBUG neutron_lib.callbacks.manager [None req-6b783ba2-1f4d-4d45-8318-2892a7038fa4 tempest-BulkNetworkOpsIpV6Test-1500056017 tempest-BulkNetworkOpsIpV6Test-1500056017-project] Publish callbacks ['neutron.plugins.ml2.plugin.Ml2Plugin._handle_segment_change-980321'] for segment (fdb44fc4-679a-4808-b5ea-ea6851847ba8), precommit_create {{(pid=104560) _notify_loop /usr/local/lib/python3.8/dist-packages/neutron_lib/callbacks/manager.py:176}}
May 04 12:24:55.921241 dv-neutron-840442-1-hyperv neutron-server[104560]: INFO neutron.db.segments_db [None req-6b783ba2-1f4d-4d45-8318-2892a7038fa4 tempest-BulkNetworkOpsIpV6Test-1500056017 tempest-BulkNetworkOpsIpV6Test-1500056017-project] Added segment fdb44fc4-679a-4808-b5ea-ea6851847ba8 of type vlan for network 55cfa1e6-72a9-482f-b875-8c446e0d3cb9
May 04 12:24:56.002347 dv-neutron-840442-1-hyperv neutron-server[104559]: DEBUG neutron.db.db_base_plugin_common [None req-07117517-563d-40cb-98c2-ec47370cfbc2 tempest-ServersTestManualDisk-164643381 tempest-ServersTestManualDisk-164643381-project] Allocated IP 172.26.6.225 (e9456015-507a-4d37-a40a-d154fd8f38a6/acc8b56b-dacd-461b-b12f-baa398d807fc/40099bed-2777-431f-8686-5fca244e96af) {{(pid=104559) _store_ip_allocation /opt/stack/neutron/neutron/db/db_base_plugin_common.py:131}}
May 04 12:24:56.011140 dv-neutron-840442-1-hyperv neutron-server[104562]: DEBUG neutron.db.l3_hamode_db [None req-ae399f3b-570f-43d4-ae34-9ffe9901969c None None] neutron.services.l3_router.l3_router_plugin.L3RouterPlugin method _process_sync_ha_data called with arguments (, [{'id': '0a9f3bd5-1328-4caf-b37b-6d8d06623162', 'name': 'tempest-ServersTestJSON-1938200198-router', 'tenant_id': '09a47ac80d9d4a17af26f3ef01ad7266', 'admin_state_up': True, 'status': 'ACTIVE', 'external_gateway_info': {'network_id': 'e9456015-507a-4d37-a40a-d154fd8f38a6', 'external_fixed_ips': [{'subnet_id': 'acc8b56b-dacd-461b-b12f-baa398d807fc', 'ip_address': '172.26.6.3'}], 'enable_snat': True}, 'gw_port_id': '81edfea8-eaef-4708-a103-984724520bea', 'description': '', 'availability_zones': ['nova'], 'distributed': False, 'ha': False, 'ha_vr_id': 0, 'availability_zone_hints': [], 'routes': [], 'flavor_id': None, 'tags': [], 'created_at': '2022-05-04T12:24:37Z', 'updated_at': '2022-05-04T12:24:48Z', 'revision_number': 4, 'project_id': '09a47ac80d9d4a17af26f3ef01ad7266', 'gw_port': {'id': '81edfea8-eaef-4708-a103-984724520bea', 'name': '', 'network_id': 'e9456015-507a-4d37-a40a-d154fd8f38a6', 'tenant_id': '', 'mac_address': 'fa:16:3e:da:d0:cb', 'admin_state_up': True, 'status': 'ACTIVE', 'device_id': '0a9f3bd5-1328-4caf-b37b-6d8d06623162', 'device_owner': 'network:router_gateway', 'standard_attr_id': 72, 'fixed_ips': [{'subnet_id': 'acc8b56b-dacd-461b-b12f-baa398d807fc', 'ip_address': '172.26.6.3', 'prefixlen': 24}], 'allowed_address_pairs': [], 'extra_dhcp_opts': [], 'security_groups': [], 'description': '', 'binding:vnic_type': 'normal', 'binding:profile': {}, 'binding:host_id': 'dv-neutron-840442-1-hyperv', 'binding:vif_type': 'ovs', 'binding:vif_details': {'connectivity': 'l2', 'port_filter': True, 'ovs_hybrid_plug': False, 'datapath_type': 'system', 'bridge_name': 'br-int', 'bound_drivers': {'0': 'openvswitch'}}, 'port_security_enabled': False, 'tags': [], 'created_at': '2022-05-04T12:24:38Z', 'updated_at': '2022-05-04T12:24:49Z', 'revision_number': 4, 'project_id': '', 'subnets': [{'id': 'acc8b56b-dacd-461b-b12f-baa398d807fc', 'cidr': '172.26.6.0/24', 'gateway_ip': '172.26.6.1', 'dns_nameservers': [], 'ipv6_ra_mode': None, 'subnetpool_id': None}], 'extra_subnets': [], 'address_scopes': {4: None, 6: None}, 'mtu': 1500}, 'enable_snat': True, 'gw_port_host': 'dv-neutron-840442-1-hyperv', '_interfaces': [{'id': 'ee712ad4-95af-4982-86f5-3fe0792d5337', 'name': '', 'network_id': 'b70db942-b5e7-486a-b6e0-42cba91b7898', 'tenant_id': '09a47ac80d9d4a17af26f3ef01ad7266', 'mac_address': 'fa:16:3e:21:15:a1', 'admin_state_up': True, 'status': 'DOWN', 'device_id': '0a9f3bd5-1328-4caf-b37b-6d8d06623162', 'device_owner': 'network:router_interface', 'standard_attr_id': 106, 'fixed_ips': [{'subnet_id': 'c70f9f7d-5a84-450f-a7f5-7f7edb85ee3c', 'ip_address': '172.20.0.1', 'prefixlen': 28}], 'allowed_address_pairs': [], 'extra_dhcp_opts': [], 'security_groups': [], 'description': '', 'binding:vnic_type': 'normal', 'binding:profile': {}, 'binding:host_id': 'dv-neutron-840442-1-hyperv', 'binding:vif_type': 'ovs', 'binding:vif_details': {'connectivity': 'l2', 'port_filter': True, 'ovs_hybrid_plug': False, 'datapath_type': 'system', 'bridge_name': 'br-int', 'bound_drivers': {'0': 'openvswitch'}}, 'port_security_enabled': False, 'tags': [], 'created_at': '2022-05-04T12:24:45Z', 'updated_at': '2022-05-04T12:24:54Z', 'revision_number': 4, 'project_id': '09a47ac80d9d4a17af26f3ef01ad7266', 'subnets': [{'id': 'c70f9f7d-5a84-450f-a7f5-7f7edb85ee3c', 'cidr': '172.20.0.0/28', 'gateway_ip': '172.20.0.1', 'dns_nameservers': [], 'ipv6_ra_mode': None, 'subnetpool_id': None}], 'extra_subnets': [], 'address_scopes': {4: None, 6: None}, 'mtu': 1500}]}], 'dv-neutron-840442-1-hyperv', False) {} {{(pid=104562) wrapper /usr/local/lib/python3.8/dist-packages/oslo_log/helpers.py:65}}
May 04 12:24:56.066489 dv-neutron-840442-1-hyperv neutron-server[104562]: DEBUG neutron.api.rpc.handlers.l3_rpc [None req-ae399f3b-570f-43d4-ae34-9ffe9901969c None None] The sync data for ids ['0a9f3bd5-1328-4caf-b37b-6d8d06623162'] in dv-neutron-840442-1-hyperv is: [{'id': '0a9f3bd5-1328-4caf-b37b-6d8d06623162', 'name': 'tempest-ServersTestJSON-1938200198-router', 'tenant_id': '09a47ac80d9d4a17af26f3ef01ad7266', 'admin_state_up': True, 'status': 'ACTIVE', 'external_gateway_info': {'network_id': 'e9456015-507a-4d37-a40a-d154fd8f38a6', 'external_fixed_ips': [{'subnet_id': 'acc8b56b-dacd-461b-b12f-baa398d807fc', 'ip_address': '172.26.6.3'}], 'enable_snat': True}, 'gw_port_id': '81edfea8-eaef-4708-a103-984724520bea', 'description': '', 'availability_zones': ['nova'], 'distributed': False, 'ha': False, 'ha_vr_id': 0, 'availability_zone_hints': [], 'routes': [], 'flavor_id': None, 'tags': [], 'created_at': '2022-05-04T12:24:37Z', 'updated_at': '2022-05-04T12:24:48Z', 'revision_number': 4, 'project_id': '09a47ac80d9d4a17af26f3ef01ad7266', 'gw_port': {'id': '81edfea8-eaef-4708-a103-984724520bea', 'name': '', 'network_id': 'e9456015-507a-4d37-a40a-d154fd8f38a6', 'tenant_id': '', 'mac_address': 'fa:16:3e:da:d0:cb', 'admin_state_up': True, 'status': 'ACTIVE', 'device_id': '0a9f3bd5-1328-4caf-b37b-6d8d06623162', 'device_owner': 'network:router_gateway', 'standard_attr_id': 72, 'fixed_ips': [{'subnet_id': 'acc8b56b-dacd-461b-b12f-baa398d807fc', 'ip_address': '172.26.6.3', 'prefixlen': 24}], 'allowed_address_pairs': [], 'extra_dhcp_opts': [], 'security_groups': [], 'description': '', 'binding:vnic_type': 'normal', 'binding:profile': {}, 'binding:host_id': 'dv-neutron-840442-1-hyperv', 'binding:vif_type': 'ovs', 'binding:vif_details': {'connectivity': 'l2', 'port_filter': True, 'ovs_hybrid_plug': False, 'datapath_type': 'system', 'bridge_name': 'br-int', 'bound_drivers': {'0': 'openvswitch'}}, 'port_security_enabled': False, 'tags': [], 'created_at': '2022-05-04T12:24:38Z', 'updated_at': '2022-05-04T12:24:49Z', 'revision_number': 4, 'project_id': '', 'subnets': [{'id': 'acc8b56b-dacd-461b-b12f-baa398d807fc', 'cidr': '172.26.6.0/24', 'gateway_ip': '172.26.6.1', 'dns_nameservers': [], 'ipv6_ra_mode': None, 'subnetpool_id': None}], 'extra_subnets': [], 'address_scopes': {4: None, 6: None}, 'mtu': 1500}, 'enable_snat': True, 'gw_port_host': 'dv-neutron-840442-1-hyperv', '_interfaces': [{'id': 'ee712ad4-95af-4982-86f5-3fe0792d5337', 'name': '', 'network_id': 'b70db942-b5e7-486a-b6e0-42cba91b7898', 'tenant_id': '09a47ac80d9d4a17af26f3ef01ad7266', 'mac_address': 'fa:16:3e:21:15:a1', 'admin_state_up': True, 'status': 'DOWN', 'device_id': '0a9f3bd5-1328-4caf-b37b-6d8d06623162', 'device_owner': 'network:router_interface', 'standard_attr_id': 106, 'fixed_ips': [{'subnet_id': 'c70f9f7d-5a84-450f-a7f5-7f7edb85ee3c', 'ip_address': '172.20.0.1', 'prefixlen': 28}], 'allowed_address_pairs': [], 'extra_dhcp_opts': [], 'security_groups': [], 'description': '', 'binding:vnic_type': 'normal', 'binding:profile': {}, 'binding:host_id': 'dv-neutron-840442-1-hyperv', 'binding:vif_type': 'ovs', 'binding:vif_details': {'connectivity': 'l2', 'port_filter': True, 'ovs_hybrid_plug': False, 'datapath_type': 'system', 'bridge_name': 'br-int', 'bound_drivers': {'0': 'openvswitch'}}, 'port_security_enabled': False, 'tags': [], 'created_at': '2022-05-04T12:24:45Z', 'updated_at': '2022-05-04T12:24:54Z', 'revision_number': 4, 'project_id': '09a47ac80d9d4a17af26f3ef01ad7266', 'subnets': [{'id': 'c70f9f7d-5a84-450f-a7f5-7f7edb85ee3c', 'cidr': '172.20.0.0/28', 'gateway_ip': '172.20.0.1', 'dns_nameservers': [], 'ipv6_ra_mode': None, 'subnetpool_id': None}], 'extra_subnets': [], 'address_scopes': {4: None, 6: None}, 'mtu': 1500}]}] {{(pid=104562) sync_routers /opt/stack/neutron/neutron/api/rpc/handlers/l3_rpc.py:137}}
May 04 12:24:56.104905 dv-neutron-840442-1-hyperv neutron-server[104559]: DEBUG neutron.plugins.ml2.drivers.helpers [None req-44a67a82-4249-4029-8822-6748320605d6 tempest-ExternalNetworksTestJSON-3310676 tempest-ExternalNetworksTestJSON-3310676-project-admin] vlan segment allocate from pool success with {'physical_network': 'physnet1', 'vlan_id': 105} {{(pid=104559) allocate_partially_specified_segment /opt/stack/neutron/neutron/plugins/ml2/drivers/helpers.py:153}}
May 04 12:24:56.170566 dv-neutron-840442-1-hyperv neutron-server[104560]: DEBUG neutron_lib.callbacks.manager [None req-f5927ca1-9fae-40a2-a7ca-3336f4e0f9d5 tempest-ServersTestJSON-1746479247 tempest-ServersTestJSON-1746479247-project] Publish callbacks [] for security_group (None), before_response {{(pid=104560) _notify_loop /usr/local/lib/python3.8/dist-packages/neutron_lib/callbacks/manager.py:176}}
May 04 12:24:56.174952 dv-neutron-840442-1-hyperv neutron-server[104560]: INFO neutron.wsgi [None req-f5927ca1-9fae-40a2-a7ca-3336f4e0f9d5 tempest-ServersTestJSON-1746479247 tempest-ServersTestJSON-1746479247-project] 10.222.0.57 "POST /v2.0/security-groups HTTP/1.1" status: 201 len: 1796 time: 0.8915844
May 04 12:24:56.198372 dv-neutron-840442-1-hyperv neutron-server[104560]: DEBUG neutron.wsgi [-] (104560) accepted ('10.222.0.57', 48776) {{(pid=104560) server /usr/local/lib/python3.8/dist-packages/eventlet/wsgi.py:1004}}
