Jun 27 09:54:43.485854 dv-neutron-840421-8-hyperv neutron-server[104596]: DEBUG neutron.plugins.ml2.plugin [None req-dd3973c9-29fe-4cfd-81e1-244e23cddda2 None None] Current status of the port cb5b08b9-fa6c-4e24-8220-976069333dae is: DOWN; New status is: ACTIVE {{(pid=104596) _update_individual_port_db_status /opt/stack/neutron/neutron/plugins/ml2/plugin.py:2292}}
Jun 27 09:54:43.486402 dv-neutron-840421-8-hyperv neutron-server[104596]: DEBUG neutron_lib.callbacks.manager [None req-dd3973c9-29fe-4cfd-81e1-244e23cddda2 None None] Publish callbacks ['neutron.plugins.ml2.plugin.SecurityGroupDbMixin._ensure_default_security_group_handler-1507030'] for port (cb5b08b9-fa6c-4e24-8220-976069333dae), before_update {{(pid=104596) _notify_loop /usr/local/lib/python3.8/dist-packages/neutron_lib/callbacks/manager.py:176}}
Jun 27 09:54:43.506370 dv-neutron-840421-8-hyperv neutron-server[104595]: DEBUG neutron_lib.callbacks.manager [None req-81c520ce-3266-4ff5-adb7-c1b6eb0b8d56 tempest-ServersTestManualDisk-1328009045 tempest-ServersTestManualDisk-1328009045-project] Publish callbacks [] for port (eed62b66-eb3d-491d-b9d6-d6bcbeea28fc), precommit_create {{(pid=104595) _notify_loop /usr/local/lib/python3.8/dist-packages/neutron_lib/callbacks/manager.py:176}}
Jun 27 09:54:43.539202 dv-neutron-840421-8-hyperv neutron-server[104596]: DEBUG neutron.plugins.ml2.db [None req-dd3973c9-29fe-4cfd-81e1-244e23cddda2 None None] For port cb5b08b9-fa6c-4e24-8220-976069333dae, host dv-neutron-840421-8-hyperv, got binding levels [PortBindingLevel(driver='openvswitch',host='dv-neutron-840421-8-hyperv',level=0,port_id=cb5b08b9-fa6c-4e24-8220-976069333dae,segment=NetworkSegment(2fddb3a9-acdf-4d1f-b4f5-62a7781df7f4),segment_id=2fddb3a9-acdf-4d1f-b4f5-62a7781df7f4)] {{(pid=104596) get_binding_level_objs /opt/stack/neutron/neutron/plugins/ml2/db.py:74}}
Jun 27 09:54:43.548956 dv-neutron-840421-8-hyperv neutron-server[104595]: DEBUG neutron_lib.callbacks.manager [None req-405a5c07-1db8-4f4f-832d-b6618bfe66b5 tempest-RoutersIpV6AdminTest-2143281558 tempest-RoutersIpV6AdminTest-2143281558-project-admin] Publish callbacks [] for router_gateway (f889cd2a-9a3c-4400-876c-26bf779b0e70), after_create {{(pid=104595) _notify_loop /usr/local/lib/python3.8/dist-packages/neutron_lib/callbacks/manager.py:176}}
Jun 27 09:54:43.560386 dv-neutron-840421-8-hyperv neutron-server[104595]: DEBUG neutron_lib.callbacks.manager [None req-81c520ce-3266-4ff5-adb7-c1b6eb0b8d56 tempest-ServersTestManualDisk-1328009045 tempest-ServersTestManualDisk-1328009045-project] Publish callbacks ['neutron.plugins.ml2.plugin.SecurityGroupServerNotifierRpcMixin._notify_sg_on_port_change-1506967', 'neutron.plugins.ml2.ovo_rpc._ObjectChangeHandler.handle_event-49009', 'neutron.api.rpc.agentnotifiers.dhcp_rpc_agent_api.DhcpAgentNotifyAPI._native_event_send_dhcp_notification-1584367', 'neutron.db.l3_dvrscheduler_db._notify_l3_agent_new_port-8744621080706'] for port (eed62b66-eb3d-491d-b9d6-d6bcbeea28fc), after_create {{(pid=104595) _notify_loop /usr/local/lib/python3.8/dist-packages/neutron_lib/callbacks/manager.py:176}}
Jun 27 09:54:43.562338 dv-neutron-840421-8-hyperv neutron-server[104595]: DEBUG neutron.api.rpc.handlers.resources_rpc [None req-a55ddcb1-fb95-4756-8085-d97b1f37fc63 tempest-ServersTestJSON-1463900294 tempest-ServersTestJSON-1463900294-project] Pushing event updated for resources: {'SecurityGroup': ['ID=f98a26e3-5ef0-4992-918d-fe340f92cc50,revision_number=1']} {{(pid=104595) push /opt/stack/neutron/neutron/api/rpc/handlers/resources_rpc.py:237}}
Jun 27 09:54:43.564351 dv-neutron-840421-8-hyperv neutron-server[104595]: DEBUG dbcounter [-] [104595] Writing DB stats neutron:SELECT=89,neutron:DELETE=1,neutron:INSERT=6,neutron:UPDATE=4 {{(pid=104595) stat_writer /usr/local/lib/python3.8/dist-packages/dbcounter.py:114}}
Jun 27 09:54:43.621286 dv-neutron-840421-8-hyperv neutron-server[104596]: DEBUG neutron_lib.callbacks.manager [None req-dd3973c9-29fe-4cfd-81e1-244e23cddda2 None None] Publish callbacks ['neutron.plugins.ml2.plugin.SecurityGroupServerNotifierRpcMixin._notify_sg_on_port_change-1506967', 'neutron.plugins.ml2.ovo_rpc._ObjectChangeHandler.handle_event-49009', 'neutron.api.rpc.agentnotifiers.dhcp_rpc_agent_api.DhcpAgentNotifyAPI._native_event_send_dhcp_notification-1584367', 'neutron.db.l3_db.L3RpcNotifierMixin._notify_gateway_port_ip_changed-8744621583966', 'neutron.db.l3_dvrscheduler_db._notify_l3_agent_port_update-8744621080724', 'neutron.db.l3_hascheduler_db._notify_l3_agent_ha_port_update-8744621080742'] for port (cb5b08b9-fa6c-4e24-8220-976069333dae), after_update {{(pid=104596) _notify_loop /usr/local/lib/python3.8/dist-packages/neutron_lib/callbacks/manager.py:176}}
Jun 27 09:54:43.687363 dv-neutron-840421-8-hyperv neutron-server[104596]: DEBUG neutron.db.l3_dvr_db [None req-9213d60e-f39e-457f-8750-6576dea59238 None None] Set router 5e6b3ba5-fb6f-4e73-b7b7-16ff8d769657 gateway port host: dv-neutron-840421-8-hyperv {{(pid=104596) _build_routers_list /opt/stack/neutron/neutron/db/l3_dvr_db.py:907}}
Jun 27 09:54:43.700752 dv-neutron-840421-8-hyperv neutron-server[104595]: DEBUG neutron.scheduler.dhcp_agent_scheduler [None req-81c520ce-3266-4ff5-adb7-c1b6eb0b8d56 tempest-ServersTestManualDisk-1328009045 tempest-ServersTestManualDisk-1328009045-project] Network 665b1569-2112-48a4-ae9a-9f4671d38336 is already hosted by enough agents. {{(pid=104595) _get_dhcp_agents_hosting_network /opt/stack/neutron/neutron/scheduler/dhcp_agent_scheduler.py:275}}
Jun 27 09:54:43.712468 dv-neutron-840421-8-hyperv neutron-server[104595]: DEBUG neutron.scheduler.base_scheduler [None req-81c520ce-3266-4ff5-adb7-c1b6eb0b8d56 tempest-ServersTestManualDisk-1328009045 tempest-ServersTestManualDisk-1328009045-project] Resources bound (agent type, host, resource id): {{(pid=104595) schedule /opt/stack/neutron/neutron/scheduler/base_scheduler.py:57}}
Jun 27 09:54:43.724806 dv-neutron-840421-8-hyperv neutron-server[104596]: DEBUG neutron.api.rpc.handlers.resources_rpc [None req-dd3973c9-29fe-4cfd-81e1-244e23cddda2 None None] Pushing event updated for resources: {'Port': ['ID=cb5b08b9-fa6c-4e24-8220-976069333dae,revision_number=5']} {{(pid=104596) push /opt/stack/neutron/neutron/api/rpc/handlers/resources_rpc.py:237}}
Jun 27 09:54:43.732419 dv-neutron-840421-8-hyperv neutron-server[104596]: DEBUG dbcounter [-] [104596] Writing DB stats neutron:SELECT=98,neutron:UPDATE=1,neutron:INSERT=1 {{(pid=104596) stat_writer /usr/local/lib/python3.8/dist-packages/dbcounter.py:114}}
Jun 27 09:54:43.746228 dv-neutron-840421-8-hyperv neutron-server[104595]: DEBUG neutron.pecan_wsgi.hooks.policy_enforcement [req-bffb1b4e-908d-4be9-8564-7d74221b667c req-fc24331b-ac98-4508-b78c-8bc050a407e8 tempest-ServerActionsTestJSON-1462735748 tempest-ServerActionsTestJSON-1462735748-project] Attributes excluded by policy engine: ['standard_attr_id', 'vlan_transparent', 'provider:network_type', 'provider:physical_network', 'provider:segmentation_id'] {{(pid=104595) _exclude_attributes_by_policy /opt/stack/neutron/neutron/pecan_wsgi/hooks/policy_enforcement.py:259}}
Jun 27 09:54:43.747823 dv-neutron-840421-8-hyperv neutron-server[104595]: INFO neutron.wsgi [req-bffb1b4e-908d-4be9-8564-7d74221b667c req-fc24331b-ac98-4508-b78c-8bc050a407e8 tempest-ServerActionsTestJSON-1462735748 tempest-ServerActionsTestJSON-1462735748-project] 10.222.0.74 "GET /v2.0/networks?id=a166cdfc-30b8-427a-8b23-f35a40979ede HTTP/1.1" status: 200 len: 812 time: 0.8004673
Jun 27 09:54:43.753680 dv-neutron-840421-8-hyperv neutron-server[104595]: DEBUG neutron.db.l3_dvrscheduler_db [None req-81c520ce-3266-4ff5-adb7-c1b6eb0b8d56 tempest-ServersTestManualDisk-1328009045 tempest-ServersTestManualDisk-1328009045-project] Received port after_create {{(pid=104595) _notify_l3_agent_new_port /opt/stack/neutron/neutron/db/l3_dvrscheduler_db.py:542}}
Jun 27 09:54:43.761066 dv-neutron-840421-8-hyperv neutron-server[104595]: DEBUG neutron.api.rpc.handlers.resources_rpc [None req-81c520ce-3266-4ff5-adb7-c1b6eb0b8d56 tempest-ServersTestManualDisk-1328009045 tempest-ServersTestManualDisk-1328009045-project] Pushing event updated for resources: {'Port': ['ID=eed62b66-eb3d-491d-b9d6-d6bcbeea28fc,revision_number=1']} {{(pid=104595) push /opt/stack/neutron/neutron/api/rpc/handlers/resources_rpc.py:237}}
Jun 27 09:54:43.810214 dv-neutron-840421-8-hyperv neutron-server[104596]: DEBUG neutron.db.provisioning_blocks [None req-50271715-213d-45dc-a713-3f9b6213fd09 None None] Provisioning complete for port cb5b08b9-fa6c-4e24-8220-976069333dae triggered by entity DHCP. {{(pid=104596) provisioning_complete /opt/stack/neutron/neutron/db/provisioning_blocks.py:145}}
Jun 27 09:54:43.810539 dv-neutron-840421-8-hyperv neutron-server[104596]: DEBUG neutron_lib.callbacks.manager [None req-50271715-213d-45dc-a713-3f9b6213fd09 None None] Publish callbacks ['neutron.plugins.ml2.plugin.Ml2Plugin._port_provisioned-1478870'] for port (cb5b08b9-fa6c-4e24-8220-976069333dae), provisioning_complete {{(pid=104596) _notify_loop /usr/local/lib/python3.8/dist-packages/neutron_lib/callbacks/manager.py:176}}
Jun 27 09:54:43.866007 dv-neutron-840421-8-hyperv neutron-server[104594]: DEBUG neutron_lib.callbacks.manager [None req-9048a973-44f0-4da6-ae7b-20844bbb496a tempest-ServersTestJSON-1463900294 tempest-ServersTestJSON-1463900294-project] Publish callbacks [] for security_group_rule (499b73b4-1812-45e0-8c6f-c1d27ee55055), before_create {{(pid=104594) _notify_loop /usr/local/lib/python3.8/dist-packages/neutron_lib/callbacks/manager.py:176}}
Jun 27 09:54:43.870312 dv-neutron-840421-8-hyperv neutron-server[104594]: INFO neutron.wsgi [None req-fdd29671-4f63-4e1e-a184-8794b4b92ab2 tempest-DHCPAgentSchedulersTestJSON-819185076 tempest-DHCPAgentSchedulersTestJSON-819185076-project-admin] 10.222.0.71 "GET /v2.0/agents/4f92eeea-eaaf-414e-92dd-ef05ce8eb5e0/dhcp-networks HTTP/1.1" status: 200 len: 8068 time: 0.9462185
Jun 27 09:54:43.896915 dv-neutron-840421-8-hyperv neutron-server[104595]: DEBUG neutron.wsgi [-] (104595) accepted ('10.222.0.71', 49832) {{(pid=104595) server /usr/local/lib/python3.8/dist-packages/eventlet/wsgi.py:1004}}
Jun 27 09:54:43.935546 dv-neutron-840421-8-hyperv neutron-server[104596]: DEBUG neutron.plugins.ml2.plugin [None req-50271715-213d-45dc-a713-3f9b6213fd09 None None] Current status of the port cb5b08b9-fa6c-4e24-8220-976069333dae is: ACTIVE; New status is: ACTIVE {{(pid=104596) _update_individual_port_db_status /opt/stack/neutron/neutron/plugins/ml2/plugin.py:2292}}
Jun 27 09:54:43.945105 dv-neutron-840421-8-hyperv neutron-server[104595]: DEBUG neutron_lib.callbacks.manager [None req-81c520ce-3266-4ff5-adb7-c1b6eb0b8d56 tempest-ServersTestManualDisk-1328009045 tempest-ServersTestManualDisk-1328009045-project] Publish callbacks [] for floatingip (322e25cc-384f-4214-8eef-c5150b54ad89), precommit_create {{(pid=104595) _notify_loop /usr/local/lib/python3.8/dist-packages/neutron_lib/callbacks/manager.py:176}}
Jun 27 09:54:43.971677 dv-neutron-840421-8-hyperv neutron-server[104594]: DEBUG neutron_lib.callbacks.manager [None req-3040a6dc-e5a4-49c1-85ed-bd04b1008033 tempest-MeteringIpV6TestJSON-616327491 tempest-MeteringIpV6TestJSON-616327491-project-admin] Publish callbacks [] for metering_label_rule (None), before_response {{(pid=104594) _notify_loop /usr/local/lib/python3.8/dist-packages/neutron_lib/callbacks/manager.py:176}}
Jun 27 09:54:43.973048 dv-neutron-840421-8-hyperv neutron-server[104594]: INFO neutron.wsgi [None req-3040a6dc-e5a4-49c1-85ed-bd04b1008033 tempest-MeteringIpV6TestJSON-616327491 tempest-MeteringIpV6TestJSON-616327491-project-admin] 10.222.0.71 "POST /v2.0/metering/metering-label-rules HTTP/1.1" status: 201 len: 464 time: 0.9357514
Jun 27 09:54:43.975215 dv-neutron-840421-8-hyperv neutron-server[104594]: INFO neutron.wsgi [req-6df91b61-b11e-496f-9788-8702d7168746 req-037d128f-d0b9-42d3-a0ea-394141eadaf3 tempest-ServerActionsTestJSON-1462735748 tempest-ServerActionsTestJSON-1462735748-project] 10.222.0.71 "GET /v2.0/ports?device_id=192c81b6-7328-4dc0-af9d-aba3c1efd03a HTTP/1.1" status: 200 len: 210 time: 0.1482675
Jun 27 09:54:43.980077 dv-neutron-840421-8-hyperv neutron-server[104594]: DEBUG neutron.plugins.ml2.db [None req-f5252647-fa63-4e62-bffd-3d998f37f505 tempest-PortsAdminExtendedAttrsIpV6TestJSON-1534324250 tempest-PortsAdminExtendedAttrsIpV6TestJSON-1534324250-project-admin] For port ababe374-c046-49cb-98b4-53a33fe185fc, host hv-neutron-8404, got binding levels [] {{(pid=104594) get_binding_level_objs /opt/stack/neutron/neutron/plugins/ml2/db.py:74}}
Jun 27 09:54:43.980782 dv-neutron-840421-8-hyperv neutron-server[104594]: DEBUG neutron_lib.callbacks.manager [None req-f5252647-fa63-4e62-bffd-3d998f37f505 tempest-PortsAdminExtendedAttrsIpV6TestJSON-1534324250 tempest-PortsAdminExtendedAttrsIpV6TestJSON-1534324250-project-admin] Publish callbacks ['neutron.services.l3_router.l3_router_plugin.L3_NAT_dbonly_mixin._precommit_delete_port_callback-1609812'] for port (ababe374-c046-49cb-98b4-53a33fe185fc), precommit_delete {{(pid=104594) _notify_loop /usr/local/lib/python3.8/dist-packages/neutron_lib/callbacks/manager.py:176}}
Jun 27 09:54:43.984784 dv-neutron-840421-8-hyperv neutron-server[104595]: DEBUG neutron.wsgi [-] (104595) accepted ('10.222.0.71', 49834) {{(pid=104595) server /usr/local/lib/python3.8/dist-packages/eventlet/wsgi.py:1004}}
Jun 27 09:54:43.991163 dv-neutron-840421-8-hyperv neutron-server[104595]: DEBUG neutron.api.v2.base [None req-022304ce-fc89-4eaf-bf62-9a5d8c90badf tempest-MeteringIpV6TestJSON-616327491 tempest-MeteringIpV6TestJSON-616327491-project-admin] Request body: {'metering_label_rule': {'remote_ip_prefix': 'fd03::/64', 'direction': 'ingress', 'metering_label_id': '182848e8-2e6c-46d8-a9ef-f6580ceea5ab'}} {{(pid=104595) prepare_request_body /opt/stack/neutron/neutron/api/v2/base.py:730}}
Jun 27 09:54:43.991698 dv-neutron-840421-8-hyperv neutron-server[104595]: DEBUG neutron.api.v2.base [None req-022304ce-fc89-4eaf-bf62-9a5d8c90badf tempest-MeteringIpV6TestJSON-616327491 tempest-MeteringIpV6TestJSON-616327491-project-admin] Unknown quota resources ['metering_label_rule']. {{(pid=104595) _create /opt/stack/neutron/neutron/api/v2/base.py:497}}
Jun 27 09:54:44.016273 dv-neutron-840421-8-hyperv neutron-server[104596]: DEBUG neutron.db.l3_hamode_db [None req-9213d60e-f39e-457f-8750-6576dea59238 None None] neutron.services.l3_router.l3_router_plugin.L3RouterPlugin method _process_sync_ha_data called with arguments (, [{'id': '5e6b3ba5-fb6f-4e73-b7b7-16ff8d769657', 'name': 'tempest-ServersTestJSON-1905643151-router', 'tenant_id': '15138103d7ad44d9bbee3f92164f769e', 'admin_state_up': True, 'status': 'ACTIVE', 'external_gateway_info': {'network_id': '665b1569-2112-48a4-ae9a-9f4671d38336', 'external_fixed_ips': [{'subnet_id': '24514c9d-16b3-4976-a4f9-1433486f626f', 'ip_address': '172.26.1.38'}], 'enable_snat': True}, 'gw_port_id': 'b00ff31c-1ac2-4e79-a50e-59063a57a806', 'description': '', 'availability_zones': ['nova'], 'distributed': False, 'ha': False, 'ha_vr_id': 0, 'availability_zone_hints': [], 'routes': [], 'flavor_id': None, 'tags': [], 'created_at': '2022-06-27T09:54:23Z', 'updated_at': '2022-06-27T09:54:35Z', 'revision_number': 4, 'project_id': '15138103d7ad44d9bbee3f92164f769e', 'gw_port': {'id': 'b00ff31c-1ac2-4e79-a50e-59063a57a806', 'name': '', 'network_id': '665b1569-2112-48a4-ae9a-9f4671d38336', 'tenant_id': '', 'mac_address': 'fa:16:3e:9b:66:a3', 'admin_state_up': True, 'status': 'ACTIVE', 'device_id': '5e6b3ba5-fb6f-4e73-b7b7-16ff8d769657', 'device_owner': 'network:router_gateway', 'standard_attr_id': 70, 'fixed_ips': [{'subnet_id': '24514c9d-16b3-4976-a4f9-1433486f626f', 'ip_address': '172.26.1.38', 'prefixlen': 24}], 'allowed_address_pairs': [], 'extra_dhcp_opts': [], 'security_groups': [], 'description': '', 'binding:vnic_type': 'normal', 'binding:profile': {}, 'binding:host_id': 'dv-neutron-840421-8-hyperv', 'binding:vif_type': 'ovs', 'binding:vif_details': {'connectivity': 'l2', 'port_filter': True, 'ovs_hybrid_plug': False, 'datapath_type': 'system', 'bridge_name': 'br-int', 'bound_drivers': {'0': 'openvswitch'}}, 'port_security_enabled': False, 'tags': [], 'created_at': '2022-06-27T09:54:25Z', 'updated_at': '2022-06-27T09:54:39Z', 'revision_number': 4, 'project_id': '', 'subnets': [{'id': '24514c9d-16b3-4976-a4f9-1433486f626f', 'cidr': '172.26.1.0/24', 'gateway_ip': '172.26.1.1', 'dns_nameservers': [], 'ipv6_ra_mode': None, 'subnetpool_id': None}], 'extra_subnets': [], 'address_scopes': {4: None, 6: None}, 'mtu': 1500}, 'enable_snat': True, 'gw_port_host': 'dv-neutron-840421-8-hyperv', '_interfaces': [{'id': 'cb5b08b9-fa6c-4e24-8220-976069333dae', 'name': '', 'network_id': '0a5222d1-f86e-4019-bcb0-f2168ccb1978', 'tenant_id': '15138103d7ad44d9bbee3f92164f769e', 'mac_address': 'fa:16:3e:bb:16:b0', 'admin_state_up': True, 'status': 'DOWN', 'device_id': '5e6b3ba5-fb6f-4e73-b7b7-16ff8d769657', 'device_owner': 'network:router_interface', 'standard_attr_id': 123, 'fixed_ips': [{'subnet_id': 'e6f38d23-54dc-49d9-ae7e-1350e532d316', 'ip_address': '172.20.0.1', 'prefixlen': 28}], 'allowed_address_pairs': [], 'extra_dhcp_opts': [], 'security_groups': [], 'description': '', 'binding:vnic_type': 'normal', 'binding:profile': {}, 'binding:host_id': 'dv-neutron-840421-8-hyperv', 'binding:vif_type': 'ovs', 'binding:vif_details': {'connectivity': 'l2', 'port_filter': True, 'ovs_hybrid_plug': False, 'datapath_type': 'system', 'bridge_name': 'br-int', 'bound_drivers': {'0': 'openvswitch'}}, 'port_security_enabled': False, 'tags': [], 'created_at': '2022-06-27T09:54:32Z', 'updated_at': '2022-06-27T09:54:43Z', 'revision_number': 4, 'project_id': '15138103d7ad44d9bbee3f92164f769e', 'subnets': [{'id': 'e6f38d23-54dc-49d9-ae7e-1350e532d316', 'cidr': '172.20.0.0/28', 'gateway_ip': '172.20.0.1', 'dns_nameservers': [], 'ipv6_ra_mode': None, 'subnetpool_id': None}], 'extra_subnets': [], 'address_scopes': {4: None, 6: None}, 'mtu': 1500}]}], 'dv-neutron-840421-8-hyperv', False) {} {{(pid=104596) wrapper /usr/local/lib/python3.8/dist-packages/oslo_log/helpers.py:65}}
Jun 27 09:54:44.042695 dv-neutron-840421-8-hyperv neutron-server[104594]: DEBUG neutron_lib.callbacks.manager [None req-c7d85bf0-4125-4e54-a8b5-356841cbb88a tempest-AllowedAddressPairTestJSON-1040070541 tempest-AllowedAddressPairTestJSON-1040070541-project] Publish callbacks ['neutron.plugins.ml2.plugin.SecurityGroupDbMixin._ensure_default_security_group_handler-1507030'] for port (100f14b6-3888-428e-ab6d-2f8c578f00dd), before_update {{(pid=104594) _notify_loop /usr/local/lib/python3.8/dist-packages/neutron_lib/callbacks/manager.py:176}}
Jun 27 09:54:44.048982 dv-neutron-840421-8-hyperv neutron-server[104596]: DEBUG neutron.api.rpc.handlers.l3_rpc [None req-9213d60e-f39e-457f-8750-6576dea59238 None None] The sync data for ids ['5e6b3ba5-fb6f-4e73-b7b7-16ff8d769657'] in dv-neutron-840421-8-hyperv is: [{'id': '5e6b3ba5-fb6f-4e73-b7b7-16ff8d769657', 'name': 'tempest-ServersTestJSON-1905643151-router', 'tenant_id': '15138103d7ad44d9bbee3f92164f769e', 'admin_state_up': True, 'status': 'ACTIVE', 'external_gateway_info': {'network_id': '665b1569-2112-48a4-ae9a-9f4671d38336', 'external_fixed_ips': [{'subnet_id': '24514c9d-16b3-4976-a4f9-1433486f626f', 'ip_address': '172.26.1.38'}], 'enable_snat': True}, 'gw_port_id': 'b00ff31c-1ac2-4e79-a50e-59063a57a806', 'description': '', 'availability_zones': ['nova'], 'distributed': False, 'ha': False, 'ha_vr_id': 0, 'availability_zone_hints': [], 'routes': [], 'flavor_id': None, 'tags': [], 'created_at': '2022-06-27T09:54:23Z', 'updated_at': '2022-06-27T09:54:35Z', 'revision_number': 4, 'project_id': '15138103d7ad44d9bbee3f92164f769e', 'gw_port': {'id': 'b00ff31c-1ac2-4e79-a50e-59063a57a806', 'name': '', 'network_id': '665b1569-2112-48a4-ae9a-9f4671d38336', 'tenant_id': '', 'mac_address': 'fa:16:3e:9b:66:a3', 'admin_state_up': True, 'status': 'ACTIVE', 'device_id': '5e6b3ba5-fb6f-4e73-b7b7-16ff8d769657', 'device_owner': 'network:router_gateway', 'standard_attr_id': 70, 'fixed_ips': [{'subnet_id': '24514c9d-16b3-4976-a4f9-1433486f626f', 'ip_address': '172.26.1.38', 'prefixlen': 24}], 'allowed_address_pairs': [], 'extra_dhcp_opts': [], 'security_groups': [], 'description': '', 'binding:vnic_type': 'normal', 'binding:profile': {}, 'binding:host_id': 'dv-neutron-840421-8-hyperv', 'binding:vif_type': 'ovs', 'binding:vif_details': {'connectivity': 'l2', 'port_filter': True, 'ovs_hybrid_plug': False, 'datapath_type': 'system', 'bridge_name': 'br-int', 'bound_drivers': {'0': 'openvswitch'}}, 'port_security_enabled': False, 'tags': [], 'created_at': '2022-06-27T09:54:25Z', 'updated_at': '2022-06-27T09:54:39Z', 'revision_number': 4, 'project_id': '', 'subnets': [{'id': '24514c9d-16b3-4976-a4f9-1433486f626f', 'cidr': '172.26.1.0/24', 'gateway_ip': '172.26.1.1', 'dns_nameservers': [], 'ipv6_ra_mode': None, 'subnetpool_id': None}], 'extra_subnets': [], 'address_scopes': {4: None, 6: None}, 'mtu': 1500}, 'enable_snat': True, 'gw_port_host': 'dv-neutron-840421-8-hyperv', '_interfaces': [{'id': 'cb5b08b9-fa6c-4e24-8220-976069333dae', 'name': '', 'network_id': '0a5222d1-f86e-4019-bcb0-f2168ccb1978', 'tenant_id': '15138103d7ad44d9bbee3f92164f769e', 'mac_address': 'fa:16:3e:bb:16:b0', 'admin_state_up': True, 'status': 'DOWN', 'device_id': '5e6b3ba5-fb6f-4e73-b7b7-16ff8d769657', 'device_owner': 'network:router_interface', 'standard_attr_id': 123, 'fixed_ips': [{'subnet_id': 'e6f38d23-54dc-49d9-ae7e-1350e532d316', 'ip_address': '172.20.0.1', 'prefixlen': 28}], 'allowed_address_pairs': [], 'extra_dhcp_opts': [], 'security_groups': [], 'description': '', 'binding:vnic_type': 'normal', 'binding:profile': {}, 'binding:host_id': 'dv-neutron-840421-8-hyperv', 'binding:vif_type': 'ovs', 'binding:vif_details': {'connectivity': 'l2', 'port_filter': True, 'ovs_hybrid_plug': False, 'datapath_type': 'system', 'bridge_name': 'br-int', 'bound_drivers': {'0': 'openvswitch'}}, 'port_security_enabled': False, 'tags': [], 'created_at': '2022-06-27T09:54:32Z', 'updated_at': '2022-06-27T09:54:43Z', 'revision_number': 4, 'project_id': '15138103d7ad44d9bbee3f92164f769e', 'subnets': [{'id': 'e6f38d23-54dc-49d9-ae7e-1350e532d316', 'cidr': '172.20.0.0/28', 'gateway_ip': '172.20.0.1', 'dns_nameservers': [], 'ipv6_ra_mode': None, 'subnetpool_id': None}], 'extra_subnets': [], 'address_scopes': {4: None, 6: None}, 'mtu': 1500}]}] {{(pid=104596) sync_routers /opt/stack/neutron/neutron/api/rpc/handlers/l3_rpc.py:137}}
Jun 27 09:54:44.050547 dv-neutron-840421-8-hyperv neutron-server[104594]: DEBUG neutron.plugins.ml2.plugin [None req-f5252647-fa63-4e62-bffd-3d998f37f505 tempest-PortsAdminExtendedAttrsIpV6TestJSON-1534324250 tempest-PortsAdminExtendedAttrsIpV6TestJSON-1534324250-project-admin] Calling delete_port for ababe374-c046-49cb-98b4-53a33fe185fc owned by {{(pid=104594) delete_port /opt/stack/neutron/neutron/plugins/ml2/plugin.py:2116}}
Jun 27 09:54:44.063690 dv-neutron-840421-8-hyperv neutron-server[104594]: DEBUG dbcounter [-] [104594] Writing DB stats neutron:SELECT=97,neutron:INSERT=3 {{(pid=104594) stat_writer /usr/local/lib/python3.8/dist-packages/dbcounter.py:114}}
Jun 27 09:54:44.233001 dv-neutron-840421-8-hyperv neutron-server[104595]: INFO neutron.wsgi [req-bffb1b4e-908d-4be9-8564-7d74221b667c req-e3afb0a9-67c8-4600-92d1-656cafef2d92 tempest-ServerActionsTestJSON-1462735748 tempest-ServerActionsTestJSON-1462735748-project] 10.222.0.74 "GET /v2.0/security-groups?fields=id&fields=name&tenant_id=942b81abc68c40f7b0c7fcb5860caf7e HTTP/1.1" status: 200 len: 380 time: 0.4142425
Jun 27 09:54:44.240659 dv-neutron-840421-8-hyperv neutron-server[104595]: DEBUG neutron_lib.callbacks.manager [None req-7d82e187-85d0-479c-9456-d059e92b6ad0 tempest-DHCPAgentSchedulersTestJSON-801744243 tempest-DHCPAgentSchedulersTestJSON-801744243-project] Publish callbacks ['neutron.plugins.ml2.plugin.External_net_db_mixin._before_network_delete_handler-1323487'] for network (00d11f3b-80d6-47bc-9954-890fb521a6db), before_delete {{(pid=104595) _notify_loop /usr/local/lib/python3.8/dist-packages/neutron_lib/callbacks/manager.py:176}}
Jun 27 09:54:44.246369 dv-neutron-840421-8-hyperv neutron-server[104595]: WARNING neutron.services.metering.metering_plugin [None req-022304ce-fc89-4eaf-bf62-9a5d8c90badf tempest-MeteringIpV6TestJSON-616327491 tempest-MeteringIpV6TestJSON-616327491-project-admin] The use of 'remote_ip_prefix' in metering label rules is deprecated and will be removed in future releases. One should use instead the 'source_ip_prefix' and/or 'destination_ip_prefix' parameters. For more details, you can check the spec: https://review.opendev.org/#/c/744702/.
Jun 27 09:54:44.253173 dv-neutron-840421-8-hyperv neutron-server[104595]: DEBUG neutron.api.v2.base [req-bffb1b4e-908d-4be9-8564-7d74221b667c req-e98ce4a8-9f0c-4c98-aa5a-3c0f2859c350 tempest-ServerActionsTestJSON-1462735748 tempest-ServerActionsTestJSON-1462735748-project] Request body: {'port': {'device_id': '192c81b6-7328-4dc0-af9d-aba3c1efd03a', 'network_id': 'a166cdfc-30b8-427a-8b23-f35a40979ede', 'admin_state_up': True, 'tenant_id': '942b81abc68c40f7b0c7fcb5860caf7e', 'security_groups': ['17efbab3-53b9-44be-8551-0322fc5daf5d']}} {{(pid=104595) prepare_request_body /opt/stack/neutron/neutron/api/v2/base.py:730}}
Jun 27 09:54:44.258052 dv-neutron-840421-8-hyperv neutron-server[104595]: DEBUG neutron_lib.callbacks.manager [None req-81c520ce-3266-4ff5-adb7-c1b6eb0b8d56 tempest-ServersTestManualDisk-1328009045 tempest-ServersTestManualDisk-1328009045-project] Publish callbacks ['neutron.plugins.ml2.plugin.SecurityGroupDbMixin._ensure_default_security_group_handler-1507030'] for port (eed62b66-eb3d-491d-b9d6-d6bcbeea28fc), before_update {{(pid=104595) _notify_loop /usr/local/lib/python3.8/dist-packages/neutron_lib/callbacks/manager.py:176}}
Jun 27 09:54:44.278832 dv-neutron-840421-8-hyperv neutron-server[104594]: DEBUG neutron_lib.callbacks.manager [None req-9048a973-44f0-4da6-ae7b-20844bbb496a tempest-ServersTestJSON-1463900294 tempest-ServersTestJSON-1463900294-project] Publish callbacks [] for security_group_rule (499b73b4-1812-45e0-8c6f-c1d27ee55055), precommit_create {{(pid=104594) _notify_loop /usr/local/lib/python3.8/dist-packages/neutron_lib/callbacks/manager.py:176}}
Jun 27 09:54:44.434505 dv-neutron-840421-8-hyperv neutron-server[104594]: DEBUG neutron_lib.callbacks.manager [None req-9048a973-44f0-4da6-ae7b-20844bbb496a tempest-ServersTestJSON-1463900294 tempest-ServersTestJSON-1463900294-project] Publish callbacks ['neutron.plugins.ml2.ovo_rpc._ObjectChangeHandler.handle_event-481314'] for security_group_rule (499b73b4-1812-45e0-8c6f-c1d27ee55055), after_create {{(pid=104594) _notify_loop /usr/local/lib/python3.8/dist-packages/neutron_lib/callbacks/manager.py:176}}
Jun 27 09:54:44.501551 dv-neutron-840421-8-hyperv neutron-server[104594]: DEBUG dbcounter [-] [104594] Writing DB stats neutron:SELECT=94,neutron:INSERT=3,neutron:UPDATE=1,neutron:DELETE=2 {{(pid=104594) stat_writer /usr/local/lib/python3.8/dist-packages/dbcounter.py:114}}
Jun 27 09:54:44.521969 dv-neutron-840421-8-hyperv neutron-server[104594]: DEBUG neutron.api.rpc.handlers.resources_rpc [None req-9048a973-44f0-4da6-ae7b-20844bbb496a tempest-ServersTestJSON-1463900294 tempest-ServersTestJSON-1463900294-project] Pushing event updated for resources: {'SecurityGroupRule': ['ID=499b73b4-1812-45e0-8c6f-c1d27ee55055,revision_number=0']} {{(pid=104594) push /opt/stack/neutron/neutron/api/rpc/handlers/resources_rpc.py:237}}
Jun 27 09:54:44.531511 dv-neutron-840421-8-hyperv neutron-server[104594]: DEBUG neutron_lib.callbacks.manager [None req-f5252647-fa63-4e62-bffd-3d998f37f505 tempest-PortsAdminExtendedAttrsIpV6TestJSON-1534324250 tempest-PortsAdminExtendedAttrsIpV6TestJSON-1534324250-project-admin] Publish callbacks ['neutron.plugins.ml2.plugin.SecurityGroupServerNotifierRpcMixin._notify_sg_on_port_change-1506967', 'neutron.plugins.ml2.ovo_rpc._ObjectChangeHandler.handle_event-49009', 'neutron.api.rpc.agentnotifiers.dhcp_rpc_agent_api.DhcpAgentNotifyAPI._native_event_send_dhcp_notification-1584367', 'neutron.db.l3_db.L3RpcNotifierMixin._notify_routers_callback-8744621583984', 'neutron.db.l3_dvrscheduler_db._notify_port_delete-8744621080715'] for port (ababe374-c046-49cb-98b4-53a33fe185fc), after_delete {{(pid=104594) _notify_loop /usr/local/lib/python3.8/dist-packages/neutron_lib/callbacks/manager.py:176}}
Jun 27 09:54:44.589631 dv-neutron-840421-8-hyperv neutron-server[104594]: DEBUG neutron_lib.callbacks.manager [None req-9048a973-44f0-4da6-ae7b-20844bbb496a tempest-ServersTestJSON-1463900294 tempest-ServersTestJSON-1463900294-project] Publish callbacks [] for security_group_rule (None), before_response {{(pid=104594) _notify_loop /usr/local/lib/python3.8/dist-packages/neutron_lib/callbacks/manager.py:176}}
Jun 27 09:54:44.591274 dv-neutron-840421-8-hyperv neutron-server[104594]: INFO neutron.wsgi [None req-9048a973-44f0-4da6-ae7b-20844bbb496a tempest-ServersTestJSON-1463900294 tempest-ServersTestJSON-1463900294-project] 10.222.0.71 "POST /v2.0/security-group-rules HTTP/1.1" status: 201 len: 764 time: 1.2708349
Jun 27 09:54:44.594751 dv-neutron-840421-8-hyperv neutron-server[104594]: DEBUG neutron.api.rpc.handlers.resources_rpc [None req-f5252647-fa63-4e62-bffd-3d998f37f505 tempest-PortsAdminExtendedAttrsIpV6TestJSON-1534324250 tempest-PortsAdminExtendedAttrsIpV6TestJSON-1534324250-project-admin] Pushing event deleted for resources: {'Port': ['ID=ababe374-c046-49cb-98b4-53a33fe185fc,revision_number=None']} {{(pid=104594) push /opt/stack/neutron/neutron/api/rpc/handlers/resources_rpc.py:237}}
Jun 27 09:54:44.596890 dv-neutron-840421-8-hyperv neutron-server[104594]: DEBUG neutron.wsgi [-] (104594) accepted ('10.222.0.71', 49838) {{(pid=104594) server /usr/local/lib/python3.8/dist-packages/eventlet/wsgi.py:1004}}
Jun 27 09:54:44.611196 dv-neutron-840421-8-hyperv neutron-server[104594]: DEBUG neutron.api.v2.base [None req-0bffab36-804b-4af0-8651-6e3ddf312616 tempest-ServersTestJSON-1463900294 tempest-ServersTestJSON-1463900294-project] Request body: {'security_group_rule': {'security_group_id': 'f98a26e3-5ef0-4992-918d-fe340f92cc50', 'protocol': 'icmp', 'ethertype': 'IPv4', 'direction': 'ingress'}} {{(pid=104594) prepare_request_body /opt/stack/neutron/neutron/api/v2/base.py:730}}
Jun 27 09:54:44.638815 dv-neutron-840421-8-hyperv neutron-server[104594]: DEBUG neutron_lib.callbacks.manager [None req-f5252647-fa63-4e62-bffd-3d998f37f505 tempest-PortsAdminExtendedAttrsIpV6TestJSON-1534324250 tempest-PortsAdminExtendedAttrsIpV6TestJSON-1534324250-project-admin] Publish callbacks ['neutron.notifiers.nova.Notifier._send_nova_notification-2681'] for port (None), before_response {{(pid=104594) _notify_loop /usr/local/lib/python3.8/dist-packages/neutron_lib/callbacks/manager.py:176}}
Jun 27 09:54:44.645024 dv-neutron-840421-8-hyperv neutron-server[104594]: INFO neutron.wsgi [None req-f5252647-fa63-4e62-bffd-3d998f37f505 tempest-PortsAdminExtendedAttrsIpV6TestJSON-1534324250 tempest-PortsAdminExtendedAttrsIpV6TestJSON-1534324250-project-admin] 10.222.0.71 "DELETE /v2.0/ports/ababe374-c046-49cb-98b4-53a33fe185fc HTTP/1.1" status: 204 len: 168 time: 1.8851111
Jun 27 09:54:44.653152 dv-neutron-840421-8-hyperv neutron-server[104594]: DEBUG neutron.wsgi [-] (104594) accepted ('10.222.0.71', 49840) {{(pid=104594) server /usr/local/lib/python3.8/dist-packages/eventlet/wsgi.py:1004}}
Jun 27 09:54:44.657261 dv-neutron-840421-8-hyperv neutron-server[104594]: DEBUG neutron_lib.callbacks.manager [None req-c7d85bf0-4125-4e54-a8b5-356841cbb88a tempest-AllowedAddressPairTestJSON-1040070541 tempest-AllowedAddressPairTestJSON-1040070541-project] Publish callbacks [] for port (100f14b6-3888-428e-ab6d-2f8c578f00dd), precommit_update {{(pid=104594) _notify_loop /usr/local/lib/python3.8/dist-packages/neutron_lib/callbacks/manager.py:176}}
Jun 27 09:54:44.669919 dv-neutron-840421-8-hyperv neutron-server[104594]: DEBUG neutron_lib.callbacks.manager [None req-0bffab36-804b-4af0-8651-6e3ddf312616 tempest-ServersTestJSON-1463900294 tempest-ServersTestJSON-1463900294-project] Publish callbacks [] for security_group_rule (253408eb-9a4b-4885-82ba-1a8c92ae695d), before_create {{(pid=104594) _notify_loop /usr/local/lib/python3.8/dist-packages/neutron_lib/callbacks/manager.py:176}}
Jun 27 09:54:44.674307 dv-neutron-840421-8-hyperv neutron-server[104594]: DEBUG neutron_lib.callbacks.manager [None req-c7d85bf0-4125-4e54-a8b5-356841cbb88a tempest-AllowedAddressPairTestJSON-1040070541 tempest-AllowedAddressPairTestJSON-1040070541-project] Publish callbacks ['neutron.plugins.ml2.plugin.SecurityGroupServerNotifierRpcMixin._notify_sg_on_port_change-1506967', 'neutron.plugins.ml2.ovo_rpc._ObjectChangeHandler.handle_event-49009', 'neutron.api.rpc.agentnotifiers.dhcp_rpc_agent_api.DhcpAgentNotifyAPI._native_event_send_dhcp_notification-1584367', 'neutron.db.l3_db.L3RpcNotifierMixin._notify_gateway_port_ip_changed-8744621583966', 'neutron.db.l3_dvrscheduler_db._notify_l3_agent_port_update-8744621080724', 'neutron.db.l3_hascheduler_db._notify_l3_agent_ha_port_update-8744621080742'] for port (100f14b6-3888-428e-ab6d-2f8c578f00dd), after_update {{(pid=104594) _notify_loop /usr/local/lib/python3.8/dist-packages/neutron_lib/callbacks/manager.py:176}}
Jun 27 09:54:44.689623 dv-neutron-840421-8-hyperv neutron-server[104595]: DEBUG neutron_lib.callbacks.manager [None req-405a5c07-1db8-4f4f-832d-b6618bfe66b5 tempest-RoutersIpV6AdminTest-2143281558 tempest-RoutersIpV6AdminTest-2143281558-project-admin] Publish callbacks ['neutron.services.l3_router.l3_router_plugin.L3_HA_NAT_db_mixin._after_router_create-1606070', 'neutron.services.l3_router.l3_router_plugin.DVRResourceOperationHandler._create_snat_interfaces_after_change-1607245'] for router (f889cd2a-9a3c-4400-876c-26bf779b0e70), after_create {{(pid=104595) _notify_loop /usr/local/lib/python3.8/dist-packages/neutron_lib/callbacks/manager.py:176}}
Jun 27 09:54:44.730483 dv-neutron-840421-8-hyperv neutron-server[104595]: DEBUG dbcounter [-] [104595] Writing DB stats neutron:SELECT=97,neutron:INSERT=1,neutron:UPDATE=2 {{(pid=104595) stat_writer /usr/local/lib/python3.8/dist-packages/dbcounter.py:114}}
Jun 27 09:54:44.733590 dv-neutron-840421-8-hyperv neutron-server[104594]: INFO neutron.pecan_wsgi.hooks.translation [None req-9c20df57-1318-4705-8629-88d167b1a98a tempest-PortsAdminExtendedAttrsIpV6TestJSON-1534324250 tempest-PortsAdminExtendedAttrsIpV6TestJSON-1534324250-project-admin] GET failed (client error): The resource could not be found.
Jun 27 09:54:44.739238 dv-neutron-840421-8-hyperv neutron-server[104594]: INFO neutron.wsgi [None req-9c20df57-1318-4705-8629-88d167b1a98a tempest-PortsAdminExtendedAttrsIpV6TestJSON-1534324250 tempest-PortsAdminExtendedAttrsIpV6TestJSON-1534324250-project-admin] 10.222.0.71 "GET /v2.0/ports/ababe374-c046-49cb-98b4-53a33fe185fc HTTP/1.1" status: 404 len: 333 time: 0.0810475
Jun 27 09:54:44.755221 dv-neutron-840421-8-hyperv neutron-server[104595]: DEBUG neutron.wsgi [-] (104595) accepted ('10.222.0.71', 49842) {{(pid=104595) server /usr/local/lib/python3.8/dist-packages/eventlet/wsgi.py:1004}}
Jun 27 09:54:44.776366 dv-neutron-840421-8-hyperv neutron-server[104595]: DEBUG neutron.api.v2.base [None req-5a3e5dfc-e6c0-42cd-93e4-1770cbb7f8b0 tempest-PortsAdminExtendedAttrsIpV6TestJSON-1534324250 tempest-PortsAdminExtendedAttrsIpV6TestJSON-1534324250-project-admin] Request body: {'port': {'name': 'tempest-PortsAdminExtendedAttrsIpV6TestJSON-1259947104', 'network_id': '2266c46d-f2b9-4e7a-8687-6bc5623ec3af'}} {{(pid=104595) prepare_request_body /opt/stack/neutron/neutron/api/v2/base.py:730}}
Jun 27 09:54:44.816653 dv-neutron-840421-8-hyperv neutron-server[104594]: DEBUG neutron.plugins.ml2.plugin [None req-c7d85bf0-4125-4e54-a8b5-356841cbb88a tempest-AllowedAddressPairTestJSON-1040070541 tempest-AllowedAddressPairTestJSON-1040070541-project] In _notify_port_updated(), no bound segment for port 100f14b6-3888-428e-ab6d-2f8c578f00dd on network 9494b665-6f54-461d-b730-77bb23792844 {{(pid=104594) _notify_port_updated /opt/stack/neutron/neutron/plugins/ml2/plugin.py:931}}
Jun 27 09:54:44.833103 dv-neutron-840421-8-hyperv neutron-server[104594]: DEBUG neutron.pecan_wsgi.hooks.policy_enforcement [None req-c7d85bf0-4125-4e54-a8b5-356841cbb88a tempest-AllowedAddressPairTestJSON-1040070541 tempest-AllowedAddressPairTestJSON-1040070541-project] Attributes excluded by policy engine: ['standard_attr_id', 'binding:profile', 'binding:host_id', 'binding:vif_type', 'binding:vif_details'] {{(pid=104594) _exclude_attributes_by_policy /opt/stack/neutron/neutron/pecan_wsgi/hooks/policy_enforcement.py:259}}
Jun 27 09:54:44.833903 dv-neutron-840421-8-hyperv neutron-server[104594]: DEBUG neutron_lib.callbacks.manager [None req-c7d85bf0-4125-4e54-a8b5-356841cbb88a tempest-AllowedAddressPairTestJSON-1040070541 tempest-AllowedAddressPairTestJSON-1040070541-project] Publish callbacks ['neutron.notifiers.nova.Notifier._send_nova_notification-2681'] for port (None), before_response {{(pid=104594) _notify_loop /usr/local/lib/python3.8/dist-packages/neutron_lib/callbacks/manager.py:176}}
Jun 27 09:54:44.835532 dv-neutron-840421-8-hyperv neutron-server[104594]: INFO neutron.wsgi [None req-c7d85bf0-4125-4e54-a8b5-356841cbb88a tempest-AllowedAddressPairTestJSON-1040070541 tempest-AllowedAddressPairTestJSON-1040070541-project] 10.222.0.71 "PUT /v2.0/ports/100f14b6-3888-428e-ab6d-2f8c578f00dd HTTP/1.1" status: 200 len: 993 time: 2.0801387
Jun 27 09:54:44.857630 dv-neutron-840421-8-hyperv neutron-server[104594]: DEBUG neutron.wsgi [-] (104594) accepted ('10.222.0.71', 49844) {{(pid=104594) server /usr/local/lib/python3.8/dist-packages/eventlet/wsgi.py:1004}}
Jun 27 09:54:44.962131 dv-neutron-840421-8-hyperv neutron-server[104594]: DEBUG neutron.api.rpc.handlers.resources_rpc [None req-c7d85bf0-4125-4e54-a8b5-356841cbb88a tempest-AllowedAddressPairTestJSON-1040070541 tempest-AllowedAddressPairTestJSON-1040070541-project] Pushing event updated for resources: {'Port': ['ID=100f14b6-3888-428e-ab6d-2f8c578f00dd,revision_number=2']} {{(pid=104594) push /opt/stack/neutron/neutron/api/rpc/handlers/resources_rpc.py:237}}
Jun 27 09:54:45.010597 dv-neutron-840421-8-hyperv neutron-server[104594]: DEBUG neutron_lib.callbacks.manager [None req-0bffab36-804b-4af0-8651-6e3ddf312616 tempest-ServersTestJSON-1463900294 tempest-ServersTestJSON-1463900294-project] Publish callbacks [] for security_group_rule (253408eb-9a4b-4885-82ba-1a8c92ae695d), precommit_create {{(pid=104594) _notify_loop /usr/local/lib/python3.8/dist-packages/neutron_lib/callbacks/manager.py:176}}
Jun 27 09:54:45.019351 dv-neutron-840421-8-hyperv neutron-server[104594]: DEBUG neutron_lib.callbacks.manager [None req-0bffab36-804b-4af0-8651-6e3ddf312616 tempest-ServersTestJSON-1463900294 tempest-ServersTestJSON-1463900294-project] Publish callbacks ['neutron.plugins.ml2.ovo_rpc._ObjectChangeHandler.handle_event-481314'] for security_group_rule (253408eb-9a4b-4885-82ba-1a8c92ae695d), after_create {{(pid=104594) _notify_loop /usr/local/lib/python3.8/dist-packages/neutron_lib/callbacks/manager.py:176}}
Jun 27 09:54:45.094504 dv-neutron-840421-8-hyperv neutron-server[104595]: DEBUG neutron_lib.callbacks.manager [None req-022304ce-fc89-4eaf-bf62-9a5d8c90badf tempest-MeteringIpV6TestJSON-616327491 tempest-MeteringIpV6TestJSON-616327491-project-admin] Publish callbacks [] for metering_label_rule (None), before_response {{(pid=104595) _notify_loop /usr/local/lib/python3.8/dist-packages/neutron_lib/callbacks/manager.py:176}}
Jun 27 09:54:45.099467 dv-neutron-840421-8-hyperv neutron-server[104595]: INFO neutron.wsgi [None req-022304ce-fc89-4eaf-bf62-9a5d8c90badf tempest-MeteringIpV6TestJSON-616327491 tempest-MeteringIpV6TestJSON-616327491-project-admin] 10.222.0.71 "POST /v2.0/metering/metering-label-rules HTTP/1.1" status: 201 len: 464 time: 1.1091294
Jun 27 09:54:45.108413 dv-neutron-840421-8-hyperv neutron-server[104594]: DEBUG neutron.wsgi [-] (104594) accepted ('10.222.0.71', 49848) {{(pid=104594) server /usr/local/lib/python3.8/dist-packages/eventlet/wsgi.py:1004}}
Jun 27 09:54:45.162800 dv-neutron-840421-8-hyperv neutron-server[104594]: DEBUG neutron.api.rpc.handlers.resources_rpc [None req-0bffab36-804b-4af0-8651-6e3ddf312616 tempest-ServersTestJSON-1463900294 tempest-ServersTestJSON-1463900294-project] Pushing event updated for resources: {'SecurityGroupRule': ['ID=253408eb-9a4b-4885-82ba-1a8c92ae695d,revision_number=0']} {{(pid=104594) push /opt/stack/neutron/neutron/api/rpc/handlers/resources_rpc.py:237}}
Jun 27 09:54:45.230408 dv-neutron-840421-8-hyperv neutron-server[104594]: INFO neutron.wsgi [None req-314a1c6d-b73d-468a-8af9-238cd89d3070 tempest-MeteringIpV6TestJSON-616327491 tempest-MeteringIpV6TestJSON-616327491-project-admin] 10.222.0.71 "GET /v2.0/metering/metering-label-rules?id=fa9cd25e-b0bf-428e-85c4-55d87d6d32f2 HTTP/1.1" status: 200 len: 462 time: 0.0565856
Jun 27 09:54:45.231851 dv-neutron-840421-8-hyperv neutron-server[104594]: DEBUG neutron.wsgi [-] (104594) accepted ('10.222.0.71', 49852) {{(pid=104594) server /usr/local/lib/python3.8/dist-packages/eventlet/wsgi.py:1004}}
Jun 27 09:54:45.254724 dv-neutron-840421-8-hyperv neutron-server[104595]: DEBUG neutron.pecan_wsgi.hooks.quota_enforcement [None req-5a3e5dfc-e6c0-42cd-93e4-1770cbb7f8b0 tempest-PortsAdminExtendedAttrsIpV6TestJSON-1534324250 tempest-PortsAdminExtendedAttrsIpV6TestJSON-1534324250-project-admin] Made reservation on behalf of 4ac9ed36148748f8aa8bf543b817ecb2 for: {'port': 1} {{(pid=104595) before /opt/stack/neutron/neutron/pecan_wsgi/hooks/quota_enforcement.py:53}}
Jun 27 09:54:45.256117 dv-neutron-840421-8-hyperv neutron-server[104594]: DEBUG neutron.plugins.ml2.plugin [None req-e83c479e-974c-4793-8de3-a9f2c35a7c0a tempest-AllowedAddressPairTestJSON-1040070541 tempest-AllowedAddressPairTestJSON-1040070541-project] Deleting port 100f14b6-3888-428e-ab6d-2f8c578f00dd {{(pid=104594) _pre_delete_port /opt/stack/neutron/neutron/plugins/ml2/plugin.py:2037}}
Jun 27 09:54:45.256492 dv-neutron-840421-8-hyperv neutron-server[104594]: DEBUG neutron_lib.callbacks.manager [None req-e83c479e-974c-4793-8de3-a9f2c35a7c0a tempest-AllowedAddressPairTestJSON-1040070541 tempest-AllowedAddressPairTestJSON-1040070541-project] Publish callbacks ['neutron.db.l3_db.L3_NAT_dbonly_mixin._prevent_l3_port_delete_callback-8744621579560'] for port (100f14b6-3888-428e-ab6d-2f8c578f00dd), before_delete {{(pid=104594) _notify_loop /usr/local/lib/python3.8/dist-packages/neutron_lib/callbacks/manager.py:176}}
Jun 27 09:54:45.257123 dv-neutron-840421-8-hyperv neutron-server[104595]: DEBUG neutron_lib.callbacks.manager [None req-5a3e5dfc-e6c0-42cd-93e4-1770cbb7f8b0 tempest-PortsAdminExtendedAttrsIpV6TestJSON-1534324250 tempest-PortsAdminExtendedAttrsIpV6TestJSON-1534324250-project-admin] Publish callbacks ['neutron.plugins.ml2.plugin.SecurityGroupDbMixin._ensure_default_security_group_handler-1507030'] for port (None), before_create {{(pid=104595) _notify_loop /usr/local/lib/python3.8/dist-packages/neutron_lib/callbacks/manager.py:176}}
Jun 27 09:54:45.272666 dv-neutron-840421-8-hyperv neutron-server[104594]: DEBUG neutron_lib.callbacks.manager [None req-0bffab36-804b-4af0-8651-6e3ddf312616 tempest-ServersTestJSON-1463900294 tempest-ServersTestJSON-1463900294-project] Publish callbacks [] for security_group_rule (None), before_response {{(pid=104594) _notify_loop /usr/local/lib/python3.8/dist-packages/neutron_lib/callbacks/manager.py:176}}
Jun 27 09:54:45.280146 dv-neutron-840421-8-hyperv neutron-server[104594]: INFO neutron.wsgi [None req-0bffab36-804b-4af0-8651-6e3ddf312616 tempest-ServersTestJSON-1463900294 tempest-ServersTestJSON-1463900294-project] 10.222.0.71 "POST /v2.0/security-group-rules HTTP/1.1" status: 201 len: 769 time: 0.6797571
Jun 27 09:54:45.299446 dv-neutron-840421-8-hyperv neutron-server[104595]: INFO neutron.wsgi [req-2673a733-b4d8-4edd-86e8-3e624c89b627 req-2d10fcea-7200-4348-a301-5e56e0c621d1 tempest-ServerActionsTestJSON-1462735748 tempest-ServerActionsTestJSON-1462735748-project] 10.222.0.71 "GET /v2.0/ports?device_id=192c81b6-7328-4dc0-af9d-aba3c1efd03a HTTP/1.1" status: 200 len: 210 time: 0.1518660
Jun 27 09:54:45.318286 dv-neutron-840421-8-hyperv neutron-server[104595]: DEBUG neutron.wsgi [-] (104595) accepted ('10.222.0.71', 49854) {{(pid=104595) server /usr/local/lib/python3.8/dist-packages/eventlet/wsgi.py:1004}}
Jun 27 09:54:45.324525 dv-neutron-840421-8-hyperv neutron-server[104595]: DEBUG neutron.api.v2.base [None req-16eb52a4-8574-423a-b44f-c5971c059e81 tempest-ServersTestJSON-1463900294 tempest-ServersTestJSON-1463900294-project] Request body: {'floatingip': {'floating_network_id': '665b1569-2112-48a4-ae9a-9f4671d38336'}} {{(pid=104595) prepare_request_body /opt/stack/neutron/neutron/api/v2/base.py:730}}
Jun 27 09:54:45.365503 dv-neutron-840421-8-hyperv neutron-server[104595]: DEBUG dbcounter [-] [104595] Writing DB stats neutron:SELECT=96,neutron:INSERT=4 {{(pid=104595) stat_writer /usr/local/lib/python3.8/dist-packages/dbcounter.py:114}}
Jun 27 09:54:45.373959 dv-neutron-840421-8-hyperv neutron-server[104594]: DEBUG dbcounter [-] [104594] Writing DB stats neutron:SELECT=88,neutron:INSERT=3,neutron:UPDATE=1,neutron:DELETE=8 {{(pid=104594) stat_writer /usr/local/lib/python3.8/dist-packages/dbcounter.py:114}}
Jun 27 09:54:45.440290 dv-neutron-840421-8-hyperv neutron-server[104595]: DEBUG neutron_lib.callbacks.manager [None req-7d82e187-85d0-479c-9456-d059e92b6ad0 tempest-DHCPAgentSchedulersTestJSON-801744243 tempest-DHCPAgentSchedulersTestJSON-801744243-project] Publish callbacks ['neutron.plugins.ml2.plugin.Ml2Plugin._network_delete_precommit_handler-1541941', 'neutron.services.segments.db._delete_segments_for_network-8744621360011'] for network (00d11f3b-80d6-47bc-9954-890fb521a6db), precommit_delete {{(pid=104595) _notify_loop /usr/local/lib/python3.8/dist-packages/neutron_lib/callbacks/manager.py:176}}
Jun 27 09:54:45.491516 dv-neutron-840421-8-hyperv neutron-server[104595]: DEBUG neutron.notifiers.nova [None req-5a3e5dfc-e6c0-42cd-93e4-1770cbb7f8b0 tempest-PortsAdminExtendedAttrsIpV6TestJSON-1534324250 tempest-PortsAdminExtendedAttrsIpV6TestJSON-1534324250-project-admin] device_id is not set on port f7b8b5db-4cb5-4ebe-8a4a-107428198db4 yet. {{(pid=104595) _can_notify /opt/stack/neutron/neutron/notifiers/nova.py:199}}
Jun 27 09:54:45.514160 dv-neutron-840421-8-hyperv neutron-server[104594]: DEBUG neutron_lib.callbacks.manager [None req-7a3c4252-2491-43e8-ab93-d30bff7667c1 tempest-MeteringIpV6TestJSON-616327491 tempest-MeteringIpV6TestJSON-616327491-project-admin] Publish callbacks [] for metering_label_rule (None), before_response {{(pid=104594) _notify_loop /usr/local/lib/python3.8/dist-packages/neutron_lib/callbacks/manager.py:176}}
Jun 27 09:54:45.515429 dv-neutron-840421-8-hyperv neutron-server[104594]: INFO neutron.wsgi [None req-7a3c4252-2491-43e8-ab93-d30bff7667c1 tempest-MeteringIpV6TestJSON-616327491 tempest-MeteringIpV6TestJSON-616327491-project-admin] 10.222.0.71 "DELETE /v2.0/metering/metering-label-rules/fa9cd25e-b0bf-428e-85c4-55d87d6d32f2 HTTP/1.1" status: 204 len: 168 time: 0.2806010
Jun 27 09:54:45.522392 dv-neutron-840421-8-hyperv neutron-server[104594]: DEBUG neutron.wsgi [-] (104594) accepted ('10.222.0.71', 49856) {{(pid=104594) server /usr/local/lib/python3.8/dist-packages/eventlet/wsgi.py:1004}}
Jun 27 09:54:45.537662 dv-neutron-840421-8-hyperv neutron-server[104594]: INFO neutron.wsgi [None req-85f7a18b-dc76-4f6c-92f7-aebe095fb64d tempest-MeteringIpV6TestJSON-616327491 tempest-MeteringIpV6TestJSON-616327491-project-admin] 10.222.0.71 "GET /v2.0/metering/metering-label-rules?id=fa9cd25e-b0bf-428e-85c4-55d87d6d32f2 HTTP/1.1" status: 200 len: 221 time: 0.0130851
Jun 27 09:54:45.543023 dv-neutron-840421-8-hyperv neutron-server[104594]: DEBUG neutron.wsgi [-] (104594) accepted ('10.222.0.71', 49858) {{(pid=104594) server /usr/local/lib/python3.8/dist-packages/eventlet/wsgi.py:1004}}
Jun 27 09:54:45.547690 dv-neutron-840421-8-hyperv neutron-server[104594]: DEBUG neutron.api.v2.base [None req-b5119734-a492-40e4-a869-66b5be3d6342 tempest-MeteringIpV6TestJSON-616327491 tempest-MeteringIpV6TestJSON-616327491-project-admin] Request body: {'metering_label': {'name': 'tempest-metering-label--732692971', 'description': 'label created by tempest'}} {{(pid=104594) prepare_request_body /opt/stack/neutron/neutron/api/v2/base.py:730}}
Jun 27 09:54:45.548246 dv-neutron-840421-8-hyperv neutron-server[104594]: DEBUG neutron.api.v2.base [None req-b5119734-a492-40e4-a869-66b5be3d6342 tempest-MeteringIpV6TestJSON-616327491 tempest-MeteringIpV6TestJSON-616327491-project-admin] Unknown quota resources ['metering_label']. {{(pid=104594) _create /opt/stack/neutron/neutron/api/v2/base.py:497}}
Jun 27 09:54:45.625873 dv-neutron-840421-8-hyperv neutron-server[104594]: DEBUG neutron_lib.callbacks.manager [None req-e83c479e-974c-4793-8de3-a9f2c35a7c0a tempest-AllowedAddressPairTestJSON-1040070541 tempest-AllowedAddressPairTestJSON-1040070541-project] Publish callbacks ['neutron.services.l3_router.l3_router_plugin.L3_NAT_dbonly_mixin._precommit_delete_port_callback-1609812'] for port (100f14b6-3888-428e-ab6d-2f8c578f00dd), precommit_delete {{(pid=104594) _notify_loop /usr/local/lib/python3.8/dist-packages/neutron_lib/callbacks/manager.py:176}}
Jun 27 09:54:45.693191 dv-neutron-840421-8-hyperv neutron-server[104596]: DEBUG neutron.db.provisioning_blocks [None req-f22cdead-c87c-42db-8db5-6381853eec9a None None] Provisioning complete for port 100f14b6-3888-428e-ab6d-2f8c578f00dd triggered by entity DHCP. {{(pid=104596) provisioning_complete /opt/stack/neutron/neutron/db/provisioning_blocks.py:145}}
