Oct 06 09:15:25.499554 dv-neutron-840421-41-hyperv devstack@keystone.service[81774]: DEBUG keystone.server.flask.request_processing.middleware.auth_context [None req-7f389a76-366e-4515-9995-43067b7628e1 None admin] Authenticating user token {{(pid=81774) process_request /usr/local/lib/python3.8/dist-packages/keystonemiddleware/auth_token/__init__.py:407}}
Oct 06 09:15:25.506633 dv-neutron-840421-41-hyperv devstack@keystone.service[81775]: DEBUG dbcounter [-] [81775] Writing DB stats keystone:SELECT=100 {{(pid=81775) stat_writer /usr/local/lib/python3.8/dist-packages/dbcounter.py:114}}
Oct 06 09:15:25.697271 dv-neutron-840421-41-hyperv devstack@keystone.service[81775]: DEBUG keystone.server.flask.request_processing.middleware.auth_context [None req-3e305e29-b7fe-431b-8fed-9037c3989c16 None admin] Validating token access rules against request {{(pid=81775) validate_allowed_request /usr/local/lib/python3.8/dist-packages/keystonemiddleware/auth_token/__init__.py:545}}
Oct 06 09:15:25.715031 dv-neutron-840421-41-hyperv devstack@keystone.service[81774]: DEBUG keystone.server.flask.request_processing.middleware.auth_context [None req-7f389a76-366e-4515-9995-43067b7628e1 None admin] Validating token access rules against request {{(pid=81774) validate_allowed_request /usr/local/lib/python3.8/dist-packages/keystonemiddleware/auth_token/__init__.py:545}}
Oct 06 09:15:25.773690 dv-neutron-840421-41-hyperv devstack@keystone.service[81775]: DEBUG keystone.server.flask.request_processing.middleware.auth_context [None req-fdf6e944-0c3b-4e15-95ac-545ae72f7526 None admin] RBAC: auth_context: {'token': , 'domain_id': None, 'trust_id': None, 'trustor_id': None, 'trustee_id': None, 'domain_name': None, 'group_ids': [], 'user_id': 'bef5a7723c0e4aeb9b4994e6c38fce97', 'user_domain_id': 'default', 'system_scope': 'all', 'project_id': None, 'project_domain_id': None, 'roles': ['admin', 'member', 'reader'], 'is_admin_project': True, 'service_user_id': None, 'service_user_domain_id': None, 'service_project_id': None, 'service_project_domain_id': None, 'service_roles': []} {{(pid=81775) fill_context /opt/stack/keystone/keystone/server/flask/request_processing/middleware/auth_context.py:478}}
Oct 06 09:15:25.774312 dv-neutron-840421-41-hyperv devstack@keystone.service[81775]: DEBUG keystone.server.flask.request_processing.req_logging [None req-fdf6e944-0c3b-4e15-95ac-545ae72f7526 None admin] REQUEST_METHOD: `GET` {{(pid=81775) log_request_info /opt/stack/keystone/keystone/server/flask/request_processing/req_logging.py:27}}
Oct 06 09:15:25.774588 dv-neutron-840421-41-hyperv devstack@keystone.service[81775]: DEBUG keystone.server.flask.request_processing.req_logging [None req-fdf6e944-0c3b-4e15-95ac-545ae72f7526 None admin] SCRIPT_NAME: `/identity` {{(pid=81775) log_request_info /opt/stack/keystone/keystone/server/flask/request_processing/req_logging.py:28}}
Oct 06 09:15:25.774855 dv-neutron-840421-41-hyperv devstack@keystone.service[81775]: DEBUG keystone.server.flask.request_processing.req_logging [None req-fdf6e944-0c3b-4e15-95ac-545ae72f7526 None admin] PATH_INFO: `/v3/auth/tokens` {{(pid=81775) log_request_info /opt/stack/keystone/keystone/server/flask/request_processing/req_logging.py:29}}
Oct 06 09:15:25.793947 dv-neutron-840421-41-hyperv devstack@keystone.service[81774]: DEBUG keystone.server.flask.request_processing.middleware.auth_context [None req-b0c2b9cb-1b72-41bc-81a3-79497315bcb8 None admin] RBAC: auth_context: {'token': , 'domain_id': None, 'trust_id': None, 'trustor_id': None, 'trustee_id': None, 'domain_name': None, 'group_ids': [], 'user_id': 'bef5a7723c0e4aeb9b4994e6c38fce97', 'user_domain_id': 'default', 'system_scope': 'all', 'project_id': None, 'project_domain_id': None, 'roles': ['admin', 'member', 'reader'], 'is_admin_project': True, 'service_user_id': None, 'service_user_domain_id': None, 'service_project_id': None, 'service_project_domain_id': None, 'service_roles': []} {{(pid=81774) fill_context /opt/stack/keystone/keystone/server/flask/request_processing/middleware/auth_context.py:478}}
Oct 06 09:15:25.794614 dv-neutron-840421-41-hyperv devstack@keystone.service[81774]: DEBUG keystone.server.flask.request_processing.req_logging [None req-b0c2b9cb-1b72-41bc-81a3-79497315bcb8 None admin] REQUEST_METHOD: `GET` {{(pid=81774) log_request_info /opt/stack/keystone/keystone/server/flask/request_processing/req_logging.py:27}}
Oct 06 09:15:25.794895 dv-neutron-840421-41-hyperv devstack@keystone.service[81774]: DEBUG keystone.server.flask.request_processing.req_logging [None req-b0c2b9cb-1b72-41bc-81a3-79497315bcb8 None admin] SCRIPT_NAME: `/identity` {{(pid=81774) log_request_info /opt/stack/keystone/keystone/server/flask/request_processing/req_logging.py:28}}
Oct 06 09:15:25.795163 dv-neutron-840421-41-hyperv devstack@keystone.service[81774]: DEBUG keystone.server.flask.request_processing.req_logging [None req-b0c2b9cb-1b72-41bc-81a3-79497315bcb8 None admin] PATH_INFO: `/v3/roles` {{(pid=81774) log_request_info /opt/stack/keystone/keystone/server/flask/request_processing/req_logging.py:29}}
Oct 06 09:15:25.795873 dv-neutron-840421-41-hyperv devstack@keystone.service[81774]: DEBUG keystone.common.rbac_enforcer.enforcer [None req-b0c2b9cb-1b72-41bc-81a3-79497315bcb8 None admin] RBAC: Adding query filter params (name=reader) {{(pid=81774) _extract_filter_values /opt/stack/keystone/keystone/common/rbac_enforcer/enforcer.py:167}}
Oct 06 09:15:25.796177 dv-neutron-840421-41-hyperv devstack@keystone.service[81774]: DEBUG keystone.common.rbac_enforcer.enforcer [None req-b0c2b9cb-1b72-41bc-81a3-79497315bcb8 None admin] RBAC: Authorizing `identity:list_roles()` {{(pid=81774) enforce_call /opt/stack/keystone/keystone/common/rbac_enforcer/enforcer.py:449}}
Oct 06 09:15:25.800487 dv-neutron-840421-41-hyperv devstack@keystone.service[81774]: DEBUG keystone.common.rbac_enforcer.enforcer [None req-b0c2b9cb-1b72-41bc-81a3-79497315bcb8 None admin] RBAC: Authorization granted {{(pid=81774) enforce_call /opt/stack/keystone/keystone/common/rbac_enforcer/enforcer.py:457}}
Oct 06 09:15:25.818930 dv-neutron-840421-41-hyperv devstack@keystone.service[81774]: [pid: 81774|app: 0|req: 74/150] 10.222.0.25 () {56 vars in 1101 bytes} [Thu Oct 6 09:15:25 2022] GET /identity/v3/roles?name=reader => generated 341 bytes in 320 msecs (HTTP/1.1 200) 5 headers in 177 bytes (1 switches on core 0)
Oct 06 09:15:25.824860 dv-neutron-840421-41-hyperv devstack@keystone.service[81774]: DEBUG keystone.server.flask.request_processing.middleware.auth_context [None req-b0c2b9cb-1b72-41bc-81a3-79497315bcb8 None admin] Authenticating user token {{(pid=81774) process_request /usr/local/lib/python3.8/dist-packages/keystonemiddleware/auth_token/__init__.py:407}}
Oct 06 09:15:25.864535 dv-neutron-840421-41-hyperv devstack@keystone.service[81774]: DEBUG dbcounter [-] [81774] Writing DB stats keystone:SELECT=100 {{(pid=81774) stat_writer /usr/local/lib/python3.8/dist-packages/dbcounter.py:114}}
Oct 06 09:15:25.896199 dv-neutron-840421-41-hyperv devstack@keystone.service[81775]: DEBUG keystone.common.rbac_enforcer.enforcer [None req-fdf6e944-0c3b-4e15-95ac-545ae72f7526 None admin] RBAC: Authorizing `identity:validate_token()` {{(pid=81775) enforce_call /opt/stack/keystone/keystone/common/rbac_enforcer/enforcer.py:449}}
Oct 06 09:15:25.897989 dv-neutron-840421-41-hyperv devstack@keystone.service[81775]: DEBUG keystone.common.rbac_enforcer.enforcer [None req-fdf6e944-0c3b-4e15-95ac-545ae72f7526 None admin] RBAC: Authorization granted {{(pid=81775) enforce_call /opt/stack/keystone/keystone/common/rbac_enforcer/enforcer.py:457}}
Oct 06 09:15:25.922821 dv-neutron-840421-41-hyperv devstack@keystone.service[81775]: DEBUG dbcounter [-] [81775] Writing DB stats keystone:SELECT=100 {{(pid=81775) stat_writer /usr/local/lib/python3.8/dist-packages/dbcounter.py:114}}
Oct 06 09:15:25.990970 dv-neutron-840421-41-hyperv devstack@keystone.service[81774]: DEBUG keystone.server.flask.request_processing.middleware.auth_context [None req-b0c2b9cb-1b72-41bc-81a3-79497315bcb8 None admin] Validating token access rules against request {{(pid=81774) validate_allowed_request /usr/local/lib/python3.8/dist-packages/keystonemiddleware/auth_token/__init__.py:545}}
Oct 06 09:15:26.026692 dv-neutron-840421-41-hyperv devstack@keystone.service[81775]: [pid: 81775|app: 0|req: 77/151] 10.222.0.25 () {58 vars in 1282 bytes} [Thu Oct 6 09:15:25 2022] GET /identity/v3/auth/tokens => generated 799 bytes in 569 msecs (HTTP/1.1 200) 6 headers in 358 bytes (1 switches on core 0)
Oct 06 09:15:26.033782 dv-neutron-840421-41-hyperv devstack@keystone.service[81775]: DEBUG keystone.server.flask.request_processing.middleware.auth_context [None req-fdf6e944-0c3b-4e15-95ac-545ae72f7526 None admin] Authenticating user token {{(pid=81775) process_request /usr/local/lib/python3.8/dist-packages/keystonemiddleware/auth_token/__init__.py:407}}
Oct 06 09:15:26.068143 dv-neutron-840421-41-hyperv devstack@keystone.service[81774]: DEBUG keystone.server.flask.request_processing.middleware.auth_context [None req-dfd8df08-5e94-4ad2-9f0a-867c8982fb5c None admin] RBAC: auth_context: {'token': , 'domain_id': None, 'trust_id': None, 'trustor_id': None, 'trustee_id': None, 'domain_name': None, 'group_ids': [], 'user_id': 'bef5a7723c0e4aeb9b4994e6c38fce97', 'user_domain_id': 'default', 'system_scope': 'all', 'project_id': None, 'project_domain_id': None, 'roles': ['admin', 'member', 'reader'], 'is_admin_project': True, 'service_user_id': None, 'service_user_domain_id': None, 'service_project_id': None, 'service_project_domain_id': None, 'service_roles': []} {{(pid=81774) fill_context /opt/stack/keystone/keystone/server/flask/request_processing/middleware/auth_context.py:478}}
Oct 06 09:15:26.068801 dv-neutron-840421-41-hyperv devstack@keystone.service[81774]: DEBUG keystone.server.flask.request_processing.req_logging [None req-dfd8df08-5e94-4ad2-9f0a-867c8982fb5c None admin] REQUEST_METHOD: `GET` {{(pid=81774) log_request_info /opt/stack/keystone/keystone/server/flask/request_processing/req_logging.py:27}}
Oct 06 09:15:26.069308 dv-neutron-840421-41-hyperv devstack@keystone.service[81774]: DEBUG keystone.server.flask.request_processing.req_logging [None req-dfd8df08-5e94-4ad2-9f0a-867c8982fb5c None admin] SCRIPT_NAME: `/identity` {{(pid=81774) log_request_info /opt/stack/keystone/keystone/server/flask/request_processing/req_logging.py:28}}
Oct 06 09:15:26.069797 dv-neutron-840421-41-hyperv devstack@keystone.service[81774]: DEBUG keystone.server.flask.request_processing.req_logging [None req-dfd8df08-5e94-4ad2-9f0a-867c8982fb5c None admin] PATH_INFO: `/v3/users/31609c641b294421938b929f6cf599b2` {{(pid=81774) log_request_info /opt/stack/keystone/keystone/server/flask/request_processing/req_logging.py:29}}
Oct 06 09:15:26.071434 dv-neutron-840421-41-hyperv devstack@keystone.service[81774]: DEBUG keystone.common.rbac_enforcer.enforcer [None req-dfd8df08-5e94-4ad2-9f0a-867c8982fb5c None admin] RBAC: Authorizing `identity:get_user(user_id=31609c641b294421938b929f6cf599b2)` {{(pid=81774) enforce_call /opt/stack/keystone/keystone/common/rbac_enforcer/enforcer.py:449}}
Oct 06 09:15:26.073097 dv-neutron-840421-41-hyperv devstack@keystone.service[81774]: DEBUG keystone.common.rbac_enforcer.enforcer [None req-dfd8df08-5e94-4ad2-9f0a-867c8982fb5c None admin] RBAC: Authorization granted {{(pid=81774) enforce_call /opt/stack/keystone/keystone/common/rbac_enforcer/enforcer.py:457}}
Oct 06 09:15:26.075319 dv-neutron-840421-41-hyperv devstack@keystone.service[81774]: [pid: 81774|app: 0|req: 75/152] 10.222.0.25 () {56 vars in 1177 bytes} [Thu Oct 6 09:15:25 2022] GET /identity/v3/users/31609c641b294421938b929f6cf599b2 => generated 289 bytes in 251 msecs (HTTP/1.1 200) 5 headers in 177 bytes (2 switches on core 0)
Oct 06 09:15:26.081092 dv-neutron-840421-41-hyperv devstack@keystone.service[81774]: DEBUG keystone.server.flask.request_processing.middleware.auth_context [None req-dfd8df08-5e94-4ad2-9f0a-867c8982fb5c None admin] Authenticating user token {{(pid=81774) process_request /usr/local/lib/python3.8/dist-packages/keystonemiddleware/auth_token/__init__.py:407}}
Oct 06 09:15:26.182117 dv-neutron-840421-41-hyperv devstack@keystone.service[81775]: DEBUG keystone.server.flask.request_processing.middleware.auth_context [None req-fdf6e944-0c3b-4e15-95ac-545ae72f7526 None admin] Validating token access rules against request {{(pid=81775) validate_allowed_request /usr/local/lib/python3.8/dist-packages/keystonemiddleware/auth_token/__init__.py:545}}
Oct 06 09:15:26.224455 dv-neutron-840421-41-hyperv devstack@keystone.service[81775]: DEBUG dbcounter [-] [81775] Writing DB stats keystone:SELECT=100 {{(pid=81775) stat_writer /usr/local/lib/python3.8/dist-packages/dbcounter.py:114}}
Oct 06 09:15:26.248741 dv-neutron-840421-41-hyperv devstack@keystone.service[81774]: DEBUG dbcounter [-] [81774] Writing DB stats keystone:SELECT=100 {{(pid=81774) stat_writer /usr/local/lib/python3.8/dist-packages/dbcounter.py:114}}
Oct 06 09:15:26.249612 dv-neutron-840421-41-hyperv devstack@keystone.service[81775]: DEBUG keystone.server.flask.request_processing.middleware.auth_context [None req-72d120e8-a092-4985-a29d-5d764aa7fd1f None admin] RBAC: auth_context: {'token': , 'domain_id': None, 'trust_id': None, 'trustor_id': None, 'trustee_id': None, 'domain_name': None, 'group_ids': [], 'user_id': 'bef5a7723c0e4aeb9b4994e6c38fce97', 'user_domain_id': 'default', 'system_scope': 'all', 'project_id': None, 'project_domain_id': None, 'roles': ['admin', 'member', 'reader'], 'is_admin_project': True, 'service_user_id': None, 'service_user_domain_id': None, 'service_project_id': None, 'service_project_domain_id': None, 'service_roles': []} {{(pid=81775) fill_context /opt/stack/keystone/keystone/server/flask/request_processing/middleware/auth_context.py:478}}
Oct 06 09:15:26.250466 dv-neutron-840421-41-hyperv devstack@keystone.service[81775]: DEBUG keystone.server.flask.request_processing.req_logging [None req-72d120e8-a092-4985-a29d-5d764aa7fd1f None admin] REQUEST_METHOD: `GET` {{(pid=81775) log_request_info /opt/stack/keystone/keystone/server/flask/request_processing/req_logging.py:27}}
Oct 06 09:15:26.250896 dv-neutron-840421-41-hyperv devstack@keystone.service[81775]: DEBUG keystone.server.flask.request_processing.req_logging [None req-72d120e8-a092-4985-a29d-5d764aa7fd1f None admin] SCRIPT_NAME: `/identity` {{(pid=81775) log_request_info /opt/stack/keystone/keystone/server/flask/request_processing/req_logging.py:28}}
Oct 06 09:15:26.251414 dv-neutron-840421-41-hyperv devstack@keystone.service[81775]: DEBUG keystone.server.flask.request_processing.req_logging [None req-72d120e8-a092-4985-a29d-5d764aa7fd1f None admin] PATH_INFO: `/v3/projects/1e3ea77a6a834ccb8f5bdac95de42671` {{(pid=81775) log_request_info /opt/stack/keystone/keystone/server/flask/request_processing/req_logging.py:29}}
Oct 06 09:15:26.256036 dv-neutron-840421-41-hyperv devstack@keystone.service[81775]: DEBUG keystone.common.rbac_enforcer.enforcer [None req-72d120e8-a092-4985-a29d-5d764aa7fd1f None admin] RBAC: Authorizing `identity:get_project(project_id=1e3ea77a6a834ccb8f5bdac95de42671)` {{(pid=81775) enforce_call /opt/stack/keystone/keystone/common/rbac_enforcer/enforcer.py:449}}
Oct 06 09:15:26.257870 dv-neutron-840421-41-hyperv devstack@keystone.service[81775]: DEBUG keystone.common.rbac_enforcer.enforcer [None req-72d120e8-a092-4985-a29d-5d764aa7fd1f None admin] RBAC: Authorization granted {{(pid=81775) enforce_call /opt/stack/keystone/keystone/common/rbac_enforcer/enforcer.py:457}}
Oct 06 09:15:26.259927 dv-neutron-840421-41-hyperv devstack@keystone.service[81775]: [pid: 81775|app: 0|req: 78/153] 10.222.0.25 () {56 vars in 1186 bytes} [Thu Oct 6 09:15:26 2022] GET /identity/v3/projects/1e3ea77a6a834ccb8f5bdac95de42671 => generated 298 bytes in 227 msecs (HTTP/1.1 200) 5 headers in 177 bytes (2 switches on core 0)
Oct 06 09:15:26.266277 dv-neutron-840421-41-hyperv devstack@keystone.service[81775]: DEBUG keystone.server.flask.request_processing.middleware.auth_context [None req-72d120e8-a092-4985-a29d-5d764aa7fd1f None admin] Authenticating user token {{(pid=81775) process_request /usr/local/lib/python3.8/dist-packages/keystonemiddleware/auth_token/__init__.py:407}}
Oct 06 09:15:26.273408 dv-neutron-840421-41-hyperv devstack@keystone.service[81774]: DEBUG keystone.server.flask.request_processing.middleware.auth_context [None req-dfd8df08-5e94-4ad2-9f0a-867c8982fb5c None admin] Validating token access rules against request {{(pid=81774) validate_allowed_request /usr/local/lib/python3.8/dist-packages/keystonemiddleware/auth_token/__init__.py:545}}
Oct 06 09:15:26.338048 dv-neutron-840421-41-hyperv devstack@keystone.service[81774]: DEBUG keystone.server.flask.request_processing.middleware.auth_context [None req-60725951-22c8-4373-85f3-16dbb660888b None admin] RBAC: auth_context: {'token': , 'domain_id': None, 'trust_id': None, 'trustor_id': None, 'trustee_id': None, 'domain_name': None, 'group_ids': [], 'user_id': 'bef5a7723c0e4aeb9b4994e6c38fce97', 'user_domain_id': 'default', 'system_scope': 'all', 'project_id': None, 'project_domain_id': None, 'roles': ['admin', 'member', 'reader'], 'is_admin_project': True, 'service_user_id': None, 'service_user_domain_id': None, 'service_project_id': None, 'service_project_domain_id': None, 'service_roles': []} {{(pid=81774) fill_context /opt/stack/keystone/keystone/server/flask/request_processing/middleware/auth_context.py:478}}
Oct 06 09:15:26.339328 dv-neutron-840421-41-hyperv devstack@keystone.service[81774]: DEBUG keystone.server.flask.request_processing.req_logging [None req-60725951-22c8-4373-85f3-16dbb660888b None admin] REQUEST_METHOD: `GET` {{(pid=81774) log_request_info /opt/stack/keystone/keystone/server/flask/request_processing/req_logging.py:27}}
Oct 06 09:15:26.339811 dv-neutron-840421-41-hyperv devstack@keystone.service[81774]: DEBUG keystone.server.flask.request_processing.req_logging [None req-60725951-22c8-4373-85f3-16dbb660888b None admin] SCRIPT_NAME: `/identity` {{(pid=81774) log_request_info /opt/stack/keystone/keystone/server/flask/request_processing/req_logging.py:28}}
Oct 06 09:15:26.340280 dv-neutron-840421-41-hyperv devstack@keystone.service[81774]: DEBUG keystone.server.flask.request_processing.req_logging [None req-60725951-22c8-4373-85f3-16dbb660888b None admin] PATH_INFO: `/v3/projects/1e3ea77a6a834ccb8f5bdac95de42671` {{(pid=81774) log_request_info /opt/stack/keystone/keystone/server/flask/request_processing/req_logging.py:29}}
Oct 06 09:15:26.341683 dv-neutron-840421-41-hyperv devstack@keystone.service[81774]: DEBUG keystone.common.rbac_enforcer.enforcer [None req-60725951-22c8-4373-85f3-16dbb660888b None admin] RBAC: Authorizing `identity:get_project(project_id=1e3ea77a6a834ccb8f5bdac95de42671)` {{(pid=81774) enforce_call /opt/stack/keystone/keystone/common/rbac_enforcer/enforcer.py:449}}
Oct 06 09:15:26.343371 dv-neutron-840421-41-hyperv devstack@keystone.service[81774]: DEBUG keystone.common.rbac_enforcer.enforcer [None req-60725951-22c8-4373-85f3-16dbb660888b None admin] RBAC: Authorization granted {{(pid=81774) enforce_call /opt/stack/keystone/keystone/common/rbac_enforcer/enforcer.py:457}}
Oct 06 09:15:26.346008 dv-neutron-840421-41-hyperv devstack@keystone.service[81774]: [pid: 81774|app: 0|req: 76/154] 10.222.0.25 () {56 vars in 1186 bytes} [Thu Oct 6 09:15:26 2022] GET /identity/v3/projects/1e3ea77a6a834ccb8f5bdac95de42671 => generated 298 bytes in 265 msecs (HTTP/1.1 200) 5 headers in 177 bytes (2 switches on core 0)
Oct 06 09:15:26.351806 dv-neutron-840421-41-hyperv devstack@keystone.service[81774]: DEBUG keystone.server.flask.request_processing.middleware.auth_context [None req-60725951-22c8-4373-85f3-16dbb660888b None admin] Authenticating user token {{(pid=81774) process_request /usr/local/lib/python3.8/dist-packages/keystonemiddleware/auth_token/__init__.py:407}}
Oct 06 09:15:26.441081 dv-neutron-840421-41-hyperv devstack@keystone.service[81775]: DEBUG keystone.server.flask.request_processing.middleware.auth_context [None req-72d120e8-a092-4985-a29d-5d764aa7fd1f None admin] Validating token access rules against request {{(pid=81775) validate_allowed_request /usr/local/lib/python3.8/dist-packages/keystonemiddleware/auth_token/__init__.py:545}}
Oct 06 09:15:26.495860 dv-neutron-840421-41-hyperv devstack@keystone.service[81775]: DEBUG keystone.server.flask.request_processing.middleware.auth_context [None req-6f2ed45c-9cf7-4b07-8a99-35ff98c9dc9c None admin] RBAC: auth_context: {'token': , 'domain_id': None, 'trust_id': None, 'trustor_id': None, 'trustee_id': None, 'domain_name': None, 'group_ids': [], 'user_id': 'bef5a7723c0e4aeb9b4994e6c38fce97', 'user_domain_id': 'default', 'system_scope': 'all', 'project_id': None, 'project_domain_id': None, 'roles': ['admin', 'member', 'reader'], 'is_admin_project': True, 'service_user_id': None, 'service_user_domain_id': None, 'service_project_id': None, 'service_project_domain_id': None, 'service_roles': []} {{(pid=81775) fill_context /opt/stack/keystone/keystone/server/flask/request_processing/middleware/auth_context.py:478}}
Oct 06 09:15:26.496478 dv-neutron-840421-41-hyperv devstack@keystone.service[81775]: DEBUG keystone.server.flask.request_processing.req_logging [None req-6f2ed45c-9cf7-4b07-8a99-35ff98c9dc9c None admin] REQUEST_METHOD: `GET` {{(pid=81775) log_request_info /opt/stack/keystone/keystone/server/flask/request_processing/req_logging.py:27}}
Oct 06 09:15:26.496749 dv-neutron-840421-41-hyperv devstack@keystone.service[81775]: DEBUG keystone.server.flask.request_processing.req_logging [None req-6f2ed45c-9cf7-4b07-8a99-35ff98c9dc9c None admin] SCRIPT_NAME: `/identity` {{(pid=81775) log_request_info /opt/stack/keystone/keystone/server/flask/request_processing/req_logging.py:28}}
Oct 06 09:15:26.497013 dv-neutron-840421-41-hyperv devstack@keystone.service[81775]: DEBUG keystone.server.flask.request_processing.req_logging [None req-6f2ed45c-9cf7-4b07-8a99-35ff98c9dc9c None admin] PATH_INFO: `/v3/role_assignments` {{(pid=81775) log_request_info /opt/stack/keystone/keystone/server/flask/request_processing/req_logging.py:29}}
Oct 06 09:15:26.497740 dv-neutron-840421-41-hyperv devstack@keystone.service[81775]: DEBUG keystone.common.rbac_enforcer.enforcer [None req-6f2ed45c-9cf7-4b07-8a99-35ff98c9dc9c None admin] RBAC: Adding query filter params (role.id=8fb4645b66664daba63cdc81e0e1a143, scope.project.id=1e3ea77a6a834ccb8f5bdac95de42671, user.id=bef5a7723c0e4aeb9b4994e6c38fce97) {{(pid=81775) _extract_filter_values /opt/stack/keystone/keystone/common/rbac_enforcer/enforcer.py:167}}
Oct 06 09:15:26.498038 dv-neutron-840421-41-hyperv devstack@keystone.service[81775]: DEBUG keystone.common.rbac_enforcer.enforcer [None req-6f2ed45c-9cf7-4b07-8a99-35ff98c9dc9c None admin] RBAC: Authorizing `identity:list_role_assignments()` {{(pid=81775) enforce_call /opt/stack/keystone/keystone/common/rbac_enforcer/enforcer.py:449}}
Oct 06 09:15:26.499691 dv-neutron-840421-41-hyperv devstack@keystone.service[81775]: DEBUG keystone.common.rbac_enforcer.enforcer [None req-6f2ed45c-9cf7-4b07-8a99-35ff98c9dc9c None admin] RBAC: Authorization granted {{(pid=81775) enforce_call /opt/stack/keystone/keystone/common/rbac_enforcer/enforcer.py:457}}
Oct 06 09:15:26.506673 dv-neutron-840421-41-hyperv devstack@keystone.service[81775]: [pid: 81775|app: 0|req: 79/155] 10.222.0.25 () {56 vars in 1374 bytes} [Thu Oct 6 09:15:26 2022] GET /identity/v3/role_assignments?user.id=bef5a7723c0e4aeb9b4994e6c38fce97&scope.project.id=1e3ea77a6a834ccb8f5bdac95de42671&role.id=8fb4645b66664daba63cdc81e0e1a143 => generated 608 bytes in 241 msecs (HTTP/1.1 200) 5 headers in 177 bytes (2 switches on core 0)
Oct 06 09:15:26.559615 dv-neutron-840421-41-hyperv devstack@keystone.service[81774]: DEBUG keystone.server.flask.request_processing.middleware.auth_context [None req-60725951-22c8-4373-85f3-16dbb660888b None admin] Validating token access rules against request {{(pid=81774) validate_allowed_request /usr/local/lib/python3.8/dist-packages/keystonemiddleware/auth_token/__init__.py:545}}
Oct 06 09:15:26.577309 dv-neutron-840421-41-hyperv devstack@keystone.service[81775]: DEBUG keystone.server.flask.request_processing.req_logging [None req-e9e15dc2-a384-4523-ace9-d14d39deb2a9 None None] REQUEST_METHOD: `GET` {{(pid=81775) log_request_info /opt/stack/keystone/keystone/server/flask/request_processing/req_logging.py:27}}
Oct 06 09:15:26.577588 dv-neutron-840421-41-hyperv devstack@keystone.service[81775]: DEBUG keystone.server.flask.request_processing.req_logging [None req-e9e15dc2-a384-4523-ace9-d14d39deb2a9 None None] SCRIPT_NAME: `/identity` {{(pid=81775) log_request_info /opt/stack/keystone/keystone/server/flask/request_processing/req_logging.py:28}}
Oct 06 09:15:26.578020 dv-neutron-840421-41-hyperv devstack@keystone.service[81775]: DEBUG keystone.server.flask.request_processing.req_logging [None req-e9e15dc2-a384-4523-ace9-d14d39deb2a9 None None] PATH_INFO: `/` {{(pid=81775) log_request_info /opt/stack/keystone/keystone/server/flask/request_processing/req_logging.py:29}}
Oct 06 09:15:26.581867 dv-neutron-840421-41-hyperv devstack@keystone.service[81775]: [pid: 81775|app: 0|req: 80/156] 10.222.0.25 () {54 vars in 927 bytes} [Thu Oct 6 09:15:26 2022] GET /identity => generated 270 bytes in 6 msecs (HTTP/1.1 300) 6 headers in 234 bytes (2 switches on core 0)
Oct 06 09:15:26.588622 dv-neutron-840421-41-hyperv devstack@keystone.service[81775]: DEBUG keystone.server.flask.request_processing.req_logging [None req-e743b90a-6f17-4986-a405-3891a04716b4 None None] REQUEST_METHOD: `POST` {{(pid=81775) log_request_info /opt/stack/keystone/keystone/server/flask/request_processing/req_logging.py:27}}
Oct 06 09:15:26.589455 dv-neutron-840421-41-hyperv devstack@keystone.service[81775]: DEBUG keystone.server.flask.request_processing.req_logging [None req-e743b90a-6f17-4986-a405-3891a04716b4 None None] SCRIPT_NAME: `/identity` {{(pid=81775) log_request_info /opt/stack/keystone/keystone/server/flask/request_processing/req_logging.py:28}}
Oct 06 09:15:26.589869 dv-neutron-840421-41-hyperv devstack@keystone.service[81775]: DEBUG keystone.server.flask.request_processing.req_logging [None req-e743b90a-6f17-4986-a405-3891a04716b4 None None] PATH_INFO: `/v3/auth/tokens` {{(pid=81775) log_request_info /opt/stack/keystone/keystone/server/flask/request_processing/req_logging.py:29}}
Oct 06 09:15:26.620663 dv-neutron-840421-41-hyperv devstack@keystone.service[81774]: DEBUG keystone.server.flask.request_processing.middleware.auth_context [None req-53dfda59-a14e-4269-b7f3-d058b48dca1f None admin] RBAC: auth_context: {'token': , 'domain_id': None, 'trust_id': None, 'trustor_id': None, 'trustee_id': None, 'domain_name': None, 'group_ids': [], 'user_id': 'bef5a7723c0e4aeb9b4994e6c38fce97', 'user_domain_id': 'default', 'system_scope': 'all', 'project_id': None, 'project_domain_id': None, 'roles': ['admin', 'member', 'reader'], 'is_admin_project': True, 'service_user_id': None, 'service_user_domain_id': None, 'service_project_id': None, 'service_project_domain_id': None, 'service_roles': []} {{(pid=81774) fill_context /opt/stack/keystone/keystone/server/flask/request_processing/middleware/auth_context.py:478}}
Oct 06 09:15:26.621625 dv-neutron-840421-41-hyperv devstack@keystone.service[81774]: DEBUG keystone.server.flask.request_processing.req_logging [None req-53dfda59-a14e-4269-b7f3-d058b48dca1f None admin] REQUEST_METHOD: `PUT` {{(pid=81774) log_request_info /opt/stack/keystone/keystone/server/flask/request_processing/req_logging.py:27}}
Oct 06 09:15:26.622100 dv-neutron-840421-41-hyperv devstack@keystone.service[81774]: DEBUG keystone.server.flask.request_processing.req_logging [None req-53dfda59-a14e-4269-b7f3-d058b48dca1f None admin] SCRIPT_NAME: `/identity` {{(pid=81774) log_request_info /opt/stack/keystone/keystone/server/flask/request_processing/req_logging.py:28}}
Oct 06 09:15:26.622515 dv-neutron-840421-41-hyperv devstack@keystone.service[81774]: DEBUG keystone.server.flask.request_processing.req_logging [None req-53dfda59-a14e-4269-b7f3-d058b48dca1f None admin] PATH_INFO: `/v3/projects/1e3ea77a6a834ccb8f5bdac95de42671/users/31609c641b294421938b929f6cf599b2/roles/53379316aba94666a196d798679f1172` {{(pid=81774) log_request_info /opt/stack/keystone/keystone/server/flask/request_processing/req_logging.py:29}}
Oct 06 09:15:26.624213 dv-neutron-840421-41-hyperv devstack@keystone.service[81775]: DEBUG keystone.auth.core [None req-e743b90a-6f17-4986-a405-3891a04716b4 None None] MFA Rules not processed for user `bef5a7723c0e4aeb9b4994e6c38fce97`. Rule list: `[]` (Enabled: `True`). {{(pid=81775) check_auth_methods_against_rules /opt/stack/keystone/keystone/auth/core.py:438}}
Oct 06 09:15:26.625598 dv-neutron-840421-41-hyperv devstack@keystone.service[81775]: DEBUG keystone.common.fernet_utils [None req-e743b90a-6f17-4986-a405-3891a04716b4 None None] Loaded 2 Fernet keys from /etc/keystone/fernet-keys/, but `[fernet_tokens] max_active_keys = 3`; perhaps there have not been enough key rotations to reach `max_active_keys` yet? {{(pid=81775) load_keys /opt/stack/keystone/keystone/common/fernet_utils.py:286}}
Oct 06 09:15:26.628658 dv-neutron-840421-41-hyperv devstack@keystone.service[81774]: DEBUG keystone.common.rbac_enforcer.enforcer [None req-53dfda59-a14e-4269-b7f3-d058b48dca1f None admin] RBAC: Authorizing `identity:create_grant(project_id=1e3ea77a6a834ccb8f5bdac95de42671, user_id=31609c641b294421938b929f6cf599b2, role_id=53379316aba94666a196d798679f1172)` {{(pid=81774) enforce_call /opt/stack/keystone/keystone/common/rbac_enforcer/enforcer.py:449}}
Oct 06 09:15:26.630299 dv-neutron-840421-41-hyperv devstack@keystone.service[81774]: DEBUG keystone.common.rbac_enforcer.enforcer [None req-53dfda59-a14e-4269-b7f3-d058b48dca1f None admin] RBAC: Authorization granted {{(pid=81774) enforce_call /opt/stack/keystone/keystone/common/rbac_enforcer/enforcer.py:457}}
Oct 06 09:15:26.657433 dv-neutron-840421-41-hyperv devstack@keystone.service[81774]: [pid: 81774|app: 0|req: 77/157] 10.222.0.25 () {58 vars in 1439 bytes} [Thu Oct 6 09:15:26 2022] PUT /identity/v3/projects/1e3ea77a6a834ccb8f5bdac95de42671/users/31609c641b294421938b929f6cf599b2/roles/53379316aba94666a196d798679f1172 => generated 0 bytes in 306 msecs (HTTP/1.1 204) 3 headers in 132 bytes (0 switches on core 0)
Oct 06 09:15:26.728531 dv-neutron-840421-41-hyperv devstack@keystone.service[81775]: DEBUG dbcounter [-] [81775] Writing DB stats keystone:SELECT=100 {{(pid=81775) stat_writer /usr/local/lib/python3.8/dist-packages/dbcounter.py:114}}
Oct 06 09:15:26.744791 dv-neutron-840421-41-hyperv devstack@keystone.service[81775]: [pid: 81775|app: 0|req: 81/158] 10.222.0.25 () {58 vars in 1024 bytes} [Thu Oct 6 09:15:26 2022] POST /identity/v3/auth/tokens => generated 799 bytes in 157 msecs (HTTP/1.1 201) 6 headers in 363 bytes (1 switches on core 0)
Oct 06 09:15:27.107881 dv-neutron-840421-41-hyperv devstack@keystone.service[81774]: DEBUG keystone.server.flask.request_processing.req_logging [None req-50e4c3eb-0473-413d-ae29-27aaa09f5576 None None] REQUEST_METHOD: `GET` {{(pid=81774) log_request_info /opt/stack/keystone/keystone/server/flask/request_processing/req_logging.py:27}}
Oct 06 09:15:27.108648 dv-neutron-840421-41-hyperv devstack@keystone.service[81774]: DEBUG keystone.server.flask.request_processing.req_logging [None req-50e4c3eb-0473-413d-ae29-27aaa09f5576 None None] SCRIPT_NAME: `/identity` {{(pid=81774) log_request_info /opt/stack/keystone/keystone/server/flask/request_processing/req_logging.py:28}}
Oct 06 09:15:27.109151 dv-neutron-840421-41-hyperv devstack@keystone.service[81774]: DEBUG keystone.server.flask.request_processing.req_logging [None req-50e4c3eb-0473-413d-ae29-27aaa09f5576 None None] PATH_INFO: `/` {{(pid=81774) log_request_info /opt/stack/keystone/keystone/server/flask/request_processing/req_logging.py:29}}
Oct 06 09:15:27.111353 dv-neutron-840421-41-hyperv devstack@keystone.service[81774]: [pid: 81774|app: 0|req: 78/159] 10.222.0.25 () {54 vars in 927 bytes} [Thu Oct 6 09:15:27 2022] GET /identity => generated 270 bytes in 5 msecs (HTTP/1.1 300) 6 headers in 234 bytes (1 switches on core 0)
Oct 06 09:15:27.117013 dv-neutron-840421-41-hyperv devstack@keystone.service[81775]: DEBUG keystone.server.flask.request_processing.req_logging [None req-82290ec3-c139-43e1-8e50-9cafb7f1dfd9 None None] REQUEST_METHOD: `POST` {{(pid=81775) log_request_info /opt/stack/keystone/keystone/server/flask/request_processing/req_logging.py:27}}
Oct 06 09:15:27.117293 dv-neutron-840421-41-hyperv devstack@keystone.service[81775]: DEBUG keystone.server.flask.request_processing.req_logging [None req-82290ec3-c139-43e1-8e50-9cafb7f1dfd9 None None] SCRIPT_NAME: `/identity` {{(pid=81775) log_request_info /opt/stack/keystone/keystone/server/flask/request_processing/req_logging.py:28}}
Oct 06 09:15:27.117558 dv-neutron-840421-41-hyperv devstack@keystone.service[81775]: DEBUG keystone.server.flask.request_processing.req_logging [None req-82290ec3-c139-43e1-8e50-9cafb7f1dfd9 None None] PATH_INFO: `/v3/auth/tokens` {{(pid=81775) log_request_info /opt/stack/keystone/keystone/server/flask/request_processing/req_logging.py:29}}
Oct 06 09:15:27.140890 dv-neutron-840421-41-hyperv devstack@keystone.service[81775]: DEBUG keystone.auth.core [None req-82290ec3-c139-43e1-8e50-9cafb7f1dfd9 None None] MFA Rules not processed for user `bef5a7723c0e4aeb9b4994e6c38fce97`. Rule list: `[]` (Enabled: `True`). {{(pid=81775) check_auth_methods_against_rules /opt/stack/keystone/keystone/auth/core.py:438}}
Oct 06 09:15:27.142578 dv-neutron-840421-41-hyperv devstack@keystone.service[81775]: DEBUG keystone.common.fernet_utils [None req-82290ec3-c139-43e1-8e50-9cafb7f1dfd9 None None] Loaded 2 Fernet keys from /etc/keystone/fernet-keys/, but `[fernet_tokens] max_active_keys = 3`; perhaps there have not been enough key rotations to reach `max_active_keys` yet? {{(pid=81775) load_keys /opt/stack/keystone/keystone/common/fernet_utils.py:286}}
Oct 06 09:15:27.190553 dv-neutron-840421-41-hyperv devstack@keystone.service[81774]: DEBUG keystone.server.flask.request_processing.middleware.auth_context [None req-50e4c3eb-0473-413d-ae29-27aaa09f5576 None None] Authenticating user token {{(pid=81774) process_request /usr/local/lib/python3.8/dist-packages/keystonemiddleware/auth_token/__init__.py:407}}
Oct 06 09:15:27.227719 dv-neutron-840421-41-hyperv devstack@keystone.service[81774]: DEBUG dbcounter [-] [81774] Writing DB stats keystone:SELECT=99,keystone:INSERT=1 {{(pid=81774) stat_writer /usr/local/lib/python3.8/dist-packages/dbcounter.py:114}}
Oct 06 09:15:27.230863 dv-neutron-840421-41-hyperv devstack@keystone.service[81775]: [pid: 81775|app: 0|req: 82/160] 10.222.0.25 () {58 vars in 1024 bytes} [Thu Oct 6 09:15:27 2022] POST /identity/v3/auth/tokens => generated 799 bytes in 115 msecs (HTTP/1.1 201) 6 headers in 363 bytes (1 switches on core 0)
Oct 06 09:15:27.352871 dv-neutron-840421-41-hyperv devstack@keystone.service[81774]: DEBUG keystone.server.flask.request_processing.middleware.auth_context [None req-50e4c3eb-0473-413d-ae29-27aaa09f5576 None None] Validating token access rules against request {{(pid=81774) validate_allowed_request /usr/local/lib/python3.8/dist-packages/keystonemiddleware/auth_token/__init__.py:545}}
Oct 06 09:15:27.395019 dv-neutron-840421-41-hyperv devstack@keystone.service[81774]: DEBUG keystone.server.flask.request_processing.middleware.auth_context [None req-0dc987bf-5a17-474d-a78b-e5c59b649422 None admin] RBAC: auth_context: {'token': , 'domain_id': None, 'trust_id': None, 'trustor_id': None, 'trustee_id': None, 'domain_name': None, 'group_ids': [], 'user_id': 'bef5a7723c0e4aeb9b4994e6c38fce97', 'user_domain_id': 'default', 'system_scope': 'all', 'project_id': None, 'project_domain_id': None, 'roles': ['admin', 'member', 'reader'], 'is_admin_project': True, 'service_user_id': None, 'service_user_domain_id': None, 'service_project_id': None, 'service_project_domain_id': None, 'service_roles': []} {{(pid=81774) fill_context /opt/stack/keystone/keystone/server/flask/request_processing/middleware/auth_context.py:478}}
Oct 06 09:15:27.395973 dv-neutron-840421-41-hyperv devstack@keystone.service[81774]: DEBUG keystone.server.flask.request_processing.req_logging [None req-0dc987bf-5a17-474d-a78b-e5c59b649422 None admin] REQUEST_METHOD: `GET` {{(pid=81774) log_request_info /opt/stack/keystone/keystone/server/flask/request_processing/req_logging.py:27}}
Oct 06 09:15:27.396449 dv-neutron-840421-41-hyperv devstack@keystone.service[81774]: DEBUG keystone.server.flask.request_processing.req_logging [None req-0dc987bf-5a17-474d-a78b-e5c59b649422 None admin] SCRIPT_NAME: `/identity` {{(pid=81774) log_request_info /opt/stack/keystone/keystone/server/flask/request_processing/req_logging.py:28}}
Oct 06 09:15:27.396919 dv-neutron-840421-41-hyperv devstack@keystone.service[81774]: DEBUG keystone.server.flask.request_processing.req_logging [None req-0dc987bf-5a17-474d-a78b-e5c59b649422 None admin] PATH_INFO: `/v3/roles/anotherrole` {{(pid=81774) log_request_info /opt/stack/keystone/keystone/server/flask/request_processing/req_logging.py:29}}
Oct 06 09:15:27.408562 dv-neutron-840421-41-hyperv devstack@keystone.service[81774]: DEBUG keystone.common.rbac_enforcer.enforcer [None req-0dc987bf-5a17-474d-a78b-e5c59b649422 None admin] Extracting inferred target data resulted in "NOT FOUND (404)". {{(pid=81774) enforce_call /opt/stack/keystone/keystone/common/rbac_enforcer/enforcer.py:409}}
Oct 06 09:15:27.412218 dv-neutron-840421-41-hyperv devstack@keystone.service[81775]: DEBUG keystone.server.flask.request_processing.req_logging [None req-56b89746-bc2b-4d34-bf97-5a4a3b565975 None None] REQUEST_METHOD: `GET` {{(pid=81775) log_request_info /opt/stack/keystone/keystone/server/flask/request_processing/req_logging.py:27}}
Oct 06 09:15:27.412759 dv-neutron-840421-41-hyperv devstack@keystone.service[81775]: DEBUG keystone.server.flask.request_processing.req_logging [None req-56b89746-bc2b-4d34-bf97-5a4a3b565975 None None] SCRIPT_NAME: `/identity` {{(pid=81775) log_request_info /opt/stack/keystone/keystone/server/flask/request_processing/req_logging.py:28}}
Oct 06 09:15:27.413285 dv-neutron-840421-41-hyperv devstack@keystone.service[81775]: DEBUG keystone.server.flask.request_processing.req_logging [None req-56b89746-bc2b-4d34-bf97-5a4a3b565975 None None] PATH_INFO: `/` {{(pid=81775) log_request_info /opt/stack/keystone/keystone/server/flask/request_processing/req_logging.py:29}}
Oct 06 09:15:27.414276 dv-neutron-840421-41-hyperv devstack@keystone.service[81774]: ERROR keystone.server.flask.application [None req-0dc987bf-5a17-474d-a78b-e5c59b649422 None admin] Could not find role: anotherrole.: keystone.exception.RoleNotFound: Could not find role: anotherrole.
Oct 06 09:15:27.414276 dv-neutron-840421-41-hyperv devstack@keystone.service[81774]: ERROR keystone.server.flask.application
Traceback (most recent call last):
Oct 06 09:15:27.414276 dv-neutron-840421-41-hyperv devstack@keystone.service[81774]: ERROR keystone.server.flask.application
File "/usr/local/lib/python3.8/dist-packages/flask/app.py", line 1820, in full_dispatch_request
Oct 06 09:15:27.414276 dv-neutron-840421-41-hyperv devstack@keystone.service[81774]: ERROR keystone.server.flask.application rv = self.dispatch_request()
Oct 06 09:15:27.414276 dv-neutron-840421-41-hyperv devstack@keystone.service[81774]: ERROR keystone.server.flask.application
File "/usr/local/lib/python3.8/dist-packages/flask/app.py", line 1796, in dispatch_request
Oct 06 09:15:27.414276 dv-neutron-840421-41-hyperv devstack@keystone.service[81774]: ERROR keystone.server.flask.application return self.ensure_sync(self.view_functions[rule.endpoint])(**view_args)
Oct 06 09:15:27.414276 dv-neutron-840421-41-hyperv devstack@keystone.service[81774]: ERROR keystone.server.flask.application
File "/usr/local/lib/python3.8/dist-packages/flask_restful/__init__.py", line 467, in wrapper
Oct 06 09:15:27.414276 dv-neutron-840421-41-hyperv devstack@keystone.service[81774]: ERROR keystone.server.flask.application resp = resource(*args, **kwargs)
Oct 06 09:15:27.414276 dv-neutron-840421-41-hyperv devstack@keystone.service[81774]: ERROR keystone.server.flask.application
File "/usr/local/lib/python3.8/dist-packages/flask/views.py", line 107, in view
Oct 06 09:15:27.414276 dv-neutron-840421-41-hyperv devstack@keystone.service[81774]: ERROR keystone.server.flask.application return current_app.ensure_sync(self.dispatch_request)(**kwargs)
Oct 06 09:15:27.414276 dv-neutron-840421-41-hyperv devstack@keystone.service[81774]: ERROR keystone.server.flask.application
File "/usr/local/lib/python3.8/dist-packages/flask_restful/__init__.py", line 582, in dispatch_request
Oct 06 09:15:27.414276 dv-neutron-840421-41-hyperv devstack@keystone.service[81774]: ERROR keystone.server.flask.application resp = meth(*args, **kwargs)
Oct 06 09:15:27.414276 dv-neutron-840421-41-hyperv devstack@keystone.service[81774]: ERROR keystone.server.flask.application
File "/opt/stack/keystone/keystone/api/roles.py", line 50, in get
Oct 06 09:15:27.414276 dv-neutron-840421-41-hyperv devstack@keystone.service[81774]: ERROR keystone.server.flask.application return self._get_role(role_id)
Oct 06 09:15:27.414276 dv-neutron-840421-41-hyperv devstack@keystone.service[81774]: ERROR keystone.server.flask.application
File "/opt/stack/keystone/keystone/api/roles.py", line 70, in _get_role
Oct 06 09:15:27.414276 dv-neutron-840421-41-hyperv devstack@keystone.service[81774]: ERROR keystone.server.flask.application ENFORCER.enforce_call(action='identity:get_role')
Oct 06 09:15:27.415124 dv-neutron-840421-41-hyperv devstack@keystone.service[81774]: ERROR keystone.server.flask.application
File "/opt/stack/keystone/keystone/common/rbac_enforcer/enforcer.py", line 402, in enforce_call
Oct 06 09:15:27.415124 dv-neutron-840421-41-hyperv devstack@keystone.service[81774]: ERROR keystone.server.flask.application policy_dict.update(cls._extract_member_target_data(
Oct 06 09:15:27.415124 dv-neutron-840421-41-hyperv devstack@keystone.service[81774]: ERROR keystone.server.flask.application
File "/opt/stack/keystone/keystone/common/rbac_enforcer/enforcer.py", line 234, in _extract_member_target_data
Oct 06 09:15:27.415124 dv-neutron-840421-41-hyperv devstack@keystone.service[81774]: ERROR keystone.server.flask.application member_name: func(flask.request.view_args[key])
Oct 06 09:15:27.415124 dv-neutron-840421-41-hyperv devstack@keystone.service[81774]: ERROR keystone.server.flask.application
File "/opt/stack/keystone/keystone/common/manager.py", line 115, in wrapped
Oct 06 09:15:27.415124 dv-neutron-840421-41-hyperv devstack@keystone.service[81774]: ERROR keystone.server.flask.application __ret_val = __f(*args, **kwargs)
Oct 06 09:15:27.415124 dv-neutron-840421-41-hyperv devstack@keystone.service[81774]: ERROR keystone.server.flask.application
File "/usr/local/lib/python3.8/dist-packages/decorator.py", line 232, in fun
Oct 06 09:15:27.415124 dv-neutron-840421-41-hyperv devstack@keystone.service[81774]: ERROR keystone.server.flask.application return caller(func, *(extras + args), **kw)
Oct 06 09:15:27.415124 dv-neutron-840421-41-hyperv devstack@keystone.service[81774]: ERROR keystone.server.flask.application
File "/usr/local/lib/python3.8/dist-packages/dogpile/cache/region.py", line 1577, in get_or_create_for_user_func
Oct 06 09:15:27.415124 dv-neutron-840421-41-hyperv devstack@keystone.service[81774]: ERROR keystone.server.flask.application return self.get_or_create(
Oct 06 09:15:27.415124 dv-neutron-840421-41-hyperv devstack@keystone.service[81774]: ERROR keystone.server.flask.application
File "/usr/local/lib/python3.8/dist-packages/dogpile/cache/region.py", line 1042, in get_or_create
Oct 06 09:15:27.415124 dv-neutron-840421-41-hyperv devstack@keystone.service[81774]: ERROR keystone.server.flask.application with Lock(
Oct 06 09:15:27.415124 dv-neutron-840421-41-hyperv devstack@keystone.service[81774]: ERROR keystone.server.flask.application
File "/usr/local/lib/python3.8/dist-packages/dogpile/lock.py", line 185, in __enter__
Oct 06 09:15:27.415124 dv-neutron-840421-41-hyperv devstack@keystone.service[81774]: ERROR keystone.server.flask.application return self._enter()
Oct 06 09:15:27.415124 dv-neutron-840421-41-hyperv devstack@keystone.service[81774]: ERROR keystone.server.flask.application
File "/usr/local/lib/python3.8/dist-packages/dogpile/lock.py", line 94, in _enter
Oct 06 09:15:27.415124 dv-neutron-840421-41-hyperv devstack@keystone.service[81774]: ERROR keystone.server.flask.application generated = self._enter_create(value, createdtime)
Oct 06 09:15:27.420306 dv-neutron-840421-41-hyperv devstack@keystone.service[81774]: ERROR keystone.server.flask.application
File "/usr/local/lib/python3.8/dist-packages/dogpile/lock.py", line 178, in _enter_create
Oct 06 09:15:27.420306 dv-neutron-840421-41-hyperv devstack@keystone.service[81774]: ERROR keystone.server.flask.application return self.creator()
Oct 06 09:15:27.420306 dv-neutron-840421-41-hyperv devstack@keystone.service[81774]: ERROR keystone.server.flask.application
File "/usr/local/lib/python3.8/dist-packages/dogpile/cache/region.py", line 995, in gen_value
Oct 06 09:15:27.420306 dv-neutron-840421-41-hyperv devstack@keystone.service[81774]: ERROR keystone.server.flask.application created_value = creator(
Oct 06 09:15:27.420306 dv-neutron-840421-41-hyperv devstack@keystone.service[81774]: ERROR keystone.server.flask.application
File "/opt/stack/keystone/keystone/assignment/core.py", line 1276, in get_role
Oct 06 09:15:27.420306 dv-neutron-840421-41-hyperv devstack@keystone.service[81774]: ERROR keystone.server.flask.application return self.driver.get_role(role_id)
Oct 06 09:15:27.420306 dv-neutron-840421-41-hyperv devstack@keystone.service[81774]: ERROR keystone.server.flask.application
File "/opt/stack/keystone/keystone/assignment/role_backends/sql.py", line 70, in get_role
Oct 06 09:15:27.420306 dv-neutron-840421-41-hyperv devstack@keystone.service[81774]: ERROR keystone.server.flask.application return self._get_role(session, role_id).to_dict()
Oct 06 09:15:27.420306 dv-neutron-840421-41-hyperv devstack@keystone.service[81774]: ERROR keystone.server.flask.application
File "/opt/stack/keystone/keystone/assignment/role_backends/sql.py", line 65, in _get_role
Oct 06 09:15:27.420306 dv-neutron-840421-41-hyperv devstack@keystone.service[81774]: ERROR keystone.server.flask.application raise exception.RoleNotFound(role_id=role_id)
Oct 06 09:15:27.420306 dv-neutron-840421-41-hyperv devstack@keystone.service[81774]: ERROR keystone.server.flask.application keystone.exception.RoleNotFound: Could not find role: anotherrole.
Oct 06 09:15:27.420306 dv-neutron-840421-41-hyperv devstack@keystone.service[81774]: ERROR keystone.server.flask.application
Oct 06 09:15:27.420306 dv-neutron-840421-41-hyperv devstack@keystone.service[81774]: [pid: 81774|app: 0|req: 79/161] 10.222.0.25 () {56 vars in 1114 bytes} [Thu Oct 6 09:15:27 2022] GET /identity/v3/roles/anotherrole => generated 89 bytes in 225 msecs (HTTP/1.1 404) 5 headers in 183 bytes (2 switches on core 0)
Oct 06 09:15:27.424582 dv-neutron-840421-41-hyperv devstack@keystone.service[81774]: DEBUG keystone.server.flask.request_processing.middleware.auth_context [None req-0dc987bf-5a17-474d-a78b-e5c59b649422 None admin] Authenticating user token {{(pid=81774) process_request /usr/local/lib/python3.8/dist-packages/keystonemiddleware/auth_token/__init__.py:407}}
Oct 06 09:15:27.427933 dv-neutron-840421-41-hyperv devstack@keystone.service[81775]: [pid: 81775|app: 0|req: 83/162] 10.222.0.25 () {54 vars in 927 bytes} [Thu Oct 6 09:15:27 2022] GET /identity => generated 270 bytes in 17 msecs (HTTP/1.1 300) 6 headers in 234 bytes (1 switches on core 0)
Oct 06 09:15:27.439693 dv-neutron-840421-41-hyperv devstack@keystone.service[81775]: DEBUG keystone.server.flask.request_processing.req_logging [None req-9751d4e0-9ea0-4fe6-b24a-670780203620 None None] REQUEST_METHOD: `POST` {{(pid=81775) log_request_info /opt/stack/keystone/keystone/server/flask/request_processing/req_logging.py:27}}
Oct 06 09:15:27.440204 dv-neutron-840421-41-hyperv devstack@keystone.service[81775]: DEBUG keystone.server.flask.request_processing.req_logging [None req-9751d4e0-9ea0-4fe6-b24a-670780203620 None None] SCRIPT_NAME: `/identity` {{(pid=81775) log_request_info /opt/stack/keystone/keystone/server/flask/request_processing/req_logging.py:28}}
Oct 06 09:15:27.440673 dv-neutron-840421-41-hyperv devstack@keystone.service[81775]: DEBUG keystone.server.flask.request_processing.req_logging [None req-9751d4e0-9ea0-4fe6-b24a-670780203620 None None] PATH_INFO: `/v3/auth/tokens` {{(pid=81775) log_request_info /opt/stack/keystone/keystone/server/flask/request_processing/req_logging.py:29}}
Oct 06 09:15:27.467491 dv-neutron-840421-41-hyperv devstack@keystone.service[81775]: DEBUG keystone.auth.core [None req-9751d4e0-9ea0-4fe6-b24a-670780203620 None None] MFA Rules not processed for user `bef5a7723c0e4aeb9b4994e6c38fce97`. Rule list: `[]` (Enabled: `True`). {{(pid=81775) check_auth_methods_against_rules /opt/stack/keystone/keystone/auth/core.py:438}}
Oct 06 09:15:27.469463 dv-neutron-840421-41-hyperv devstack@keystone.service[81775]: DEBUG keystone.common.fernet_utils [None req-9751d4e0-9ea0-4fe6-b24a-670780203620 None None] Loaded 2 Fernet keys from /etc/keystone/fernet-keys/, but `[fernet_tokens] max_active_keys = 3`; perhaps there have not been enough key rotations to reach `max_active_keys` yet? {{(pid=81775) load_keys /opt/stack/keystone/keystone/common/fernet_utils.py:286}}
Oct 06 09:15:27.504977 dv-neutron-840421-41-hyperv devstack@keystone.service[81774]: DEBUG dbcounter [-] [81774] Writing DB stats keystone:SELECT=100 {{(pid=81774) stat_writer /usr/local/lib/python3.8/dist-packages/dbcounter.py:114}}
