Aug 01 10:57:13.178544 dv-neutron-840421-27-hyperv neutron-server[104732]: DEBUG neutron.api.v2.base [None req-df2cb432-d2c2-432b-b42a-86faf8ef7704 admin admin] Request body: {'router': {'name': 'tempest-ServerActionsTestJSON-118751413-router', 'tenant_id': '074b5719a68b44fbb7c1481786bef564', 'external_gateway_info': {'network_id': 'c509afc4-3e6a-44de-aa9f-6dddcadef1c7'}}} {{(pid=104732) prepare_request_body /opt/stack/neutron/neutron/api/v2/base.py:730}}
Aug 01 10:57:13.192982 dv-neutron-840421-27-hyperv neutron-server[104734]: DEBUG neutron.api.rpc.handlers.dhcp_rpc [None req-5d937ec2-124f-4efe-a100-f07690aeb585 None None] Network 09c9aafb-55a7-4ede-a9b4-86e2bc4877ab requested from dv-neutron-840421-27-hyperv {{(pid=104734) get_network_info /opt/stack/neutron/neutron/api/rpc/handlers/dhcp_rpc.py:191}}
Aug 01 10:57:13.206084 dv-neutron-840421-27-hyperv neutron-server[104732]: DEBUG dbcounter [-] [104732] Writing DB stats neutron:SELECT=87,neutron:INSERT=10,neutron:UPDATE=1,neutron:DELETE=2 {{(pid=104732) stat_writer /usr/local/lib/python3.8/dist-packages/dbcounter.py:114}}
Aug 01 10:57:13.236783 dv-neutron-840421-27-hyperv neutron-server[104732]: DEBUG neutron_lib.callbacks.manager [None req-df2cb432-d2c2-432b-b42a-86faf8ef7704 admin admin] Publish callbacks ['neutron.services.l3_router.l3_router_plugin.L3_HA_NAT_db_mixin._before_router_create_handler-134112018', 'neutron.services.l3_router.service_providers.driver_controller.DriverController._check_router_request-378'] for router (7a38c872-4c30-485d-85b8-bf65adae64b8), before_create {{(pid=104732) _notify_loop /usr/local/lib/python3.8/dist-packages/neutron_lib/callbacks/manager.py:176}}
Aug 01 10:57:13.238264 dv-neutron-840421-27-hyperv neutron-server[104732]: DEBUG neutron_lib.callbacks.manager [None req-df2cb432-d2c2-432b-b42a-86faf8ef7704 admin admin] Publish callbacks ['neutron.services.l3_router.l3_router_plugin.L3_HA_NAT_db_mixin._precommit_router_create-134118711', 'neutron.services.l3_router.l3_router_plugin.DVRResourceOperationHandler._set_distributed_flag-133791977', 'neutron.services.l3_router.l3_router_plugin.RouterAvailabilityZoneMixin._process_az_request-134208931', 'neutron.services.l3_router.service_providers.driver_controller.DriverController._set_router_provider-357'] for router (7a38c872-4c30-485d-85b8-bf65adae64b8), precommit_create {{(pid=104732) _notify_loop /usr/local/lib/python3.8/dist-packages/neutron_lib/callbacks/manager.py:176}}
Aug 01 10:57:13.290639 dv-neutron-840421-27-hyperv neutron-server[104732]: DEBUG dbcounter [-] [104732] Writing DB stats neutron:SELECT=80,neutron:INSERT=14,neutron:UPDATE=4,neutron:DELETE=2 {{(pid=104732) stat_writer /usr/local/lib/python3.8/dist-packages/dbcounter.py:114}}
Aug 01 10:57:13.327942 dv-neutron-840421-27-hyperv neutron-server[104733]: DEBUG neutron_lib.callbacks.manager [None req-6fcc5a23-5def-439d-a6dd-7841e3422c8e admin admin] Publish callbacks [] for router_gateway (f0da5be9-8c70-4586-8d44-ff495993f017), precommit_update {{(pid=104733) _notify_loop /usr/local/lib/python3.8/dist-packages/neutron_lib/callbacks/manager.py:176}}
Aug 01 10:57:13.329914 dv-neutron-840421-27-hyperv neutron-server[104732]: DEBUG neutron_lib.callbacks.manager [None req-df2cb432-d2c2-432b-b42a-86faf8ef7704 admin admin] Publish callbacks [] for router_controller (7a38c872-4c30-485d-85b8-bf65adae64b8), precommit_add_association {{(pid=104732) _notify_loop /usr/local/lib/python3.8/dist-packages/neutron_lib/callbacks/manager.py:176}}
Aug 01 10:57:13.413166 dv-neutron-840421-27-hyperv neutron-server[104734]: DEBUG neutron.db.db_base_plugin_common [None req-1022ad41-47bb-4fcf-bed9-c83b3683da08 None None] Allocated IP 172.20.0.2 (5378820d-5937-4683-9049-4a7492deccd3/4d328ada-969f-4ff7-aecf-d9c02413cc31/f597d83d-8972-425b-8068-da2bed579931) {{(pid=104734) _store_ip_allocation /opt/stack/neutron/neutron/db/db_base_plugin_common.py:131}}
Aug 01 10:57:13.433716 dv-neutron-840421-27-hyperv neutron-server[104734]: DEBUG neutron.api.rpc.handlers.dhcp_rpc [None req-e3a3c3b4-4db5-4191-acb3-41307cc04319 None None] Create dhcp port {'port': {'name': '', 'admin_state_up': True, 'device_id': 'dhcp17dd0924-72b5-555b-afe8-cdd37ef9cf11-09c9aafb-55a7-4ede-a9b4-86e2bc4877ab', 'network_id': '09c9aafb-55a7-4ede-a9b4-86e2bc4877ab', 'project_id': '074b5719a68b44fbb7c1481786bef564', 'fixed_ips': [{'subnet_id': 'ae01b773-6b86-4fc6-80c1-9261e512ba23'}]}} from dv-neutron-840421-27-hyperv. {{(pid=104734) create_dhcp_port /opt/stack/neutron/neutron/api/rpc/handlers/dhcp_rpc.py:268}}
Aug 01 10:57:13.435385 dv-neutron-840421-27-hyperv neutron-server[104734]: DEBUG neutron_lib.callbacks.manager [None req-e3a3c3b4-4db5-4191-acb3-41307cc04319 None None] Publish callbacks ['neutron.plugins.ml2.plugin.SecurityGroupDbMixin._ensure_default_security_group_handler-1329698'] for port (None), before_create {{(pid=104734) _notify_loop /usr/local/lib/python3.8/dist-packages/neutron_lib/callbacks/manager.py:176}}
Aug 01 10:57:13.511095 dv-neutron-840421-27-hyperv neutron-server[104732]: DEBUG neutron_lib.callbacks.manager [None req-df2cb432-d2c2-432b-b42a-86faf8ef7704 admin admin] Publish callbacks [] for router_gateway (7a38c872-4c30-485d-85b8-bf65adae64b8), precommit_update {{(pid=104732) _notify_loop /usr/local/lib/python3.8/dist-packages/neutron_lib/callbacks/manager.py:176}}
Aug 01 10:57:13.771315 dv-neutron-840421-27-hyperv neutron-server[104734]: DEBUG neutron.db.db_base_plugin_common [None req-e3a3c3b4-4db5-4191-acb3-41307cc04319 None None] Allocated IP 172.20.0.2 (09c9aafb-55a7-4ede-a9b4-86e2bc4877ab/ae01b773-6b86-4fc6-80c1-9261e512ba23/2d940802-1ce1-4877-a748-4b548395529e) {{(pid=104734) _store_ip_allocation /opt/stack/neutron/neutron/db/db_base_plugin_common.py:131}}
Aug 01 10:57:13.782564 dv-neutron-840421-27-hyperv neutron-server[104734]: DEBUG neutron_lib.callbacks.manager [None req-1022ad41-47bb-4fcf-bed9-c83b3683da08 None None] Publish callbacks [] for port (f597d83d-8972-425b-8068-da2bed579931), precommit_create {{(pid=104734) _notify_loop /usr/local/lib/python3.8/dist-packages/neutron_lib/callbacks/manager.py:176}}
Aug 01 10:57:13.795306 dv-neutron-840421-27-hyperv neutron-server[104732]: DEBUG neutron_lib.callbacks.manager [None req-df2cb432-d2c2-432b-b42a-86faf8ef7704 admin admin] Publish callbacks [] for router_gateway (7a38c872-4c30-485d-85b8-bf65adae64b8), before_create {{(pid=104732) _notify_loop /usr/local/lib/python3.8/dist-packages/neutron_lib/callbacks/manager.py:176}}
Aug 01 10:57:13.809358 dv-neutron-840421-27-hyperv neutron-server[104734]: DEBUG neutron_lib.callbacks.manager [None req-1022ad41-47bb-4fcf-bed9-c83b3683da08 None None] Publish callbacks ['neutron.plugins.ml2.plugin.SecurityGroupServerNotifierRpcMixin._notify_sg_on_port_change-1329761', 'neutron.plugins.ml2.ovo_rpc._ObjectChangeHandler.handle_event-66354', 'neutron.api.rpc.agentnotifiers.dhcp_rpc_agent_api.DhcpAgentNotifyAPI._native_event_send_dhcp_notification-133718624', 'neutron.db.l3_dvrscheduler_db._notify_l3_agent_new_port-8739520055134'] for port (f597d83d-8972-425b-8068-da2bed579931), after_create {{(pid=104734) _notify_loop /usr/local/lib/python3.8/dist-packages/neutron_lib/callbacks/manager.py:176}}
Aug 01 10:57:13.821005 dv-neutron-840421-27-hyperv neutron-server[104732]: DEBUG neutron_lib.callbacks.manager [None req-df2cb432-d2c2-432b-b42a-86faf8ef7704 admin admin] Publish callbacks ['neutron.plugins.ml2.plugin.SecurityGroupDbMixin._ensure_default_security_group_handler-1329698'] for port (None), before_create {{(pid=104732) _notify_loop /usr/local/lib/python3.8/dist-packages/neutron_lib/callbacks/manager.py:176}}
Aug 01 10:57:13.835601 dv-neutron-840421-27-hyperv neutron-server[104733]: DEBUG neutron_lib.callbacks.manager [None req-6fcc5a23-5def-439d-a6dd-7841e3422c8e admin admin] Publish callbacks [] for router_gateway (f0da5be9-8c70-4586-8d44-ff495993f017), before_create {{(pid=104733) _notify_loop /usr/local/lib/python3.8/dist-packages/neutron_lib/callbacks/manager.py:176}}
Aug 01 10:57:13.870878 dv-neutron-840421-27-hyperv neutron-server[104732]: DEBUG neutron.api.v2.base [None req-57085964-8260-4519-9f62-65bcd60f29de tempest-ExternalNetworksTestJSON-1190916699 tempest-ExternalNetworksTestJSON-1190916699-project] Request body: {'network': {'name': 'tempest-ExternalNetworksTestJSON-test-network-1071029078'}} {{(pid=104732) prepare_request_body /opt/stack/neutron/neutron/api/v2/base.py:730}}
Aug 01 10:57:13.871190 dv-neutron-840421-27-hyperv neutron-server[104734]: DEBUG neutron.scheduler.dhcp_agent_scheduler [None req-1022ad41-47bb-4fcf-bed9-c83b3683da08 None None] Network 5378820d-5937-4683-9049-4a7492deccd3 is already hosted by enough agents. {{(pid=104734) _get_dhcp_agents_hosting_network /opt/stack/neutron/neutron/scheduler/dhcp_agent_scheduler.py:275}}
Aug 01 10:57:13.895482 dv-neutron-840421-27-hyperv neutron-server[104734]: DEBUG neutron.scheduler.base_scheduler [None req-1022ad41-47bb-4fcf-bed9-c83b3683da08 None None] Resources bound (agent type, host, resource id): {{(pid=104734) schedule /opt/stack/neutron/neutron/scheduler/base_scheduler.py:57}}
Aug 01 10:57:13.903623 dv-neutron-840421-27-hyperv neutron-server[104734]: DEBUG neutron.db.l3_dvrscheduler_db [None req-1022ad41-47bb-4fcf-bed9-c83b3683da08 None None] Received port after_create {{(pid=104734) _notify_l3_agent_new_port /opt/stack/neutron/neutron/db/l3_dvrscheduler_db.py:542}}
Aug 01 10:57:13.915874 dv-neutron-840421-27-hyperv neutron-server[104733]: DEBUG neutron_lib.callbacks.manager [None req-6fcc5a23-5def-439d-a6dd-7841e3422c8e admin admin] Publish callbacks ['neutron.plugins.ml2.plugin.SecurityGroupDbMixin._ensure_default_security_group_handler-1329698'] for port (None), before_create {{(pid=104733) _notify_loop /usr/local/lib/python3.8/dist-packages/neutron_lib/callbacks/manager.py:176}}
Aug 01 10:57:13.952455 dv-neutron-840421-27-hyperv neutron-server[104732]: DEBUG neutron.wsgi [-] (104732) accepted ('10.222.0.73', 44552) {{(pid=104732) server /usr/local/lib/python3.8/dist-packages/eventlet/wsgi.py:1004}}
Aug 01 10:57:13.972757 dv-neutron-840421-27-hyperv neutron-server[104734]: DEBUG neutron.api.rpc.handlers.resources_rpc [None req-1022ad41-47bb-4fcf-bed9-c83b3683da08 None None] Pushing event updated for resources: {'Port': ['ID=f597d83d-8972-425b-8068-da2bed579931,revision_number=1']} {{(pid=104734) push /opt/stack/neutron/neutron/api/rpc/handlers/resources_rpc.py:237}}
Aug 01 10:57:13.973577 dv-neutron-840421-27-hyperv neutron-server[104732]: DEBUG neutron.pecan_wsgi.hooks.quota_enforcement [None req-57085964-8260-4519-9f62-65bcd60f29de tempest-ExternalNetworksTestJSON-1190916699 tempest-ExternalNetworksTestJSON-1190916699-project] Made reservation on behalf of 72bddcb092584cd9868afa9d3b2ec576 for: {'network': 1} {{(pid=104732) before /opt/stack/neutron/neutron/pecan_wsgi/hooks/quota_enforcement.py:53}}
Aug 01 10:57:13.976930 dv-neutron-840421-27-hyperv neutron-server[104732]: DEBUG neutron_lib.callbacks.manager [None req-57085964-8260-4519-9f62-65bcd60f29de tempest-ExternalNetworksTestJSON-1190916699 tempest-ExternalNetworksTestJSON-1190916699-project] Publish callbacks ['neutron.plugins.ml2.plugin.SecurityGroupDbMixin._ensure_default_security_group_handler-1329698'] for network (None), before_create {{(pid=104732) _notify_loop /usr/local/lib/python3.8/dist-packages/neutron_lib/callbacks/manager.py:176}}
Aug 01 10:57:14.019465 dv-neutron-840421-27-hyperv neutron-server[104734]: DEBUG dbcounter [-] [104734] Writing DB stats neutron:SELECT=89,neutron:UPDATE=6,neutron:INSERT=5 {{(pid=104734) stat_writer /usr/local/lib/python3.8/dist-packages/dbcounter.py:114}}
Aug 01 10:57:14.028472 dv-neutron-840421-27-hyperv neutron-server[104734]: DEBUG neutron.api.rpc.callbacks.version_manager [None req-1022ad41-47bb-4fcf-bed9-c83b3683da08 None None] Version for resource type AddressGroup changed None to 1.2 on consumer Open vSwitch agent@dv-neutron-840421-27-hyperv {{(pid=104734) _set_version /opt/stack/neutron/neutron/api/rpc/callbacks/version_manager.py:113}}
Aug 01 10:57:14.028837 dv-neutron-840421-27-hyperv neutron-server[104734]: DEBUG neutron.api.rpc.callbacks.version_manager [None req-1022ad41-47bb-4fcf-bed9-c83b3683da08 None None] Version for resource type Agent changed None to 1.1 on consumer Open vSwitch agent@dv-neutron-840421-27-hyperv {{(pid=104734) _set_version /opt/stack/neutron/neutron/api/rpc/callbacks/version_manager.py:113}}
Aug 01 10:57:14.029180 dv-neutron-840421-27-hyperv neutron-server[104734]: DEBUG neutron.api.rpc.callbacks.version_manager [None req-1022ad41-47bb-4fcf-bed9-c83b3683da08 None None] Version for resource type ConntrackHelper changed None to 1.0 on consumer Open vSwitch agent@dv-neutron-840421-27-hyperv {{(pid=104734) _set_version /opt/stack/neutron/neutron/api/rpc/callbacks/version_manager.py:113}}
Aug 01 10:57:14.029815 dv-neutron-840421-27-hyperv neutron-server[104734]: DEBUG neutron.api.rpc.callbacks.version_manager [None req-1022ad41-47bb-4fcf-bed9-c83b3683da08 None None] Version for resource type LocalIPAssociation changed None to 1.0 on consumer Open vSwitch agent@dv-neutron-840421-27-hyperv {{(pid=104734) _set_version /opt/stack/neutron/neutron/api/rpc/callbacks/version_manager.py:113}}
Aug 01 10:57:14.030163 dv-neutron-840421-27-hyperv neutron-server[104734]: DEBUG neutron.api.rpc.callbacks.version_manager [None req-1022ad41-47bb-4fcf-bed9-c83b3683da08 None None] Version for resource type Log changed None to 1.0 on consumer Open vSwitch agent@dv-neutron-840421-27-hyperv {{(pid=104734) _set_version /opt/stack/neutron/neutron/api/rpc/callbacks/version_manager.py:113}}
Aug 01 10:57:14.030502 dv-neutron-840421-27-hyperv neutron-server[104734]: DEBUG neutron.api.rpc.callbacks.version_manager [None req-1022ad41-47bb-4fcf-bed9-c83b3683da08 None None] Version for resource type NDPProxy changed None to 1.0 on consumer Open vSwitch agent@dv-neutron-840421-27-hyperv {{(pid=104734) _set_version /opt/stack/neutron/neutron/api/rpc/callbacks/version_manager.py:113}}
Aug 01 10:57:14.030838 dv-neutron-840421-27-hyperv neutron-server[104734]: DEBUG neutron.api.rpc.callbacks.version_manager [None req-1022ad41-47bb-4fcf-bed9-c83b3683da08 None None] Version for resource type Network changed None to 1.1 on consumer Open vSwitch agent@dv-neutron-840421-27-hyperv {{(pid=104734) _set_version /opt/stack/neutron/neutron/api/rpc/callbacks/version_manager.py:113}}
Aug 01 10:57:14.031168 dv-neutron-840421-27-hyperv neutron-server[104734]: DEBUG neutron.api.rpc.callbacks.version_manager [None req-1022ad41-47bb-4fcf-bed9-c83b3683da08 None None] Version for resource type Port changed None to 1.7 on consumer Open vSwitch agent@dv-neutron-840421-27-hyperv {{(pid=104734) _set_version /opt/stack/neutron/neutron/api/rpc/callbacks/version_manager.py:113}}
Aug 01 10:57:14.031518 dv-neutron-840421-27-hyperv neutron-server[104734]: DEBUG neutron.api.rpc.callbacks.version_manager [None req-1022ad41-47bb-4fcf-bed9-c83b3683da08 None None] Version for resource type PortForwarding changed None to 1.3 on consumer Open vSwitch agent@dv-neutron-840421-27-hyperv {{(pid=104734) _set_version /opt/stack/neutron/neutron/api/rpc/callbacks/version_manager.py:113}}
Aug 01 10:57:14.032087 dv-neutron-840421-27-hyperv neutron-server[104734]: DEBUG neutron.api.rpc.callbacks.version_manager [None req-1022ad41-47bb-4fcf-bed9-c83b3683da08 None None] Version for resource type QosPolicy changed None to 1.10 on consumer Open vSwitch agent@dv-neutron-840421-27-hyperv {{(pid=104734) _set_version /opt/stack/neutron/neutron/api/rpc/callbacks/version_manager.py:113}}
Aug 01 10:57:14.032879 dv-neutron-840421-27-hyperv neutron-server[104734]: DEBUG neutron.api.rpc.callbacks.version_manager [None req-1022ad41-47bb-4fcf-bed9-c83b3683da08 None None] Version for resource type SecurityGroup changed None to 1.5 on consumer Open vSwitch agent@dv-neutron-840421-27-hyperv {{(pid=104734) _set_version /opt/stack/neutron/neutron/api/rpc/callbacks/version_manager.py:113}}
Aug 01 10:57:14.032974 dv-neutron-840421-27-hyperv neutron-server[104734]: DEBUG neutron.api.rpc.callbacks.version_manager [None req-1022ad41-47bb-4fcf-bed9-c83b3683da08 None None] Version for resource type SecurityGroupRule changed None to 1.2 on consumer Open vSwitch agent@dv-neutron-840421-27-hyperv {{(pid=104734) _set_version /opt/stack/neutron/neutron/api/rpc/callbacks/version_manager.py:113}}
Aug 01 10:57:14.033313 dv-neutron-840421-27-hyperv neutron-server[104734]: DEBUG neutron.api.rpc.callbacks.version_manager [None req-1022ad41-47bb-4fcf-bed9-c83b3683da08 None None] Version for resource type SubPort changed None to 1.0 on consumer Open vSwitch agent@dv-neutron-840421-27-hyperv {{(pid=104734) _set_version /opt/stack/neutron/neutron/api/rpc/callbacks/version_manager.py:113}}
Aug 01 10:57:14.033641 dv-neutron-840421-27-hyperv neutron-server[104734]: DEBUG neutron.api.rpc.callbacks.version_manager [None req-1022ad41-47bb-4fcf-bed9-c83b3683da08 None None] Version for resource type Subnet changed None to 1.1 on consumer Open vSwitch agent@dv-neutron-840421-27-hyperv {{(pid=104734) _set_version /opt/stack/neutron/neutron/api/rpc/callbacks/version_manager.py:113}}
Aug 01 10:57:14.033971 dv-neutron-840421-27-hyperv neutron-server[104734]: DEBUG neutron.api.rpc.callbacks.version_manager [None req-1022ad41-47bb-4fcf-bed9-c83b3683da08 None None] Version for resource type Trunk changed None to 1.1 on consumer Open vSwitch agent@dv-neutron-840421-27-hyperv {{(pid=104734) _set_version /opt/stack/neutron/neutron/api/rpc/callbacks/version_manager.py:113}}
Aug 01 10:57:14.035257 dv-neutron-840421-27-hyperv neutron-server[104734]: DEBUG neutron.api.rpc.callbacks.version_manager [None req-1022ad41-47bb-4fcf-bed9-c83b3683da08 None None] Tracked resource versions report:
Aug 01 10:57:14.035257 dv-neutron-840421-27-hyperv neutron-server[104734]: pushed versions:
Aug 01 10:57:14.035257 dv-neutron-840421-27-hyperv neutron-server[104734]: { 'AddressGroup': {'1.2'},
Aug 01 10:57:14.035257 dv-neutron-840421-27-hyperv neutron-server[104734]: 'Agent': {'1.1'},
Aug 01 10:57:14.035257 dv-neutron-840421-27-hyperv neutron-server[104734]: 'ConntrackHelper': {'1.0'},
Aug 01 10:57:14.035257 dv-neutron-840421-27-hyperv neutron-server[104734]: 'LocalIPAssociation': {'1.0'},
Aug 01 10:57:14.035257 dv-neutron-840421-27-hyperv neutron-server[104734]: 'Log': {'1.0'},
Aug 01 10:57:14.035257 dv-neutron-840421-27-hyperv neutron-server[104734]: 'NDPProxy': {'1.0'},
Aug 01 10:57:14.035257 dv-neutron-840421-27-hyperv neutron-server[104734]: 'Network': {'1.1'},
Aug 01 10:57:14.035257 dv-neutron-840421-27-hyperv neutron-server[104734]: 'Port': {'1.7'},
Aug 01 10:57:14.035257 dv-neutron-840421-27-hyperv neutron-server[104734]: 'PortForwarding': {'1.3'},
Aug 01 10:57:14.035257 dv-neutron-840421-27-hyperv neutron-server[104734]: 'QosPolicy': {'1.10'},
Aug 01 10:57:14.035257 dv-neutron-840421-27-hyperv neutron-server[104734]: 'SecurityGroup': {'1.5'},
Aug 01 10:57:14.035257 dv-neutron-840421-27-hyperv neutron-server[104734]: 'SecurityGroupRule': {'1.2'},
Aug 01 10:57:14.035257 dv-neutron-840421-27-hyperv neutron-server[104734]: 'SubPort': {'1.0'},
Aug 01 10:57:14.035257 dv-neutron-840421-27-hyperv neutron-server[104734]: 'Subnet': {'1.1'},
Aug 01 10:57:14.035257 dv-neutron-840421-27-hyperv neutron-server[104734]: 'Trunk': {'1.1'}}
Aug 01 10:57:14.035257 dv-neutron-840421-27-hyperv neutron-server[104734]: consumer versions:
Aug 01 10:57:14.035257 dv-neutron-840421-27-hyperv neutron-server[104734]: { DHCP agent@dv-neutron-840421-27-hyperv: {},
Aug 01 10:57:14.035257 dv-neutron-840421-27-hyperv neutron-server[104734]: HyperV agent@hv-neutron-8404: {},
Aug 01 10:57:14.035257 dv-neutron-840421-27-hyperv neutron-server[104734]: L3 agent@dv-neutron-840421-27-hyperv: {},
Aug 01 10:57:14.035257 dv-neutron-840421-27-hyperv neutron-server[104734]: Metadata agent@dv-neutron-840421-27-hyperv: {},
Aug 01 10:57:14.035257 dv-neutron-840421-27-hyperv neutron-server[104734]: Metering agent@dv-neutron-840421-27-hyperv: {},
Aug 01 10:57:14.035257 dv-neutron-840421-27-hyperv neutron-server[104734]: Open vSwitch agent@dv-neutron-840421-27-hyperv: { 'AddressGroup': '1.2',
Aug 01 10:57:14.035257 dv-neutron-840421-27-hyperv neutron-server[104734]: 'Agent': '1.1',
Aug 01 10:57:14.035257 dv-neutron-840421-27-hyperv neutron-server[104734]: 'ConntrackHelper': '1.0',
Aug 01 10:57:14.035257 dv-neutron-840421-27-hyperv neutron-server[104734]: 'LocalIPAssociation': '1.0',
Aug 01 10:57:14.035257 dv-neutron-840421-27-hyperv neutron-server[104734]: 'Log': '1.0',
Aug 01 10:57:14.035257 dv-neutron-840421-27-hyperv neutron-server[104734]: 'NDPProxy': '1.0',
Aug 01 10:57:14.035257 dv-neutron-840421-27-hyperv neutron-server[104734]: 'Network': '1.1',
Aug 01 10:57:14.035257 dv-neutron-840421-27-hyperv neutron-server[104734]: 'Port': '1.7',
Aug 01 10:57:14.035257 dv-neutron-840421-27-hyperv neutron-server[104734]: 'PortForwarding': '1.3',
Aug 01 10:57:14.035257 dv-neutron-840421-27-hyperv neutron-server[104734]: 'QosPolicy': '1.10',
Aug 01 10:57:14.035257 dv-neutron-840421-27-hyperv neutron-server[104734]: 'SecurityGroup': '1.5',
Aug 01 10:57:14.035257 dv-neutron-840421-27-hyperv neutron-server[104734]: 'SecurityGroupRule': '1.2',
Aug 01 10:57:14.035257 dv-neutron-840421-27-hyperv neutron-server[104734]: 'SubPort': '1.0',
Aug 01 10:57:14.035257 dv-neutron-840421-27-hyperv neutron-server[104734]: 'Subnet': '1.1',
Aug 01 10:57:14.035257 dv-neutron-840421-27-hyperv neutron-server[104734]: 'Trunk': '1.1'}}
Aug 01 10:57:14.035257 dv-neutron-840421-27-hyperv neutron-server[104734]: {{(pid=104734) report /opt/stack/neutron/neutron/api/rpc/callbacks/version_manager.py:175}}
Aug 01 10:57:14.059939 dv-neutron-840421-27-hyperv neutron-server[104732]: DEBUG neutron.db.db_base_plugin_common [None req-df2cb432-d2c2-432b-b42a-86faf8ef7704 admin admin] Allocated IP 172.26.4.194 (c509afc4-3e6a-44de-aa9f-6dddcadef1c7/3b7c69dd-22cf-4c51-bc2f-4c0576204b86/c118405d-d82c-493a-997f-d16eb17684f1) {{(pid=104732) _store_ip_allocation /opt/stack/neutron/neutron/db/db_base_plugin_common.py:131}}
Aug 01 10:57:14.068171 dv-neutron-840421-27-hyperv neutron-server[104734]: DEBUG neutron.plugins.ml2.managers [None req-1022ad41-47bb-4fcf-bed9-c83b3683da08 None None] Attempting to bind port f597d83d-8972-425b-8068-da2bed579931 on host dv-neutron-840421-27-hyperv for vnic_type normal with profile {{(pid=104734) bind_port /opt/stack/neutron/neutron/plugins/ml2/managers.py:810}}
Aug 01 10:57:14.068563 dv-neutron-840421-27-hyperv neutron-server[104734]: DEBUG neutron.plugins.ml2.managers [None req-1022ad41-47bb-4fcf-bed9-c83b3683da08 None None] Attempting to bind port f597d83d-8972-425b-8068-da2bed579931 by drivers openvswitch,hyperv on host dv-neutron-840421-27-hyperv at level 0 using segments [{'id': '0816fc56-cd9d-45cc-92ac-7483992c73de', 'network_type': 'vlan', 'physical_network': 'physnet1', 'segmentation_id': 763, 'network_id': '5378820d-5937-4683-9049-4a7492deccd3'}] {{(pid=104734) _bind_port_level /opt/stack/neutron/neutron/plugins/ml2/managers.py:835}}
Aug 01 10:57:14.068928 dv-neutron-840421-27-hyperv neutron-server[104734]: DEBUG neutron.plugins.ml2.drivers.mech_agent [None req-1022ad41-47bb-4fcf-bed9-c83b3683da08 None None] Attempting to bind port f597d83d-8972-425b-8068-da2bed579931 on network 5378820d-5937-4683-9049-4a7492deccd3 {{(pid=104734) bind_port /opt/stack/neutron/neutron/plugins/ml2/drivers/mech_agent.py:91}}
Aug 01 10:57:14.079839 dv-neutron-840421-27-hyperv neutron-server[104732]: DEBUG neutron_lib.callbacks.manager [None req-57085964-8260-4519-9f62-65bcd60f29de tempest-ExternalNetworksTestJSON-1190916699 tempest-ExternalNetworksTestJSON-1190916699-project] Publish callbacks [] for security_group (None), before_create {{(pid=104732) _notify_loop /usr/local/lib/python3.8/dist-packages/neutron_lib/callbacks/manager.py:176}}
Aug 01 10:57:14.104219 dv-neutron-840421-27-hyperv neutron-server[104734]: DEBUG neutron_lib.callbacks.manager [None req-e3a3c3b4-4db5-4191-acb3-41307cc04319 None None] Publish callbacks [] for port (2d940802-1ce1-4877-a748-4b548395529e), precommit_create {{(pid=104734) _notify_loop /usr/local/lib/python3.8/dist-packages/neutron_lib/callbacks/manager.py:176}}
Aug 01 10:57:14.106770 dv-neutron-840421-27-hyperv neutron-server[104734]: DEBUG neutron.plugins.ml2.drivers.mech_agent [None req-1022ad41-47bb-4fcf-bed9-c83b3683da08 None None] Checking agent: {'id': '139d4bc7-1513-4745-9aeb-d6ff3b18bf39', 'agent_type': 'Open vSwitch agent', 'binary': 'neutron-openvswitch-agent', 'topic': 'N/A', 'host': 'dv-neutron-840421-27-hyperv', 'admin_state_up': True, 'created_at': datetime.datetime(2022, 8, 1, 10, 49, 39), 'started_at': datetime.datetime(2022, 8, 1, 10, 50, 9), 'heartbeat_timestamp': datetime.datetime(2022, 8, 1, 10, 57, 9), 'description': None, 'resources_synced': None, 'availability_zone': None, 'alive': True, 'configurations': {'arp_responder_enabled': False, 'baremetal_smartnic': False, 'bridge_mappings': {'physnet1': 'br-data'}, 'datapath_type': 'system', 'devices': 0, 'enable_distributed_routing': False, 'extensions': [], 'in_distributed_mode': False, 'integration_bridge': 'br-int', 'l2_population': False, 'log_agent_heartbeats': False, 'ovs_capabilities': {'datapath_types': ['netdev', 'system'], 'iface_types': ['erspan', 'geneve', 'gre', 'internal', 'ip6erspan', 'ip6gre', 'lisp', 'patch', 'stt', 'system', 'tap', 'vxlan']}, 'ovs_hybrid_plug': False, 'resource_provider_bandwidths': {}, 'resource_provider_hypervisors': {'br-data': 'dv-neutron-840421-27-hyperv'}, 'resource_provider_inventory_defaults': {'allocation_ratio': 1.0, 'min_unit': 1, 'step_size': 1, 'reserved': 0}, 'resource_provider_packet_processing_inventory_defaults': {'allocation_ratio': 1.0, 'min_unit': 1, 'step_size': 1, 'reserved': 0}, 'resource_provider_packet_processing_with_direction': {}, 'resource_provider_packet_processing_without_direction': {}, 'tunnel_types': [], 'tunneling_ip': None, 'vhostuser_socket_dir': '/var/run/openvswitch'}, 'resource_versions': {'AddressGroup': '1.2', 'Agent': '1.1', 'ConntrackHelper': '1.0', 'LocalIPAssociation': '1.0', 'Log': '1.0', 'NDPProxy': '1.0', 'Network': '1.1', 'Port': '1.7', 'PortForwarding': '1.3', 'QosPolicy': '1.10', 'SecurityGroup': '1.5', 'SecurityGroupRule': '1.2', 'SubPort': '1.0', 'Subnet': '1.1', 'Trunk': '1.1'}} {{(pid=104734) bind_port /opt/stack/neutron/neutron/plugins/ml2/drivers/mech_agent.py:110}}
Aug 01 10:57:14.107179 dv-neutron-840421-27-hyperv neutron-server[104734]: DEBUG neutron.plugins.ml2.drivers.mech_agent [None req-1022ad41-47bb-4fcf-bed9-c83b3683da08 None None] Checking segment: {'id': '0816fc56-cd9d-45cc-92ac-7483992c73de', 'network_type': 'vlan', 'physical_network': 'physnet1', 'segmentation_id': 763, 'network_id': '5378820d-5937-4683-9049-4a7492deccd3'} for mappings: {'physnet1': 'br-data'} with network types: ['local', 'flat', 'vlan'] {{(pid=104734) check_segment_for_agent /opt/stack/neutron/neutron/plugins/ml2/drivers/mech_agent.py:373}}
Aug 01 10:57:14.107846 dv-neutron-840421-27-hyperv neutron-server[104734]: DEBUG neutron_lib.callbacks.manager [None req-1022ad41-47bb-4fcf-bed9-c83b3683da08 None None] Publish callbacks [] for ovs_bridge_name (None), before_read {{(pid=104734) _notify_loop /usr/local/lib/python3.8/dist-packages/neutron_lib/callbacks/manager.py:176}}
Aug 01 10:57:14.108406 dv-neutron-840421-27-hyperv neutron-server[104734]: DEBUG neutron.plugins.ml2.drivers.mech_agent [None req-1022ad41-47bb-4fcf-bed9-c83b3683da08 None None] Bound using segment: {'id': '0816fc56-cd9d-45cc-92ac-7483992c73de', 'network_type': 'vlan', 'physical_network': 'physnet1', 'segmentation_id': 763, 'network_id': '5378820d-5937-4683-9049-4a7492deccd3'} {{(pid=104734) bind_port /opt/stack/neutron/neutron/plugins/ml2/drivers/mech_agent.py:120}}
Aug 01 10:57:14.109167 dv-neutron-840421-27-hyperv neutron-server[104734]: DEBUG neutron.plugins.ml2.managers [None req-1022ad41-47bb-4fcf-bed9-c83b3683da08 None None] Bound port: f597d83d-8972-425b-8068-da2bed579931, host: dv-neutron-840421-27-hyperv, vif_type: ovs, vif_details: {"connectivity": "l2", "port_filter": true, "ovs_hybrid_plug": false, "datapath_type": "system", "bridge_name": "br-int"}, binding_levels: [{'bound_driver': 'openvswitch', 'bound_segment': {'id': '0816fc56-cd9d-45cc-92ac-7483992c73de', 'network_type': 'vlan', 'physical_network': 'physnet1', 'segmentation_id': 763, 'network_id': '5378820d-5937-4683-9049-4a7492deccd3'}}] {{(pid=104734) _bind_port_level /opt/stack/neutron/neutron/plugins/ml2/managers.py:947}}
Aug 01 10:57:14.109299 dv-neutron-840421-27-hyperv neutron-server[104734]: DEBUG neutron_lib.callbacks.manager [None req-1022ad41-47bb-4fcf-bed9-c83b3683da08 None None] Publish callbacks ['neutron.plugins.ml2.plugin.SecurityGroupDbMixin._ensure_default_security_group_handler-1329698'] for port (f597d83d-8972-425b-8068-da2bed579931), before_update {{(pid=104734) _notify_loop /usr/local/lib/python3.8/dist-packages/neutron_lib/callbacks/manager.py:176}}
Aug 01 10:57:14.124002 dv-neutron-840421-27-hyperv neutron-server[104734]: DEBUG dbcounter [-] [104734] Writing DB stats neutron:SELECT=89,neutron:UPDATE=5,neutron:INSERT=6 {{(pid=104734) stat_writer /usr/local/lib/python3.8/dist-packages/dbcounter.py:114}}
Aug 01 10:57:14.132865 dv-neutron-840421-27-hyperv neutron-server[104734]: DEBUG neutron_lib.callbacks.manager [None req-e3a3c3b4-4db5-4191-acb3-41307cc04319 None None] Publish callbacks ['neutron.plugins.ml2.plugin.SecurityGroupServerNotifierRpcMixin._notify_sg_on_port_change-1329761', 'neutron.plugins.ml2.ovo_rpc._ObjectChangeHandler.handle_event-66354', 'neutron.api.rpc.agentnotifiers.dhcp_rpc_agent_api.DhcpAgentNotifyAPI._native_event_send_dhcp_notification-133718624', 'neutron.db.l3_dvrscheduler_db._notify_l3_agent_new_port-8739520055134'] for port (2d940802-1ce1-4877-a748-4b548395529e), after_create {{(pid=104734) _notify_loop /usr/local/lib/python3.8/dist-packages/neutron_lib/callbacks/manager.py:176}}
Aug 01 10:57:14.203615 dv-neutron-840421-27-hyperv neutron-server[104734]: DEBUG dbcounter [-] [104734] Writing DB stats neutron:SELECT=92,neutron:UPDATE=7,neutron:INSERT=1 {{(pid=104734) stat_writer /usr/local/lib/python3.8/dist-packages/dbcounter.py:114}}
Aug 01 10:57:14.209221 dv-neutron-840421-27-hyperv neutron-server[104734]: DEBUG neutron.scheduler.dhcp_agent_scheduler [None req-e3a3c3b4-4db5-4191-acb3-41307cc04319 None None] Network 09c9aafb-55a7-4ede-a9b4-86e2bc4877ab is already hosted by enough agents. {{(pid=104734) _get_dhcp_agents_hosting_network /opt/stack/neutron/neutron/scheduler/dhcp_agent_scheduler.py:275}}
Aug 01 10:57:14.226050 dv-neutron-840421-27-hyperv neutron-server[104734]: DEBUG neutron.scheduler.base_scheduler [None req-e3a3c3b4-4db5-4191-acb3-41307cc04319 None None] Resources bound (agent type, host, resource id): {{(pid=104734) schedule /opt/stack/neutron/neutron/scheduler/base_scheduler.py:57}}
Aug 01 10:57:14.229258 dv-neutron-840421-27-hyperv neutron-server[104734]: DEBUG neutron.db.l3_dvrscheduler_db [None req-e3a3c3b4-4db5-4191-acb3-41307cc04319 None None] Received port after_create {{(pid=104734) _notify_l3_agent_new_port /opt/stack/neutron/neutron/db/l3_dvrscheduler_db.py:542}}
Aug 01 10:57:14.263652 dv-neutron-840421-27-hyperv neutron-server[104734]: DEBUG neutron.api.rpc.handlers.resources_rpc [None req-e3a3c3b4-4db5-4191-acb3-41307cc04319 None None] Pushing event updated for resources: {'Port': ['ID=2d940802-1ce1-4877-a748-4b548395529e,revision_number=1']} {{(pid=104734) push /opt/stack/neutron/neutron/api/rpc/handlers/resources_rpc.py:237}}
Aug 01 10:57:14.292901 dv-neutron-840421-27-hyperv neutron-server[104732]: DEBUG neutron_lib.callbacks.manager [None req-df2cb432-d2c2-432b-b42a-86faf8ef7704 admin admin] Publish callbacks [] for port (c118405d-d82c-493a-997f-d16eb17684f1), precommit_create {{(pid=104732) _notify_loop /usr/local/lib/python3.8/dist-packages/neutron_lib/callbacks/manager.py:176}}
Aug 01 10:57:14.312537 dv-neutron-840421-27-hyperv neutron-server[104732]: DEBUG neutron_lib.callbacks.manager [None req-57085964-8260-4519-9f62-65bcd60f29de tempest-ExternalNetworksTestJSON-1190916699 tempest-ExternalNetworksTestJSON-1190916699-project] Publish callbacks [] for security_group (38f2978f-8f8f-4c49-a018-cc460e22d0e1), precommit_create {{(pid=104732) _notify_loop /usr/local/lib/python3.8/dist-packages/neutron_lib/callbacks/manager.py:176}}
Aug 01 10:57:14.324758 dv-neutron-840421-27-hyperv neutron-server[104734]: DEBUG neutron.plugins.ml2.db [None req-1022ad41-47bb-4fcf-bed9-c83b3683da08 None None] For port f597d83d-8972-425b-8068-da2bed579931, host dv-neutron-840421-27-hyperv, cleared binding levels {{(pid=104734) clear_binding_levels /opt/stack/neutron/neutron/plugins/ml2/db.py:87}}
Aug 01 10:57:14.332461 dv-neutron-840421-27-hyperv neutron-server[104732]: DEBUG neutron_lib.callbacks.manager [None req-57085964-8260-4519-9f62-65bcd60f29de tempest-ExternalNetworksTestJSON-1190916699 tempest-ExternalNetworksTestJSON-1190916699-project] Publish callbacks ['neutron.plugins.ml2.ovo_rpc._ObjectChangeHandler.handle_event-134170230'] for security_group (38f2978f-8f8f-4c49-a018-cc460e22d0e1), after_create {{(pid=104732) _notify_loop /usr/local/lib/python3.8/dist-packages/neutron_lib/callbacks/manager.py:176}}
Aug 01 10:57:14.351652 dv-neutron-840421-27-hyperv neutron-server[104734]: DEBUG neutron.plugins.ml2.db [None req-1022ad41-47bb-4fcf-bed9-c83b3683da08 None None] For port f597d83d-8972-425b-8068-da2bed579931, host dv-neutron-840421-27-hyperv, set binding levels [PortBindingLevel(driver='openvswitch',host='dv-neutron-840421-27-hyperv',level=0,port_id=f597d83d-8972-425b-8068-da2bed579931,segment=NetworkSegment(0816fc56-cd9d-45cc-92ac-7483992c73de),segment_id=0816fc56-cd9d-45cc-92ac-7483992c73de)] {{(pid=104734) set_binding_levels /opt/stack/neutron/neutron/plugins/ml2/db.py:59}}
Aug 01 10:57:14.356368 dv-neutron-840421-27-hyperv neutron-server[104734]: DEBUG neutron.plugins.ml2.managers [None req-e3a3c3b4-4db5-4191-acb3-41307cc04319 None None] Attempting to bind port 2d940802-1ce1-4877-a748-4b548395529e on host dv-neutron-840421-27-hyperv for vnic_type normal with profile {{(pid=104734) bind_port /opt/stack/neutron/neutron/plugins/ml2/managers.py:810}}
Aug 01 10:57:14.356775 dv-neutron-840421-27-hyperv neutron-server[104734]: DEBUG neutron.plugins.ml2.managers [None req-e3a3c3b4-4db5-4191-acb3-41307cc04319 None None] Attempting to bind port 2d940802-1ce1-4877-a748-4b548395529e by drivers openvswitch,hyperv on host dv-neutron-840421-27-hyperv at level 0 using segments [{'id': '01d58090-dcaa-4304-bdb0-46fd9d22bc3d', 'network_type': 'vlan', 'physical_network': 'physnet1', 'segmentation_id': 761, 'network_id': '09c9aafb-55a7-4ede-a9b4-86e2bc4877ab'}] {{(pid=104734) _bind_port_level /opt/stack/neutron/neutron/plugins/ml2/managers.py:835}}
Aug 01 10:57:14.357144 dv-neutron-840421-27-hyperv neutron-server[104734]: DEBUG neutron.plugins.ml2.drivers.mech_agent [None req-e3a3c3b4-4db5-4191-acb3-41307cc04319 None None] Attempting to bind port 2d940802-1ce1-4877-a748-4b548395529e on network 09c9aafb-55a7-4ede-a9b4-86e2bc4877ab {{(pid=104734) bind_port /opt/stack/neutron/neutron/plugins/ml2/drivers/mech_agent.py:91}}
Aug 01 10:57:14.363096 dv-neutron-840421-27-hyperv neutron-server[104734]: DEBUG neutron.plugins.ml2.drivers.mech_agent [None req-e3a3c3b4-4db5-4191-acb3-41307cc04319 None None] Checking agent: {'id': '139d4bc7-1513-4745-9aeb-d6ff3b18bf39', 'agent_type': 'Open vSwitch agent', 'binary': 'neutron-openvswitch-agent', 'topic': 'N/A', 'host': 'dv-neutron-840421-27-hyperv', 'admin_state_up': True, 'created_at': datetime.datetime(2022, 8, 1, 10, 49, 39), 'started_at': datetime.datetime(2022, 8, 1, 10, 50, 9), 'heartbeat_timestamp': datetime.datetime(2022, 8, 1, 10, 57, 9), 'description': None, 'resources_synced': None, 'availability_zone': None, 'alive': True, 'configurations': {'arp_responder_enabled': False, 'baremetal_smartnic': False, 'bridge_mappings': {'physnet1': 'br-data'}, 'datapath_type': 'system', 'devices': 0, 'enable_distributed_routing': False, 'extensions': [], 'in_distributed_mode': False, 'integration_bridge': 'br-int', 'l2_population': False, 'log_agent_heartbeats': False, 'ovs_capabilities': {'datapath_types': ['netdev', 'system'], 'iface_types': ['erspan', 'geneve', 'gre', 'internal', 'ip6erspan', 'ip6gre', 'lisp', 'patch', 'stt', 'system', 'tap', 'vxlan']}, 'ovs_hybrid_plug': False, 'resource_provider_bandwidths': {}, 'resource_provider_hypervisors': {'br-data': 'dv-neutron-840421-27-hyperv'}, 'resource_provider_inventory_defaults': {'allocation_ratio': 1.0, 'min_unit': 1, 'step_size': 1, 'reserved': 0}, 'resource_provider_packet_processing_inventory_defaults': {'allocation_ratio': 1.0, 'min_unit': 1, 'step_size': 1, 'reserved': 0}, 'resource_provider_packet_processing_with_direction': {}, 'resource_provider_packet_processing_without_direction': {}, 'tunnel_types': [], 'tunneling_ip': None, 'vhostuser_socket_dir': '/var/run/openvswitch'}, 'resource_versions': {'AddressGroup': '1.2', 'Agent': '1.1', 'ConntrackHelper': '1.0', 'LocalIPAssociation': '1.0', 'Log': '1.0', 'NDPProxy': '1.0', 'Network': '1.1', 'Port': '1.7', 'PortForwarding': '1.3', 'QosPolicy': '1.10', 'SecurityGroup': '1.5', 'SecurityGroupRule': '1.2', 'SubPort': '1.0', 'Subnet': '1.1', 'Trunk': '1.1'}} {{(pid=104734) bind_port /opt/stack/neutron/neutron/plugins/ml2/drivers/mech_agent.py:110}}
Aug 01 10:57:14.363594 dv-neutron-840421-27-hyperv neutron-server[104734]: DEBUG neutron.plugins.ml2.drivers.mech_agent [None req-e3a3c3b4-4db5-4191-acb3-41307cc04319 None None] Checking segment: {'id': '01d58090-dcaa-4304-bdb0-46fd9d22bc3d', 'network_type': 'vlan', 'physical_network': 'physnet1', 'segmentation_id': 761, 'network_id': '09c9aafb-55a7-4ede-a9b4-86e2bc4877ab'} for mappings: {'physnet1': 'br-data'} with network types: ['local', 'flat', 'vlan'] {{(pid=104734) check_segment_for_agent /opt/stack/neutron/neutron/plugins/ml2/drivers/mech_agent.py:373}}
Aug 01 10:57:14.365310 dv-neutron-840421-27-hyperv neutron-server[104734]: DEBUG neutron_lib.callbacks.manager [None req-e3a3c3b4-4db5-4191-acb3-41307cc04319 None None] Publish callbacks [] for ovs_bridge_name (None), before_read {{(pid=104734) _notify_loop /usr/local/lib/python3.8/dist-packages/neutron_lib/callbacks/manager.py:176}}
Aug 01 10:57:14.365739 dv-neutron-840421-27-hyperv neutron-server[104734]: DEBUG neutron.plugins.ml2.drivers.mech_agent [None req-e3a3c3b4-4db5-4191-acb3-41307cc04319 None None] Bound using segment: {'id': '01d58090-dcaa-4304-bdb0-46fd9d22bc3d', 'network_type': 'vlan', 'physical_network': 'physnet1', 'segmentation_id': 761, 'network_id': '09c9aafb-55a7-4ede-a9b4-86e2bc4877ab'} {{(pid=104734) bind_port /opt/stack/neutron/neutron/plugins/ml2/drivers/mech_agent.py:120}}
Aug 01 10:57:14.366371 dv-neutron-840421-27-hyperv neutron-server[104734]: DEBUG neutron.plugins.ml2.managers [None req-e3a3c3b4-4db5-4191-acb3-41307cc04319 None None] Bound port: 2d940802-1ce1-4877-a748-4b548395529e, host: dv-neutron-840421-27-hyperv, vif_type: ovs, vif_details: {"connectivity": "l2", "port_filter": true, "ovs_hybrid_plug": false, "datapath_type": "system", "bridge_name": "br-int"}, binding_levels: [{'bound_driver': 'openvswitch', 'bound_segment': {'id': '01d58090-dcaa-4304-bdb0-46fd9d22bc3d', 'network_type': 'vlan', 'physical_network': 'physnet1', 'segmentation_id': 761, 'network_id': '09c9aafb-55a7-4ede-a9b4-86e2bc4877ab'}}] {{(pid=104734) _bind_port_level /opt/stack/neutron/neutron/plugins/ml2/managers.py:947}}
Aug 01 10:57:14.366810 dv-neutron-840421-27-hyperv neutron-server[104734]: DEBUG neutron_lib.callbacks.manager [None req-e3a3c3b4-4db5-4191-acb3-41307cc04319 None None] Publish callbacks ['neutron.plugins.ml2.plugin.SecurityGroupDbMixin._ensure_default_security_group_handler-1329698'] for port (2d940802-1ce1-4877-a748-4b548395529e), before_update {{(pid=104734) _notify_loop /usr/local/lib/python3.8/dist-packages/neutron_lib/callbacks/manager.py:176}}
Aug 01 10:57:14.378154 dv-neutron-840421-27-hyperv neutron-server[104732]: DEBUG neutron.plugins.ml2.drivers.helpers [None req-57085964-8260-4519-9f62-65bcd60f29de tempest-ExternalNetworksTestJSON-1190916699 tempest-ExternalNetworksTestJSON-1190916699-project] vlan segment allocate from pool success with {'physical_network': 'physnet1', 'vlan_id': 768} {{(pid=104732) allocate_partially_specified_segment /opt/stack/neutron/neutron/plugins/ml2/drivers/helpers.py:153}}
Aug 01 10:57:14.380558 dv-neutron-840421-27-hyperv neutron-server[104734]: DEBUG neutron_lib.callbacks.manager [None req-1022ad41-47bb-4fcf-bed9-c83b3683da08 None None] Publish callbacks ['neutron.plugins.ml2.plugin.SecurityGroupServerNotifierRpcMixin._notify_sg_on_port_change-1329761', 'neutron.plugins.ml2.ovo_rpc._ObjectChangeHandler.handle_event-66354', 'neutron.api.rpc.agentnotifiers.dhcp_rpc_agent_api.DhcpAgentNotifyAPI._native_event_send_dhcp_notification-133718624', 'neutron.db.l3_db.L3RpcNotifierMixin._notify_gateway_port_ip_changed-8739520453331', 'neutron.db.l3_dvrscheduler_db._notify_l3_agent_port_update-8739520055152', 'neutron.db.l3_hascheduler_db._notify_l3_agent_ha_port_update-8739520055170'] for port (f597d83d-8972-425b-8068-da2bed579931), after_update {{(pid=104734) _notify_loop /usr/local/lib/python3.8/dist-packages/neutron_lib/callbacks/manager.py:176}}
Aug 01 10:57:14.406287 dv-neutron-840421-27-hyperv neutron-server[104732]: DEBUG neutron.wsgi [-] (104732) accepted ('10.222.0.73', 44564) {{(pid=104732) server /usr/local/lib/python3.8/dist-packages/eventlet/wsgi.py:1004}}
Aug 01 10:57:14.439525 dv-neutron-840421-27-hyperv neutron-server[104732]: DEBUG neutron_lib.callbacks.manager [None req-df2cb432-d2c2-432b-b42a-86faf8ef7704 admin admin] Publish callbacks ['neutron.plugins.ml2.plugin.SecurityGroupServerNotifierRpcMixin._notify_sg_on_port_change-1329761', 'neutron.plugins.ml2.ovo_rpc._ObjectChangeHandler.handle_event-66354', 'neutron.api.rpc.agentnotifiers.dhcp_rpc_agent_api.DhcpAgentNotifyAPI._native_event_send_dhcp_notification-133718624', 'neutron.db.l3_dvrscheduler_db._notify_l3_agent_new_port-8739520055134'] for port (c118405d-d82c-493a-997f-d16eb17684f1), after_create {{(pid=104732) _notify_loop /usr/local/lib/python3.8/dist-packages/neutron_lib/callbacks/manager.py:176}}
Aug 01 10:57:14.443030 dv-neutron-840421-27-hyperv neutron-server[104732]: DEBUG neutron.api.rpc.handlers.resources_rpc [None req-57085964-8260-4519-9f62-65bcd60f29de tempest-ExternalNetworksTestJSON-1190916699 tempest-ExternalNetworksTestJSON-1190916699-project] Pushing event updated for resources: {'SecurityGroup': ['ID=38f2978f-8f8f-4c49-a018-cc460e22d0e1,revision_number=1']} {{(pid=104732) push /opt/stack/neutron/neutron/api/rpc/handlers/resources_rpc.py:237}}
Aug 01 10:57:14.457182 dv-neutron-840421-27-hyperv neutron-server[104732]: DEBUG dbcounter [-] [104732] Writing DB stats neutron:SELECT=83,neutron:UPDATE=6,neutron:INSERT=11 {{(pid=104732) stat_writer /usr/local/lib/python3.8/dist-packages/dbcounter.py:114}}
Aug 01 10:57:14.477879 dv-neutron-840421-27-hyperv neutron-server[104732]: DEBUG dbcounter [-] [104732] Writing DB stats neutron:SELECT=87,neutron:INSERT=12,neutron:UPDATE=1 {{(pid=104732) stat_writer /usr/local/lib/python3.8/dist-packages/dbcounter.py:114}}
Aug 01 10:57:14.488899 dv-neutron-840421-27-hyperv neutron-server[104734]: DEBUG neutron.api.rpc.handlers.resources_rpc [None req-1022ad41-47bb-4fcf-bed9-c83b3683da08 None None] Pushing event updated for resources: {'Port': ['ID=f597d83d-8972-425b-8068-da2bed579931,revision_number=2']} {{(pid=104734) push /opt/stack/neutron/neutron/api/rpc/handlers/resources_rpc.py:237}}
Aug 01 10:57:14.505176 dv-neutron-840421-27-hyperv neutron-server[104733]: DEBUG neutron.db.db_base_plugin_common [None req-6fcc5a23-5def-439d-a6dd-7841e3422c8e admin admin] Allocated IP 172.26.4.7 (c509afc4-3e6a-44de-aa9f-6dddcadef1c7/3b7c69dd-22cf-4c51-bc2f-4c0576204b86/53cd9e22-4b60-4e96-95a4-79222ebf72eb) {{(pid=104733) _store_ip_allocation /opt/stack/neutron/neutron/db/db_base_plugin_common.py:131}}
Aug 01 10:57:14.509636 dv-neutron-840421-27-hyperv neutron-server[104734]: DEBUG neutron.plugins.ml2.db [None req-e3a3c3b4-4db5-4191-acb3-41307cc04319 None None] For port 2d940802-1ce1-4877-a748-4b548395529e, host dv-neutron-840421-27-hyperv, cleared binding levels {{(pid=104734) clear_binding_levels /opt/stack/neutron/neutron/plugins/ml2/db.py:87}}
Aug 01 10:57:14.514711 dv-neutron-840421-27-hyperv neutron-server[104734]: DEBUG neutron.plugins.ml2.db [None req-e3a3c3b4-4db5-4191-acb3-41307cc04319 None None] For port 2d940802-1ce1-4877-a748-4b548395529e, host dv-neutron-840421-27-hyperv, set binding levels [PortBindingLevel(driver='openvswitch',host='dv-neutron-840421-27-hyperv',level=0,port_id=2d940802-1ce1-4877-a748-4b548395529e,segment=NetworkSegment(01d58090-dcaa-4304-bdb0-46fd9d22bc3d),segment_id=01d58090-dcaa-4304-bdb0-46fd9d22bc3d)] {{(pid=104734) set_binding_levels /opt/stack/neutron/neutron/plugins/ml2/db.py:59}}
Aug 01 10:57:14.525170 dv-neutron-840421-27-hyperv neutron-server[104732]: DEBUG neutron_lib.callbacks.manager [None req-57085964-8260-4519-9f62-65bcd60f29de tempest-ExternalNetworksTestJSON-1190916699 tempest-ExternalNetworksTestJSON-1190916699-project] Publish callbacks ['neutron.plugins.ml2.plugin.Ml2Plugin._handle_segment_change-1276917'] for segment (45b5d3c2-824a-4261-b998-35e6dbbdc1e7), precommit_create {{(pid=104732) _notify_loop /usr/local/lib/python3.8/dist-packages/neutron_lib/callbacks/manager.py:176}}
Aug 01 10:57:14.525483 dv-neutron-840421-27-hyperv neutron-server[104732]: INFO neutron.db.segments_db [None req-57085964-8260-4519-9f62-65bcd60f29de tempest-ExternalNetworksTestJSON-1190916699 tempest-ExternalNetworksTestJSON-1190916699-project] Added segment 45b5d3c2-824a-4261-b998-35e6dbbdc1e7 of type vlan for network 03b99293-6323-4745-862a-42954fbf65bc
Aug 01 10:57:14.527991 dv-neutron-840421-27-hyperv neutron-server[104734]: DEBUG neutron_lib.callbacks.manager [None req-e3a3c3b4-4db5-4191-acb3-41307cc04319 None None] Publish callbacks ['neutron.plugins.ml2.plugin.SecurityGroupServerNotifierRpcMixin._notify_sg_on_port_change-1329761', 'neutron.plugins.ml2.ovo_rpc._ObjectChangeHandler.handle_event-66354', 'neutron.api.rpc.agentnotifiers.dhcp_rpc_agent_api.DhcpAgentNotifyAPI._native_event_send_dhcp_notification-133718624', 'neutron.db.l3_db.L3RpcNotifierMixin._notify_gateway_port_ip_changed-8739520453331', 'neutron.db.l3_dvrscheduler_db._notify_l3_agent_port_update-8739520055152', 'neutron.db.l3_hascheduler_db._notify_l3_agent_ha_port_update-8739520055170'] for port (2d940802-1ce1-4877-a748-4b548395529e), after_update {{(pid=104734) _notify_loop /usr/local/lib/python3.8/dist-packages/neutron_lib/callbacks/manager.py:176}}
Aug 01 10:57:14.574447 dv-neutron-840421-27-hyperv neutron-server[104732]: DEBUG neutron.api.v2.base [None req-10dc4c1b-61b8-4f98-aeb3-7d5f6a3f92ba tempest-DHCPAgentSchedulersTestJSON-1369277936 tempest-DHCPAgentSchedulersTestJSON-1369277936-project] Request body: {'network': {'name': 'tempest-DHCPAgentSchedulersTestJSON-test-network-675513230'}} {{(pid=104732) prepare_request_body /opt/stack/neutron/neutron/api/v2/base.py:730}}
Aug 01 10:57:14.659265 dv-neutron-840421-27-hyperv neutron-server[104732]: DEBUG neutron.scheduler.dhcp_agent_scheduler [None req-df2cb432-d2c2-432b-b42a-86faf8ef7704 admin admin] Network c509afc4-3e6a-44de-aa9f-6dddcadef1c7 is already hosted by enough agents. {{(pid=104732) _get_dhcp_agents_hosting_network /opt/stack/neutron/neutron/scheduler/dhcp_agent_scheduler.py:275}}
Aug 01 10:57:14.664090 dv-neutron-840421-27-hyperv neutron-server[104734]: DEBUG neutron.api.rpc.handlers.resources_rpc [None req-e3a3c3b4-4db5-4191-acb3-41307cc04319 None None] Pushing event updated for resources: {'Port': ['ID=2d940802-1ce1-4877-a748-4b548395529e,revision_number=2']} {{(pid=104734) push /opt/stack/neutron/neutron/api/rpc/handlers/resources_rpc.py:237}}
Aug 01 10:57:14.711436 dv-neutron-840421-27-hyperv neutron-server[104732]: DEBUG neutron.scheduler.base_scheduler [None req-df2cb432-d2c2-432b-b42a-86faf8ef7704 admin admin] Resources bound (agent type, host, resource id): {{(pid=104732) schedule /opt/stack/neutron/neutron/scheduler/base_scheduler.py:57}}
Aug 01 10:57:14.718546 dv-neutron-840421-27-hyperv neutron-server[104732]: DEBUG neutron.db.l3_dvrscheduler_db [None req-df2cb432-d2c2-432b-b42a-86faf8ef7704 admin admin] Received port after_create {{(pid=104732) _notify_l3_agent_new_port /opt/stack/neutron/neutron/db/l3_dvrscheduler_db.py:542}}
Aug 01 10:57:14.734711 dv-neutron-840421-27-hyperv neutron-server[104732]: DEBUG neutron_lib.callbacks.manager [None req-57085964-8260-4519-9f62-65bcd60f29de tempest-ExternalNetworksTestJSON-1190916699 tempest-ExternalNetworksTestJSON-1190916699-project] Publish callbacks ['neutron.services.auto_allocate.db._ensure_external_network_default_value_callback-8739520003211'] for network (03b99293-6323-4745-862a-42954fbf65bc), precommit_create {{(pid=104732) _notify_loop /usr/local/lib/python3.8/dist-packages/neutron_lib/callbacks/manager.py:176}}
Aug 01 10:57:14.774962 dv-neutron-840421-27-hyperv neutron-server[104733]: DEBUG neutron_lib.callbacks.manager [None req-6fcc5a23-5def-439d-a6dd-7841e3422c8e admin admin] Publish callbacks [] for port (53cd9e22-4b60-4e96-95a4-79222ebf72eb), precommit_create {{(pid=104733) _notify_loop /usr/local/lib/python3.8/dist-packages/neutron_lib/callbacks/manager.py:176}}
Aug 01 10:57:14.823539 dv-neutron-840421-27-hyperv neutron-server[104732]: DEBUG neutron.wsgi [-] (104732) accepted ('10.222.0.73', 44574) {{(pid=104732) server /usr/local/lib/python3.8/dist-packages/eventlet/wsgi.py:1004}}
