Aug 01 10:57:14.871713 dv-neutron-840421-27-hyperv neutron-server[104732]: DEBUG neutron.api.rpc.handlers.resources_rpc [None req-df2cb432-d2c2-432b-b42a-86faf8ef7704 admin admin] Pushing event updated for resources: {'Port': ['ID=c118405d-d82c-493a-997f-d16eb17684f1,revision_number=1']} {{(pid=104732) push /opt/stack/neutron/neutron/api/rpc/handlers/resources_rpc.py:237}}
Aug 01 10:57:14.876873 dv-neutron-840421-27-hyperv neutron-server[104732]: DEBUG neutron.pecan_wsgi.hooks.quota_enforcement [None req-10dc4c1b-61b8-4f98-aeb3-7d5f6a3f92ba tempest-DHCPAgentSchedulersTestJSON-1369277936 tempest-DHCPAgentSchedulersTestJSON-1369277936-project] Made reservation on behalf of 502ff206f52b4b2d89e777ca51ba5ca2 for: {'network': 1} {{(pid=104732) before /opt/stack/neutron/neutron/pecan_wsgi/hooks/quota_enforcement.py:53}}
Aug 01 10:57:14.884076 dv-neutron-840421-27-hyperv neutron-server[104732]: DEBUG neutron_lib.callbacks.manager [None req-10dc4c1b-61b8-4f98-aeb3-7d5f6a3f92ba tempest-DHCPAgentSchedulersTestJSON-1369277936 tempest-DHCPAgentSchedulersTestJSON-1369277936-project] Publish callbacks ['neutron.plugins.ml2.plugin.SecurityGroupDbMixin._ensure_default_security_group_handler-1329698'] for network (None), before_create {{(pid=104732) _notify_loop /usr/local/lib/python3.8/dist-packages/neutron_lib/callbacks/manager.py:176}}
Aug 01 10:57:14.894951 dv-neutron-840421-27-hyperv neutron-server[104733]: DEBUG neutron_lib.callbacks.manager [None req-6fcc5a23-5def-439d-a6dd-7841e3422c8e admin admin] Publish callbacks ['neutron.plugins.ml2.plugin.SecurityGroupServerNotifierRpcMixin._notify_sg_on_port_change-1329761', 'neutron.plugins.ml2.ovo_rpc._ObjectChangeHandler.handle_event-66354', 'neutron.api.rpc.agentnotifiers.dhcp_rpc_agent_api.DhcpAgentNotifyAPI._native_event_send_dhcp_notification-133718624', 'neutron.db.l3_dvrscheduler_db._notify_l3_agent_new_port-8739520055134'] for port (53cd9e22-4b60-4e96-95a4-79222ebf72eb), after_create {{(pid=104733) _notify_loop /usr/local/lib/python3.8/dist-packages/neutron_lib/callbacks/manager.py:176}}
Aug 01 10:57:14.922070 dv-neutron-840421-27-hyperv neutron-server[104732]: DEBUG neutron_lib.callbacks.manager [None req-10dc4c1b-61b8-4f98-aeb3-7d5f6a3f92ba tempest-DHCPAgentSchedulersTestJSON-1369277936 tempest-DHCPAgentSchedulersTestJSON-1369277936-project] Publish callbacks [] for security_group (None), before_create {{(pid=104732) _notify_loop /usr/local/lib/python3.8/dist-packages/neutron_lib/callbacks/manager.py:176}}
Aug 01 10:57:14.945599 dv-neutron-840421-27-hyperv neutron-server[104733]: DEBUG neutron.scheduler.dhcp_agent_scheduler [None req-6fcc5a23-5def-439d-a6dd-7841e3422c8e admin admin] Network c509afc4-3e6a-44de-aa9f-6dddcadef1c7 is already hosted by enough agents. {{(pid=104733) _get_dhcp_agents_hosting_network /opt/stack/neutron/neutron/scheduler/dhcp_agent_scheduler.py:275}}
Aug 01 10:57:14.956154 dv-neutron-840421-27-hyperv neutron-server[104732]: DEBUG neutron_lib.db.resource_extend [None req-57085964-8260-4519-9f62-65bcd60f29de tempest-ExternalNetworksTestJSON-1190916699 tempest-ExternalNetworksTestJSON-1190916699-project] It took 0.14 seconds to run function 'neutron_lib.db.resource_extend.apply_funcs' {{(pid=104732) wrapper /usr/local/lib/python3.8/dist-packages/oslo_utils/timeutils.py:322}}
Aug 01 10:57:15.017165 dv-neutron-840421-27-hyperv neutron-server[104733]: DEBUG neutron.scheduler.base_scheduler [None req-6fcc5a23-5def-439d-a6dd-7841e3422c8e admin admin] Resources bound (agent type, host, resource id): {{(pid=104733) schedule /opt/stack/neutron/neutron/scheduler/base_scheduler.py:57}}
Aug 01 10:57:15.020528 dv-neutron-840421-27-hyperv neutron-server[104733]: DEBUG neutron.db.l3_dvrscheduler_db [None req-6fcc5a23-5def-439d-a6dd-7841e3422c8e admin admin] Received port after_create {{(pid=104733) _notify_l3_agent_new_port /opt/stack/neutron/neutron/db/l3_dvrscheduler_db.py:542}}
Aug 01 10:57:15.052873 dv-neutron-840421-27-hyperv neutron-server[104732]: DEBUG neutron_lib.callbacks.manager [None req-57085964-8260-4519-9f62-65bcd60f29de tempest-ExternalNetworksTestJSON-1190916699 tempest-ExternalNetworksTestJSON-1190916699-project] Publish callbacks ['neutron.plugins.ml2.ovo_rpc._ObjectChangeHandler.handle_event-134170145', 'neutron.api.rpc.agentnotifiers.dhcp_rpc_agent_api.DhcpAgentNotifyAPI._native_event_send_dhcp_notification-133718624'] for network (03b99293-6323-4745-862a-42954fbf65bc), after_create {{(pid=104732) _notify_loop /usr/local/lib/python3.8/dist-packages/neutron_lib/callbacks/manager.py:176}}
Aug 01 10:57:15.066646 dv-neutron-840421-27-hyperv neutron-server[104732]: DEBUG neutron.pecan_wsgi.hooks.policy_enforcement [None req-57085964-8260-4519-9f62-65bcd60f29de tempest-ExternalNetworksTestJSON-1190916699 tempest-ExternalNetworksTestJSON-1190916699-project] Attributes excluded by policy engine: ['standard_attr_id', 'provider:network_type', 'provider:physical_network', 'provider:segmentation_id', 'vlan_transparent'] {{(pid=104732) _exclude_attributes_by_policy /opt/stack/neutron/neutron/pecan_wsgi/hooks/policy_enforcement.py:259}}
Aug 01 10:57:15.066646 dv-neutron-840421-27-hyperv neutron-server[104732]: DEBUG neutron_lib.callbacks.manager [None req-57085964-8260-4519-9f62-65bcd60f29de tempest-ExternalNetworksTestJSON-1190916699 tempest-ExternalNetworksTestJSON-1190916699-project] Publish callbacks ['neutron.api.rpc.agentnotifiers.dhcp_rpc_agent_api.DhcpAgentNotifyAPI._send_dhcp_notification-133718674'] for network (None), before_response {{(pid=104732) _notify_loop /usr/local/lib/python3.8/dist-packages/neutron_lib/callbacks/manager.py:176}}
Aug 01 10:57:15.214289 dv-neutron-840421-27-hyperv neutron-server[104733]: DEBUG neutron.api.rpc.handlers.resources_rpc [None req-6fcc5a23-5def-439d-a6dd-7841e3422c8e admin admin] Pushing event updated for resources: {'Port': ['ID=53cd9e22-4b60-4e96-95a4-79222ebf72eb,revision_number=1']} {{(pid=104733) push /opt/stack/neutron/neutron/api/rpc/handlers/resources_rpc.py:237}}
Aug 01 10:57:15.222732 dv-neutron-840421-27-hyperv neutron-server[104733]: DEBUG neutron.wsgi [-] (104733) accepted ('10.222.0.73', 44580) {{(pid=104733) server /usr/local/lib/python3.8/dist-packages/eventlet/wsgi.py:1004}}
Aug 01 10:57:15.231861 dv-neutron-840421-27-hyperv neutron-server[104732]: DEBUG neutron_lib.callbacks.manager [None req-10dc4c1b-61b8-4f98-aeb3-7d5f6a3f92ba tempest-DHCPAgentSchedulersTestJSON-1369277936 tempest-DHCPAgentSchedulersTestJSON-1369277936-project] Publish callbacks [] for security_group (e45c1f1f-7a61-4ca7-92f9-bf13ffd3dc1a), precommit_create {{(pid=104732) _notify_loop /usr/local/lib/python3.8/dist-packages/neutron_lib/callbacks/manager.py:176}}
Aug 01 10:57:15.277714 dv-neutron-840421-27-hyperv neutron-server[104732]: INFO neutron.wsgi [None req-57085964-8260-4519-9f62-65bcd60f29de tempest-ExternalNetworksTestJSON-1190916699 tempest-ExternalNetworksTestJSON-1190916699-project] 10.222.0.73 "POST /v2.0/networks HTTP/1.1" status: 201 len: 773 time: 2.1739438
Aug 01 10:57:15.278337 dv-neutron-840421-27-hyperv neutron-server[104732]: DEBUG neutron.wsgi [-] (104732) accepted ('10.222.0.73', 44584) {{(pid=104732) server /usr/local/lib/python3.8/dist-packages/eventlet/wsgi.py:1004}}
Aug 01 10:57:15.297789 dv-neutron-840421-27-hyperv neutron-server[104733]: DEBUG dbcounter [-] [104733] Writing DB stats neutron:SELECT=91,neutron:INSERT=3,neutron:UPDATE=6 {{(pid=104733) stat_writer /usr/local/lib/python3.8/dist-packages/dbcounter.py:114}}
Aug 01 10:57:15.305765 dv-neutron-840421-27-hyperv neutron-server[104732]: DEBUG neutron.api.v2.base [None req-f87bd424-0f38-4b3c-b267-3ccfee94461a tempest-ExternalNetworksAdminNegativeTestJSON-1296907189 tempest-ExternalNetworksAdminNegativeTestJSON-1296907189-project-admin] Request body: {'floatingip': {'floating_network_id': 'c509afc4-3e6a-44de-aa9f-6dddcadef1c7'}} {{(pid=104732) prepare_request_body /opt/stack/neutron/neutron/api/v2/base.py:730}}
Aug 01 10:57:15.337449 dv-neutron-840421-27-hyperv neutron-server[104732]: DEBUG neutron_lib.callbacks.manager [None req-10dc4c1b-61b8-4f98-aeb3-7d5f6a3f92ba tempest-DHCPAgentSchedulersTestJSON-1369277936 tempest-DHCPAgentSchedulersTestJSON-1369277936-project] Publish callbacks ['neutron.plugins.ml2.ovo_rpc._ObjectChangeHandler.handle_event-134170230'] for security_group (e45c1f1f-7a61-4ca7-92f9-bf13ffd3dc1a), after_create {{(pid=104732) _notify_loop /usr/local/lib/python3.8/dist-packages/neutron_lib/callbacks/manager.py:176}}
Aug 01 10:57:15.392569 dv-neutron-840421-27-hyperv neutron-server[104732]: DEBUG neutron_lib.callbacks.manager [None req-f87bd424-0f38-4b3c-b267-3ccfee94461a tempest-ExternalNetworksAdminNegativeTestJSON-1296907189 tempest-ExternalNetworksAdminNegativeTestJSON-1296907189-project-admin] Publish callbacks [] for floatingip (None), before_create {{(pid=104732) _notify_loop /usr/local/lib/python3.8/dist-packages/neutron_lib/callbacks/manager.py:176}}
Aug 01 10:57:15.421664 dv-neutron-840421-27-hyperv neutron-server[104733]: DEBUG neutron_lib.callbacks.manager [None req-6fcc5a23-5def-439d-a6dd-7841e3422c8e admin admin] Publish callbacks [] for router_gateway (f0da5be9-8c70-4586-8d44-ff495993f017), after_create {{(pid=104733) _notify_loop /usr/local/lib/python3.8/dist-packages/neutron_lib/callbacks/manager.py:176}}
Aug 01 10:57:15.476047 dv-neutron-840421-27-hyperv neutron-server[104733]: DEBUG neutron.api.v2.base [None req-7611eaa4-7dde-4524-81bb-c8979ee50d9a tempest-QuotasTest-1330399655 tempest-QuotasTest-1330399655-project-admin] Request body: {'quota': {'network': 0, 'port': 0}} {{(pid=104733) prepare_request_body /opt/stack/neutron/neutron/api/v2/base.py:730}}
Aug 01 10:57:15.545305 dv-neutron-840421-27-hyperv neutron-server[104733]: DEBUG dbcounter [-] [104733] Writing DB stats neutron:SELECT=90,neutron:INSERT=8,neutron:UPDATE=2 {{(pid=104733) stat_writer /usr/local/lib/python3.8/dist-packages/dbcounter.py:114}}
Aug 01 10:57:15.557784 dv-neutron-840421-27-hyperv neutron-server[104733]: INFO neutron.wsgi [None req-7611eaa4-7dde-4524-81bb-c8979ee50d9a tempest-QuotasTest-1330399655 tempest-QuotasTest-1330399655-project-admin] 10.222.0.73 "PUT /v2.0/quotas/5c981f315c47455c86c7d22d93a9918f HTTP/1.1" status: 200 len: 366 time: 0.3336921
Aug 01 10:57:15.568116 dv-neutron-840421-27-hyperv neutron-server[104733]: DEBUG neutron.wsgi [-] (104733) accepted ('10.222.0.73', 44594) {{(pid=104733) server /usr/local/lib/python3.8/dist-packages/eventlet/wsgi.py:1004}}
Aug 01 10:57:15.584708 dv-neutron-840421-27-hyperv neutron-server[104733]: INFO neutron.wsgi [None req-c67725ee-0112-4f0a-a48a-25b33d9ed23c tempest-QuotasTest-1330399655 tempest-QuotasTest-1330399655-project-admin] 10.222.0.73 "GET /v2.0/quotas HTTP/1.1" status: 200 len: 468 time: 0.0132291
Aug 01 10:57:15.585709 dv-neutron-840421-27-hyperv neutron-server[104733]: DEBUG neutron.wsgi [-] (104733) accepted ('10.222.0.73', 44598) {{(pid=104733) server /usr/local/lib/python3.8/dist-packages/eventlet/wsgi.py:1004}}
Aug 01 10:57:15.601440 dv-neutron-840421-27-hyperv neutron-server[104733]: INFO neutron.wsgi [None req-6801714e-2461-4be0-8d98-e0c5e4731b5f tempest-QuotasTest-1330399655 tempest-QuotasTest-1330399655-project-admin] 10.222.0.73 "GET /v2.0/quotas/5c981f315c47455c86c7d22d93a9918f HTTP/1.1" status: 200 len: 366 time: 0.0122333
Aug 01 10:57:15.601971 dv-neutron-840421-27-hyperv neutron-server[104733]: DEBUG neutron.wsgi [-] (104733) accepted ('10.222.0.73', 44600) {{(pid=104733) server /usr/local/lib/python3.8/dist-packages/eventlet/wsgi.py:1004}}
Aug 01 10:57:15.653487 dv-neutron-840421-27-hyperv neutron-server[104732]: DEBUG neutron.plugins.ml2.drivers.helpers [None req-10dc4c1b-61b8-4f98-aeb3-7d5f6a3f92ba tempest-DHCPAgentSchedulersTestJSON-1369277936 tempest-DHCPAgentSchedulersTestJSON-1369277936-project] vlan segment allocate from pool success with {'physical_network': 'physnet1', 'vlan_id': 779} {{(pid=104732) allocate_partially_specified_segment /opt/stack/neutron/neutron/plugins/ml2/drivers/helpers.py:153}}
Aug 01 10:57:15.671565 dv-neutron-840421-27-hyperv neutron-server[104732]: DEBUG neutron.api.v2.base [None req-eb98d0e8-4953-4d8b-8581-e0539236a662 tempest-ExternalNetworksTestJSON-522361051 tempest-ExternalNetworksTestJSON-522361051-project-admin] Request body: {'network': {'name': 'tempest-network--1120668968', 'router:external': True}} {{(pid=104732) prepare_request_body /opt/stack/neutron/neutron/api/v2/base.py:730}}
Aug 01 10:57:15.678630 dv-neutron-840421-27-hyperv neutron-server[104732]: DEBUG neutron.api.v2.base [None req-bf68e152-2d3c-4208-b8a0-fa30e863d57b tempest-MeteringIpV6TestJSON-2058188280 tempest-MeteringIpV6TestJSON-2058188280-project-admin] Request body: {'metering_label': {'description': 'metering label created by tempest', 'name': 'tempest-metering-label-1810878658'}} {{(pid=104732) prepare_request_body /opt/stack/neutron/neutron/api/v2/base.py:730}}
Aug 01 10:57:15.679143 dv-neutron-840421-27-hyperv neutron-server[104732]: DEBUG neutron.api.v2.base [None req-bf68e152-2d3c-4208-b8a0-fa30e863d57b tempest-MeteringIpV6TestJSON-2058188280 tempest-MeteringIpV6TestJSON-2058188280-project-admin] Unknown quota resources ['metering_label']. {{(pid=104732) _create /opt/stack/neutron/neutron/api/v2/base.py:497}}
Aug 01 10:57:15.700355 dv-neutron-840421-27-hyperv neutron-server[104733]: INFO neutron.wsgi [None req-5a85b3c7-ef2c-4095-adf1-c7ffe6771e42 tempest-QuotasTest-1330399655 tempest-QuotasTest-1330399655-project-admin] 10.222.0.73 "DELETE /v2.0/quotas/5c981f315c47455c86c7d22d93a9918f HTTP/1.1" status: 204 len: 168 time: 0.0971096
Aug 01 10:57:15.702504 dv-neutron-840421-27-hyperv neutron-server[104733]: DEBUG neutron.wsgi [-] (104733) accepted ('10.222.0.73', 44610) {{(pid=104733) server /usr/local/lib/python3.8/dist-packages/eventlet/wsgi.py:1004}}
Aug 01 10:57:15.726946 dv-neutron-840421-27-hyperv neutron-server[104733]: INFO neutron.wsgi [None req-e4b4efd3-a4d0-469e-94b3-71a093393bbf tempest-QuotasTest-1330399655 tempest-QuotasTest-1330399655-project-admin] 10.222.0.73 "GET /v2.0/quotas HTTP/1.1" status: 200 len: 207 time: 0.0233345
Aug 01 10:57:15.729282 dv-neutron-840421-27-hyperv neutron-server[104733]: DEBUG neutron.wsgi [-] (104733) accepted ('10.222.0.73', 44612) {{(pid=104733) server /usr/local/lib/python3.8/dist-packages/eventlet/wsgi.py:1004}}
Aug 01 10:57:15.743321 dv-neutron-840421-27-hyperv neutron-server[104733]: DEBUG neutron_lib.callbacks.manager [None req-6fcc5a23-5def-439d-a6dd-7841e3422c8e admin admin] Publish callbacks ['neutron.services.l3_router.l3_router_plugin.L3_HA_NAT_db_mixin._after_router_create-134116596', 'neutron.services.l3_router.l3_router_plugin.DVRResourceOperationHandler._create_snat_interfaces_after_change-133798681'] for router (f0da5be9-8c70-4586-8d44-ff495993f017), after_create {{(pid=104733) _notify_loop /usr/local/lib/python3.8/dist-packages/neutron_lib/callbacks/manager.py:176}}
Aug 01 10:57:15.747361 dv-neutron-840421-27-hyperv neutron-server[104733]: INFO neutron.wsgi [None req-9f3298bb-33f7-4706-aab2-955c5d4a98d4 tempest-QuotasTest-1330399655 tempest-QuotasTest-1330399655-project-admin] 10.222.0.73 "GET /v2.0/quotas/5c981f315c47455c86c7d22d93a9918f HTTP/1.1" status: 200 len: 370 time: 0.0164168
Aug 01 10:57:15.749427 dv-neutron-840421-27-hyperv neutron-server[104732]: DEBUG neutron.api.rpc.handlers.resources_rpc [None req-57085964-8260-4519-9f62-65bcd60f29de tempest-ExternalNetworksTestJSON-1190916699 tempest-ExternalNetworksTestJSON-1190916699-project] Pushing event updated for resources: {'Network': ['ID=03b99293-6323-4745-862a-42954fbf65bc,revision_number=1']} {{(pid=104732) push /opt/stack/neutron/neutron/api/rpc/handlers/resources_rpc.py:237}}
Aug 01 10:57:15.750440 dv-neutron-840421-27-hyperv neutron-server[104733]: DEBUG neutron.wsgi [-] (104733) accepted ('10.222.0.73', 44614) {{(pid=104733) server /usr/local/lib/python3.8/dist-packages/eventlet/wsgi.py:1004}}
Aug 01 10:57:15.761637 dv-neutron-840421-27-hyperv neutron-server[104733]: INFO neutron.wsgi [None req-a62c6e8d-94a3-4ec8-abea-0fdb9a418dea tempest-QuotasTest-1330399655 tempest-QuotasTest-1330399655-project-admin] 10.222.0.73 "GET /v2.0/quotas/5c981f315c47455c86c7d22d93a9918f/default HTTP/1.1" status: 200 len: 370 time: 0.0052123
Aug 01 10:57:15.761740 dv-neutron-840421-27-hyperv neutron-server[104732]: DEBUG neutron_lib.callbacks.manager [None req-10dc4c1b-61b8-4f98-aeb3-7d5f6a3f92ba tempest-DHCPAgentSchedulersTestJSON-1369277936 tempest-DHCPAgentSchedulersTestJSON-1369277936-project] Publish callbacks ['neutron.plugins.ml2.plugin.Ml2Plugin._handle_segment_change-1276917'] for segment (a80c16e5-251c-497d-9288-87c2e7cbd64c), precommit_create {{(pid=104732) _notify_loop /usr/local/lib/python3.8/dist-packages/neutron_lib/callbacks/manager.py:176}}
Aug 01 10:57:15.761740 dv-neutron-840421-27-hyperv neutron-server[104732]: INFO neutron.db.segments_db [None req-10dc4c1b-61b8-4f98-aeb3-7d5f6a3f92ba tempest-DHCPAgentSchedulersTestJSON-1369277936 tempest-DHCPAgentSchedulersTestJSON-1369277936-project] Added segment a80c16e5-251c-497d-9288-87c2e7cbd64c of type vlan for network d6b68da5-5fc2-4c4e-8d24-b369a3808102
Aug 01 10:57:15.761897 dv-neutron-840421-27-hyperv neutron-server[104733]: DEBUG neutron.wsgi [-] (104733) accepted ('10.222.0.73', 44616) {{(pid=104733) server /usr/local/lib/python3.8/dist-packages/eventlet/wsgi.py:1004}}
Aug 01 10:57:15.765951 dv-neutron-840421-27-hyperv neutron-server[104734]: DEBUG neutron.plugins.ml2.rpc [None req-51b8ab93-25e4-4af6-8a64-2622a0c3dee4 None None] Network 03b99293-6323-4745-862a-42954fbf65bc details requested by agent ovs-agent-dv-neutron-840421-27-hyperv with host dv-neutron-840421-27-hyperv {{(pid=104734) get_network_details /opt/stack/neutron/neutron/plugins/ml2/rpc.py:248}}
Aug 01 10:57:15.811011 dv-neutron-840421-27-hyperv neutron-server[104733]: INFO neutron.api.v2.resource [None req-162fff1c-d048-491c-b241-c7a627bafdc7 tempest-QuotasTest-1330399655 tempest-QuotasTest-1330399655-project-admin] delete failed (client error): The resource could not be found.
Aug 01 10:57:15.815166 dv-neutron-840421-27-hyperv neutron-server[104733]: INFO neutron.wsgi [None req-162fff1c-d048-491c-b241-c7a627bafdc7 tempest-QuotasTest-1330399655 tempest-QuotasTest-1330399655-project-admin] 10.222.0.73 "DELETE /v2.0/quotas/5c981f315c47455c86c7d22d93a9918f HTTP/1.1" status: 404 len: 348 time: 0.0493920
Aug 01 10:57:15.818405 dv-neutron-840421-27-hyperv neutron-server[104732]: DEBUG neutron.api.rpc.handlers.resources_rpc [None req-10dc4c1b-61b8-4f98-aeb3-7d5f6a3f92ba tempest-DHCPAgentSchedulersTestJSON-1369277936 tempest-DHCPAgentSchedulersTestJSON-1369277936-project] Pushing event updated for resources: {'SecurityGroup': ['ID=e45c1f1f-7a61-4ca7-92f9-bf13ffd3dc1a,revision_number=1']} {{(pid=104732) push /opt/stack/neutron/neutron/api/rpc/handlers/resources_rpc.py:237}}
Aug 01 10:57:16.033754 dv-neutron-840421-27-hyperv neutron-server[104732]: DEBUG neutron.pecan_wsgi.hooks.quota_enforcement [None req-eb98d0e8-4953-4d8b-8581-e0539236a662 tempest-ExternalNetworksTestJSON-522361051 tempest-ExternalNetworksTestJSON-522361051-project-admin] Made reservation on behalf of 828f9cb369374b3d9c4be2ae8e0eeb96 for: {'network': 1} {{(pid=104732) before /opt/stack/neutron/neutron/pecan_wsgi/hooks/quota_enforcement.py:53}}
Aug 01 10:57:16.038489 dv-neutron-840421-27-hyperv neutron-server[104732]: DEBUG neutron_lib.callbacks.manager [None req-eb98d0e8-4953-4d8b-8581-e0539236a662 tempest-ExternalNetworksTestJSON-522361051 tempest-ExternalNetworksTestJSON-522361051-project-admin] Publish callbacks ['neutron.plugins.ml2.plugin.SecurityGroupDbMixin._ensure_default_security_group_handler-1329698'] for network (None), before_create {{(pid=104732) _notify_loop /usr/local/lib/python3.8/dist-packages/neutron_lib/callbacks/manager.py:176}}
Aug 01 10:57:16.068947 dv-neutron-840421-27-hyperv neutron-server[104733]: DEBUG neutron.wsgi [-] (104733) accepted ('10.222.0.73', 44622) {{(pid=104733) server /usr/local/lib/python3.8/dist-packages/eventlet/wsgi.py:1004}}
Aug 01 10:57:16.119942 dv-neutron-840421-27-hyperv neutron-server[104733]: DEBUG neutron.wsgi [-] (104733) accepted ('10.222.0.73', 44626) {{(pid=104733) server /usr/local/lib/python3.8/dist-packages/eventlet/wsgi.py:1004}}
Aug 01 10:57:16.126302 dv-neutron-840421-27-hyperv neutron-server[104732]: DEBUG neutron_lib.callbacks.manager [None req-10dc4c1b-61b8-4f98-aeb3-7d5f6a3f92ba tempest-DHCPAgentSchedulersTestJSON-1369277936 tempest-DHCPAgentSchedulersTestJSON-1369277936-project] Publish callbacks ['neutron.services.auto_allocate.db._ensure_external_network_default_value_callback-8739520003211'] for network (d6b68da5-5fc2-4c4e-8d24-b369a3808102), precommit_create {{(pid=104732) _notify_loop /usr/local/lib/python3.8/dist-packages/neutron_lib/callbacks/manager.py:176}}
Aug 01 10:57:16.129463 dv-neutron-840421-27-hyperv neutron-server[104732]: DEBUG neutron_lib.callbacks.manager [None req-df2cb432-d2c2-432b-b42a-86faf8ef7704 admin admin] Publish callbacks [] for router_gateway (7a38c872-4c30-485d-85b8-bf65adae64b8), after_create {{(pid=104732) _notify_loop /usr/local/lib/python3.8/dist-packages/neutron_lib/callbacks/manager.py:176}}
Aug 01 10:57:16.131974 dv-neutron-840421-27-hyperv neutron-server[104732]: DEBUG neutron_lib.callbacks.manager [None req-f87bd424-0f38-4b3c-b267-3ccfee94461a tempest-ExternalNetworksAdminNegativeTestJSON-1296907189 tempest-ExternalNetworksAdminNegativeTestJSON-1296907189-project-admin] Publish callbacks ['neutron.plugins.ml2.plugin.SecurityGroupDbMixin._ensure_default_security_group_handler-1329698'] for port (None), before_create {{(pid=104732) _notify_loop /usr/local/lib/python3.8/dist-packages/neutron_lib/callbacks/manager.py:176}}
Aug 01 10:57:16.162862 dv-neutron-840421-27-hyperv neutron-server[104732]: DEBUG dbcounter [-] [104732] Writing DB stats neutron:SELECT=84,neutron:UPDATE=4,neutron:INSERT=12 {{(pid=104732) stat_writer /usr/local/lib/python3.8/dist-packages/dbcounter.py:114}}
Aug 01 10:57:16.163527 dv-neutron-840421-27-hyperv neutron-server[104732]: DEBUG dbcounter [-] [104732] Writing DB stats neutron:SELECT=81,neutron:UPDATE=4,neutron:DELETE=2,neutron:INSERT=13 {{(pid=104732) stat_writer /usr/local/lib/python3.8/dist-packages/dbcounter.py:114}}
Aug 01 10:57:16.164517 dv-neutron-840421-27-hyperv neutron-server[104732]: DEBUG neutron_lib.callbacks.manager [None req-eb98d0e8-4953-4d8b-8581-e0539236a662 tempest-ExternalNetworksTestJSON-522361051 tempest-ExternalNetworksTestJSON-522361051-project-admin] Publish callbacks [] for security_group (None), before_create {{(pid=104732) _notify_loop /usr/local/lib/python3.8/dist-packages/neutron_lib/callbacks/manager.py:176}}
Aug 01 10:57:16.170964 dv-neutron-840421-27-hyperv neutron-server[104733]: DEBUG neutron.quota.resource [None req-cab1900e-98d5-4c68-89dc-f662f2248750 tempest-QuotasTest-1330399655 tempest-QuotasTest-1330399655-project-admin] Usage tracker for resource:network and project:062eea6735bc4d68bb644575745960fd is out of sync, need to count used quota {{(pid=104733) count_used /opt/stack/neutron/neutron/quota/resource.py:292}}
Aug 01 10:57:16.175247 dv-neutron-840421-27-hyperv neutron-server[104733]: DEBUG neutron.quota.resource [None req-cab1900e-98d5-4c68-89dc-f662f2248750 tempest-QuotasTest-1330399655 tempest-QuotasTest-1330399655-project-admin] Quota usage for network was recalculated. Used quota:0. {{(pid=104733) count_used /opt/stack/neutron/neutron/quota/resource.py:313}}
Aug 01 10:57:16.180523 dv-neutron-840421-27-hyperv neutron-server[104734]: DEBUG neutron.api.rpc.handlers.dhcp_rpc [None req-2bc6b507-e2a9-4aa7-882d-9b969db14c7b None None] Network 09c9aafb-55a7-4ede-a9b4-86e2bc4877ab requested from dv-neutron-840421-27-hyperv {{(pid=104734) get_network_info /opt/stack/neutron/neutron/api/rpc/handlers/dhcp_rpc.py:191}}
Aug 01 10:57:16.237404 dv-neutron-840421-27-hyperv neutron-server[104733]: DEBUG neutron.quota.resource [None req-cab1900e-98d5-4c68-89dc-f662f2248750 tempest-QuotasTest-1330399655 tempest-QuotasTest-1330399655-project-admin] Usage tracker for resource:subnet and project:062eea6735bc4d68bb644575745960fd is out of sync, need to count used quota {{(pid=104733) count_used /opt/stack/neutron/neutron/quota/resource.py:292}}
Aug 01 10:57:16.243255 dv-neutron-840421-27-hyperv neutron-server[104733]: DEBUG neutron.quota.resource [None req-cab1900e-98d5-4c68-89dc-f662f2248750 tempest-QuotasTest-1330399655 tempest-QuotasTest-1330399655-project-admin] Quota usage for subnet was recalculated. Used quota:0. {{(pid=104733) count_used /opt/stack/neutron/neutron/quota/resource.py:313}}
Aug 01 10:57:16.252783 dv-neutron-840421-27-hyperv neutron-server[104732]: DEBUG neutron_lib.callbacks.manager [None req-bf68e152-2d3c-4208-b8a0-fa30e863d57b tempest-MeteringIpV6TestJSON-2058188280 tempest-MeteringIpV6TestJSON-2058188280-project-admin] Publish callbacks [] for metering_label (None), before_response {{(pid=104732) _notify_loop /usr/local/lib/python3.8/dist-packages/neutron_lib/callbacks/manager.py:176}}
Aug 01 10:57:16.253986 dv-neutron-840421-27-hyperv neutron-server[104732]: INFO neutron.wsgi [None req-bf68e152-2d3c-4208-b8a0-fa30e863d57b tempest-MeteringIpV6TestJSON-2058188280 tempest-MeteringIpV6TestJSON-2058188280-project-admin] 10.222.0.73 "POST /v2.0/metering/metering-labels HTTP/1.1" status: 201 len: 478 time: 1.3833275
Aug 01 10:57:16.258900 dv-neutron-840421-27-hyperv neutron-server[104732]: DEBUG neutron_lib.db.resource_extend [None req-10dc4c1b-61b8-4f98-aeb3-7d5f6a3f92ba tempest-DHCPAgentSchedulersTestJSON-1369277936 tempest-DHCPAgentSchedulersTestJSON-1369277936-project] It took 0.12 seconds to run function 'neutron_lib.db.resource_extend.apply_funcs' {{(pid=104732) wrapper /usr/local/lib/python3.8/dist-packages/oslo_utils/timeutils.py:322}}
Aug 01 10:57:16.268116 dv-neutron-840421-27-hyperv neutron-server[104733]: DEBUG neutron.wsgi [-] (104733) accepted ('10.222.0.73', 44628) {{(pid=104733) server /usr/local/lib/python3.8/dist-packages/eventlet/wsgi.py:1004}}
Aug 01 10:57:16.286447 dv-neutron-840421-27-hyperv neutron-server[104733]: DEBUG neutron.api.v2.base [None req-ad5f3a4c-5e79-4ab3-a58d-560111d145d7 tempest-MeteringIpV6TestJSON-2058188280 tempest-MeteringIpV6TestJSON-2058188280-project-admin] Request body: {'metering_label_rule': {'remote_ip_prefix': 'fd02::/64', 'direction': 'ingress', 'metering_label_id': '970bc733-6a5f-4aa3-8bbb-595c87c5c768'}} {{(pid=104733) prepare_request_body /opt/stack/neutron/neutron/api/v2/base.py:730}}
Aug 01 10:57:16.287017 dv-neutron-840421-27-hyperv neutron-server[104733]: DEBUG neutron.api.v2.base [None req-ad5f3a4c-5e79-4ab3-a58d-560111d145d7 tempest-MeteringIpV6TestJSON-2058188280 tempest-MeteringIpV6TestJSON-2058188280-project-admin] Unknown quota resources ['metering_label_rule']. {{(pid=104733) _create /opt/stack/neutron/neutron/api/v2/base.py:497}}
Aug 01 10:57:16.300904 dv-neutron-840421-27-hyperv neutron-server[104733]: DEBUG neutron.quota.resource [None req-cab1900e-98d5-4c68-89dc-f662f2248750 tempest-QuotasTest-1330399655 tempest-QuotasTest-1330399655-project-admin] Usage tracker for resource:subnetpool and project:062eea6735bc4d68bb644575745960fd is out of sync, need to count used quota {{(pid=104733) count_used /opt/stack/neutron/neutron/quota/resource.py:292}}
Aug 01 10:57:16.317265 dv-neutron-840421-27-hyperv neutron-server[104734]: DEBUG neutron.db.provisioning_blocks [None req-db43b4fd-87f2-4812-a640-58c5f4c169f6 None None] Provisioning complete for port 2d940802-1ce1-4877-a748-4b548395529e triggered by entity DHCP. {{(pid=104734) provisioning_complete /opt/stack/neutron/neutron/db/provisioning_blocks.py:145}}
Aug 01 10:57:16.317814 dv-neutron-840421-27-hyperv neutron-server[104734]: DEBUG neutron_lib.callbacks.manager [None req-db43b4fd-87f2-4812-a640-58c5f4c169f6 None None] Publish callbacks ['neutron.plugins.ml2.plugin.Ml2Plugin._port_provisioned-1271963'] for port (2d940802-1ce1-4877-a748-4b548395529e), provisioning_complete {{(pid=104734) _notify_loop /usr/local/lib/python3.8/dist-packages/neutron_lib/callbacks/manager.py:176}}
Aug 01 10:57:16.321512 dv-neutron-840421-27-hyperv neutron-server[104733]: DEBUG neutron.quota.resource [None req-cab1900e-98d5-4c68-89dc-f662f2248750 tempest-QuotasTest-1330399655 tempest-QuotasTest-1330399655-project-admin] Quota usage for subnetpool was recalculated. Used quota:0. {{(pid=104733) count_used /opt/stack/neutron/neutron/quota/resource.py:313}}
Aug 01 10:57:16.390523 dv-neutron-840421-27-hyperv neutron-server[104733]: DEBUG neutron.scheduler.l3_agent_scheduler [None req-6fcc5a23-5def-439d-a6dd-7841e3422c8e admin admin] Router f0da5be9-8c70-4586-8d44-ff495993f017 is scheduled to L3 agent c4e8b082-388c-4baa-a3de-5d6c35dd01f2 with binding_index 1 {{(pid=104733) bind_router /opt/stack/neutron/neutron/scheduler/l3_agent_scheduler.py:209}}
Aug 01 10:57:16.393676 dv-neutron-840421-27-hyperv neutron-server[104733]: DEBUG neutron.quota.resource [None req-cab1900e-98d5-4c68-89dc-f662f2248750 tempest-QuotasTest-1330399655 tempest-QuotasTest-1330399655-project-admin] Usage tracker for resource:port and project:062eea6735bc4d68bb644575745960fd is out of sync, need to count used quota {{(pid=104733) count_used /opt/stack/neutron/neutron/quota/resource.py:292}}
Aug 01 10:57:16.406175 dv-neutron-840421-27-hyperv neutron-server[104732]: DEBUG neutron_lib.callbacks.manager [None req-10dc4c1b-61b8-4f98-aeb3-7d5f6a3f92ba tempest-DHCPAgentSchedulersTestJSON-1369277936 tempest-DHCPAgentSchedulersTestJSON-1369277936-project] Publish callbacks ['neutron.plugins.ml2.ovo_rpc._ObjectChangeHandler.handle_event-134170145', 'neutron.api.rpc.agentnotifiers.dhcp_rpc_agent_api.DhcpAgentNotifyAPI._native_event_send_dhcp_notification-133718624'] for network (d6b68da5-5fc2-4c4e-8d24-b369a3808102), after_create {{(pid=104732) _notify_loop /usr/local/lib/python3.8/dist-packages/neutron_lib/callbacks/manager.py:176}}
Aug 01 10:57:16.412343 dv-neutron-840421-27-hyperv neutron-server[104732]: DEBUG neutron.pecan_wsgi.hooks.policy_enforcement [None req-10dc4c1b-61b8-4f98-aeb3-7d5f6a3f92ba tempest-DHCPAgentSchedulersTestJSON-1369277936 tempest-DHCPAgentSchedulersTestJSON-1369277936-project] Attributes excluded by policy engine: ['standard_attr_id', 'provider:network_type', 'provider:physical_network', 'provider:segmentation_id', 'vlan_transparent'] {{(pid=104732) _exclude_attributes_by_policy /opt/stack/neutron/neutron/pecan_wsgi/hooks/policy_enforcement.py:259}}
Aug 01 10:57:16.412878 dv-neutron-840421-27-hyperv neutron-server[104732]: DEBUG neutron_lib.callbacks.manager [None req-10dc4c1b-61b8-4f98-aeb3-7d5f6a3f92ba tempest-DHCPAgentSchedulersTestJSON-1369277936 tempest-DHCPAgentSchedulersTestJSON-1369277936-project] Publish callbacks ['neutron.api.rpc.agentnotifiers.dhcp_rpc_agent_api.DhcpAgentNotifyAPI._send_dhcp_notification-133718674'] for network (None), before_response {{(pid=104732) _notify_loop /usr/local/lib/python3.8/dist-packages/neutron_lib/callbacks/manager.py:176}}
Aug 01 10:57:16.444247 dv-neutron-840421-27-hyperv neutron-server[104733]: DEBUG neutron.api.v2.base [None req-3a923d24-cdbc-4b34-828e-e774b50e3fd9 tempest-FloatingIPAdminTestJSON-765483069 tempest-FloatingIPAdminTestJSON-765483069-project] Request body: {'floatingip': {'floating_network_id': 'c509afc4-3e6a-44de-aa9f-6dddcadef1c7'}} {{(pid=104733) prepare_request_body /opt/stack/neutron/neutron/api/v2/base.py:730}}
Aug 01 10:57:16.449883 dv-neutron-840421-27-hyperv neutron-server[104733]: DEBUG neutron.quota.resource [None req-cab1900e-98d5-4c68-89dc-f662f2248750 tempest-QuotasTest-1330399655 tempest-QuotasTest-1330399655-project-admin] Quota usage for port was recalculated. Used quota:0. {{(pid=104733) count_used /opt/stack/neutron/neutron/quota/resource.py:313}}
Aug 01 10:57:16.454786 dv-neutron-840421-27-hyperv neutron-server[104733]: WARNING neutron.services.metering.metering_plugin [None req-ad5f3a4c-5e79-4ab3-a58d-560111d145d7 tempest-MeteringIpV6TestJSON-2058188280 tempest-MeteringIpV6TestJSON-2058188280-project-admin] The use of 'remote_ip_prefix' in metering label rules is deprecated and will be removed in future releases. One should use instead the 'source_ip_prefix' and/or 'destination_ip_prefix' parameters. For more details, you can check the spec: https://review.opendev.org/#/c/744702/.
Aug 01 10:57:16.465280 dv-neutron-840421-27-hyperv neutron-server[104734]: DEBUG neutron.api.rpc.handlers.dhcp_rpc [None req-2baf7b75-ad64-47c2-a43e-17dd7eec3475 None None] Network 5378820d-5937-4683-9049-4a7492deccd3 requested from dv-neutron-840421-27-hyperv {{(pid=104734) get_network_info /opt/stack/neutron/neutron/api/rpc/handlers/dhcp_rpc.py:191}}
Aug 01 10:57:16.499193 dv-neutron-840421-27-hyperv neutron-server[104733]: DEBUG neutron.quota.resource [None req-cab1900e-98d5-4c68-89dc-f662f2248750 tempest-QuotasTest-1330399655 tempest-QuotasTest-1330399655-project-admin] Usage tracker for resource:router and project:062eea6735bc4d68bb644575745960fd is out of sync, need to count used quota {{(pid=104733) count_used /opt/stack/neutron/neutron/quota/resource.py:292}}
Aug 01 10:57:16.508888 dv-neutron-840421-27-hyperv neutron-server[104733]: DEBUG neutron.quota.resource [None req-cab1900e-98d5-4c68-89dc-f662f2248750 tempest-QuotasTest-1330399655 tempest-QuotasTest-1330399655-project-admin] Quota usage for router was recalculated. Used quota:0. {{(pid=104733) count_used /opt/stack/neutron/neutron/quota/resource.py:313}}
Aug 01 10:57:16.541556 dv-neutron-840421-27-hyperv neutron-server[104732]: INFO neutron.wsgi [None req-10dc4c1b-61b8-4f98-aeb3-7d5f6a3f92ba tempest-DHCPAgentSchedulersTestJSON-1369277936 tempest-DHCPAgentSchedulersTestJSON-1369277936-project] 10.222.0.73 "POST /v2.0/networks HTTP/1.1" status: 201 len: 775 time: 2.5877261
Aug 01 10:57:16.550012 dv-neutron-840421-27-hyperv neutron-server[104732]: DEBUG neutron.wsgi [-] (104732) accepted ('10.222.0.73', 44632) {{(pid=104732) server /usr/local/lib/python3.8/dist-packages/eventlet/wsgi.py:1004}}
Aug 01 10:57:16.571455 dv-neutron-840421-27-hyperv neutron-server[104732]: DEBUG neutron.api.v2.base [None req-411522d5-fa0b-4edc-ba56-0f2b7bf50272 tempest-DHCPAgentSchedulersTestJSON-1369277936 tempest-DHCPAgentSchedulersTestJSON-1369277936-project] Request body: {'subnet': {'network_id': 'd6b68da5-5fc2-4c4e-8d24-b369a3808102', 'cidr': '172.20.0.0/28', 'ip_version': 4, 'gateway_ip': '172.20.0.1'}} {{(pid=104732) prepare_request_body /opt/stack/neutron/neutron/api/v2/base.py:730}}
Aug 01 10:57:16.585491 dv-neutron-840421-27-hyperv neutron-server[104734]: DEBUG neutron.plugins.ml2.plugin [None req-db43b4fd-87f2-4812-a640-58c5f4c169f6 None None] Current status of the port 2d940802-1ce1-4877-a748-4b548395529e is: DOWN; New status is: ACTIVE {{(pid=104734) _update_individual_port_db_status /opt/stack/neutron/neutron/plugins/ml2/plugin.py:2292}}
Aug 01 10:57:16.585879 dv-neutron-840421-27-hyperv neutron-server[104734]: DEBUG neutron_lib.callbacks.manager [None req-db43b4fd-87f2-4812-a640-58c5f4c169f6 None None] Publish callbacks ['neutron.plugins.ml2.plugin.SecurityGroupDbMixin._ensure_default_security_group_handler-1329698'] for port (2d940802-1ce1-4877-a748-4b548395529e), before_update {{(pid=104734) _notify_loop /usr/local/lib/python3.8/dist-packages/neutron_lib/callbacks/manager.py:176}}
Aug 01 10:57:16.623111 dv-neutron-840421-27-hyperv neutron-server[104732]: DEBUG neutron.api.rpc.handlers.resources_rpc [None req-10dc4c1b-61b8-4f98-aeb3-7d5f6a3f92ba tempest-DHCPAgentSchedulersTestJSON-1369277936 tempest-DHCPAgentSchedulersTestJSON-1369277936-project] Pushing event updated for resources: {'Network': ['ID=d6b68da5-5fc2-4c4e-8d24-b369a3808102,revision_number=1']} {{(pid=104732) push /opt/stack/neutron/neutron/api/rpc/handlers/resources_rpc.py:237}}
Aug 01 10:57:16.649330 dv-neutron-840421-27-hyperv neutron-server[104734]: DEBUG neutron.plugins.ml2.rpc [None req-51b8ab93-25e4-4af6-8a64-2622a0c3dee4 None None] Network d6b68da5-5fc2-4c4e-8d24-b369a3808102 details requested by agent ovs-agent-dv-neutron-840421-27-hyperv with host dv-neutron-840421-27-hyperv {{(pid=104734) get_network_details /opt/stack/neutron/neutron/plugins/ml2/rpc.py:248}}
Aug 01 10:57:16.674818 dv-neutron-840421-27-hyperv neutron-server[104734]: DEBUG neutron.plugins.ml2.db [None req-db43b4fd-87f2-4812-a640-58c5f4c169f6 None None] For port 2d940802-1ce1-4877-a748-4b548395529e, host dv-neutron-840421-27-hyperv, got binding levels [PortBindingLevel(driver='openvswitch',host='dv-neutron-840421-27-hyperv',level=0,port_id=2d940802-1ce1-4877-a748-4b548395529e,segment=NetworkSegment(01d58090-dcaa-4304-bdb0-46fd9d22bc3d),segment_id=01d58090-dcaa-4304-bdb0-46fd9d22bc3d)] {{(pid=104734) get_binding_level_objs /opt/stack/neutron/neutron/plugins/ml2/db.py:74}}
Aug 01 10:57:16.683913 dv-neutron-840421-27-hyperv neutron-server[104733]: DEBUG neutron.quota.resource [None req-cab1900e-98d5-4c68-89dc-f662f2248750 tempest-QuotasTest-1330399655 tempest-QuotasTest-1330399655-project-admin] Usage tracker for resource:floatingip and project:062eea6735bc4d68bb644575745960fd is out of sync, need to count used quota {{(pid=104733) count_used /opt/stack/neutron/neutron/quota/resource.py:292}}
Aug 01 10:57:16.689450 dv-neutron-840421-27-hyperv neutron-server[104733]: DEBUG neutron_lib.callbacks.manager [None req-ad5f3a4c-5e79-4ab3-a58d-560111d145d7 tempest-MeteringIpV6TestJSON-2058188280 tempest-MeteringIpV6TestJSON-2058188280-project-admin] Publish callbacks [] for metering_label_rule (None), before_response {{(pid=104733) _notify_loop /usr/local/lib/python3.8/dist-packages/neutron_lib/callbacks/manager.py:176}}
Aug 01 10:57:16.696106 dv-neutron-840421-27-hyperv neutron-server[104733]: INFO neutron.wsgi [None req-ad5f3a4c-5e79-4ab3-a58d-560111d145d7 tempest-MeteringIpV6TestJSON-2058188280 tempest-MeteringIpV6TestJSON-2058188280-project-admin] 10.222.0.73 "POST /v2.0/metering/metering-label-rules HTTP/1.1" status: 201 len: 464 time: 0.4250133
Aug 01 10:57:16.698048 dv-neutron-840421-27-hyperv neutron-server[104733]: DEBUG neutron.quota.resource [None req-cab1900e-98d5-4c68-89dc-f662f2248750 tempest-QuotasTest-1330399655 tempest-QuotasTest-1330399655-project-admin] Quota usage for floatingip was recalculated. Used quota:0. {{(pid=104733) count_used /opt/stack/neutron/neutron/quota/resource.py:313}}
Aug 01 10:57:16.711031 dv-neutron-840421-27-hyperv neutron-server[104733]: DEBUG neutron.wsgi [-] (104733) accepted ('10.222.0.73', 44634) {{(pid=104733) server /usr/local/lib/python3.8/dist-packages/eventlet/wsgi.py:1004}}
Aug 01 10:57:16.714393 dv-neutron-840421-27-hyperv neutron-server[104734]: DEBUG neutron_lib.callbacks.manager [None req-db43b4fd-87f2-4812-a640-58c5f4c169f6 None None] Publish callbacks ['neutron.plugins.ml2.plugin.SecurityGroupServerNotifierRpcMixin._notify_sg_on_port_change-1329761', 'neutron.plugins.ml2.ovo_rpc._ObjectChangeHandler.handle_event-66354', 'neutron.api.rpc.agentnotifiers.dhcp_rpc_agent_api.DhcpAgentNotifyAPI._native_event_send_dhcp_notification-133718624', 'neutron.db.l3_db.L3RpcNotifierMixin._notify_gateway_port_ip_changed-8739520453331', 'neutron.db.l3_dvrscheduler_db._notify_l3_agent_port_update-8739520055152', 'neutron.db.l3_hascheduler_db._notify_l3_agent_ha_port_update-8739520055170'] for port (2d940802-1ce1-4877-a748-4b548395529e), after_update {{(pid=104734) _notify_loop /usr/local/lib/python3.8/dist-packages/neutron_lib/callbacks/manager.py:176}}
Aug 01 10:57:16.745654 dv-neutron-840421-27-hyperv neutron-server[104733]: DEBUG neutron.api.v2.base [None req-c8175631-ffa0-4df9-9ebc-565377296bcc tempest-MeteringIpV6TestJSON-2058188280 tempest-MeteringIpV6TestJSON-2058188280-project-admin] Request body: {'metering_label_rule': {'remote_ip_prefix': 'fd03::/64', 'direction': 'ingress', 'metering_label_id': '970bc733-6a5f-4aa3-8bbb-595c87c5c768'}} {{(pid=104733) prepare_request_body /opt/stack/neutron/neutron/api/v2/base.py:730}}
Aug 01 10:57:16.746499 dv-neutron-840421-27-hyperv neutron-server[104733]: DEBUG neutron.api.v2.base [None req-c8175631-ffa0-4df9-9ebc-565377296bcc tempest-MeteringIpV6TestJSON-2058188280 tempest-MeteringIpV6TestJSON-2058188280-project-admin] Unknown quota resources ['metering_label_rule']. {{(pid=104733) _create /opt/stack/neutron/neutron/api/v2/base.py:497}}
Aug 01 10:57:16.757240 dv-neutron-840421-27-hyperv neutron-server[104733]: DEBUG dbcounter [-] [104733] Writing DB stats neutron:SELECT=96,neutron:UPDATE=3,neutron:INSERT=1 {{(pid=104733) stat_writer /usr/local/lib/python3.8/dist-packages/dbcounter.py:114}}
Aug 01 10:57:16.765720 dv-neutron-840421-27-hyperv neutron-server[104732]: DEBUG neutron_lib.callbacks.manager [None req-eb98d0e8-4953-4d8b-8581-e0539236a662 tempest-ExternalNetworksTestJSON-522361051 tempest-ExternalNetworksTestJSON-522361051-project-admin] Publish callbacks [] for security_group (cf01782c-2f83-4bf4-9d72-ed798d92eaa0), precommit_create {{(pid=104732) _notify_loop /usr/local/lib/python3.8/dist-packages/neutron_lib/callbacks/manager.py:176}}
Aug 01 10:57:16.815367 dv-neutron-840421-27-hyperv neutron-server[104734]: DEBUG neutron.api.rpc.handlers.resources_rpc [None req-db43b4fd-87f2-4812-a640-58c5f4c169f6 None None] Pushing event updated for resources: {'Port': ['ID=2d940802-1ce1-4877-a748-4b548395529e,revision_number=3']} {{(pid=104734) push /opt/stack/neutron/neutron/api/rpc/handlers/resources_rpc.py:237}}
Aug 01 10:57:16.816832 dv-neutron-840421-27-hyperv neutron-server[104732]: DEBUG neutron_lib.callbacks.manager [None req-eb98d0e8-4953-4d8b-8581-e0539236a662 tempest-ExternalNetworksTestJSON-522361051 tempest-ExternalNetworksTestJSON-522361051-project-admin] Publish callbacks ['neutron.plugins.ml2.ovo_rpc._ObjectChangeHandler.handle_event-134170230'] for security_group (cf01782c-2f83-4bf4-9d72-ed798d92eaa0), after_create {{(pid=104732) _notify_loop /usr/local/lib/python3.8/dist-packages/neutron_lib/callbacks/manager.py:176}}
Aug 01 10:57:16.842653 dv-neutron-840421-27-hyperv neutron-server[104734]: DEBUG neutron.db.provisioning_blocks [None req-ddc710d8-60eb-49fe-a817-6528e4c73723 None None] Provisioning complete for port f597d83d-8972-425b-8068-da2bed579931 triggered by entity DHCP. {{(pid=104734) provisioning_complete /opt/stack/neutron/neutron/db/provisioning_blocks.py:145}}
Aug 01 10:57:16.843486 dv-neutron-840421-27-hyperv neutron-server[104734]: DEBUG neutron_lib.callbacks.manager [None req-ddc710d8-60eb-49fe-a817-6528e4c73723 None None] Publish callbacks ['neutron.plugins.ml2.plugin.Ml2Plugin._port_provisioned-1271963'] for port (f597d83d-8972-425b-8068-da2bed579931), provisioning_complete {{(pid=104734) _notify_loop /usr/local/lib/python3.8/dist-packages/neutron_lib/callbacks/manager.py:176}}
Aug 01 10:57:16.907586 dv-neutron-840421-27-hyperv neutron-server[104732]: DEBUG neutron.db.db_base_plugin_common [None req-f87bd424-0f38-4b3c-b267-3ccfee94461a tempest-ExternalNetworksAdminNegativeTestJSON-1296907189 tempest-ExternalNetworksAdminNegativeTestJSON-1296907189-project-admin] Allocated IP 172.26.4.33 (c509afc4-3e6a-44de-aa9f-6dddcadef1c7/3b7c69dd-22cf-4c51-bc2f-4c0576204b86/86da7a06-c4be-4eaf-9935-52b98bb73a93) {{(pid=104732) _store_ip_allocation /opt/stack/neutron/neutron/db/db_base_plugin_common.py:131}}
Aug 01 10:57:16.910336 dv-neutron-840421-27-hyperv neutron-server[104732]: DEBUG dbcounter [-] [104732] Writing DB stats neutron:SELECT=84,neutron:INSERT=14,neutron:UPDATE=2 {{(pid=104732) stat_writer /usr/local/lib/python3.8/dist-packages/dbcounter.py:114}}
Aug 01 10:57:16.920649 dv-neutron-840421-27-hyperv neutron-server[104733]: WARNING neutron.services.metering.metering_plugin [None req-c8175631-ffa0-4df9-9ebc-565377296bcc tempest-MeteringIpV6TestJSON-2058188280 tempest-MeteringIpV6TestJSON-2058188280-project-admin] The use of 'remote_ip_prefix' in metering label rules is deprecated and will be removed in future releases. One should use instead the 'source_ip_prefix' and/or 'destination_ip_prefix' parameters. For more details, you can check the spec: https://review.opendev.org/#/c/744702/.
Aug 01 10:57:16.923742 dv-neutron-840421-27-hyperv neutron-server[104733]: DEBUG neutron_lib.callbacks.manager [None req-3a923d24-cdbc-4b34-828e-e774b50e3fd9 tempest-FloatingIPAdminTestJSON-765483069 tempest-FloatingIPAdminTestJSON-765483069-project] Publish callbacks [] for floatingip (None), before_create {{(pid=104733) _notify_loop /usr/local/lib/python3.8/dist-packages/neutron_lib/callbacks/manager.py:176}}
Aug 01 10:57:16.973673 dv-neutron-840421-27-hyperv neutron-server[104732]: DEBUG neutron.plugins.ml2.drivers.helpers [None req-eb98d0e8-4953-4d8b-8581-e0539236a662 tempest-ExternalNetworksTestJSON-522361051 tempest-ExternalNetworksTestJSON-522361051-project-admin] vlan segment allocate from pool success with {'physical_network': 'physnet1', 'vlan_id': 770} {{(pid=104732) allocate_partially_specified_segment /opt/stack/neutron/neutron/plugins/ml2/drivers/helpers.py:153}}
Aug 01 10:57:17.017512 dv-neutron-840421-27-hyperv neutron-server[104732]: DEBUG neutron.api.rpc.handlers.resources_rpc [None req-eb98d0e8-4953-4d8b-8581-e0539236a662 tempest-ExternalNetworksTestJSON-522361051 tempest-ExternalNetworksTestJSON-522361051-project-admin] Pushing event updated for resources: {'SecurityGroup': ['ID=cf01782c-2f83-4bf4-9d72-ed798d92eaa0,revision_number=1']} {{(pid=104732) push /opt/stack/neutron/neutron/api/rpc/handlers/resources_rpc.py:237}}
Aug 01 10:57:17.023896 dv-neutron-840421-27-hyperv neutron-server[104732]: DEBUG neutron_lib.callbacks.manager [None req-eb98d0e8-4953-4d8b-8581-e0539236a662 tempest-ExternalNetworksTestJSON-522361051 tempest-ExternalNetworksTestJSON-522361051-project-admin] Publish callbacks ['neutron.plugins.ml2.plugin.Ml2Plugin._handle_segment_change-1276917'] for segment (eec9f4d9-e3dc-42d8-a686-740f79d7b08c), precommit_create {{(pid=104732) _notify_loop /usr/local/lib/python3.8/dist-packages/neutron_lib/callbacks/manager.py:176}}
Aug 01 10:57:17.024249 dv-neutron-840421-27-hyperv neutron-server[104732]: INFO neutron.db.segments_db [None req-eb98d0e8-4953-4d8b-8581-e0539236a662 tempest-ExternalNetworksTestJSON-522361051 tempest-ExternalNetworksTestJSON-522361051-project-admin] Added segment eec9f4d9-e3dc-42d8-a686-740f79d7b08c of type vlan for network 05816bfd-d96d-47fa-a1af-778460d7a60d
Aug 01 10:57:17.046974 dv-neutron-840421-27-hyperv neutron-server[104734]: DEBUG neutron.plugins.ml2.rpc [None req-51b8ab93-25e4-4af6-8a64-2622a0c3dee4 None None] Device 2d940802-1ce1-4877-a748-4b548395529e up at agent ovs-agent-dv-neutron-840421-27-hyperv {{(pid=104734) update_device_up /opt/stack/neutron/neutron/plugins/ml2/rpc.py:296}}
Aug 01 10:57:17.120964 dv-neutron-840421-27-hyperv neutron-server[104732]: DEBUG neutron_lib.callbacks.manager [None req-df2cb432-d2c2-432b-b42a-86faf8ef7704 admin admin] Publish callbacks ['neutron.services.l3_router.l3_router_plugin.L3_HA_NAT_db_mixin._after_router_create-134116596', 'neutron.services.l3_router.l3_router_plugin.DVRResourceOperationHandler._create_snat_interfaces_after_change-133798681'] for router (7a38c872-4c30-485d-85b8-bf65adae64b8), after_create {{(pid=104732) _notify_loop /usr/local/lib/python3.8/dist-packages/neutron_lib/callbacks/manager.py:176}}
Aug 01 10:57:17.130453 dv-neutron-840421-27-hyperv neutron-server[104732]: DEBUG neutron.pecan_wsgi.hooks.quota_enforcement [None req-411522d5-fa0b-4edc-ba56-0f2b7bf50272 tempest-DHCPAgentSchedulersTestJSON-1369277936 tempest-DHCPAgentSchedulersTestJSON-1369277936-project] Made reservation on behalf of 502ff206f52b4b2d89e777ca51ba5ca2 for: {'subnet': 1} {{(pid=104732) before /opt/stack/neutron/neutron/pecan_wsgi/hooks/quota_enforcement.py:53}}
Aug 01 10:57:17.132695 dv-neutron-840421-27-hyperv neutron-server[104734]: DEBUG neutron.db.provisioning_blocks [None req-51b8ab93-25e4-4af6-8a64-2622a0c3dee4 None None] Provisioning complete for port 2d940802-1ce1-4877-a748-4b548395529e triggered by entity L2. {{(pid=104734) provisioning_complete /opt/stack/neutron/neutron/db/provisioning_blocks.py:145}}
Aug 01 10:57:17.133109 dv-neutron-840421-27-hyperv neutron-server[104734]: DEBUG neutron_lib.callbacks.manager [None req-51b8ab93-25e4-4af6-8a64-2622a0c3dee4 None None] Publish callbacks ['neutron.plugins.ml2.plugin.Ml2Plugin._port_provisioned-1271963'] for port (2d940802-1ce1-4877-a748-4b548395529e), provisioning_complete {{(pid=104734) _notify_loop /usr/local/lib/python3.8/dist-packages/neutron_lib/callbacks/manager.py:176}}
Aug 01 10:57:17.134072 dv-neutron-840421-27-hyperv neutron-server[104732]: DEBUG neutron_lib.callbacks.manager [None req-411522d5-fa0b-4edc-ba56-0f2b7bf50272 tempest-DHCPAgentSchedulersTestJSON-1369277936 tempest-DHCPAgentSchedulersTestJSON-1369277936-project] Publish callbacks [] for subnet (None), before_create {{(pid=104732) _notify_loop /usr/local/lib/python3.8/dist-packages/neutron_lib/callbacks/manager.py:176}}
Aug 01 10:57:17.155446 dv-neutron-840421-27-hyperv neutron-server[104733]: DEBUG neutron.api.rpc.agentnotifiers.l3_rpc_agent_api [None req-6fcc5a23-5def-439d-a6dd-7841e3422c8e admin admin] Notify agent at l3_agent.dv-neutron-840421-27-hyperv the message routers_updated {{(pid=104733) _agent_notification /opt/stack/neutron/neutron/api/rpc/agentnotifiers/l3_rpc_agent_api.py:65}}
Aug 01 10:57:17.159268 dv-neutron-840421-27-hyperv neutron-server[104733]: DEBUG neutron_lib.callbacks.manager [None req-c8175631-ffa0-4df9-9ebc-565377296bcc tempest-MeteringIpV6TestJSON-2058188280 tempest-MeteringIpV6TestJSON-2058188280-project-admin] Publish callbacks [] for metering_label_rule (None), before_response {{(pid=104733) _notify_loop /usr/local/lib/python3.8/dist-packages/neutron_lib/callbacks/manager.py:176}}
Aug 01 10:57:17.160683 dv-neutron-840421-27-hyperv neutron-server[104733]: INFO neutron.wsgi [None req-c8175631-ffa0-4df9-9ebc-565377296bcc tempest-MeteringIpV6TestJSON-2058188280 tempest-MeteringIpV6TestJSON-2058188280-project-admin] 10.222.0.73 "POST /v2.0/metering/metering-label-rules HTTP/1.1" status: 201 len: 464 time: 0.4485343
