Jul 20 21:34:20.915292 dv-neutron-840421-20-hyperv neutron-server[104884]: DEBUG neutron_lib.callbacks.manager [None req-9f1c1d70-4736-4599-a5dc-1fd3f2cd3b20 tempest-PortsAdminExtendedAttrsIpV6TestJSON-582601640 tempest-PortsAdminExtendedAttrsIpV6TestJSON-582601640-project-admin] Publish callbacks ['neutron.plugins.ml2.plugin.SecurityGroupDbMixin._ensure_default_security_group_handler-3554672'] for port (None), before_create {{(pid=104884) _notify_loop /usr/local/lib/python3.8/dist-packages/neutron_lib/callbacks/manager.py:176}}
Jul 20 21:34:20.923917 dv-neutron-840421-20-hyperv neutron-server[104884]: DEBUG neutron_lib.callbacks.manager [None req-ba3a82e9-5c95-4de1-b61c-cb50fc1a4f25 tempest-AllowedAddressPairIpV6TestJSON-1476792789 tempest-AllowedAddressPairIpV6TestJSON-1476792789-project] Publish callbacks ['neutron.plugins.ml2.plugin.SecurityGroupDbMixin._ensure_default_security_group_handler-3554672'] for port (None), before_create {{(pid=104884) _notify_loop /usr/local/lib/python3.8/dist-packages/neutron_lib/callbacks/manager.py:176}}
Jul 20 21:34:20.929982 dv-neutron-840421-20-hyperv neutron-server[104886]: DEBUG neutron_lib.callbacks.manager [None req-62f656aa-0c4a-4941-9cd4-370f56faf165 None None] Publish callbacks ['neutron.plugins.ml2.plugin.SecurityGroupServerNotifierRpcMixin._notify_sg_on_port_change-3553971', 'neutron.plugins.ml2.ovo_rpc._ObjectChangeHandler.handle_event-966410', 'neutron.api.rpc.agentnotifiers.dhcp_rpc_agent_api.DhcpAgentNotifyAPI._native_event_send_dhcp_notification-726010', 'neutron.db.l3_db.L3RpcNotifierMixin._notify_gateway_port_ip_changed-8756059912717', 'neutron.db.l3_dvrscheduler_db._notify_l3_agent_port_update-8756059548676', 'neutron.db.l3_hascheduler_db._notify_l3_agent_ha_port_update-8756059548694'] for port (cf071ad2-3b48-471a-8d3a-bb445873b70a), after_update {{(pid=104886) _notify_loop /usr/local/lib/python3.8/dist-packages/neutron_lib/callbacks/manager.py:176}}
Jul 20 21:34:20.933058 dv-neutron-840421-20-hyperv neutron-server[104885]: DEBUG neutron_lib.callbacks.manager [None req-d40f8751-d57b-47e8-9671-000f0bd52486 tempest-MeteringTestJSON-518238111 tempest-MeteringTestJSON-518238111-project-admin] Publish callbacks [] for metering_label (None), before_response {{(pid=104885) _notify_loop /usr/local/lib/python3.8/dist-packages/neutron_lib/callbacks/manager.py:176}}
Jul 20 21:34:20.935476 dv-neutron-840421-20-hyperv neutron-server[104885]: INFO neutron.wsgi [None req-d40f8751-d57b-47e8-9671-000f0bd52486 tempest-MeteringTestJSON-518238111 tempest-MeteringTestJSON-518238111-project-admin] 10.222.0.65 "POST /v2.0/metering/metering-labels HTTP/1.1" status: 201 len: 468 time: 1.5121715
Jul 20 21:34:20.944065 dv-neutron-840421-20-hyperv neutron-server[104884]: DEBUG neutron.wsgi [-] (104884) accepted ('10.222.0.65', 38576) {{(pid=104884) server /usr/local/lib/python3.8/dist-packages/eventlet/wsgi.py:1004}}
Jul 20 21:34:21.020624 dv-neutron-840421-20-hyperv neutron-server[104885]: DEBUG neutron_lib.callbacks.manager [None req-51d8caac-5bac-4e7e-b82f-5ab3cbc81d11 tempest-ExternalNetworksTestJSON-1093532018 tempest-ExternalNetworksTestJSON-1093532018-project-admin] Publish callbacks ['neutron.plugins.ml2.plugin.Ml2Plugin._network_delete_precommit_handler-3789322', 'neutron.services.segments.db._delete_segments_for_network-8756059999043'] for network (89559d7f-3b7b-4a87-85aa-923bebdfe8c0), precommit_delete {{(pid=104885) _notify_loop /usr/local/lib/python3.8/dist-packages/neutron_lib/callbacks/manager.py:176}}
Jul 20 21:34:21.028249 dv-neutron-840421-20-hyperv neutron-server[104886]: DEBUG neutron.db.provisioning_blocks [None req-1b1dd1b6-31f7-4587-a6c5-79b071775b55 None None] Provisioning complete for port 80bc31d9-3db6-4e7c-9619-c7c8cfb80f5d triggered by entity L2. {{(pid=104886) provisioning_complete /opt/stack/neutron/neutron/db/provisioning_blocks.py:145}}
Jul 20 21:34:21.028572 dv-neutron-840421-20-hyperv neutron-server[104886]: DEBUG neutron_lib.callbacks.manager [None req-1b1dd1b6-31f7-4587-a6c5-79b071775b55 None None] Publish callbacks ['neutron.plugins.ml2.plugin.Ml2Plugin._port_provisioned-3778721'] for port (80bc31d9-3db6-4e7c-9619-c7c8cfb80f5d), provisioning_complete {{(pid=104886) _notify_loop /usr/local/lib/python3.8/dist-packages/neutron_lib/callbacks/manager.py:176}}
Jul 20 21:34:21.080991 dv-neutron-840421-20-hyperv neutron-server[104886]: DEBUG neutron.db.l3_dvr_db [None req-1ee2ab77-3f09-45da-a4c8-41c471384c06 None None] Set router b696ff11-48d2-40f8-aada-78e62ddcbc7a gateway port host: dv-neutron-840421-20-hyperv {{(pid=104886) _build_routers_list /opt/stack/neutron/neutron/db/l3_dvr_db.py:907}}
Jul 20 21:34:21.085329 dv-neutron-840421-20-hyperv neutron-server[104885]: DEBUG neutron.services.segments.db [None req-51d8caac-5bac-4e7e-b82f-5ab3cbc81d11 tempest-ExternalNetworksTestJSON-1093532018 tempest-ExternalNetworksTestJSON-1093532018-project-admin] neutron.services.segments.plugin.Plugin method get_segments called with arguments (,) {'filters': {'network_id': ['89559d7f-3b7b-4a87-85aa-923bebdfe8c0']}} {{(pid=104885) wrapper /usr/local/lib/python3.8/dist-packages/oslo_log/helpers.py:65}}
Jul 20 21:34:21.097066 dv-neutron-840421-20-hyperv neutron-server[104885]: DEBUG neutron.services.segments.db [None req-51d8caac-5bac-4e7e-b82f-5ab3cbc81d11 tempest-ExternalNetworksTestJSON-1093532018 tempest-ExternalNetworksTestJSON-1093532018-project-admin] neutron.services.segments.plugin.Plugin method delete_segment called with arguments (, '94f79b6d-1889-4ef4-a8bf-6fe6d616160c') {'for_net_delete': True} {{(pid=104885) wrapper /usr/local/lib/python3.8/dist-packages/oslo_log/helpers.py:65}}
Jul 20 21:34:21.097366 dv-neutron-840421-20-hyperv neutron-server[104885]: DEBUG neutron.services.segments.db [None req-51d8caac-5bac-4e7e-b82f-5ab3cbc81d11 tempest-ExternalNetworksTestJSON-1093532018 tempest-ExternalNetworksTestJSON-1093532018-project-admin] neutron.services.segments.plugin.Plugin method get_segment called with arguments (, '94f79b6d-1889-4ef4-a8bf-6fe6d616160c') {} {{(pid=104885) wrapper /usr/local/lib/python3.8/dist-packages/oslo_log/helpers.py:65}}
Jul 20 21:34:21.123389 dv-neutron-840421-20-hyperv neutron-server[104885]: DEBUG neutron_lib.callbacks.manager [None req-51d8caac-5bac-4e7e-b82f-5ab3cbc81d11 tempest-ExternalNetworksTestJSON-1093532018 tempest-ExternalNetworksTestJSON-1093532018-project-admin] Publish callbacks ['neutron.plugins.ml2.db._prevent_segment_delete_with_port_bound-8756060000332', 'neutron.services.segments.plugin.Plugin._prevent_segment_delete_with_subnet_associated-1115535'] for segment (94f79b6d-1889-4ef4-a8bf-6fe6d616160c), before_delete {{(pid=104885) _notify_loop /usr/local/lib/python3.8/dist-packages/neutron_lib/callbacks/manager.py:176}}
Jul 20 21:34:21.140134 dv-neutron-840421-20-hyperv neutron-server[104885]: DEBUG dbcounter [-] [104885] Writing DB stats neutron:SELECT=81,neutron:INSERT=13,neutron:DELETE=3,neutron:UPDATE=3 {{(pid=104885) stat_writer /usr/local/lib/python3.8/dist-packages/dbcounter.py:114}}
Jul 20 21:34:21.159949 dv-neutron-840421-20-hyperv neutron-server[104885]: DEBUG neutron_lib.callbacks.manager [None req-51d8caac-5bac-4e7e-b82f-5ab3cbc81d11 tempest-ExternalNetworksTestJSON-1093532018 tempest-ExternalNetworksTestJSON-1093532018-project-admin] Publish callbacks ['neutron.plugins.ml2.plugin.Ml2Plugin._handle_segment_change-3606714'] for segment (94f79b6d-1889-4ef4-a8bf-6fe6d616160c), precommit_delete {{(pid=104885) _notify_loop /usr/local/lib/python3.8/dist-packages/neutron_lib/callbacks/manager.py:176}}
Jul 20 21:34:21.177621 dv-neutron-840421-20-hyperv neutron-server[104885]: DEBUG neutron.plugins.ml2.drivers.type_vlan [None req-51d8caac-5bac-4e7e-b82f-5ab3cbc81d11 tempest-ExternalNetworksTestJSON-1093532018 tempest-ExternalNetworksTestJSON-1093532018-project-admin] Releasing vlan 795 on physical network physnet1 to pool {{(pid=104885) release_segment /opt/stack/neutron/neutron/plugins/ml2/drivers/type_vlan.py:304}}
Jul 20 21:34:21.178086 dv-neutron-840421-20-hyperv neutron-server[104885]: DEBUG neutron_lib.callbacks.manager [None req-51d8caac-5bac-4e7e-b82f-5ab3cbc81d11 tempest-ExternalNetworksTestJSON-1093532018 tempest-ExternalNetworksTestJSON-1093532018-project-admin] Publish callbacks ['neutron.plugins.ml2.plugin.Ml2Plugin._handle_segment_change-3606714', 'neutron.services.segments.plugin.NovaSegmentNotifier._notify_segment_deleted-11616193'] for segment (94f79b6d-1889-4ef4-a8bf-6fe6d616160c), after_delete {{(pid=104885) _notify_loop /usr/local/lib/python3.8/dist-packages/neutron_lib/callbacks/manager.py:176}}
Jul 20 21:34:21.226556 dv-neutron-840421-20-hyperv neutron-server[104886]: DEBUG dbcounter [-] [104886] Writing DB stats neutron:SELECT=95,neutron:UPDATE=4,neutron:INSERT=1 {{(pid=104886) stat_writer /usr/local/lib/python3.8/dist-packages/dbcounter.py:114}}
Jul 20 21:34:21.227646 dv-neutron-840421-20-hyperv neutron-server[104885]: INFO neutron.services.segments.plugin [-] Segment 94f79b6d-1889-4ef4-a8bf-6fe6d616160c resource provider aggregate not found
Jul 20 21:34:21.227808 dv-neutron-840421-20-hyperv neutron-server[104886]: DEBUG neutron.api.rpc.handlers.resources_rpc [None req-62f656aa-0c4a-4941-9cd4-370f56faf165 None None] Pushing event updated for resources: {'Port': ['ID=cf071ad2-3b48-471a-8d3a-bb445873b70a,revision_number=5']} {{(pid=104886) push /opt/stack/neutron/neutron/api/rpc/handlers/resources_rpc.py:237}}
Jul 20 21:34:21.230670 dv-neutron-840421-20-hyperv neutron-server[104886]: DEBUG neutron.db.provisioning_blocks [None req-32086ce9-7c19-4336-9cd5-53791674ffcf None None] Provisioning complete for port cf071ad2-3b48-471a-8d3a-bb445873b70a triggered by entity DHCP. {{(pid=104886) provisioning_complete /opt/stack/neutron/neutron/db/provisioning_blocks.py:145}}
Jul 20 21:34:21.230854 dv-neutron-840421-20-hyperv neutron-server[104885]: DEBUG neutron.wsgi [-] (104885) accepted ('10.222.0.65', 38586) {{(pid=104885) server /usr/local/lib/python3.8/dist-packages/eventlet/wsgi.py:1004}}
Jul 20 21:34:21.231256 dv-neutron-840421-20-hyperv neutron-server[104886]: DEBUG neutron_lib.callbacks.manager [None req-32086ce9-7c19-4336-9cd5-53791674ffcf None None] Publish callbacks ['neutron.plugins.ml2.plugin.Ml2Plugin._port_provisioned-3778721'] for port (cf071ad2-3b48-471a-8d3a-bb445873b70a), provisioning_complete {{(pid=104886) _notify_loop /usr/local/lib/python3.8/dist-packages/neutron_lib/callbacks/manager.py:176}}
Jul 20 21:34:21.241382 dv-neutron-840421-20-hyperv neutron-server[104885]: WARNING keystonemiddleware.auth_token [-] A valid token was submitted as a service token, but it was not a valid service token. This is incorrect but backwards compatible behaviour. This will be removed in future releases.
Jul 20 21:34:21.264707 dv-neutron-840421-20-hyperv neutron-server[104884]: INFO neutron.wsgi [None req-6e00f3bf-0654-4c82-bc61-29589498e61e tempest-MeteringTestJSON-518238111 tempest-MeteringTestJSON-518238111-project-admin] 10.222.0.65 "GET /v2.0/metering/metering-labels?id=f7b9f00f-1503-4d28-9ecc-7cb9395cf335 HTTP/1.1" status: 200 len: 466 time: 0.3193223
Jul 20 21:34:21.265598 dv-neutron-840421-20-hyperv neutron-server[104885]: INFO neutron.services.segments.plugin [-] Segment 94f79b6d-1889-4ef4-a8bf-6fe6d616160c resource provider not found; error: Placement Client Error (4xx): {"errors": [{"status": 404, "title": "Not Found", "detail": "The resource could not be found.\n\n No resource provider with uuid 94f79b6d-1889-4ef4-a8bf-6fe6d616160c found for delete ", "request_id": "req-ef5284fa-1c6d-466d-bba4-522b08834b32"}]}
Jul 20 21:34:21.270156 dv-neutron-840421-20-hyperv neutron-server[104884]: DEBUG neutron.wsgi [-] (104884) accepted ('10.222.0.65', 38590) {{(pid=104884) server /usr/local/lib/python3.8/dist-packages/eventlet/wsgi.py:1004}}
Jul 20 21:34:21.339517 dv-neutron-840421-20-hyperv neutron-server[104884]: DEBUG neutron.notifiers.nova [None req-ba3a82e9-5c95-4de1-b61c-cb50fc1a4f25 tempest-AllowedAddressPairIpV6TestJSON-1476792789 tempest-AllowedAddressPairIpV6TestJSON-1476792789-project] device_id is not set on port 8ff05aee-314e-4406-8d96-9aa02d6f4db1 yet. {{(pid=104884) _can_notify /opt/stack/neutron/neutron/notifiers/nova.py:199}}
Jul 20 21:34:21.345838 dv-neutron-840421-20-hyperv neutron-server[104884]: DEBUG neutron.notifiers.nova [None req-9f1c1d70-4736-4599-a5dc-1fd3f2cd3b20 tempest-PortsAdminExtendedAttrsIpV6TestJSON-582601640 tempest-PortsAdminExtendedAttrsIpV6TestJSON-582601640-project-admin] device_id is not set on port f27a40fe-ace5-4445-a749-c77c0f7c80e4 yet. {{(pid=104884) _can_notify /opt/stack/neutron/neutron/notifiers/nova.py:199}}
Jul 20 21:34:21.410921 dv-neutron-840421-20-hyperv neutron-server[104884]: DEBUG neutron.db.db_base_plugin_common [None req-e98884ba-26c5-4107-aca4-c46dc8fb74a6 tempest-ServerActionsTestJSON-1419925728 tempest-ServerActionsTestJSON-1419925728-project] Allocated IP 172.26.5.240 (6a286e5e-ef36-4153-9d65-539e3c213faf/672e6f69-6496-4a8a-962e-bbb512917d30/7f180c5f-a707-45e7-b680-39286ddd6647) {{(pid=104884) _store_ip_allocation /opt/stack/neutron/neutron/db/db_base_plugin_common.py:131}}
Jul 20 21:34:21.457133 dv-neutron-840421-20-hyperv neutron-server[104885]: DEBUG neutron_lib.callbacks.manager [None req-51d8caac-5bac-4e7e-b82f-5ab3cbc81d11 tempest-ExternalNetworksTestJSON-1093532018 tempest-ExternalNetworksTestJSON-1093532018-project-admin] Publish callbacks ['neutron.plugins.ml2.plugin.Ml2Plugin._network_delete_after_delete_handler-3789315', 'neutron.plugins.ml2.ovo_rpc._ObjectChangeHandler.handle_event-769299', 'neutron.api.rpc.agentnotifiers.dhcp_rpc_agent_api.DhcpAgentNotifyAPI._native_event_send_dhcp_notification-726010', 'neutron.services.l3_router.l3_router_plugin.DVRResourceOperationHandler.delete_fip_namespaces_for_ext_net-397766'] for network (89559d7f-3b7b-4a87-85aa-923bebdfe8c0), after_delete {{(pid=104885) _notify_loop /usr/local/lib/python3.8/dist-packages/neutron_lib/callbacks/manager.py:176}}
Jul 20 21:34:21.480207 dv-neutron-840421-20-hyperv neutron-server[104885]: INFO neutron.wsgi [req-b0616264-d198-4cef-92e1-2a64da0350b7 req-7c3a897c-a9a0-43c8-b331-f9ec741e14bb tempest-ServersTestJSON-1936810537 tempest-ServersTestJSON-1936810537-project] 10.222.0.65 "GET /v2.0/security-groups?name=tempest-securitygroup--887725085&fields=id&tenant_id=26dddb11ed204c5f9689a25630b624e5 HTTP/1.1" status: 200 len: 267 time: 0.2461913
Jul 20 21:34:21.507684 dv-neutron-840421-20-hyperv neutron-server[104885]: DEBUG neutron.api.rpc.agentnotifiers.l3_rpc_agent_api [None req-51d8caac-5bac-4e7e-b82f-5ab3cbc81d11 tempest-ExternalNetworksTestJSON-1093532018 tempest-ExternalNetworksTestJSON-1093532018-project-admin] Fanout notify agent at l3_agent the message fipnamespace_delete_on_ext_net for external_network 89559d7f-3b7b-4a87-85aa-923bebdfe8c0 {{(pid=104885) _notification_fanout /opt/stack/neutron/neutron/api/rpc/agentnotifiers/l3_rpc_agent_api.py:120}}
Jul 20 21:34:21.514020 dv-neutron-840421-20-hyperv neutron-server[104885]: DEBUG neutron.api.rpc.handlers.resources_rpc [None req-51d8caac-5bac-4e7e-b82f-5ab3cbc81d11 tempest-ExternalNetworksTestJSON-1093532018 tempest-ExternalNetworksTestJSON-1093532018-project-admin] Pushing event deleted for resources: {'Network': ['ID=89559d7f-3b7b-4a87-85aa-923bebdfe8c0,revision_number=None']} {{(pid=104885) push /opt/stack/neutron/neutron/api/rpc/handlers/resources_rpc.py:237}}
Jul 20 21:34:21.537481 dv-neutron-840421-20-hyperv neutron-server[104885]: DEBUG neutron.notifiers.nova [None req-2f6e1780-067b-4ace-b0d3-113dbac9e9cb tempest-PortsAdminExtendedAttrsTestJSON-2062763328 tempest-PortsAdminExtendedAttrsTestJSON-2062763328-project-admin] device_id is not set on port e6e424fa-6fde-4eae-bbdb-207c66ac9337 yet. {{(pid=104885) _can_notify /opt/stack/neutron/neutron/notifiers/nova.py:199}}
Jul 20 21:34:21.545024 dv-neutron-840421-20-hyperv neutron-server[104885]: DEBUG neutron_lib.callbacks.manager [None req-51d8caac-5bac-4e7e-b82f-5ab3cbc81d11 tempest-ExternalNetworksTestJSON-1093532018 tempest-ExternalNetworksTestJSON-1093532018-project-admin] Publish callbacks ['neutron.api.rpc.agentnotifiers.dhcp_rpc_agent_api.DhcpAgentNotifyAPI._send_dhcp_notification-725992'] for network (None), before_response {{(pid=104885) _notify_loop /usr/local/lib/python3.8/dist-packages/neutron_lib/callbacks/manager.py:176}}
Jul 20 21:34:21.548850 dv-neutron-840421-20-hyperv neutron-server[104885]: INFO neutron.wsgi [None req-51d8caac-5bac-4e7e-b82f-5ab3cbc81d11 tempest-ExternalNetworksTestJSON-1093532018 tempest-ExternalNetworksTestJSON-1093532018-project-admin] 10.222.0.65 "DELETE /v2.0/networks/89559d7f-3b7b-4a87-85aa-923bebdfe8c0 HTTP/1.1" status: 204 len: 168 time: 1.9413280
Jul 20 21:34:21.583538 dv-neutron-840421-20-hyperv neutron-server[104885]: DEBUG neutron.wsgi [-] (104885) accepted ('10.222.0.65', 38592) {{(pid=104885) server /usr/local/lib/python3.8/dist-packages/eventlet/wsgi.py:1004}}
Jul 20 21:34:21.587417 dv-neutron-840421-20-hyperv neutron-server[104886]: DEBUG neutron.plugins.ml2.plugin [None req-1b1dd1b6-31f7-4587-a6c5-79b071775b55 None None] Current status of the port 80bc31d9-3db6-4e7c-9619-c7c8cfb80f5d is: ACTIVE; New status is: ACTIVE {{(pid=104886) _update_individual_port_db_status /opt/stack/neutron/neutron/plugins/ml2/plugin.py:2292}}
Jul 20 21:34:21.588824 dv-neutron-840421-20-hyperv neutron-server[104886]: DEBUG neutron.plugins.ml2.rpc [None req-1b1dd1b6-31f7-4587-a6c5-79b071775b55 None None] Device 03ed8722-12de-4bd2-ab3c-116064914fd5 up at agent ovs-agent-dv-neutron-840421-20-hyperv {{(pid=104886) update_device_up /opt/stack/neutron/neutron/plugins/ml2/rpc.py:296}}
Jul 20 21:34:21.590027 dv-neutron-840421-20-hyperv neutron-server[104885]: DEBUG neutron.api.v2.base [None req-cadd9868-0bb8-4e59-ac35-bf99772a5d76 tempest-ExternalNetworksTestJSON-1093532018 tempest-ExternalNetworksTestJSON-1093532018-project-admin] Request body: {'network': {'name': 'tempest-network--1111988024', 'router:external': True}} {{(pid=104885) prepare_request_body /opt/stack/neutron/neutron/api/v2/base.py:730}}
Jul 20 21:34:21.608700 dv-neutron-840421-20-hyperv neutron-server[104885]: DEBUG neutron_lib.callbacks.manager [None req-2f6e1780-067b-4ace-b0d3-113dbac9e9cb tempest-PortsAdminExtendedAttrsTestJSON-2062763328 tempest-PortsAdminExtendedAttrsTestJSON-2062763328-project-admin] Publish callbacks [] for port (e6e424fa-6fde-4eae-bbdb-207c66ac9337), precommit_create {{(pid=104885) _notify_loop /usr/local/lib/python3.8/dist-packages/neutron_lib/callbacks/manager.py:176}}
Jul 20 21:34:21.619617 dv-neutron-840421-20-hyperv neutron-server[104885]: DEBUG neutron.pecan_wsgi.hooks.quota_enforcement [None req-cadd9868-0bb8-4e59-ac35-bf99772a5d76 tempest-ExternalNetworksTestJSON-1093532018 tempest-ExternalNetworksTestJSON-1093532018-project-admin] Made reservation on behalf of 5b28ca86d3224a619ac137f8eebaed1f for: {'network': 1} {{(pid=104885) before /opt/stack/neutron/neutron/pecan_wsgi/hooks/quota_enforcement.py:53}}
Jul 20 21:34:21.622552 dv-neutron-840421-20-hyperv neutron-server[104885]: DEBUG neutron_lib.callbacks.manager [None req-cadd9868-0bb8-4e59-ac35-bf99772a5d76 tempest-ExternalNetworksTestJSON-1093532018 tempest-ExternalNetworksTestJSON-1093532018-project-admin] Publish callbacks ['neutron.plugins.ml2.plugin.SecurityGroupDbMixin._ensure_default_security_group_handler-3554672'] for network (None), before_create {{(pid=104885) _notify_loop /usr/local/lib/python3.8/dist-packages/neutron_lib/callbacks/manager.py:176}}
Jul 20 21:34:21.655892 dv-neutron-840421-20-hyperv neutron-server[104885]: DEBUG neutron_lib.callbacks.manager [None req-2f6e1780-067b-4ace-b0d3-113dbac9e9cb tempest-PortsAdminExtendedAttrsTestJSON-2062763328 tempest-PortsAdminExtendedAttrsTestJSON-2062763328-project-admin] Publish callbacks ['neutron.plugins.ml2.plugin.SecurityGroupServerNotifierRpcMixin._notify_sg_on_port_change-3553971', 'neutron.plugins.ml2.ovo_rpc._ObjectChangeHandler.handle_event-966410', 'neutron.api.rpc.agentnotifiers.dhcp_rpc_agent_api.DhcpAgentNotifyAPI._native_event_send_dhcp_notification-726010', 'neutron.db.l3_dvrscheduler_db._notify_l3_agent_new_port-8756059549422', 'neutron.services.segments.plugin.NovaSegmentNotifier._notify_port_created_or_deleted-11616188'] for port (e6e424fa-6fde-4eae-bbdb-207c66ac9337), after_create {{(pid=104885) _notify_loop /usr/local/lib/python3.8/dist-packages/neutron_lib/callbacks/manager.py:176}}
Jul 20 21:34:21.701823 dv-neutron-840421-20-hyperv neutron-server[104886]: DEBUG neutron.db.provisioning_blocks [None req-1b1dd1b6-31f7-4587-a6c5-79b071775b55 None None] Provisioning complete for port 03ed8722-12de-4bd2-ab3c-116064914fd5 triggered by entity L2. {{(pid=104886) provisioning_complete /opt/stack/neutron/neutron/db/provisioning_blocks.py:145}}
Jul 20 21:34:21.702247 dv-neutron-840421-20-hyperv neutron-server[104886]: DEBUG neutron_lib.callbacks.manager [None req-1b1dd1b6-31f7-4587-a6c5-79b071775b55 None None] Publish callbacks ['neutron.plugins.ml2.plugin.Ml2Plugin._port_provisioned-3778721'] for port (03ed8722-12de-4bd2-ab3c-116064914fd5), provisioning_complete {{(pid=104886) _notify_loop /usr/local/lib/python3.8/dist-packages/neutron_lib/callbacks/manager.py:176}}
Jul 20 21:34:21.780647 dv-neutron-840421-20-hyperv neutron-server[104884]: DEBUG neutron_lib.callbacks.manager [None req-7bef6104-7a20-4b32-ae25-1cf20514adce tempest-MeteringTestJSON-518238111 tempest-MeteringTestJSON-518238111-project-admin] Publish callbacks [] for metering_label (None), before_response {{(pid=104884) _notify_loop /usr/local/lib/python3.8/dist-packages/neutron_lib/callbacks/manager.py:176}}
Jul 20 21:34:21.781837 dv-neutron-840421-20-hyperv neutron-server[104884]: INFO neutron.wsgi [None req-7bef6104-7a20-4b32-ae25-1cf20514adce tempest-MeteringTestJSON-518238111 tempest-MeteringTestJSON-518238111-project-admin] 10.222.0.65 "DELETE /v2.0/metering/metering-labels/f7b9f00f-1503-4d28-9ecc-7cb9395cf335 HTTP/1.1" status: 204 len: 168 time: 0.5095167
Jul 20 21:34:21.785898 dv-neutron-840421-20-hyperv neutron-server[104886]: DEBUG neutron.plugins.ml2.plugin [None req-32086ce9-7c19-4336-9cd5-53791674ffcf None None] Current status of the port cf071ad2-3b48-471a-8d3a-bb445873b70a is: ACTIVE; New status is: ACTIVE {{(pid=104886) _update_individual_port_db_status /opt/stack/neutron/neutron/plugins/ml2/plugin.py:2292}}
Jul 20 21:34:21.791212 dv-neutron-840421-20-hyperv neutron-server[104884]: DEBUG neutron.wsgi [-] (104884) accepted ('10.222.0.65', 38594) {{(pid=104884) server /usr/local/lib/python3.8/dist-packages/eventlet/wsgi.py:1004}}
Jul 20 21:34:21.801361 dv-neutron-840421-20-hyperv neutron-server[104886]: DEBUG neutron.db.provisioning_blocks [None req-32086ce9-7c19-4336-9cd5-53791674ffcf None None] Provisioning complete for port d85c1a73-2c00-4997-9890-a81eaeb65caf triggered by entity DHCP. {{(pid=104886) provisioning_complete /opt/stack/neutron/neutron/db/provisioning_blocks.py:145}}
Jul 20 21:34:21.802019 dv-neutron-840421-20-hyperv neutron-server[104886]: DEBUG neutron_lib.callbacks.manager [None req-32086ce9-7c19-4336-9cd5-53791674ffcf None None] Publish callbacks ['neutron.plugins.ml2.plugin.Ml2Plugin._port_provisioned-3778721'] for port (d85c1a73-2c00-4997-9890-a81eaeb65caf), provisioning_complete {{(pid=104886) _notify_loop /usr/local/lib/python3.8/dist-packages/neutron_lib/callbacks/manager.py:176}}
Jul 20 21:34:21.803516 dv-neutron-840421-20-hyperv neutron-server[104886]: DEBUG dbcounter [-] [104886] Writing DB stats neutron:SELECT=100 {{(pid=104886) stat_writer /usr/local/lib/python3.8/dist-packages/dbcounter.py:114}}
Jul 20 21:34:21.809634 dv-neutron-840421-20-hyperv neutron-server[104885]: DEBUG neutron.plugins.ml2.drivers.helpers [None req-cadd9868-0bb8-4e59-ac35-bf99772a5d76 tempest-ExternalNetworksTestJSON-1093532018 tempest-ExternalNetworksTestJSON-1093532018-project-admin] vlan segment allocate from pool success with {'vlan_id': 764, 'physical_network': 'physnet1'} {{(pid=104885) allocate_partially_specified_segment /opt/stack/neutron/neutron/plugins/ml2/drivers/helpers.py:153}}
Jul 20 21:34:21.824892 dv-neutron-840421-20-hyperv neutron-server[104885]: DEBUG neutron_lib.callbacks.manager [None req-cadd9868-0bb8-4e59-ac35-bf99772a5d76 tempest-ExternalNetworksTestJSON-1093532018 tempest-ExternalNetworksTestJSON-1093532018-project-admin] Publish callbacks ['neutron.plugins.ml2.plugin.Ml2Plugin._handle_segment_change-3606714'] for segment (232ba77e-13fe-4d68-bc66-e781e11e6aa8), precommit_create {{(pid=104885) _notify_loop /usr/local/lib/python3.8/dist-packages/neutron_lib/callbacks/manager.py:176}}
Jul 20 21:34:21.825232 dv-neutron-840421-20-hyperv neutron-server[104885]: INFO neutron.db.segments_db [None req-cadd9868-0bb8-4e59-ac35-bf99772a5d76 tempest-ExternalNetworksTestJSON-1093532018 tempest-ExternalNetworksTestJSON-1093532018-project-admin] Added segment 232ba77e-13fe-4d68-bc66-e781e11e6aa8 of type vlan for network 7b1c319d-f3fb-45b2-9229-e2aab1899f49
Jul 20 21:34:21.855502 dv-neutron-840421-20-hyperv neutron-server[104884]: INFO neutron.wsgi [None req-b656051b-f255-4aeb-992e-e95f26f9ddb6 tempest-MeteringTestJSON-518238111 tempest-MeteringTestJSON-518238111-project-admin] 10.222.0.65 "GET /v2.0/metering/metering-labels?id=f7b9f00f-1503-4d28-9ecc-7cb9395cf335 HTTP/1.1" status: 200 len: 216 time: 0.0612218
Jul 20 21:34:21.885746 dv-neutron-840421-20-hyperv neutron-server[104884]: DEBUG neutron.wsgi [-] (104884) accepted ('10.222.0.65', 38596) {{(pid=104884) server /usr/local/lib/python3.8/dist-packages/eventlet/wsgi.py:1004}}
Jul 20 21:34:21.887378 dv-neutron-840421-20-hyperv neutron-server[104884]: DEBUG neutron.db.db_base_plugin_common [None req-ba3a82e9-5c95-4de1-b61c-cb50fc1a4f25 tempest-AllowedAddressPairIpV6TestJSON-1476792789 tempest-AllowedAddressPairIpV6TestJSON-1476792789-project] Allocated IP 2001:db8::23f (4e6e11d3-4e0b-429a-abe3-f0ae179a6102/e85aac1c-97f5-42c3-96b7-d3297ae4af94/8ff05aee-314e-4406-8d96-9aa02d6f4db1) {{(pid=104884) _store_ip_allocation /opt/stack/neutron/neutron/db/db_base_plugin_common.py:131}}
Jul 20 21:34:21.896172 dv-neutron-840421-20-hyperv neutron-server[104885]: DEBUG neutron_lib.callbacks.manager [None req-cadd9868-0bb8-4e59-ac35-bf99772a5d76 tempest-ExternalNetworksTestJSON-1093532018 tempest-ExternalNetworksTestJSON-1093532018-project-admin] Publish callbacks ['neutron.services.auto_allocate.db._ensure_external_network_default_value_callback-8756059534641'] for network (7b1c319d-f3fb-45b2-9229-e2aab1899f49), precommit_create {{(pid=104885) _notify_loop /usr/local/lib/python3.8/dist-packages/neutron_lib/callbacks/manager.py:176}}
Jul 20 21:34:21.912197 dv-neutron-840421-20-hyperv neutron-server[104884]: DEBUG dbcounter [-] [104884] Writing DB stats neutron:SELECT=87,neutron:INSERT=10,neutron:UPDATE=3 {{(pid=104884) stat_writer /usr/local/lib/python3.8/dist-packages/dbcounter.py:114}}
Jul 20 21:34:21.937182 dv-neutron-840421-20-hyperv neutron-server[104885]: DEBUG dbcounter [-] [104885] Writing DB stats neutron:SELECT=80,neutron:UPDATE=6,neutron:INSERT=9,neutron:DELETE=5 {{(pid=104885) stat_writer /usr/local/lib/python3.8/dist-packages/dbcounter.py:114}}
Jul 20 21:34:21.960738 dv-neutron-840421-20-hyperv neutron-server[104885]: DEBUG neutron_lib.callbacks.manager [None req-cadd9868-0bb8-4e59-ac35-bf99772a5d76 tempest-ExternalNetworksTestJSON-1093532018 tempest-ExternalNetworksTestJSON-1093532018-project-admin] Publish callbacks ['neutron.plugins.ml2.ovo_rpc._ObjectChangeHandler.handle_event-769299', 'neutron.api.rpc.agentnotifiers.dhcp_rpc_agent_api.DhcpAgentNotifyAPI._native_event_send_dhcp_notification-726010'] for network (7b1c319d-f3fb-45b2-9229-e2aab1899f49), after_create {{(pid=104885) _notify_loop /usr/local/lib/python3.8/dist-packages/neutron_lib/callbacks/manager.py:176}}
Jul 20 21:34:21.961142 dv-neutron-840421-20-hyperv neutron-server[104886]: DEBUG neutron.plugins.ml2.plugin [None req-1b1dd1b6-31f7-4587-a6c5-79b071775b55 None None] Current status of the port 03ed8722-12de-4bd2-ab3c-116064914fd5 is: ACTIVE; New status is: ACTIVE {{(pid=104886) _update_individual_port_db_status /opt/stack/neutron/neutron/plugins/ml2/plugin.py:2292}}
Jul 20 21:34:21.962099 dv-neutron-840421-20-hyperv neutron-server[104885]: DEBUG neutron.pecan_wsgi.hooks.policy_enforcement [None req-cadd9868-0bb8-4e59-ac35-bf99772a5d76 tempest-ExternalNetworksTestJSON-1093532018 tempest-ExternalNetworksTestJSON-1093532018-project-admin] Attributes excluded by policy engine: ['standard_attr_id', 'vlan_transparent'] {{(pid=104885) _exclude_attributes_by_policy /opt/stack/neutron/neutron/pecan_wsgi/hooks/policy_enforcement.py:259}}
Jul 20 21:34:21.962294 dv-neutron-840421-20-hyperv neutron-server[104886]: DEBUG neutron.plugins.ml2.rpc [None req-1b1dd1b6-31f7-4587-a6c5-79b071775b55 None None] Device d85c1a73-2c00-4997-9890-a81eaeb65caf up at agent ovs-agent-dv-neutron-840421-20-hyperv {{(pid=104886) update_device_up /opt/stack/neutron/neutron/plugins/ml2/rpc.py:296}}
Jul 20 21:34:21.963269 dv-neutron-840421-20-hyperv neutron-server[104885]: DEBUG neutron_lib.callbacks.manager [None req-cadd9868-0bb8-4e59-ac35-bf99772a5d76 tempest-ExternalNetworksTestJSON-1093532018 tempest-ExternalNetworksTestJSON-1093532018-project-admin] Publish callbacks ['neutron.api.rpc.agentnotifiers.dhcp_rpc_agent_api.DhcpAgentNotifyAPI._send_dhcp_notification-725992'] for network (None), before_response {{(pid=104885) _notify_loop /usr/local/lib/python3.8/dist-packages/neutron_lib/callbacks/manager.py:176}}
Jul 20 21:34:21.981676 dv-neutron-840421-20-hyperv neutron-server[104884]: INFO neutron.wsgi [None req-13b9ae65-52b0-46e5-ab4e-f98387836d21 tempest-MeteringTestJSON-518238111 tempest-MeteringTestJSON-518238111-project-admin] 10.222.0.65 "GET /v2.0/metering/metering-label-rules?id=33 HTTP/1.1" status: 200 len: 221 time: 0.0919037
Jul 20 21:34:22.003233 dv-neutron-840421-20-hyperv neutron-server[104884]: DEBUG neutron.wsgi [-] (104884) accepted ('10.222.0.65', 38598) {{(pid=104884) server /usr/local/lib/python3.8/dist-packages/eventlet/wsgi.py:1004}}
Jul 20 21:34:22.039539 dv-neutron-840421-20-hyperv neutron-server[104885]: DEBUG neutron.api.rpc.handlers.resources_rpc [None req-2f6e1780-067b-4ace-b0d3-113dbac9e9cb tempest-PortsAdminExtendedAttrsTestJSON-2062763328 tempest-PortsAdminExtendedAttrsTestJSON-2062763328-project-admin] Pushing event updated for resources: {'Port': ['ID=e6e424fa-6fde-4eae-bbdb-207c66ac9337,revision_number=1']} {{(pid=104885) push /opt/stack/neutron/neutron/api/rpc/handlers/resources_rpc.py:237}}
Jul 20 21:34:22.048767 dv-neutron-840421-20-hyperv neutron-server[104884]: DEBUG neutron_lib.callbacks.manager [None req-e98884ba-26c5-4107-aca4-c46dc8fb74a6 tempest-ServerActionsTestJSON-1419925728 tempest-ServerActionsTestJSON-1419925728-project] Publish callbacks [] for port (7f180c5f-a707-45e7-b680-39286ddd6647), precommit_create {{(pid=104884) _notify_loop /usr/local/lib/python3.8/dist-packages/neutron_lib/callbacks/manager.py:176}}
Jul 20 21:34:22.058706 dv-neutron-840421-20-hyperv neutron-server[104884]: DEBUG neutron_lib.callbacks.manager [None req-9f1c1d70-4736-4599-a5dc-1fd3f2cd3b20 tempest-PortsAdminExtendedAttrsIpV6TestJSON-582601640 tempest-PortsAdminExtendedAttrsIpV6TestJSON-582601640-project-admin] Publish callbacks [] for port (f27a40fe-ace5-4445-a749-c77c0f7c80e4), precommit_create {{(pid=104884) _notify_loop /usr/local/lib/python3.8/dist-packages/neutron_lib/callbacks/manager.py:176}}
Jul 20 21:34:22.065876 dv-neutron-840421-20-hyperv neutron-server[104884]: INFO neutron.wsgi [None req-6222d075-8bab-4012-95b3-abef4c5340fb tempest-MeteringTestJSON-518238111 tempest-MeteringTestJSON-518238111-project-admin] 10.222.0.65 "GET /v2.0/metering/metering-labels?id=33 HTTP/1.1" status: 200 len: 216 time: 0.0599008
Jul 20 21:34:22.071396 dv-neutron-840421-20-hyperv neutron-server[104885]: DEBUG neutron.wsgi [-] (104885) accepted ('10.222.0.65', 38600) {{(pid=104885) server /usr/local/lib/python3.8/dist-packages/eventlet/wsgi.py:1004}}
Jul 20 21:34:22.082184 dv-neutron-840421-20-hyperv neutron-server[104885]: INFO neutron.wsgi [None req-cadd9868-0bb8-4e59-ac35-bf99772a5d76 tempest-ExternalNetworksTestJSON-1093532018 tempest-ExternalNetworksTestJSON-1093532018-project-admin] 10.222.0.65 "POST /v2.0/networks HTTP/1.1" status: 201 len: 863 time: 0.4969020
Jul 20 21:34:22.085663 dv-neutron-840421-20-hyperv neutron-server[104884]: DEBUG neutron.wsgi [-] (104884) accepted ('10.222.0.65', 38602) {{(pid=104884) server /usr/local/lib/python3.8/dist-packages/eventlet/wsgi.py:1004}}
Jul 20 21:34:22.092600 dv-neutron-840421-20-hyperv neutron-server[104886]: DEBUG neutron.db.l3_hamode_db [None req-1ee2ab77-3f09-45da-a4c8-41c471384c06 None None] neutron.services.l3_router.l3_router_plugin.L3RouterPlugin method _process_sync_ha_data called with arguments (, [{'id': 'b696ff11-48d2-40f8-aada-78e62ddcbc7a', 'name': 'tempest-ServersTestManualDisk-738871053-router', 'tenant_id': '8ef0ed5e5b8944c8828b990cc1473062', 'admin_state_up': True, 'status': 'ACTIVE', 'external_gateway_info': {'network_id': '6a286e5e-ef36-4153-9d65-539e3c213faf', 'external_fixed_ips': [{'subnet_id': '672e6f69-6496-4a8a-962e-bbb512917d30', 'ip_address': '172.26.5.17'}], 'enable_snat': True}, 'gw_port_id': 'dcf24c16-9564-45c6-92cf-e77d1ce188f6', 'description': '', 'availability_zones': ['nova'], 'distributed': False, 'ha': False, 'ha_vr_id': 0, 'availability_zone_hints': [], 'routes': [], 'flavor_id': None, 'tags': [], 'created_at': '2022-07-20T21:33:58Z', 'updated_at': '2022-07-20T21:34:12Z', 'revision_number': 4, 'project_id': '8ef0ed5e5b8944c8828b990cc1473062', 'gw_port': {'id': 'dcf24c16-9564-45c6-92cf-e77d1ce188f6', 'name': '', 'network_id': '6a286e5e-ef36-4153-9d65-539e3c213faf', 'tenant_id': '', 'mac_address': 'fa:16:3e:dd:77:2e', 'admin_state_up': True, 'status': 'ACTIVE', 'device_id': 'b696ff11-48d2-40f8-aada-78e62ddcbc7a', 'device_owner': 'network:router_gateway', 'standard_attr_id': 90, 'fixed_ips': [{'subnet_id': '672e6f69-6496-4a8a-962e-bbb512917d30', 'ip_address': '172.26.5.17', 'prefixlen': 24}], 'allowed_address_pairs': [], 'extra_dhcp_opts': [], 'security_groups': [], 'description': '', 'binding:vnic_type': 'normal', 'binding:profile': {}, 'binding:host_id': 'dv-neutron-840421-20-hyperv', 'binding:vif_type': 'ovs', 'binding:vif_details': {'connectivity': 'l2', 'port_filter': True, 'ovs_hybrid_plug': False, 'datapath_type': 'system', 'bridge_name': 'br-int', 'bound_drivers': {'0': 'openvswitch'}}, 'port_security_enabled': False, 'tags': [], 'created_at': '2022-07-20T21:34:00Z', 'updated_at': '2022-07-20T21:34:15Z', 'revision_number': 4, 'project_id': '', 'subnets': [{'id': '672e6f69-6496-4a8a-962e-bbb512917d30', 'cidr': '172.26.5.0/24', 'gateway_ip': '172.26.5.1', 'dns_nameservers': [], 'ipv6_ra_mode': None, 'subnetpool_id': None}], 'extra_subnets': [], 'address_scopes': {4: None, 6: None}, 'mtu': 1500}, 'enable_snat': True, 'gw_port_host': 'dv-neutron-840421-20-hyperv', '_interfaces': [{'id': 'cf071ad2-3b48-471a-8d3a-bb445873b70a', 'name': '', 'network_id': '5dc408ac-de04-4ece-90a4-ac968ccb0740', 'tenant_id': '8ef0ed5e5b8944c8828b990cc1473062', 'mac_address': 'fa:16:3e:2e:16:39', 'admin_state_up': True, 'status': 'DOWN', 'device_id': 'b696ff11-48d2-40f8-aada-78e62ddcbc7a', 'device_owner': 'network:router_interface', 'standard_attr_id': 136, 'fixed_ips': [{'subnet_id': 'f14682b5-d83a-4cd4-9784-4ad956664413', 'ip_address': '172.20.0.1', 'prefixlen': 28}], 'allowed_address_pairs': [], 'extra_dhcp_opts': [], 'security_groups': [], 'description': '', 'binding:vnic_type': 'normal', 'binding:profile': {}, 'binding:host_id': 'dv-neutron-840421-20-hyperv', 'binding:vif_type': 'ovs', 'binding:vif_details': {'connectivity': 'l2', 'port_filter': True, 'ovs_hybrid_plug': False, 'datapath_type': 'system', 'bridge_name': 'br-int', 'bound_drivers': {'0': 'openvswitch'}}, 'port_security_enabled': False, 'tags': [], 'created_at': '2022-07-20T21:34:09Z', 'updated_at': '2022-07-20T21:34:20Z', 'revision_number': 4, 'project_id': '8ef0ed5e5b8944c8828b990cc1473062', 'subnets': [{'id': 'f14682b5-d83a-4cd4-9784-4ad956664413', 'cidr': '172.20.0.0/28', 'gateway_ip': '172.20.0.1', 'dns_nameservers': [], 'ipv6_ra_mode': None, 'subnetpool_id': None}], 'extra_subnets': [], 'address_scopes': {4: None, 6: None}, 'mtu': 1500}]}], 'dv-neutron-840421-20-hyperv', False) {} {{(pid=104886) wrapper /usr/local/lib/python3.8/dist-packages/oslo_log/helpers.py:65}}
Jul 20 21:34:22.129147 dv-neutron-840421-20-hyperv neutron-server[104884]: DEBUG dbcounter [-] [104884] Writing DB stats neutron:SELECT=85,neutron:UPDATE=7,neutron:INSERT=7,neutron:DELETE=1 {{(pid=104884) stat_writer /usr/local/lib/python3.8/dist-packages/dbcounter.py:114}}
Jul 20 21:34:22.139854 dv-neutron-840421-20-hyperv neutron-server[104885]: DEBUG neutron.pecan_wsgi.hooks.policy_enforcement [req-b0616264-d198-4cef-92e1-2a64da0350b7 req-37670687-cc40-4eb3-9dd4-68729d985679 tempest-ServersTestJSON-1936810537 tempest-ServersTestJSON-1936810537-project] Attributes excluded by policy engine: ['standard_attr_id', 'vlan_transparent', 'provider:network_type', 'provider:physical_network', 'provider:segmentation_id'] {{(pid=104885) _exclude_attributes_by_policy /opt/stack/neutron/neutron/pecan_wsgi/hooks/policy_enforcement.py:259}}
Jul 20 21:34:22.143408 dv-neutron-840421-20-hyperv neutron-server[104886]: DEBUG neutron.api.rpc.handlers.l3_rpc [None req-1ee2ab77-3f09-45da-a4c8-41c471384c06 None None] The sync data for ids ['b696ff11-48d2-40f8-aada-78e62ddcbc7a'] in dv-neutron-840421-20-hyperv is: [{'id': 'b696ff11-48d2-40f8-aada-78e62ddcbc7a', 'name': 'tempest-ServersTestManualDisk-738871053-router', 'tenant_id': '8ef0ed5e5b8944c8828b990cc1473062', 'admin_state_up': True, 'status': 'ACTIVE', 'external_gateway_info': {'network_id': '6a286e5e-ef36-4153-9d65-539e3c213faf', 'external_fixed_ips': [{'subnet_id': '672e6f69-6496-4a8a-962e-bbb512917d30', 'ip_address': '172.26.5.17'}], 'enable_snat': True}, 'gw_port_id': 'dcf24c16-9564-45c6-92cf-e77d1ce188f6', 'description': '', 'availability_zones': ['nova'], 'distributed': False, 'ha': False, 'ha_vr_id': 0, 'availability_zone_hints': [], 'routes': [], 'flavor_id': None, 'tags': [], 'created_at': '2022-07-20T21:33:58Z', 'updated_at': '2022-07-20T21:34:12Z', 'revision_number': 4, 'project_id': '8ef0ed5e5b8944c8828b990cc1473062', 'gw_port': {'id': 'dcf24c16-9564-45c6-92cf-e77d1ce188f6', 'name': '', 'network_id': '6a286e5e-ef36-4153-9d65-539e3c213faf', 'tenant_id': '', 'mac_address': 'fa:16:3e:dd:77:2e', 'admin_state_up': True, 'status': 'ACTIVE', 'device_id': 'b696ff11-48d2-40f8-aada-78e62ddcbc7a', 'device_owner': 'network:router_gateway', 'standard_attr_id': 90, 'fixed_ips': [{'subnet_id': '672e6f69-6496-4a8a-962e-bbb512917d30', 'ip_address': '172.26.5.17', 'prefixlen': 24}], 'allowed_address_pairs': [], 'extra_dhcp_opts': [], 'security_groups': [], 'description': '', 'binding:vnic_type': 'normal', 'binding:profile': {}, 'binding:host_id': 'dv-neutron-840421-20-hyperv', 'binding:vif_type': 'ovs', 'binding:vif_details': {'connectivity': 'l2', 'port_filter': True, 'ovs_hybrid_plug': False, 'datapath_type': 'system', 'bridge_name': 'br-int', 'bound_drivers': {'0': 'openvswitch'}}, 'port_security_enabled': False, 'tags': [], 'created_at': '2022-07-20T21:34:00Z', 'updated_at': '2022-07-20T21:34:15Z', 'revision_number': 4, 'project_id': '', 'subnets': [{'id': '672e6f69-6496-4a8a-962e-bbb512917d30', 'cidr': '172.26.5.0/24', 'gateway_ip': '172.26.5.1', 'dns_nameservers': [], 'ipv6_ra_mode': None, 'subnetpool_id': None}], 'extra_subnets': [], 'address_scopes': {4: None, 6: None}, 'mtu': 1500}, 'enable_snat': True, 'gw_port_host': 'dv-neutron-840421-20-hyperv', '_interfaces': [{'id': 'cf071ad2-3b48-471a-8d3a-bb445873b70a', 'name': '', 'network_id': '5dc408ac-de04-4ece-90a4-ac968ccb0740', 'tenant_id': '8ef0ed5e5b8944c8828b990cc1473062', 'mac_address': 'fa:16:3e:2e:16:39', 'admin_state_up': True, 'status': 'DOWN', 'device_id': 'b696ff11-48d2-40f8-aada-78e62ddcbc7a', 'device_owner': 'network:router_interface', 'standard_attr_id': 136, 'fixed_ips': [{'subnet_id': 'f14682b5-d83a-4cd4-9784-4ad956664413', 'ip_address': '172.20.0.1', 'prefixlen': 28}], 'allowed_address_pairs': [], 'extra_dhcp_opts': [], 'security_groups': [], 'description': '', 'binding:vnic_type': 'normal', 'binding:profile': {}, 'binding:host_id': 'dv-neutron-840421-20-hyperv', 'binding:vif_type': 'ovs', 'binding:vif_details': {'connectivity': 'l2', 'port_filter': True, 'ovs_hybrid_plug': False, 'datapath_type': 'system', 'bridge_name': 'br-int', 'bound_drivers': {'0': 'openvswitch'}}, 'port_security_enabled': False, 'tags': [], 'created_at': '2022-07-20T21:34:09Z', 'updated_at': '2022-07-20T21:34:20Z', 'revision_number': 4, 'project_id': '8ef0ed5e5b8944c8828b990cc1473062', 'subnets': [{'id': 'f14682b5-d83a-4cd4-9784-4ad956664413', 'cidr': '172.20.0.0/28', 'gateway_ip': '172.20.0.1', 'dns_nameservers': [], 'ipv6_ra_mode': None, 'subnetpool_id': None}], 'extra_subnets': [], 'address_scopes': {4: None, 6: None}, 'mtu': 1500}]}] {{(pid=104886) sync_routers /opt/stack/neutron/neutron/api/rpc/handlers/l3_rpc.py:137}}
Jul 20 21:34:22.147895 dv-neutron-840421-20-hyperv neutron-server[104885]: INFO neutron.wsgi [req-b0616264-d198-4cef-92e1-2a64da0350b7 req-37670687-cc40-4eb3-9dd4-68729d985679 tempest-ServersTestJSON-1936810537 tempest-ServersTestJSON-1936810537-project] 10.222.0.65 "GET /v2.0/networks?id=23411273-8fc1-4e62-b0e4-489744809574 HTTP/1.1" status: 200 len: 805 time: 0.6430757
Jul 20 21:34:22.173626 dv-neutron-840421-20-hyperv neutron-server[104885]: DEBUG neutron.plugins.ml2.drivers.mech_agent [None req-2f6e1780-067b-4ace-b0d3-113dbac9e9cb tempest-PortsAdminExtendedAttrsTestJSON-2062763328 tempest-PortsAdminExtendedAttrsTestJSON-2062763328-project-admin] Checking segment: {'id': 'df0356a1-7af2-466b-820a-462302e65206', 'network_type': 'vlan', 'physical_network': 'physnet1', 'segmentation_id': 760, 'network_id': 'c20c5496-fc59-4112-b06b-089ecb28cd12'} for mappings: {'physnet1': 'br-data'} with network types: ['local', 'flat', 'vlan'] {{(pid=104885) check_segment_for_agent /opt/stack/neutron/neutron/plugins/ml2/drivers/mech_agent.py:373}}
Jul 20 21:34:22.174260 dv-neutron-840421-20-hyperv neutron-server[104885]: DEBUG neutron.scheduler.dhcp_agent_scheduler [None req-2f6e1780-067b-4ace-b0d3-113dbac9e9cb tempest-PortsAdminExtendedAttrsTestJSON-2062763328 tempest-PortsAdminExtendedAttrsTestJSON-2062763328-project-admin] Network hostable DHCP agents. Network: c20c5496-fc59-4112-b06b-089ecb28cd12, hostable agents: ['54509c28-3b78-406d-8554-693e2278a616'], hosted agents: [] {{(pid=104885) _get_network_hostable_dhcp_agents /opt/stack/neutron/neutron/scheduler/dhcp_agent_scheduler.py:329}}
Jul 20 21:34:22.208357 dv-neutron-840421-20-hyperv neutron-server[104886]: DEBUG neutron.db.provisioning_blocks [None req-1b1dd1b6-31f7-4587-a6c5-79b071775b55 None None] Provisioning complete for port d85c1a73-2c00-4997-9890-a81eaeb65caf triggered by entity L2. {{(pid=104886) provisioning_complete /opt/stack/neutron/neutron/db/provisioning_blocks.py:145}}
Jul 20 21:34:22.208746 dv-neutron-840421-20-hyperv neutron-server[104886]: DEBUG neutron_lib.callbacks.manager [None req-1b1dd1b6-31f7-4587-a6c5-79b071775b55 None None] Publish callbacks ['neutron.plugins.ml2.plugin.Ml2Plugin._port_provisioned-3778721'] for port (d85c1a73-2c00-4997-9890-a81eaeb65caf), provisioning_complete {{(pid=104886) _notify_loop /usr/local/lib/python3.8/dist-packages/neutron_lib/callbacks/manager.py:176}}
Jul 20 21:34:22.242234 dv-neutron-840421-20-hyperv neutron-server[104885]: INFO neutron.wsgi [req-b0616264-d198-4cef-92e1-2a64da0350b7 req-05a582d9-169d-48e1-b669-d99664cd4699 tempest-ServersTestJSON-1936810537 tempest-ServersTestJSON-1936810537-project] 10.222.0.65 "GET /v2.0/quotas/26dddb11ed204c5f9689a25630b624e5 HTTP/1.1" status: 200 len: 375 time: 0.0932477
Jul 20 21:34:22.250527 dv-neutron-840421-20-hyperv neutron-server[104885]: INFO neutron.wsgi [None req-1fc9c375-9c1f-46fe-a91a-59334b91a61b tempest-MeteringTestJSON-518238111 tempest-MeteringTestJSON-518238111-project-admin] 10.222.0.65 "GET /v2.0/metering/metering-labels/d76b65a0-d3e3-4361-9f2c-7e8571e6fbd6 HTTP/1.1" status: 200 len: 472 time: 0.1708941
Jul 20 21:34:22.252386 dv-neutron-840421-20-hyperv neutron-server[104885]: DEBUG neutron.wsgi [-] (104885) accepted ('10.222.0.65', 38604) {{(pid=104885) server /usr/local/lib/python3.8/dist-packages/eventlet/wsgi.py:1004}}
Jul 20 21:34:22.259213 dv-neutron-840421-20-hyperv neutron-server[104885]: DEBUG neutron.api.rpc.handlers.resources_rpc [None req-cadd9868-0bb8-4e59-ac35-bf99772a5d76 tempest-ExternalNetworksTestJSON-1093532018 tempest-ExternalNetworksTestJSON-1093532018-project-admin] Pushing event updated for resources: {'Network': ['ID=7b1c319d-f3fb-45b2-9229-e2aab1899f49,revision_number=1']} {{(pid=104885) push /opt/stack/neutron/neutron/api/rpc/handlers/resources_rpc.py:237}}
Jul 20 21:34:22.271214 dv-neutron-840421-20-hyperv neutron-server[104886]: DEBUG neutron.plugins.ml2.plugin [None req-32086ce9-7c19-4336-9cd5-53791674ffcf None None] Current status of the port d85c1a73-2c00-4997-9890-a81eaeb65caf is: DOWN; New status is: ACTIVE {{(pid=104886) _update_individual_port_db_status /opt/stack/neutron/neutron/plugins/ml2/plugin.py:2292}}
Jul 20 21:34:22.272226 dv-neutron-840421-20-hyperv neutron-server[104886]: DEBUG neutron_lib.callbacks.manager [None req-32086ce9-7c19-4336-9cd5-53791674ffcf None None] Publish callbacks ['neutron.plugins.ml2.plugin.SecurityGroupDbMixin._ensure_default_security_group_handler-3554672'] for port (d85c1a73-2c00-4997-9890-a81eaeb65caf), before_update {{(pid=104886) _notify_loop /usr/local/lib/python3.8/dist-packages/neutron_lib/callbacks/manager.py:176}}
Jul 20 21:34:22.274425 dv-neutron-840421-20-hyperv neutron-server[104884]: DEBUG neutron_lib.callbacks.manager [None req-e98884ba-26c5-4107-aca4-c46dc8fb74a6 tempest-ServerActionsTestJSON-1419925728 tempest-ServerActionsTestJSON-1419925728-project] Publish callbacks ['neutron.plugins.ml2.plugin.SecurityGroupServerNotifierRpcMixin._notify_sg_on_port_change-3553971', 'neutron.plugins.ml2.ovo_rpc._ObjectChangeHandler.handle_event-966410', 'neutron.api.rpc.agentnotifiers.dhcp_rpc_agent_api.DhcpAgentNotifyAPI._native_event_send_dhcp_notification-726010', 'neutron.db.l3_dvrscheduler_db._notify_l3_agent_new_port-8756059549422', 'neutron.services.segments.plugin.NovaSegmentNotifier._notify_port_created_or_deleted-7719602'] for port (7f180c5f-a707-45e7-b680-39286ddd6647), after_create {{(pid=104884) _notify_loop /usr/local/lib/python3.8/dist-packages/neutron_lib/callbacks/manager.py:176}}
Jul 20 21:34:22.283593 dv-neutron-840421-20-hyperv neutron-server[104886]: DEBUG neutron.plugins.ml2.rpc [None req-1b1dd1b6-31f7-4587-a6c5-79b071775b55 None None] Network 7b1c319d-f3fb-45b2-9229-e2aab1899f49 details requested by agent ovs-agent-dv-neutron-840421-20-hyperv with host dv-neutron-840421-20-hyperv {{(pid=104886) get_network_details /opt/stack/neutron/neutron/plugins/ml2/rpc.py:248}}
Jul 20 21:34:22.289311 dv-neutron-840421-20-hyperv neutron-server[104884]: DEBUG neutron_lib.callbacks.manager [None req-9f1c1d70-4736-4599-a5dc-1fd3f2cd3b20 tempest-PortsAdminExtendedAttrsIpV6TestJSON-582601640 tempest-PortsAdminExtendedAttrsIpV6TestJSON-582601640-project-admin] Publish callbacks ['neutron.plugins.ml2.plugin.SecurityGroupServerNotifierRpcMixin._notify_sg_on_port_change-3553971', 'neutron.plugins.ml2.ovo_rpc._ObjectChangeHandler.handle_event-966410', 'neutron.api.rpc.agentnotifiers.dhcp_rpc_agent_api.DhcpAgentNotifyAPI._native_event_send_dhcp_notification-726010', 'neutron.db.l3_dvrscheduler_db._notify_l3_agent_new_port-8756059549422', 'neutron.services.segments.plugin.NovaSegmentNotifier._notify_port_created_or_deleted-7719602'] for port (f27a40fe-ace5-4445-a749-c77c0f7c80e4), after_create {{(pid=104884) _notify_loop /usr/local/lib/python3.8/dist-packages/neutron_lib/callbacks/manager.py:176}}
Jul 20 21:34:22.301003 dv-neutron-840421-20-hyperv neutron-server[104885]: INFO neutron.wsgi [None req-a5d12ffe-53a1-48cb-9012-abbc65dc52f1 tempest-MeteringTestJSON-518238111 tempest-MeteringTestJSON-518238111-project-admin] 10.222.0.65 "GET /v2.0/metering/metering-label-rules/5bd02d08-b41b-4e6a-a05a-5da57204e353 HTTP/1.1" status: 200 len: 461 time: 0.0437477
Jul 20 21:34:22.349926 dv-neutron-840421-20-hyperv neutron-server[104885]: DEBUG neutron.wsgi [-] (104885) accepted ('10.222.0.65', 38606) {{(pid=104885) server /usr/local/lib/python3.8/dist-packages/eventlet/wsgi.py:1004}}
Jul 20 21:34:22.398553 dv-neutron-840421-20-hyperv neutron-server[104884]: DEBUG neutron.pecan_wsgi.hooks.policy_enforcement [None req-2edd519d-969e-46bc-bfa5-82594af1ec49 tempest-ExternalNetworksTestJSON-627300354 tempest-ExternalNetworksTestJSON-627300354-project] Attributes excluded by policy engine: ['standard_attr_id', 'vlan_transparent', 'provider:network_type', 'provider:physical_network', 'provider:segmentation_id'] {{(pid=104884) _exclude_attributes_by_policy /opt/stack/neutron/neutron/pecan_wsgi/hooks/policy_enforcement.py:259}}
Jul 20 21:34:22.402476 dv-neutron-840421-20-hyperv neutron-server[104884]: INFO neutron.wsgi [None req-2edd519d-969e-46bc-bfa5-82594af1ec49 tempest-ExternalNetworksTestJSON-627300354 tempest-ExternalNetworksTestJSON-627300354-project] 10.222.0.65 "GET /v2.0/networks/7b1c319d-f3fb-45b2-9229-e2aab1899f49 HTTP/1.1" status: 200 len: 757 time: 0.3123741
Jul 20 21:34:22.408901 dv-neutron-840421-20-hyperv neutron-server[104884]: DEBUG neutron.wsgi [-] (104884) accepted ('10.222.0.65', 38608) {{(pid=104884) server /usr/local/lib/python3.8/dist-packages/eventlet/wsgi.py:1004}}
Jul 20 21:34:22.417825 dv-neutron-840421-20-hyperv neutron-server[104885]: DEBUG dbcounter [-] [104885] Writing DB stats neutron:SELECT=92,neutron:DELETE=4,neutron:INSERT=3,neutron:UPDATE=1 {{(pid=104885) stat_writer /usr/local/lib/python3.8/dist-packages/dbcounter.py:114}}
