Jun 17 08:20:47.427750 dv-neutron-840420-7-hyperv neutron-server[105131]: DEBUG neutron_lib.callbacks.manager [None req-1595256c-3be3-4ac7-bfc1-c6b39310c254 None None] Publish callbacks ['neutron.plugins.ml2.plugin.Ml2Plugin._port_provisioned-3982920'] for port (d2b47672-2476-4cb0-8b04-a3e75bb66616), provisioning_complete {{(pid=105131) _notify_loop /usr/local/lib/python3.8/dist-packages/neutron_lib/callbacks/manager.py:176}}
Jun 17 08:20:47.464624 dv-neutron-840420-7-hyperv neutron-server[105130]: DEBUG neutron_lib.callbacks.manager [None req-6895b17f-7d81-4ea0-9c3a-e8e3a9d6bfb8 admin admin] Publish callbacks ['neutron.plugins.ml2.plugin.SecurityGroupDbMixin._ensure_default_security_group_handler-4154458'] for port (None), before_create {{(pid=105130) _notify_loop /usr/local/lib/python3.8/dist-packages/neutron_lib/callbacks/manager.py:176}}
Jun 17 08:20:47.474381 dv-neutron-840420-7-hyperv neutron-server[105131]: DEBUG neutron.plugins.ml2.plugin [None req-84964443-29c1-4142-9218-dbf6db3b58dd None None] Current status of the port d2b47672-2476-4cb0-8b04-a3e75bb66616 is: ACTIVE; New status is: ACTIVE {{(pid=105131) _update_individual_port_db_status /opt/stack/neutron/neutron/plugins/ml2/plugin.py:2298}}
Jun 17 08:20:47.477696 dv-neutron-840420-7-hyperv neutron-server[105129]: DEBUG neutron_lib.callbacks.manager [None req-240b82f9-652e-45ca-b604-48f2cc741df4 admin admin] Publish callbacks [] for router_controller (c5ca50d8-5e31-4bc7-8ad1-c94ef3048676), precommit_add_association {{(pid=105129) _notify_loop /usr/local/lib/python3.8/dist-packages/neutron_lib/callbacks/manager.py:176}}
Jun 17 08:20:47.515615 dv-neutron-840420-7-hyperv neutron-server[105129]: DEBUG neutron_lib.callbacks.manager [None req-d53f7662-c4e9-49b4-9e54-263d0489d165 admin admin] Publish callbacks ['neutron.services.l3_router.l3_router_plugin.L3_HA_NAT_db_mixin._after_router_create-770577', 'neutron.services.l3_router.l3_router_plugin.DVRResourceOperationHandler._create_snat_interfaces_after_change-770149'] for router (025b597e-50c3-4909-bc2f-fb9371c34db6), after_create {{(pid=105129) _notify_loop /usr/local/lib/python3.8/dist-packages/neutron_lib/callbacks/manager.py:176}}
Jun 17 08:20:47.732506 dv-neutron-840420-7-hyperv neutron-server[105130]: DEBUG neutron.pecan_wsgi.hooks.quota_enforcement [None req-98466a7b-b68f-453e-bc95-f2f784e7dcb2 tempest-DHCPAgentSchedulersTestJSON-137046749 tempest-DHCPAgentSchedulersTestJSON-137046749-project] Made reservation on behalf of fde6e84d7d5d4bc6b3aeced714b08f94 for: {'subnet': 1} {{(pid=105130) before /opt/stack/neutron/neutron/pecan_wsgi/hooks/quota_enforcement.py:53}}
Jun 17 08:20:47.738879 dv-neutron-840420-7-hyperv neutron-server[105130]: DEBUG neutron_lib.callbacks.manager [None req-98466a7b-b68f-453e-bc95-f2f784e7dcb2 tempest-DHCPAgentSchedulersTestJSON-137046749 tempest-DHCPAgentSchedulersTestJSON-137046749-project] Publish callbacks [] for subnet (None), before_create {{(pid=105130) _notify_loop /usr/local/lib/python3.8/dist-packages/neutron_lib/callbacks/manager.py:176}}
Jun 17 08:20:47.804985 dv-neutron-840420-7-hyperv neutron-server[105129]: DEBUG neutron_lib.callbacks.manager [None req-717902ed-63a8-492b-92e4-157318444f9b tempest-ExternalNetworksAdminNegativeTestJSON-1018068771 tempest-ExternalNetworksAdminNegativeTestJSON-1018068771-project-admin] Publish callbacks ['neutron.plugins.ml2.plugin.SecurityGroupServerNotifierRpcMixin._notify_sg_on_port_change-4154525', 'neutron.plugins.ml2.ovo_rpc._ObjectChangeHandler.handle_event-15408', 'neutron.api.rpc.agentnotifiers.dhcp_rpc_agent_api.DhcpAgentNotifyAPI._native_event_send_dhcp_notification-632987', 'neutron.db.l3_dvrscheduler_db._notify_l3_agent_new_port-8772811704863'] for port (ca9457fe-b339-44e8-8007-153fe3658c90), after_create {{(pid=105129) _notify_loop /usr/local/lib/python3.8/dist-packages/neutron_lib/callbacks/manager.py:176}}
Jun 17 08:20:47.858205 dv-neutron-840420-7-hyperv neutron-server[105130]: DEBUG neutron.pecan_wsgi.hooks.quota_enforcement [None req-07d9ce6e-af18-4156-93a0-6012a3a0b081 tempest-ExtraDHCPOptionsTestJSON-2002715287 tempest-ExtraDHCPOptionsTestJSON-2002715287-project] Made reservation on behalf of c4aa5ffbdc274221bb39d6f5a7d6a58c for: {'port': 1} {{(pid=105130) before /opt/stack/neutron/neutron/pecan_wsgi/hooks/quota_enforcement.py:53}}
Jun 17 08:20:47.861057 dv-neutron-840420-7-hyperv neutron-server[105131]: DEBUG neutron.plugins.ml2.plugin [None req-1595256c-3be3-4ac7-bfc1-c6b39310c254 None None] Current status of the port d2b47672-2476-4cb0-8b04-a3e75bb66616 is: ACTIVE; New status is: ACTIVE {{(pid=105131) _update_individual_port_db_status /opt/stack/neutron/neutron/plugins/ml2/plugin.py:2298}}
Jun 17 08:20:47.865570 dv-neutron-840420-7-hyperv neutron-server[105131]: DEBUG neutron.db.db_base_plugin_common [None req-c6f754c9-68e8-4c62-baef-155fae45743c None None] Allocated IP 172.20.0.2 (e4517ab3-1042-404f-957d-e4484c6d7380/056f7356-056f-4876-b869-8acea63a88d6/3dd30e39-d8f0-4cc5-af29-54fc2581aed7) {{(pid=105131) _store_ip_allocation /opt/stack/neutron/neutron/db/db_base_plugin_common.py:131}}
Jun 17 08:20:47.868087 dv-neutron-840420-7-hyperv neutron-server[105130]: DEBUG neutron_lib.callbacks.manager [None req-07d9ce6e-af18-4156-93a0-6012a3a0b081 tempest-ExtraDHCPOptionsTestJSON-2002715287 tempest-ExtraDHCPOptionsTestJSON-2002715287-project] Publish callbacks ['neutron.plugins.ml2.plugin.SecurityGroupDbMixin._ensure_default_security_group_handler-4154458'] for port (None), before_create {{(pid=105130) _notify_loop /usr/local/lib/python3.8/dist-packages/neutron_lib/callbacks/manager.py:176}}
Jun 17 08:20:47.899249 dv-neutron-840420-7-hyperv neutron-server[105129]: DEBUG neutron.api.rpc.handlers.resources_rpc [None req-717902ed-63a8-492b-92e4-157318444f9b tempest-ExternalNetworksAdminNegativeTestJSON-1018068771 tempest-ExternalNetworksAdminNegativeTestJSON-1018068771-project-admin] Pushing event updated for resources: {'Port': ['ID=ca9457fe-b339-44e8-8007-153fe3658c90,revision_number=1']} {{(pid=105129) push /opt/stack/neutron/neutron/api/rpc/handlers/resources_rpc.py:237}}
Jun 17 08:20:47.908407 dv-neutron-840420-7-hyperv neutron-server[105130]: DEBUG neutron.notifiers.nova [None req-07d9ce6e-af18-4156-93a0-6012a3a0b081 tempest-ExtraDHCPOptionsTestJSON-2002715287 tempest-ExtraDHCPOptionsTestJSON-2002715287-project] device_id is not set on port 2ef658d4-dac9-4a8c-91be-cd956a608723 yet. {{(pid=105130) _can_notify /opt/stack/neutron/neutron/notifiers/nova.py:199}}
Jun 17 08:20:47.945809 dv-neutron-840420-7-hyperv neutron-server[105129]: DEBUG neutron.db.db_base_plugin_common [None req-383a352b-325c-4a7a-a75d-360896d46ac6 tempest-FloatingIPAdminTestJSON-1477494297 tempest-FloatingIPAdminTestJSON-1477494297-project] Allocated IP 172.26.9.29 (9c2cc748-7d29-4360-ba1c-2293836ef9d9/98336295-d701-4612-97e5-634156227b93/336a344f-d2e5-4463-8cc7-3277df661bc8) {{(pid=105129) _store_ip_allocation /opt/stack/neutron/neutron/db/db_base_plugin_common.py:131}}
Jun 17 08:20:47.959304 dv-neutron-840420-7-hyperv neutron-server[105129]: DEBUG neutron.scheduler.dhcp_agent_scheduler [None req-717902ed-63a8-492b-92e4-157318444f9b tempest-ExternalNetworksAdminNegativeTestJSON-1018068771 tempest-ExternalNetworksAdminNegativeTestJSON-1018068771-project-admin] Network 9c2cc748-7d29-4360-ba1c-2293836ef9d9 is already hosted by enough agents. {{(pid=105129) _get_dhcp_agents_hosting_network /opt/stack/neutron/neutron/scheduler/dhcp_agent_scheduler.py:275}}
Jun 17 08:20:47.969290 dv-neutron-840420-7-hyperv neutron-server[105129]: DEBUG neutron.scheduler.base_scheduler [None req-717902ed-63a8-492b-92e4-157318444f9b tempest-ExternalNetworksAdminNegativeTestJSON-1018068771 tempest-ExternalNetworksAdminNegativeTestJSON-1018068771-project-admin] Resources bound (agent type, host, resource id): {{(pid=105129) schedule /opt/stack/neutron/neutron/scheduler/base_scheduler.py:57}}
Jun 17 08:20:47.972330 dv-neutron-840420-7-hyperv neutron-server[105129]: DEBUG neutron.db.l3_dvrscheduler_db [None req-717902ed-63a8-492b-92e4-157318444f9b tempest-ExternalNetworksAdminNegativeTestJSON-1018068771 tempest-ExternalNetworksAdminNegativeTestJSON-1018068771-project-admin] Received port after_create {{(pid=105129) _notify_l3_agent_new_port /opt/stack/neutron/neutron/db/l3_dvrscheduler_db.py:542}}
Jun 17 08:20:47.985992 dv-neutron-840420-7-hyperv neutron-server[105131]: DEBUG dbcounter [-] [105131] Writing DB stats neutron:SELECT=97,neutron:UPDATE=3 {{(pid=105131) stat_writer /usr/local/lib/python3.8/dist-packages/dbcounter.py:114}}
Jun 17 08:20:48.037345 dv-neutron-840420-7-hyperv neutron-server[105131]: DEBUG neutron.db.db_base_plugin_common [None req-a787606d-3165-4c20-bc7e-b2ba9be64dc8 None None] Allocated IP 172.20.0.2 (50af7022-279e-458d-96f5-e6397d6eb8d0/d712f184-316b-432b-934a-e5827ac672ad/02a34a00-87be-40ab-b32b-5f58b1732ee2) {{(pid=105131) _store_ip_allocation /opt/stack/neutron/neutron/db/db_base_plugin_common.py:131}}
Jun 17 08:20:48.071839 dv-neutron-840420-7-hyperv neutron-server[105129]: DEBUG neutron_lib.callbacks.manager [None req-717902ed-63a8-492b-92e4-157318444f9b tempest-ExternalNetworksAdminNegativeTestJSON-1018068771 tempest-ExternalNetworksAdminNegativeTestJSON-1018068771-project-admin] Publish callbacks [] for floatingip (0b0fbaab-b302-4d0a-86ff-08896a96125a), precommit_create {{(pid=105129) _notify_loop /usr/local/lib/python3.8/dist-packages/neutron_lib/callbacks/manager.py:176}}
Jun 17 08:20:48.119744 dv-neutron-840420-7-hyperv neutron-server[105131]: DEBUG dbcounter [-] [105131] Writing DB stats neutron:UPDATE=1,neutron:SELECT=97,neutron:INSERT=2 {{(pid=105131) stat_writer /usr/local/lib/python3.8/dist-packages/dbcounter.py:114}}
Jun 17 08:20:48.158167 dv-neutron-840420-7-hyperv neutron-server[105131]: DEBUG neutron.api.rpc.handlers.dhcp_rpc [None req-3adfb190-a3b0-45d2-8bae-244a37848031 None None] Network 721f1a8e-8409-44a0-829e-fc4c570c38b8 requested from dv-neutron-840420-7-hyperv {{(pid=105131) get_network_info /opt/stack/neutron/neutron/api/rpc/handlers/dhcp_rpc.py:191}}
Jun 17 08:20:48.205850 dv-neutron-840420-7-hyperv neutron-server[105129]: DEBUG neutron.wsgi [-] (105129) accepted ('10.222.0.71', 46598) {{(pid=105129) server /usr/local/lib/python3.8/dist-packages/eventlet/wsgi.py:1004}}
Jun 17 08:20:48.217798 dv-neutron-840420-7-hyperv neutron-server[105129]: DEBUG neutron.api.v2.base [None req-85102585-7a7b-4be0-a2ce-9567976e9347 tempest-PortsAdminExtendedAttrsTestJSON-974848555 tempest-PortsAdminExtendedAttrsTestJSON-974848555-project-admin] Request body: {'port': {'network_id': '8edafbfb-fc11-4a16-ac5a-25b7e31e1108', 'binding:host_id': 'hv-neutron-8404', 'name': 'tempest-PortsAdminExtendedAttrsTestJSON-1305284386'}} {{(pid=105129) prepare_request_body /opt/stack/neutron/neutron/api/v2/base.py:730}}
Jun 17 08:20:48.261319 dv-neutron-840420-7-hyperv neutron-server[105129]: DEBUG neutron_lib.callbacks.manager [None req-240b82f9-652e-45ca-b604-48f2cc741df4 admin admin] Publish callbacks [] for router_gateway (c5ca50d8-5e31-4bc7-8ad1-c94ef3048676), precommit_update {{(pid=105129) _notify_loop /usr/local/lib/python3.8/dist-packages/neutron_lib/callbacks/manager.py:176}}
Jun 17 08:20:48.284106 dv-neutron-840420-7-hyperv neutron-server[105130]: DEBUG neutron_lib.callbacks.manager [None req-98466a7b-b68f-453e-bc95-f2f784e7dcb2 tempest-DHCPAgentSchedulersTestJSON-137046749 tempest-DHCPAgentSchedulersTestJSON-137046749-project] Publish callbacks ['neutron.plugins.ml2.ovo_rpc._ObjectChangeHandler.handle_event-591047', 'neutron.api.rpc.agentnotifiers.dhcp_rpc_agent_api.DhcpAgentNotifyAPI._native_event_send_dhcp_notification-632987'] for subnet (92e1d6e5-16c5-4793-bf67-104de70cb74d), after_create {{(pid=105130) _notify_loop /usr/local/lib/python3.8/dist-packages/neutron_lib/callbacks/manager.py:176}}
Jun 17 08:20:48.286669 dv-neutron-840420-7-hyperv neutron-server[105131]: DEBUG neutron.db.provisioning_blocks [None req-d3b9738a-643c-4e10-9be0-205e458eaacb None None] Provisioning complete for port 50d454e7-0f49-434d-bf2a-f422386fd712 triggered by entity DHCP. {{(pid=105131) provisioning_complete /opt/stack/neutron/neutron/db/provisioning_blocks.py:145}}
Jun 17 08:20:48.287234 dv-neutron-840420-7-hyperv neutron-server[105131]: DEBUG neutron_lib.callbacks.manager [None req-d3b9738a-643c-4e10-9be0-205e458eaacb None None] Publish callbacks ['neutron.plugins.ml2.plugin.Ml2Plugin._port_provisioned-3982920'] for port (50d454e7-0f49-434d-bf2a-f422386fd712), provisioning_complete {{(pid=105131) _notify_loop /usr/local/lib/python3.8/dist-packages/neutron_lib/callbacks/manager.py:176}}
Jun 17 08:20:48.322387 dv-neutron-840420-7-hyperv neutron-server[105131]: DEBUG neutron_lib.callbacks.manager [None req-c6f754c9-68e8-4c62-baef-155fae45743c None None] Publish callbacks [] for port (3dd30e39-d8f0-4cc5-af29-54fc2581aed7), precommit_create {{(pid=105131) _notify_loop /usr/local/lib/python3.8/dist-packages/neutron_lib/callbacks/manager.py:176}}
Jun 17 08:20:48.324309 dv-neutron-840420-7-hyperv neutron-server[105129]: DEBUG neutron_lib.callbacks.manager [None req-717902ed-63a8-492b-92e4-157318444f9b tempest-ExternalNetworksAdminNegativeTestJSON-1018068771 tempest-ExternalNetworksAdminNegativeTestJSON-1018068771-project-admin] Publish callbacks ['neutron.plugins.ml2.plugin.SecurityGroupDbMixin._ensure_default_security_group_handler-4154458'] for port (ca9457fe-b339-44e8-8007-153fe3658c90), before_update {{(pid=105129) _notify_loop /usr/local/lib/python3.8/dist-packages/neutron_lib/callbacks/manager.py:176}}
Jun 17 08:20:48.432978 dv-neutron-840420-7-hyperv neutron-server[105130]: DEBUG neutron.api.rpc.handlers.resources_rpc [None req-98466a7b-b68f-453e-bc95-f2f784e7dcb2 tempest-DHCPAgentSchedulersTestJSON-137046749 tempest-DHCPAgentSchedulersTestJSON-137046749-project] Pushing event updated for resources: {'Subnet': ['ID=92e1d6e5-16c5-4793-bf67-104de70cb74d,revision_number=0']} {{(pid=105130) push /opt/stack/neutron/neutron/api/rpc/handlers/resources_rpc.py:237}}
Jun 17 08:20:48.435065 dv-neutron-840420-7-hyperv neutron-server[105129]: DEBUG neutron_lib.callbacks.manager [None req-383a352b-325c-4a7a-a75d-360896d46ac6 tempest-FloatingIPAdminTestJSON-1477494297 tempest-FloatingIPAdminTestJSON-1477494297-project] Publish callbacks [] for port (336a344f-d2e5-4463-8cc7-3277df661bc8), precommit_create {{(pid=105129) _notify_loop /usr/local/lib/python3.8/dist-packages/neutron_lib/callbacks/manager.py:176}}
Jun 17 08:20:48.441641 dv-neutron-840420-7-hyperv neutron-server[105130]: DEBUG neutron.plugins.ml2.drivers.mech_agent [None req-98466a7b-b68f-453e-bc95-f2f784e7dcb2 tempest-DHCPAgentSchedulersTestJSON-137046749 tempest-DHCPAgentSchedulersTestJSON-137046749-project] Checking segment: {'id': '31a90c3a-136d-4cb4-bdee-7e3ffda6afc5', 'network_type': 'vlan', 'physical_network': 'physnet1', 'segmentation_id': 1064, 'network_id': 'f6485dac-5f56-4364-9e2f-390143705a30'} for mappings: {'physnet1': 'br-data'} with network types: ['local', 'flat', 'vlan'] {{(pid=105130) check_segment_for_agent /opt/stack/neutron/neutron/plugins/ml2/drivers/mech_agent.py:373}}
Jun 17 08:20:48.442000 dv-neutron-840420-7-hyperv neutron-server[105130]: DEBUG neutron.scheduler.dhcp_agent_scheduler [None req-98466a7b-b68f-453e-bc95-f2f784e7dcb2 tempest-DHCPAgentSchedulersTestJSON-137046749 tempest-DHCPAgentSchedulersTestJSON-137046749-project] Network hostable DHCP agents. Network: f6485dac-5f56-4364-9e2f-390143705a30, hostable agents: ['3ee17477-80db-46fa-ada4-649cb6111cce'], hosted agents: [] {{(pid=105130) _get_network_hostable_dhcp_agents /opt/stack/neutron/neutron/scheduler/dhcp_agent_scheduler.py:329}}
Jun 17 08:20:48.462856 dv-neutron-840420-7-hyperv neutron-server[105131]: DEBUG neutron.plugins.ml2.plugin [None req-d3b9738a-643c-4e10-9be0-205e458eaacb None None] Current status of the port 50d454e7-0f49-434d-bf2a-f422386fd712 is: DOWN; New status is: ACTIVE {{(pid=105131) _update_individual_port_db_status /opt/stack/neutron/neutron/plugins/ml2/plugin.py:2298}}
Jun 17 08:20:48.463323 dv-neutron-840420-7-hyperv neutron-server[105131]: DEBUG neutron_lib.callbacks.manager [None req-d3b9738a-643c-4e10-9be0-205e458eaacb None None] Publish callbacks ['neutron.plugins.ml2.plugin.SecurityGroupDbMixin._ensure_default_security_group_handler-4154458'] for port (50d454e7-0f49-434d-bf2a-f422386fd712), before_update {{(pid=105131) _notify_loop /usr/local/lib/python3.8/dist-packages/neutron_lib/callbacks/manager.py:176}}
Jun 17 08:20:48.492825 dv-neutron-840420-7-hyperv neutron-server[105131]: DEBUG neutron_lib.callbacks.manager [None req-a787606d-3165-4c20-bc7e-b2ba9be64dc8 None None] Publish callbacks [] for port (02a34a00-87be-40ab-b32b-5f58b1732ee2), precommit_create {{(pid=105131) _notify_loop /usr/local/lib/python3.8/dist-packages/neutron_lib/callbacks/manager.py:176}}
Jun 17 08:20:48.510511 dv-neutron-840420-7-hyperv neutron-server[105131]: DEBUG neutron_lib.callbacks.manager [None req-c6f754c9-68e8-4c62-baef-155fae45743c None None] Publish callbacks ['neutron.plugins.ml2.plugin.SecurityGroupServerNotifierRpcMixin._notify_sg_on_port_change-4154525', 'neutron.plugins.ml2.ovo_rpc._ObjectChangeHandler.handle_event-15408', 'neutron.api.rpc.agentnotifiers.dhcp_rpc_agent_api.DhcpAgentNotifyAPI._native_event_send_dhcp_notification-632987', 'neutron.db.l3_dvrscheduler_db._notify_l3_agent_new_port-8772811704863'] for port (3dd30e39-d8f0-4cc5-af29-54fc2581aed7), after_create {{(pid=105131) _notify_loop /usr/local/lib/python3.8/dist-packages/neutron_lib/callbacks/manager.py:176}}
Jun 17 08:20:48.514636 dv-neutron-840420-7-hyperv neutron-server[105131]: DEBUG neutron.plugins.ml2.db [None req-d3b9738a-643c-4e10-9be0-205e458eaacb None None] For port 50d454e7-0f49-434d-bf2a-f422386fd712, host dv-neutron-840420-7-hyperv, got binding levels [PortBindingLevel(driver='openvswitch',host='dv-neutron-840420-7-hyperv',level=0,port_id=50d454e7-0f49-434d-bf2a-f422386fd712,segment=NetworkSegment(399039b6-3f4f-49aa-8ac4-be0ac5b88039),segment_id=399039b6-3f4f-49aa-8ac4-be0ac5b88039)] {{(pid=105131) get_binding_level_objs /opt/stack/neutron/neutron/plugins/ml2/db.py:74}}
Jun 17 08:20:48.538441 dv-neutron-840420-7-hyperv neutron-server[105129]: DEBUG neutron.scheduler.l3_agent_scheduler [None req-d53f7662-c4e9-49b4-9e54-263d0489d165 admin admin] Router 025b597e-50c3-4909-bc2f-fb9371c34db6 is scheduled to L3 agent 29808213-753d-4a50-819f-9db5776f9bf0 with binding_index 1 {{(pid=105129) bind_router /opt/stack/neutron/neutron/scheduler/l3_agent_scheduler.py:209}}
Jun 17 08:20:48.545102 dv-neutron-840420-7-hyperv neutron-server[105129]: DEBUG neutron.pecan_wsgi.hooks.quota_enforcement [None req-85102585-7a7b-4be0-a2ce-9567976e9347 tempest-PortsAdminExtendedAttrsTestJSON-974848555 tempest-PortsAdminExtendedAttrsTestJSON-974848555-project-admin] Made reservation on behalf of 61699547be4440f790bf437873f09cc2 for: {'port': 1} {{(pid=105129) before /opt/stack/neutron/neutron/pecan_wsgi/hooks/quota_enforcement.py:53}}
Jun 17 08:20:48.548988 dv-neutron-840420-7-hyperv neutron-server[105129]: DEBUG neutron_lib.callbacks.manager [None req-85102585-7a7b-4be0-a2ce-9567976e9347 tempest-PortsAdminExtendedAttrsTestJSON-974848555 tempest-PortsAdminExtendedAttrsTestJSON-974848555-project-admin] Publish callbacks ['neutron.plugins.ml2.plugin.SecurityGroupDbMixin._ensure_default_security_group_handler-4154458'] for port (None), before_create {{(pid=105129) _notify_loop /usr/local/lib/python3.8/dist-packages/neutron_lib/callbacks/manager.py:176}}
Jun 17 08:20:48.560167 dv-neutron-840420-7-hyperv neutron-server[105131]: DEBUG neutron.scheduler.dhcp_agent_scheduler [None req-c6f754c9-68e8-4c62-baef-155fae45743c None None] Network e4517ab3-1042-404f-957d-e4484c6d7380 is already hosted by enough agents. {{(pid=105131) _get_dhcp_agents_hosting_network /opt/stack/neutron/neutron/scheduler/dhcp_agent_scheduler.py:275}}
Jun 17 08:20:48.564935 dv-neutron-840420-7-hyperv neutron-server[105131]: DEBUG neutron.scheduler.base_scheduler [None req-c6f754c9-68e8-4c62-baef-155fae45743c None None] Resources bound (agent type, host, resource id): {{(pid=105131) schedule /opt/stack/neutron/neutron/scheduler/base_scheduler.py:57}}
Jun 17 08:20:48.569266 dv-neutron-840420-7-hyperv neutron-server[105131]: DEBUG neutron.db.l3_dvrscheduler_db [None req-c6f754c9-68e8-4c62-baef-155fae45743c None None] Received port after_create {{(pid=105131) _notify_l3_agent_new_port /opt/stack/neutron/neutron/db/l3_dvrscheduler_db.py:542}}
Jun 17 08:20:48.579080 dv-neutron-840420-7-hyperv neutron-server[105131]: DEBUG neutron.api.rpc.handlers.resources_rpc [None req-c6f754c9-68e8-4c62-baef-155fae45743c None None] Pushing event updated for resources: {'Port': ['ID=3dd30e39-d8f0-4cc5-af29-54fc2581aed7,revision_number=1']} {{(pid=105131) push /opt/stack/neutron/neutron/api/rpc/handlers/resources_rpc.py:237}}
Jun 17 08:20:48.588466 dv-neutron-840420-7-hyperv neutron-server[105129]: DEBUG neutron_lib.callbacks.manager [None req-85102585-7a7b-4be0-a2ce-9567976e9347 tempest-PortsAdminExtendedAttrsTestJSON-974848555 tempest-PortsAdminExtendedAttrsTestJSON-974848555-project-admin] Publish callbacks [] for security_group (None), before_create {{(pid=105129) _notify_loop /usr/local/lib/python3.8/dist-packages/neutron_lib/callbacks/manager.py:176}}
Jun 17 08:20:48.652609 dv-neutron-840420-7-hyperv neutron-server[105131]: DEBUG neutron.plugins.ml2.managers [None req-c6f754c9-68e8-4c62-baef-155fae45743c None None] Attempting to bind port 3dd30e39-d8f0-4cc5-af29-54fc2581aed7 on host dv-neutron-840420-7-hyperv for vnic_type normal with profile {{(pid=105131) bind_port /opt/stack/neutron/neutron/plugins/ml2/managers.py:811}}
Jun 17 08:20:48.653115 dv-neutron-840420-7-hyperv neutron-server[105131]: DEBUG neutron.plugins.ml2.managers [None req-c6f754c9-68e8-4c62-baef-155fae45743c None None] Attempting to bind port 3dd30e39-d8f0-4cc5-af29-54fc2581aed7 by drivers openvswitch,hyperv on host dv-neutron-840420-7-hyperv at level 0 using segments [{'id': '4ad78868-d229-4097-a4f6-7a22d5d2b788', 'network_type': 'vlan', 'physical_network': 'physnet1', 'segmentation_id': 1095, 'network_id': 'e4517ab3-1042-404f-957d-e4484c6d7380'}] {{(pid=105131) _bind_port_level /opt/stack/neutron/neutron/plugins/ml2/managers.py:836}}
Jun 17 08:20:48.653572 dv-neutron-840420-7-hyperv neutron-server[105131]: DEBUG neutron.plugins.ml2.drivers.mech_agent [None req-c6f754c9-68e8-4c62-baef-155fae45743c None None] Attempting to bind port 3dd30e39-d8f0-4cc5-af29-54fc2581aed7 on network e4517ab3-1042-404f-957d-e4484c6d7380 {{(pid=105131) bind_port /opt/stack/neutron/neutron/plugins/ml2/drivers/mech_agent.py:91}}
Jun 17 08:20:48.660989 dv-neutron-840420-7-hyperv neutron-server[105131]: DEBUG neutron_lib.callbacks.manager [None req-a787606d-3165-4c20-bc7e-b2ba9be64dc8 None None] Publish callbacks ['neutron.plugins.ml2.plugin.SecurityGroupServerNotifierRpcMixin._notify_sg_on_port_change-4154525', 'neutron.plugins.ml2.ovo_rpc._ObjectChangeHandler.handle_event-15408', 'neutron.api.rpc.agentnotifiers.dhcp_rpc_agent_api.DhcpAgentNotifyAPI._native_event_send_dhcp_notification-632987', 'neutron.db.l3_dvrscheduler_db._notify_l3_agent_new_port-8772811704863'] for port (02a34a00-87be-40ab-b32b-5f58b1732ee2), after_create {{(pid=105131) _notify_loop /usr/local/lib/python3.8/dist-packages/neutron_lib/callbacks/manager.py:176}}
Jun 17 08:20:48.665537 dv-neutron-840420-7-hyperv neutron-server[105130]: DEBUG neutron.scheduler.dhcp_agent_scheduler [None req-98466a7b-b68f-453e-bc95-f2f784e7dcb2 tempest-DHCPAgentSchedulersTestJSON-137046749 tempest-DHCPAgentSchedulersTestJSON-137046749-project] Network f6485dac-5f56-4364-9e2f-390143705a30 is scheduled to be hosted by DHCP agent 3ee17477-80db-46fa-ada4-649cb6111cce with binding_index 1 {{(pid=105130) bind /opt/stack/neutron/neutron/scheduler/dhcp_agent_scheduler.py:227}}
Jun 17 08:20:48.675581 dv-neutron-840420-7-hyperv neutron-server[105131]: DEBUG neutron.plugins.ml2.drivers.mech_agent [None req-c6f754c9-68e8-4c62-baef-155fae45743c None None] Checking agent: {'id': '18c4147d-cb2d-47a7-b514-4111d4a129ac', 'agent_type': 'Open vSwitch agent', 'binary': 'neutron-openvswitch-agent', 'topic': 'N/A', 'host': 'dv-neutron-840420-7-hyperv', 'admin_state_up': True, 'created_at': datetime.datetime(2022, 6, 17, 8, 12, 57), 'started_at': datetime.datetime(2022, 6, 17, 8, 13, 27), 'heartbeat_timestamp': datetime.datetime(2022, 6, 17, 8, 20, 27), 'description': None, 'resources_synced': None, 'availability_zone': None, 'alive': True, 'configurations': {'arp_responder_enabled': False, 'baremetal_smartnic': False, 'bridge_mappings': {'physnet1': 'br-data'}, 'datapath_type': 'system', 'devices': 0, 'enable_distributed_routing': False, 'extensions': [], 'in_distributed_mode': False, 'integration_bridge': 'br-int', 'l2_population': False, 'log_agent_heartbeats': False, 'ovs_capabilities': {'datapath_types': ['netdev', 'system'], 'iface_types': ['erspan', 'geneve', 'gre', 'internal', 'ip6erspan', 'ip6gre', 'lisp', 'patch', 'stt', 'system', 'tap', 'vxlan']}, 'ovs_hybrid_plug': False, 'resource_provider_bandwidths': {}, 'resource_provider_hypervisors': {'br-data': 'dv-neutron-840420-7-hyperv'}, 'resource_provider_inventory_defaults': {'allocation_ratio': 1.0, 'min_unit': 1, 'step_size': 1, 'reserved': 0}, 'resource_provider_packet_processing_inventory_defaults': {'allocation_ratio': 1.0, 'min_unit': 1, 'step_size': 1, 'reserved': 0}, 'resource_provider_packet_processing_with_direction': {}, 'resource_provider_packet_processing_without_direction': {}, 'tunnel_types': [], 'tunneling_ip': None, 'vhostuser_socket_dir': '/var/run/openvswitch'}, 'resource_versions': {'AddressGroup': '1.2', 'Agent': '1.1', 'ConntrackHelper': '1.0', 'LocalIPAssociation': '1.0', 'Log': '1.0', 'NDPProxy': '1.0', 'Network': '1.1', 'Port': '1.7', 'PortForwarding': '1.3', 'QosPolicy': '1.10', 'SecurityGroup': '1.5', 'SecurityGroupRule': '1.2', 'SubPort': '1.0', 'Subnet': '1.1', 'Trunk': '1.1'}} {{(pid=105131) bind_port /opt/stack/neutron/neutron/plugins/ml2/drivers/mech_agent.py:110}}
Jun 17 08:20:48.676653 dv-neutron-840420-7-hyperv neutron-server[105131]: DEBUG neutron.plugins.ml2.drivers.mech_agent [None req-c6f754c9-68e8-4c62-baef-155fae45743c None None] Checking segment: {'id': '4ad78868-d229-4097-a4f6-7a22d5d2b788', 'network_type': 'vlan', 'physical_network': 'physnet1', 'segmentation_id': 1095, 'network_id': 'e4517ab3-1042-404f-957d-e4484c6d7380'} for mappings: {'physnet1': 'br-data'} with network types: ['local', 'flat', 'vlan'] {{(pid=105131) check_segment_for_agent /opt/stack/neutron/neutron/plugins/ml2/drivers/mech_agent.py:373}}
Jun 17 08:20:48.678670 dv-neutron-840420-7-hyperv neutron-server[105131]: DEBUG neutron_lib.callbacks.manager [None req-c6f754c9-68e8-4c62-baef-155fae45743c None None] Publish callbacks [] for ovs_bridge_name (None), before_read {{(pid=105131) _notify_loop /usr/local/lib/python3.8/dist-packages/neutron_lib/callbacks/manager.py:176}}
Jun 17 08:20:48.679901 dv-neutron-840420-7-hyperv neutron-server[105131]: DEBUG neutron.plugins.ml2.drivers.mech_agent [None req-c6f754c9-68e8-4c62-baef-155fae45743c None None] Bound using segment: {'id': '4ad78868-d229-4097-a4f6-7a22d5d2b788', 'network_type': 'vlan', 'physical_network': 'physnet1', 'segmentation_id': 1095, 'network_id': 'e4517ab3-1042-404f-957d-e4484c6d7380'} {{(pid=105131) bind_port /opt/stack/neutron/neutron/plugins/ml2/drivers/mech_agent.py:120}}
Jun 17 08:20:48.680818 dv-neutron-840420-7-hyperv neutron-server[105131]: DEBUG neutron.plugins.ml2.managers [None req-c6f754c9-68e8-4c62-baef-155fae45743c None None] Bound port: 3dd30e39-d8f0-4cc5-af29-54fc2581aed7, host: dv-neutron-840420-7-hyperv, vif_type: ovs, vif_details: {"connectivity": "l2", "port_filter": true, "ovs_hybrid_plug": false, "datapath_type": "system", "bridge_name": "br-int"}, binding_levels: [{'bound_driver': 'openvswitch', 'bound_segment': {'id': '4ad78868-d229-4097-a4f6-7a22d5d2b788', 'network_type': 'vlan', 'physical_network': 'physnet1', 'segmentation_id': 1095, 'network_id': 'e4517ab3-1042-404f-957d-e4484c6d7380'}}] {{(pid=105131) _bind_port_level /opt/stack/neutron/neutron/plugins/ml2/managers.py:948}}
Jun 17 08:20:48.681691 dv-neutron-840420-7-hyperv neutron-server[105131]: DEBUG neutron_lib.callbacks.manager [None req-c6f754c9-68e8-4c62-baef-155fae45743c None None] Publish callbacks ['neutron.plugins.ml2.plugin.SecurityGroupDbMixin._ensure_default_security_group_handler-4154458'] for port (3dd30e39-d8f0-4cc5-af29-54fc2581aed7), before_update {{(pid=105131) _notify_loop /usr/local/lib/python3.8/dist-packages/neutron_lib/callbacks/manager.py:176}}
Jun 17 08:20:48.702394 dv-neutron-840420-7-hyperv neutron-server[105131]: DEBUG neutron_lib.callbacks.manager [None req-d3b9738a-643c-4e10-9be0-205e458eaacb None None] Publish callbacks ['neutron.plugins.ml2.plugin.SecurityGroupServerNotifierRpcMixin._notify_sg_on_port_change-4154525', 'neutron.plugins.ml2.ovo_rpc._ObjectChangeHandler.handle_event-15408', 'neutron.api.rpc.agentnotifiers.dhcp_rpc_agent_api.DhcpAgentNotifyAPI._native_event_send_dhcp_notification-632987', 'neutron.db.l3_db.L3RpcNotifierMixin._notify_gateway_port_ip_changed-8772812056670', 'neutron.db.l3_dvrscheduler_db._notify_l3_agent_port_update-8772811704881', 'neutron.db.l3_hascheduler_db._notify_l3_agent_ha_port_update-8772811704899'] for port (50d454e7-0f49-434d-bf2a-f422386fd712), after_update {{(pid=105131) _notify_loop /usr/local/lib/python3.8/dist-packages/neutron_lib/callbacks/manager.py:176}}
Jun 17 08:20:48.761886 dv-neutron-840420-7-hyperv neutron-server[105131]: DEBUG neutron.scheduler.dhcp_agent_scheduler [None req-a787606d-3165-4c20-bc7e-b2ba9be64dc8 None None] Network 50af7022-279e-458d-96f5-e6397d6eb8d0 is already hosted by enough agents. {{(pid=105131) _get_dhcp_agents_hosting_network /opt/stack/neutron/neutron/scheduler/dhcp_agent_scheduler.py:275}}
Jun 17 08:20:48.767929 dv-neutron-840420-7-hyperv neutron-server[105131]: DEBUG neutron.scheduler.base_scheduler [None req-a787606d-3165-4c20-bc7e-b2ba9be64dc8 None None] Resources bound (agent type, host, resource id): {{(pid=105131) schedule /opt/stack/neutron/neutron/scheduler/base_scheduler.py:57}}
Jun 17 08:20:48.774601 dv-neutron-840420-7-hyperv neutron-server[105130]: DEBUG neutron.db.db_base_plugin_common [None req-07d9ce6e-af18-4156-93a0-6012a3a0b081 tempest-ExtraDHCPOptionsTestJSON-2002715287 tempest-ExtraDHCPOptionsTestJSON-2002715287-project] Allocated IP 172.20.0.6 (50af7022-279e-458d-96f5-e6397d6eb8d0/d712f184-316b-432b-934a-e5827ac672ad/2ef658d4-dac9-4a8c-91be-cd956a608723) {{(pid=105130) _store_ip_allocation /opt/stack/neutron/neutron/db/db_base_plugin_common.py:131}}
Jun 17 08:20:48.782454 dv-neutron-840420-7-hyperv neutron-server[105131]: DEBUG neutron.db.l3_dvrscheduler_db [None req-a787606d-3165-4c20-bc7e-b2ba9be64dc8 None None] Received port after_create {{(pid=105131) _notify_l3_agent_new_port /opt/stack/neutron/neutron/db/l3_dvrscheduler_db.py:542}}
Jun 17 08:20:48.795154 dv-neutron-840420-7-hyperv neutron-server[105131]: DEBUG dbcounter [-] [105131] Writing DB stats neutron:SELECT=96,neutron:INSERT=3,neutron:UPDATE=1 {{(pid=105131) stat_writer /usr/local/lib/python3.8/dist-packages/dbcounter.py:114}}
Jun 17 08:20:48.801403 dv-neutron-840420-7-hyperv neutron-server[105131]: DEBUG neutron.api.rpc.handlers.resources_rpc [None req-a787606d-3165-4c20-bc7e-b2ba9be64dc8 None None] Pushing event updated for resources: {'Port': ['ID=02a34a00-87be-40ab-b32b-5f58b1732ee2,revision_number=1']} {{(pid=105131) push /opt/stack/neutron/neutron/api/rpc/handlers/resources_rpc.py:237}}
Jun 17 08:20:48.803710 dv-neutron-840420-7-hyperv neutron-server[105131]: DEBUG neutron.plugins.ml2.rpc [None req-1595256c-3be3-4ac7-bfc1-c6b39310c254 None None] Device d2b47672-2476-4cb0-8b04-a3e75bb66616 up at agent ovs-agent-dv-neutron-840420-7-hyperv {{(pid=105131) update_device_up /opt/stack/neutron/neutron/plugins/ml2/rpc.py:296}}
Jun 17 08:20:48.824733 dv-neutron-840420-7-hyperv neutron-server[105130]: DEBUG neutron.scheduler.base_scheduler [None req-98466a7b-b68f-453e-bc95-f2f784e7dcb2 tempest-DHCPAgentSchedulersTestJSON-137046749 tempest-DHCPAgentSchedulersTestJSON-137046749-project] Resources bound (agent type, host, resource id): (DHCP agent, dv-neutron-840420-7-hyperv, f6485dac-5f56-4364-9e2f-390143705a30) {{(pid=105130) schedule /opt/stack/neutron/neutron/scheduler/base_scheduler.py:57}}
Jun 17 08:20:48.838410 dv-neutron-840420-7-hyperv neutron-server[105130]: DEBUG neutron.pecan_wsgi.hooks.policy_enforcement [None req-98466a7b-b68f-453e-bc95-f2f784e7dcb2 tempest-DHCPAgentSchedulersTestJSON-137046749 tempest-DHCPAgentSchedulersTestJSON-137046749-project] Attributes excluded by policy engine: ['standard_attr_id', 'shared', 'network'] {{(pid=105130) _exclude_attributes_by_policy /opt/stack/neutron/neutron/pecan_wsgi/hooks/policy_enforcement.py:259}}
Jun 17 08:20:48.839169 dv-neutron-840420-7-hyperv neutron-server[105130]: DEBUG neutron_lib.callbacks.manager [None req-98466a7b-b68f-453e-bc95-f2f784e7dcb2 tempest-DHCPAgentSchedulersTestJSON-137046749 tempest-DHCPAgentSchedulersTestJSON-137046749-project] Publish callbacks ['neutron.api.rpc.agentnotifiers.dhcp_rpc_agent_api.DhcpAgentNotifyAPI._send_dhcp_notification-632973'] for subnet (None), before_response {{(pid=105130) _notify_loop /usr/local/lib/python3.8/dist-packages/neutron_lib/callbacks/manager.py:176}}
Jun 17 08:20:48.861856 dv-neutron-840420-7-hyperv neutron-server[105131]: DEBUG neutron.api.rpc.handlers.dhcp_rpc [None req-ba291aa0-4e08-4899-b7fe-c066defc7f84 None None] Network f6485dac-5f56-4364-9e2f-390143705a30 requested from dv-neutron-840420-7-hyperv {{(pid=105131) get_network_info /opt/stack/neutron/neutron/api/rpc/handlers/dhcp_rpc.py:191}}
Jun 17 08:20:48.866949 dv-neutron-840420-7-hyperv neutron-server[105129]: DEBUG neutron_lib.callbacks.manager [None req-717902ed-63a8-492b-92e4-157318444f9b tempest-ExternalNetworksAdminNegativeTestJSON-1018068771 tempest-ExternalNetworksAdminNegativeTestJSON-1018068771-project-admin] Publish callbacks [] for port (ca9457fe-b339-44e8-8007-153fe3658c90), precommit_update {{(pid=105129) _notify_loop /usr/local/lib/python3.8/dist-packages/neutron_lib/callbacks/manager.py:176}}
Jun 17 08:20:48.877423 dv-neutron-840420-7-hyperv neutron-server[105129]: DEBUG neutron_lib.callbacks.manager [None req-383a352b-325c-4a7a-a75d-360896d46ac6 tempest-FloatingIPAdminTestJSON-1477494297 tempest-FloatingIPAdminTestJSON-1477494297-project] Publish callbacks ['neutron.plugins.ml2.plugin.SecurityGroupServerNotifierRpcMixin._notify_sg_on_port_change-4154525', 'neutron.plugins.ml2.ovo_rpc._ObjectChangeHandler.handle_event-15408', 'neutron.api.rpc.agentnotifiers.dhcp_rpc_agent_api.DhcpAgentNotifyAPI._native_event_send_dhcp_notification-632987', 'neutron.db.l3_dvrscheduler_db._notify_l3_agent_new_port-8772811704863'] for port (336a344f-d2e5-4463-8cc7-3277df661bc8), after_create {{(pid=105129) _notify_loop /usr/local/lib/python3.8/dist-packages/neutron_lib/callbacks/manager.py:176}}
Jun 17 08:20:48.901238 dv-neutron-840420-7-hyperv neutron-server[105131]: DEBUG neutron.plugins.ml2.db [None req-c6f754c9-68e8-4c62-baef-155fae45743c None None] For port 3dd30e39-d8f0-4cc5-af29-54fc2581aed7, host dv-neutron-840420-7-hyperv, cleared binding levels {{(pid=105131) clear_binding_levels /opt/stack/neutron/neutron/plugins/ml2/db.py:87}}
Jun 17 08:20:48.920523 dv-neutron-840420-7-hyperv neutron-server[105129]: DEBUG neutron_lib.callbacks.manager [None req-240b82f9-652e-45ca-b604-48f2cc741df4 admin admin] Publish callbacks [] for router_gateway (c5ca50d8-5e31-4bc7-8ad1-c94ef3048676), before_create {{(pid=105129) _notify_loop /usr/local/lib/python3.8/dist-packages/neutron_lib/callbacks/manager.py:176}}
Jun 17 08:20:48.934546 dv-neutron-840420-7-hyperv neutron-server[105131]: DEBUG neutron.db.provisioning_blocks [None req-f26092ce-8386-4e5e-ba0e-ec07e1303e60 None None] Provisioning complete for port 50d454e7-0f49-434d-bf2a-f422386fd712 triggered by entity DHCP. {{(pid=105131) provisioning_complete /opt/stack/neutron/neutron/db/provisioning_blocks.py:145}}
Jun 17 08:20:48.934910 dv-neutron-840420-7-hyperv neutron-server[105131]: DEBUG neutron_lib.callbacks.manager [None req-f26092ce-8386-4e5e-ba0e-ec07e1303e60 None None] Publish callbacks ['neutron.plugins.ml2.plugin.Ml2Plugin._port_provisioned-3982920'] for port (50d454e7-0f49-434d-bf2a-f422386fd712), provisioning_complete {{(pid=105131) _notify_loop /usr/local/lib/python3.8/dist-packages/neutron_lib/callbacks/manager.py:176}}
Jun 17 08:20:48.938415 dv-neutron-840420-7-hyperv neutron-server[105131]: DEBUG neutron.plugins.ml2.db [None req-c6f754c9-68e8-4c62-baef-155fae45743c None None] For port 3dd30e39-d8f0-4cc5-af29-54fc2581aed7, host dv-neutron-840420-7-hyperv, set binding levels [PortBindingLevel(driver='openvswitch',host='dv-neutron-840420-7-hyperv',level=0,port_id=3dd30e39-d8f0-4cc5-af29-54fc2581aed7,segment=NetworkSegment(4ad78868-d229-4097-a4f6-7a22d5d2b788),segment_id=4ad78868-d229-4097-a4f6-7a22d5d2b788)] {{(pid=105131) set_binding_levels /opt/stack/neutron/neutron/plugins/ml2/db.py:59}}
Jun 17 08:20:48.966152 dv-neutron-840420-7-hyperv neutron-server[105129]: DEBUG neutron_lib.callbacks.manager [None req-240b82f9-652e-45ca-b604-48f2cc741df4 admin admin] Publish callbacks ['neutron.plugins.ml2.plugin.SecurityGroupDbMixin._ensure_default_security_group_handler-4154458'] for port (None), before_create {{(pid=105129) _notify_loop /usr/local/lib/python3.8/dist-packages/neutron_lib/callbacks/manager.py:176}}
Jun 17 08:20:48.968200 dv-neutron-840420-7-hyperv neutron-server[105129]: DEBUG neutron.api.rpc.agentnotifiers.l3_rpc_agent_api [None req-d53f7662-c4e9-49b4-9e54-263d0489d165 admin admin] Notify agent at l3_agent.dv-neutron-840420-7-hyperv the message routers_updated {{(pid=105129) _agent_notification /opt/stack/neutron/neutron/api/rpc/agentnotifiers/l3_rpc_agent_api.py:65}}
Jun 17 08:20:48.975706 dv-neutron-840420-7-hyperv neutron-server[105129]: DEBUG neutron.scheduler.dhcp_agent_scheduler [None req-383a352b-325c-4a7a-a75d-360896d46ac6 tempest-FloatingIPAdminTestJSON-1477494297 tempest-FloatingIPAdminTestJSON-1477494297-project] Network 9c2cc748-7d29-4360-ba1c-2293836ef9d9 is already hosted by enough agents. {{(pid=105129) _get_dhcp_agents_hosting_network /opt/stack/neutron/neutron/scheduler/dhcp_agent_scheduler.py:275}}
Jun 17 08:20:48.986078 dv-neutron-840420-7-hyperv neutron-server[105132]: DEBUG neutron.api.rpc.handlers.l3_rpc [None req-8db49400-aeaf-4ead-badf-3cb436baef7c None None] Sync routers for ids ['025b597e-50c3-4909-bc2f-fb9371c34db6'] in dv-neutron-840420-7-hyperv {{(pid=105132) sync_routers /opt/stack/neutron/neutron/api/rpc/handlers/l3_rpc.py:125}}
Jun 17 08:20:48.997028 dv-neutron-840420-7-hyperv neutron-server[105129]: DEBUG neutron.scheduler.base_scheduler [None req-383a352b-325c-4a7a-a75d-360896d46ac6 tempest-FloatingIPAdminTestJSON-1477494297 tempest-FloatingIPAdminTestJSON-1477494297-project] Resources bound (agent type, host, resource id): {{(pid=105129) schedule /opt/stack/neutron/neutron/scheduler/base_scheduler.py:57}}
Jun 17 08:20:49.004752 dv-neutron-840420-7-hyperv neutron-server[105132]: DEBUG neutron.db.l3_dvrscheduler_db [None req-8db49400-aeaf-4ead-badf-3cb436baef7c None None] Routers {'025b597e-50c3-4909-bc2f-fb9371c34db6'} bound to L3 agent in host dv-neutron-840420-7-hyperv {{(pid=105132) _get_router_ids_for_agent /opt/stack/neutron/neutron/db/l3_dvrscheduler_db.py:426}}
Jun 17 08:20:49.005236 dv-neutron-840420-7-hyperv neutron-server[105132]: DEBUG neutron.db.l3_hamode_db [None req-8db49400-aeaf-4ead-badf-3cb436baef7c None None] neutron.services.l3_router.l3_router_plugin.L3RouterPlugin method get_ha_sync_data_for_host called with arguments (, 'dv-neutron-840420-7-hyperv', Agent(admin_state_up=True,agent_type='L3 agent',availability_zone='nova',binary='neutron-l3-agent',configurations={"agent_mode": "legacy", "ex_gw_ports": 1, "extensions": [], "floating_ips": 0, "handle_internal_only_routers": true, "interface_driver": "openvswitch", "interfaces": 1, "log_agent_heartbeats": false, "routers": 1},created_at=2022-06-17T08:12:53Z,description=,heartbeat_timestamp=2022-06-17T08:20:23Z,host='dv-neutron-840420-7-hyperv',id=29808213-753d-4a50-819f-9db5776f9bf0,load=0,resource_versions=,resources_synced=,started_at=2022-06-17T08:12:54Z,topic='l3_agent')) {'router_ids': ['025b597e-50c3-4909-bc2f-fb9371c34db6'], 'active': True} {{(pid=105132) wrapper /usr/local/lib/python3.8/dist-packages/oslo_log/helpers.py:65}}
Jun 17 08:20:49.011762 dv-neutron-840420-7-hyperv neutron-server[105129]: DEBUG neutron.db.l3_dvrscheduler_db [None req-383a352b-325c-4a7a-a75d-360896d46ac6 tempest-FloatingIPAdminTestJSON-1477494297 tempest-FloatingIPAdminTestJSON-1477494297-project] Received port after_create {{(pid=105129) _notify_l3_agent_new_port /opt/stack/neutron/neutron/db/l3_dvrscheduler_db.py:542}}
Jun 17 08:20:49.017429 dv-neutron-840420-7-hyperv neutron-server[105129]: DEBUG neutron.api.rpc.handlers.resources_rpc [None req-383a352b-325c-4a7a-a75d-360896d46ac6 tempest-FloatingIPAdminTestJSON-1477494297 tempest-FloatingIPAdminTestJSON-1477494297-project] Pushing event updated for resources: {'Port': ['ID=336a344f-d2e5-4463-8cc7-3277df661bc8,revision_number=1']} {{(pid=105129) push /opt/stack/neutron/neutron/api/rpc/handlers/resources_rpc.py:237}}
Jun 17 08:20:49.028157 dv-neutron-840420-7-hyperv neutron-server[105130]: DEBUG neutron.db.db_base_plugin_common [None req-6895b17f-7d81-4ea0-9c3a-e8e3a9d6bfb8 admin admin] Allocated IP 172.26.9.220 (9c2cc748-7d29-4360-ba1c-2293836ef9d9/98336295-d701-4612-97e5-634156227b93/689588d2-782a-497b-aedc-aac6349a3862) {{(pid=105130) _store_ip_allocation /opt/stack/neutron/neutron/db/db_base_plugin_common.py:131}}
Jun 17 08:20:49.058380 dv-neutron-840420-7-hyperv neutron-server[105129]: DEBUG neutron_lib.callbacks.manager [None req-717902ed-63a8-492b-92e4-157318444f9b tempest-ExternalNetworksAdminNegativeTestJSON-1018068771 tempest-ExternalNetworksAdminNegativeTestJSON-1018068771-project-admin] Publish callbacks ['neutron.plugins.ml2.plugin.SecurityGroupServerNotifierRpcMixin._notify_sg_on_port_change-4154525', 'neutron.plugins.ml2.ovo_rpc._ObjectChangeHandler.handle_event-15408', 'neutron.api.rpc.agentnotifiers.dhcp_rpc_agent_api.DhcpAgentNotifyAPI._native_event_send_dhcp_notification-632987', 'neutron.db.l3_db.L3RpcNotifierMixin._notify_gateway_port_ip_changed-8772812056670', 'neutron.db.l3_dvrscheduler_db._notify_l3_agent_port_update-8772811704881', 'neutron.db.l3_hascheduler_db._notify_l3_agent_ha_port_update-8772811704899'] for port (ca9457fe-b339-44e8-8007-153fe3658c90), after_update {{(pid=105129) _notify_loop /usr/local/lib/python3.8/dist-packages/neutron_lib/callbacks/manager.py:176}}
Jun 17 08:20:49.071459 dv-neutron-840420-7-hyperv neutron-server[105129]: DEBUG neutron_lib.callbacks.manager [None req-85102585-7a7b-4be0-a2ce-9567976e9347 tempest-PortsAdminExtendedAttrsTestJSON-974848555 tempest-PortsAdminExtendedAttrsTestJSON-974848555-project-admin] Publish callbacks [] for security_group (96d7728d-e476-48b4-abac-b56225ea12b9), precommit_create {{(pid=105129) _notify_loop /usr/local/lib/python3.8/dist-packages/neutron_lib/callbacks/manager.py:176}}
Jun 17 08:20:49.112987 dv-neutron-840420-7-hyperv neutron-server[105129]: DEBUG dbcounter [-] [105129] Writing DB stats neutron:SELECT=92,neutron:INSERT=8 {{(pid=105129) stat_writer /usr/local/lib/python3.8/dist-packages/dbcounter.py:114}}
Jun 17 08:20:49.133038 dv-neutron-840420-7-hyperv neutron-server[105129]: DEBUG neutron_lib.callbacks.manager [None req-717902ed-63a8-492b-92e4-157318444f9b tempest-ExternalNetworksAdminNegativeTestJSON-1018068771 tempest-ExternalNetworksAdminNegativeTestJSON-1018068771-project-admin] Publish callbacks ['neutron.services.l3_router.l3_router_plugin.DVRResourceOperationHandler._create_dvr_floating_gw_port-770240'] for floatingip (0b0fbaab-b302-4d0a-86ff-08896a96125a), after_create {{(pid=105129) _notify_loop /usr/local/lib/python3.8/dist-packages/neutron_lib/callbacks/manager.py:176}}
Jun 17 08:20:49.149544 dv-neutron-840420-7-hyperv neutron-server[105132]: DEBUG neutron.db.l3_dvr_db [None req-8db49400-aeaf-4ead-badf-3cb436baef7c None None] Set router 025b597e-50c3-4909-bc2f-fb9371c34db6 gateway port host: dv-neutron-840420-7-hyperv {{(pid=105132) _build_routers_list /opt/stack/neutron/neutron/db/l3_dvr_db.py:907}}
Jun 17 08:20:49.166217 dv-neutron-840420-7-hyperv neutron-server[105130]: INFO neutron.wsgi [None req-98466a7b-b68f-453e-bc95-f2f784e7dcb2 tempest-DHCPAgentSchedulersTestJSON-137046749 tempest-DHCPAgentSchedulersTestJSON-137046749-project] 10.222.0.71 "POST /v2.0/subnets HTTP/1.1" status: 201 len: 801 time: 2.0175982
Jun 17 08:20:49.166411 dv-neutron-840420-7-hyperv neutron-server[105129]: DEBUG neutron_lib.callbacks.manager [None req-d53f7662-c4e9-49b4-9e54-263d0489d165 admin admin] Publish callbacks [] for router (None), before_response {{(pid=105129) _notify_loop /usr/local/lib/python3.8/dist-packages/neutron_lib/callbacks/manager.py:176}}
Jun 17 08:20:49.171512 dv-neutron-840420-7-hyperv neutron-server[105129]: INFO neutron.wsgi [None req-d53f7662-c4e9-49b4-9e54-263d0489d165 admin admin] 10.222.0.71 "POST /v2.0/routers HTTP/1.1" status: 201 len: 924 time: 5.6951823
Jun 17 08:20:49.171798 dv-neutron-840420-7-hyperv neutron-server[105130]: DEBUG neutron.wsgi [-] (105130) accepted ('10.222.0.71', 46600) {{(pid=105130) server /usr/local/lib/python3.8/dist-packages/eventlet/wsgi.py:1004}}
Jun 17 08:20:49.173523 dv-neutron-840420-7-hyperv neutron-server[105130]: DEBUG neutron.wsgi [-] (105130) accepted ('10.222.0.71', 46602) {{(pid=105130) server /usr/local/lib/python3.8/dist-packages/eventlet/wsgi.py:1004}}
Jun 17 08:20:49.176935 dv-neutron-840420-7-hyperv neutron-server[105131]: DEBUG neutron_lib.callbacks.manager [None req-c6f754c9-68e8-4c62-baef-155fae45743c None None] Publish callbacks ['neutron.plugins.ml2.plugin.SecurityGroupServerNotifierRpcMixin._notify_sg_on_port_change-4154525', 'neutron.plugins.ml2.ovo_rpc._ObjectChangeHandler.handle_event-15408', 'neutron.api.rpc.agentnotifiers.dhcp_rpc_agent_api.DhcpAgentNotifyAPI._native_event_send_dhcp_notification-632987', 'neutron.db.l3_db.L3RpcNotifierMixin._notify_gateway_port_ip_changed-8772812056670', 'neutron.db.l3_dvrscheduler_db._notify_l3_agent_port_update-8772811704881', 'neutron.db.l3_hascheduler_db._notify_l3_agent_ha_port_update-8772811704899'] for port (3dd30e39-d8f0-4cc5-af29-54fc2581aed7), after_update {{(pid=105131) _notify_loop /usr/local/lib/python3.8/dist-packages/neutron_lib/callbacks/manager.py:176}}
Jun 17 08:20:49.177326 dv-neutron-840420-7-hyperv neutron-server[105130]: DEBUG neutron.api.v2.base [None req-9a70ec0f-b801-4f24-bfc6-b57f7a7ca7f4 tempest-DHCPAgentSchedulersTestJSON-137046749 tempest-DHCPAgentSchedulersTestJSON-137046749-project] Request body: {'port': {'network_id': 'f6485dac-5f56-4364-9e2f-390143705a30', 'name': 'tempest-DHCPAgentSchedulersTestJSON-1592469652'}} {{(pid=105130) prepare_request_body /opt/stack/neutron/neutron/api/v2/base.py:730}}
Jun 17 08:20:49.178385 dv-neutron-840420-7-hyperv neutron-server[105129]: DEBUG neutron.api.rpc.handlers.resources_rpc [None req-717902ed-63a8-492b-92e4-157318444f9b tempest-ExternalNetworksAdminNegativeTestJSON-1018068771 tempest-ExternalNetworksAdminNegativeTestJSON-1018068771-project-admin] Pushing event updated for resources: {'Port': ['ID=ca9457fe-b339-44e8-8007-153fe3658c90,revision_number=2']} {{(pid=105129) push /opt/stack/neutron/neutron/api/rpc/handlers/resources_rpc.py:237}}
Jun 17 08:20:49.182974 dv-neutron-840420-7-hyperv neutron-server[105129]: DEBUG neutron_lib.callbacks.manager [None req-383a352b-325c-4a7a-a75d-360896d46ac6 tempest-FloatingIPAdminTestJSON-1477494297 tempest-FloatingIPAdminTestJSON-1477494297-project] Publish callbacks [] for floatingip (e187cc8f-dd37-4896-b50a-edba3683b1fd), precommit_create {{(pid=105129) _notify_loop /usr/local/lib/python3.8/dist-packages/neutron_lib/callbacks/manager.py:176}}
Jun 17 08:20:49.199613 dv-neutron-840420-7-hyperv neutron-server[105131]: DEBUG neutron.api.rpc.handlers.resources_rpc [None req-d3b9738a-643c-4e10-9be0-205e458eaacb None None] Pushing event updated for resources: {'Port': ['ID=50d454e7-0f49-434d-bf2a-f422386fd712,revision_number=3']} {{(pid=105131) push /opt/stack/neutron/neutron/api/rpc/handlers/resources_rpc.py:237}}
Jun 17 08:20:49.227213 dv-neutron-840420-7-hyperv neutron-server[105131]: DEBUG neutron.plugins.ml2.managers [None req-a787606d-3165-4c20-bc7e-b2ba9be64dc8 None None] Attempting to bind port 02a34a00-87be-40ab-b32b-5f58b1732ee2 on host dv-neutron-840420-7-hyperv for vnic_type normal with profile {{(pid=105131) bind_port /opt/stack/neutron/neutron/plugins/ml2/managers.py:811}}
Jun 17 08:20:49.229792 dv-neutron-840420-7-hyperv neutron-server[105131]: DEBUG neutron.plugins.ml2.managers [None req-a787606d-3165-4c20-bc7e-b2ba9be64dc8 None None] Attempting to bind port 02a34a00-87be-40ab-b32b-5f58b1732ee2 by drivers openvswitch,hyperv on host dv-neutron-840420-7-hyperv at level 0 using segments [{'id': '98374bbc-8e29-4c93-9d21-3d43d361678a', 'network_type': 'vlan', 'physical_network': 'physnet1', 'segmentation_id': 1086, 'network_id': '50af7022-279e-458d-96f5-e6397d6eb8d0'}] {{(pid=105131) _bind_port_level /opt/stack/neutron/neutron/plugins/ml2/managers.py:836}}
Jun 17 08:20:49.229792 dv-neutron-840420-7-hyperv neutron-server[105131]: DEBUG neutron.plugins.ml2.drivers.mech_agent [None req-a787606d-3165-4c20-bc7e-b2ba9be64dc8 None None] Attempting to bind port 02a34a00-87be-40ab-b32b-5f58b1732ee2 on network 50af7022-279e-458d-96f5-e6397d6eb8d0 {{(pid=105131) bind_port /opt/stack/neutron/neutron/plugins/ml2/drivers/mech_agent.py:91}}
