Oct 11 07:49:11.334862 dv-neutron-840420-42-hyperv neutron-server[112241]: INFO neutron.db.segments_db [None req-07b41bb2-09f0-4831-a5da-ad5510083bb4 admin admin] Added segment 0e82eb47-b330-4c46-b93e-74c6d8f91588 of type vlan for network 8ba6accd-4f85-436e-9493-8048874721e2
Oct 11 07:49:11.351027 dv-neutron-840420-42-hyperv neutron-server[112241]: DEBUG neutron_lib.callbacks.manager [None req-e7b89b10-af4c-4602-bd67-ca5e90c9f3f0 tempest-AllowedAddressPairIpV6TestJSON-841400906 tempest-AllowedAddressPairIpV6TestJSON-841400906-project] Publish callbacks ['neutron.services.auto_allocate.db._ensure_external_network_default_value_callback-8729966422739'] for network (d8f2b808-b5f3-4fb3-8cc1-e35bd4062cce), precommit_create {{(pid=112241) _notify_loop /usr/local/lib/python3.8/dist-packages/neutron_lib/callbacks/manager.py:176}}
Oct 11 07:49:11.380526 dv-neutron-840420-42-hyperv neutron-server[112241]: DEBUG neutron.api.rpc.handlers.resources_rpc [None req-07b41bb2-09f0-4831-a5da-ad5510083bb4 admin admin] Pushing event updated for resources: {'SecurityGroup': ['ID=a3115099-2f72-4ce4-9684-a50a9aea9029,revision_number=1']} {{(pid=112241) push /opt/stack/neutron/neutron/api/rpc/handlers/resources_rpc.py:237}}
Oct 11 07:49:11.409757 dv-neutron-840420-42-hyperv neutron-server[112241]: DEBUG neutron_lib.callbacks.manager [None req-07b41bb2-09f0-4831-a5da-ad5510083bb4 admin admin] Publish callbacks ['neutron.services.auto_allocate.db._ensure_external_network_default_value_callback-8729966422739'] for network (8ba6accd-4f85-436e-9493-8048874721e2), precommit_create {{(pid=112241) _notify_loop /usr/local/lib/python3.8/dist-packages/neutron_lib/callbacks/manager.py:176}}
Oct 11 07:49:11.418545 dv-neutron-840420-42-hyperv neutron-server[112242]: DEBUG neutron.plugins.ml2.plugin [None req-ef64f848-7646-4737-832e-02dfa4f23bdf None None] Current status of the port b6f3bcf0-eb0a-47a6-8ea9-8949be40f78a is: ACTIVE; New status is: ACTIVE {{(pid=112242) _update_individual_port_db_status /opt/stack/neutron/neutron/plugins/ml2/plugin.py:2333}}
Oct 11 07:49:11.433476 dv-neutron-840420-42-hyperv neutron-server[112241]: DEBUG neutron.scheduler.l3_agent_scheduler [None req-4432a972-86ac-49da-ade9-03a80cad2f78 admin admin] Router add5d8b5-45b7-4cad-b3ee-e2b54e972b80 is scheduled to L3 agent 1e7e357e-c602-4f0c-9553-fdeba631e498 with binding_index 1 {{(pid=112241) bind_router /opt/stack/neutron/neutron/scheduler/l3_agent_scheduler.py:209}}
Oct 11 07:49:11.524557 dv-neutron-840420-42-hyperv neutron-server[112241]: DEBUG neutron_lib.callbacks.manager [None req-e7b89b10-af4c-4602-bd67-ca5e90c9f3f0 tempest-AllowedAddressPairIpV6TestJSON-841400906 tempest-AllowedAddressPairIpV6TestJSON-841400906-project] Publish callbacks ['neutron.plugins.ml2.ovo_rpc._ObjectChangeHandler.handle_event-1661129', 'neutron.api.rpc.agentnotifiers.dhcp_rpc_agent_api.DhcpAgentNotifyAPI._native_event_send_dhcp_notification-1627513'] for network (d8f2b808-b5f3-4fb3-8cc1-e35bd4062cce), after_create {{(pid=112241) _notify_loop /usr/local/lib/python3.8/dist-packages/neutron_lib/callbacks/manager.py:176}}
Oct 11 07:49:11.530647 dv-neutron-840420-42-hyperv neutron-server[112241]: DEBUG neutron.pecan_wsgi.hooks.policy_enforcement [None req-e7b89b10-af4c-4602-bd67-ca5e90c9f3f0 tempest-AllowedAddressPairIpV6TestJSON-841400906 tempest-AllowedAddressPairIpV6TestJSON-841400906-project] Attributes excluded by policy engine: ['standard_attr_id', 'provider:network_type', 'provider:physical_network', 'provider:segmentation_id', 'vlan_transparent'] {{(pid=112241) _exclude_attributes_by_policy /opt/stack/neutron/neutron/pecan_wsgi/hooks/policy_enforcement.py:259}}
Oct 11 07:49:11.531277 dv-neutron-840420-42-hyperv neutron-server[112241]: DEBUG neutron_lib.callbacks.manager [None req-e7b89b10-af4c-4602-bd67-ca5e90c9f3f0 tempest-AllowedAddressPairIpV6TestJSON-841400906 tempest-AllowedAddressPairIpV6TestJSON-841400906-project] Publish callbacks ['neutron.api.rpc.agentnotifiers.dhcp_rpc_agent_api.DhcpAgentNotifyAPI._send_dhcp_notification-1627503'] for network (None), before_response {{(pid=112241) _notify_loop /usr/local/lib/python3.8/dist-packages/neutron_lib/callbacks/manager.py:176}}
Oct 11 07:49:11.559428 dv-neutron-840420-42-hyperv neutron-server[112241]: DEBUG neutron_lib.callbacks.manager [None req-07b41bb2-09f0-4831-a5da-ad5510083bb4 admin admin] Publish callbacks ['neutron.plugins.ml2.ovo_rpc._ObjectChangeHandler.handle_event-1661129', 'neutron.api.rpc.agentnotifiers.dhcp_rpc_agent_api.DhcpAgentNotifyAPI._native_event_send_dhcp_notification-1627513'] for network (8ba6accd-4f85-436e-9493-8048874721e2), after_create {{(pid=112241) _notify_loop /usr/local/lib/python3.8/dist-packages/neutron_lib/callbacks/manager.py:176}}
Oct 11 07:49:11.560371 dv-neutron-840420-42-hyperv neutron-server[112241]: DEBUG neutron.pecan_wsgi.hooks.policy_enforcement [None req-07b41bb2-09f0-4831-a5da-ad5510083bb4 admin admin] Attributes excluded by policy engine: ['standard_attr_id', 'vlan_transparent'] {{(pid=112241) _exclude_attributes_by_policy /opt/stack/neutron/neutron/pecan_wsgi/hooks/policy_enforcement.py:259}}
Oct 11 07:49:11.561022 dv-neutron-840420-42-hyperv neutron-server[112241]: DEBUG neutron_lib.callbacks.manager [None req-07b41bb2-09f0-4831-a5da-ad5510083bb4 admin admin] Publish callbacks ['neutron.api.rpc.agentnotifiers.dhcp_rpc_agent_api.DhcpAgentNotifyAPI._send_dhcp_notification-1627503'] for network (None), before_response {{(pid=112241) _notify_loop /usr/local/lib/python3.8/dist-packages/neutron_lib/callbacks/manager.py:176}}
Oct 11 07:49:11.672478 dv-neutron-840420-42-hyperv neutron-server[112241]: DEBUG neutron.api.rpc.agentnotifiers.l3_rpc_agent_api [None req-4432a972-86ac-49da-ade9-03a80cad2f78 admin admin] Notify agent at l3_agent.dv-neutron-840420-42-hyperv the message routers_updated {{(pid=112241) _agent_notification /opt/stack/neutron/neutron/api/rpc/agentnotifiers/l3_rpc_agent_api.py:65}}
Oct 11 07:49:11.674212 dv-neutron-840420-42-hyperv neutron-server[112241]: DEBUG neutron.api.rpc.handlers.resources_rpc [None req-e7b89b10-af4c-4602-bd67-ca5e90c9f3f0 tempest-AllowedAddressPairIpV6TestJSON-841400906 tempest-AllowedAddressPairIpV6TestJSON-841400906-project] Pushing event updated for resources: {'Network': ['ID=d8f2b808-b5f3-4fb3-8cc1-e35bd4062cce,revision_number=1']} {{(pid=112241) push /opt/stack/neutron/neutron/api/rpc/handlers/resources_rpc.py:237}}
Oct 11 07:49:11.689798 dv-neutron-840420-42-hyperv neutron-server[112243]: DEBUG neutron.api.rpc.handlers.l3_rpc [None req-7de7897f-d6e2-4dd6-b22a-325f6bd093ba None None] Sync routers for ids ['add5d8b5-45b7-4cad-b3ee-e2b54e972b80'] in dv-neutron-840420-42-hyperv {{(pid=112243) sync_routers /opt/stack/neutron/neutron/api/rpc/handlers/l3_rpc.py:125}}
Oct 11 07:49:11.704532 dv-neutron-840420-42-hyperv neutron-server[112243]: DEBUG neutron.db.l3_dvrscheduler_db [None req-7de7897f-d6e2-4dd6-b22a-325f6bd093ba None None] Routers {'add5d8b5-45b7-4cad-b3ee-e2b54e972b80'} bound to L3 agent in host dv-neutron-840420-42-hyperv {{(pid=112243) _get_router_ids_for_agent /opt/stack/neutron/neutron/db/l3_dvrscheduler_db.py:425}}
Oct 11 07:49:11.705557 dv-neutron-840420-42-hyperv neutron-server[112243]: DEBUG neutron.db.l3_hamode_db [None req-7de7897f-d6e2-4dd6-b22a-325f6bd093ba None None] neutron.services.l3_router.l3_router_plugin.L3RouterPlugin method get_ha_sync_data_for_host called with arguments (, 'dv-neutron-840420-42-hyperv', Agent(admin_state_up=True,agent_type='L3 agent',availability_zone='nova',binary='neutron-l3-agent',configurations={"agent_mode": "legacy", "ex_gw_ports": 1, "extensions": [], "floating_ips": 0, "handle_internal_only_routers": true, "interface_driver": "openvswitch", "interfaces": 1, "log_agent_heartbeats": false, "routers": 1},created_at=2022-10-11T07:41:04Z,description=,heartbeat_timestamp=2022-10-11T07:49:04Z,host='dv-neutron-840420-42-hyperv',id=1e7e357e-c602-4f0c-9553-fdeba631e498,load=0,resource_versions=,resources_synced=,started_at=2022-10-11T07:41:04Z,topic='l3_agent')) {'router_ids': ['add5d8b5-45b7-4cad-b3ee-e2b54e972b80'], 'active': True} {{(pid=112243) wrapper /usr/local/lib/python3.8/dist-packages/oslo_log/helpers.py:65}}
Oct 11 07:49:11.708886 dv-neutron-840420-42-hyperv neutron-server[112242]: DEBUG neutron.plugins.ml2.rpc [None req-e474adea-a273-47ea-80f1-8e01176d5245 None None] Network d8f2b808-b5f3-4fb3-8cc1-e35bd4062cce details requested by agent ovs-agent-dv-neutron-840420-42-hyperv with host dv-neutron-840420-42-hyperv {{(pid=112242) get_network_details /opt/stack/neutron/neutron/plugins/ml2/rpc.py:248}}
Oct 11 07:49:11.714310 dv-neutron-840420-42-hyperv neutron-server[112241]: INFO neutron.wsgi [None req-e7b89b10-af4c-4602-bd67-ca5e90c9f3f0 tempest-AllowedAddressPairIpV6TestJSON-841400906 tempest-AllowedAddressPairIpV6TestJSON-841400906-project] 10.222.0.13 "POST /networking/v2.0/networks HTTP/1.1" status: 201 len: 798 time: 1.8922603
Oct 11 07:49:11.717654 dv-neutron-840420-42-hyperv neutron-server[112241]: DEBUG neutron.wsgi [-] (112241) accepted ('10.222.0.13', 43706) {{(pid=112241) server /usr/local/lib/python3.8/dist-packages/eventlet/wsgi.py:1004}}
Oct 11 07:49:11.722174 dv-neutron-840420-42-hyperv neutron-server[112241]: DEBUG neutron.api.v2.base [None req-467b23ec-86fc-4949-bef7-e7d92b7f8872 tempest-AllowedAddressPairIpV6TestJSON-841400906 tempest-AllowedAddressPairIpV6TestJSON-841400906-project] Request body: {'subnet': {'network_id': 'd8f2b808-b5f3-4fb3-8cc1-e35bd4062cce', 'cidr': '2001:db8::/64', 'ip_version': 6, 'gateway_ip': '2001:db8::1'}} {{(pid=112241) prepare_request_body /opt/stack/neutron/neutron/api/v2/base.py:730}}
Oct 11 07:49:11.778096 dv-neutron-840420-42-hyperv neutron-server[112241]: INFO neutron.wsgi [None req-07b41bb2-09f0-4831-a5da-ad5510083bb4 admin admin] 10.222.0.13 "POST /networking/v2.0/networks HTTP/1.1" status: 201 len: 885 time: 1.8585327
Oct 11 07:49:11.783595 dv-neutron-840420-42-hyperv neutron-server[112240]: DEBUG neutron.wsgi [-] (112240) accepted ('10.222.0.13', 43708) {{(pid=112240) server /usr/local/lib/python3.8/dist-packages/eventlet/wsgi.py:1004}}
Oct 11 07:49:11.792213 dv-neutron-840420-42-hyperv neutron-server[112240]: DEBUG neutron.api.v2.base [None req-9952658e-8dc3-4a47-9685-ab4d886909b0 admin admin] Request body: {'subnet': {'network_id': '8ba6accd-4f85-436e-9493-8048874721e2', 'cidr': '172.20.0.0/28', 'name': 'tempest-ServersTestManualDisk-2100559504-subnet', 'tenant_id': '0344a99a75fc453c8ff7453ba3da133f', 'enable_dhcp': True, 'ip_version': 4}} {{(pid=112240) prepare_request_body /opt/stack/neutron/neutron/api/v2/base.py:730}}
Oct 11 07:49:11.832404 dv-neutron-840420-42-hyperv neutron-server[112241]: DEBUG neutron_lib.callbacks.manager [None req-4432a972-86ac-49da-ade9-03a80cad2f78 admin admin] Publish callbacks [] for router (None), before_response {{(pid=112241) _notify_loop /usr/local/lib/python3.8/dist-packages/neutron_lib/callbacks/manager.py:176}}
Oct 11 07:49:11.837710 dv-neutron-840420-42-hyperv neutron-server[112241]: INFO neutron.wsgi [None req-4432a972-86ac-49da-ade9-03a80cad2f78 admin admin] 10.222.0.13 "POST /networking/v2.0/routers HTTP/1.1" status: 201 len: 917 time: 2.8082249
Oct 11 07:49:11.839784 dv-neutron-840420-42-hyperv neutron-server[112240]: DEBUG neutron.wsgi [-] (112240) accepted ('10.222.0.13', 43710) {{(pid=112240) server /usr/local/lib/python3.8/dist-packages/eventlet/wsgi.py:1004}}
Oct 11 07:49:11.853484 dv-neutron-840420-42-hyperv neutron-server[112241]: DEBUG neutron.api.rpc.handlers.resources_rpc [None req-07b41bb2-09f0-4831-a5da-ad5510083bb4 admin admin] Pushing event updated for resources: {'Network': ['ID=8ba6accd-4f85-436e-9493-8048874721e2,revision_number=1']} {{(pid=112241) push /opt/stack/neutron/neutron/api/rpc/handlers/resources_rpc.py:237}}
Oct 11 07:49:11.868136 dv-neutron-840420-42-hyperv neutron-server[112241]: DEBUG dbcounter [-] [112241] Writing DB stats neutron:SELECT=90,neutron:UPDATE=2,neutron:INSERT=2,neutron:DELETE=6 {{(pid=112241) stat_writer /usr/local/lib/python3.8/dist-packages/dbcounter.py:114}}
Oct 11 07:49:11.875980 dv-neutron-840420-42-hyperv neutron-server[112241]: DEBUG neutron.wsgi [-] (112241) accepted ('10.222.0.13', 43712) {{(pid=112241) server /usr/local/lib/python3.8/dist-packages/eventlet/wsgi.py:1004}}
Oct 11 07:49:11.884716 dv-neutron-840420-42-hyperv neutron-server[112242]: DEBUG neutron.plugins.ml2.rpc [None req-e474adea-a273-47ea-80f1-8e01176d5245 None None] Network 8ba6accd-4f85-436e-9493-8048874721e2 details requested by agent ovs-agent-dv-neutron-840420-42-hyperv with host dv-neutron-840420-42-hyperv {{(pid=112242) get_network_details /opt/stack/neutron/neutron/plugins/ml2/rpc.py:248}}
Oct 11 07:49:11.960949 dv-neutron-840420-42-hyperv neutron-server[112240]: DEBUG neutron.pecan_wsgi.hooks.quota_enforcement [None req-9952658e-8dc3-4a47-9685-ab4d886909b0 admin admin] Made reservation on behalf of 0344a99a75fc453c8ff7453ba3da133f for: {'subnet': 1} {{(pid=112240) before /opt/stack/neutron/neutron/pecan_wsgi/hooks/quota_enforcement.py:53}}
Oct 11 07:49:11.963672 dv-neutron-840420-42-hyperv neutron-server[112240]: DEBUG neutron_lib.callbacks.manager [None req-9952658e-8dc3-4a47-9685-ab4d886909b0 admin admin] Publish callbacks [] for subnet (None), before_create {{(pid=112240) _notify_loop /usr/local/lib/python3.8/dist-packages/neutron_lib/callbacks/manager.py:176}}
Oct 11 07:49:12.008005 dv-neutron-840420-42-hyperv neutron-server[112243]: DEBUG neutron.db.l3_dvr_db [None req-7de7897f-d6e2-4dd6-b22a-325f6bd093ba None None] Set router add5d8b5-45b7-4cad-b3ee-e2b54e972b80 gateway port host: dv-neutron-840420-42-hyperv {{(pid=112243) _build_routers_list /opt/stack/neutron/neutron/db/l3_dvr_db.py:907}}
Oct 11 07:49:12.014385 dv-neutron-840420-42-hyperv neutron-server[112241]: DEBUG neutron.pecan_wsgi.hooks.quota_enforcement [None req-467b23ec-86fc-4949-bef7-e7d92b7f8872 tempest-AllowedAddressPairIpV6TestJSON-841400906 tempest-AllowedAddressPairIpV6TestJSON-841400906-project] Made reservation on behalf of 4eb8d5bcd1364069b9afad17b20935ed for: {'subnet': 1} {{(pid=112241) before /opt/stack/neutron/neutron/pecan_wsgi/hooks/quota_enforcement.py:53}}
Oct 11 07:49:12.020388 dv-neutron-840420-42-hyperv neutron-server[112241]: DEBUG neutron_lib.callbacks.manager [None req-467b23ec-86fc-4949-bef7-e7d92b7f8872 tempest-AllowedAddressPairIpV6TestJSON-841400906 tempest-AllowedAddressPairIpV6TestJSON-841400906-project] Publish callbacks [] for subnet (None), before_create {{(pid=112241) _notify_loop /usr/local/lib/python3.8/dist-packages/neutron_lib/callbacks/manager.py:176}}
Oct 11 07:49:12.179907 dv-neutron-840420-42-hyperv neutron-server[112242]: DEBUG neutron.plugins.ml2.rpc [None req-e474adea-a273-47ea-80f1-8e01176d5245 None None] Device b6f3bcf0-eb0a-47a6-8ea9-8949be40f78a up at agent ovs-agent-dv-neutron-840420-42-hyperv {{(pid=112242) update_device_up /opt/stack/neutron/neutron/plugins/ml2/rpc.py:296}}
Oct 11 07:49:12.241798 dv-neutron-840420-42-hyperv neutron-server[112242]: DEBUG neutron.db.provisioning_blocks [None req-e474adea-a273-47ea-80f1-8e01176d5245 None None] Provisioning complete for port b6f3bcf0-eb0a-47a6-8ea9-8949be40f78a triggered by entity L2. {{(pid=112242) provisioning_complete /opt/stack/neutron/neutron/db/provisioning_blocks.py:144}}
Oct 11 07:49:12.242787 dv-neutron-840420-42-hyperv neutron-server[112242]: DEBUG neutron_lib.callbacks.manager [None req-e474adea-a273-47ea-80f1-8e01176d5245 None None] Publish callbacks ['neutron.plugins.ml2.plugin.Ml2Plugin._port_provisioned-679463'] for port (b6f3bcf0-eb0a-47a6-8ea9-8949be40f78a), provisioning_complete {{(pid=112242) _notify_loop /usr/local/lib/python3.8/dist-packages/neutron_lib/callbacks/manager.py:176}}
Oct 11 07:49:12.243412 dv-neutron-840420-42-hyperv neutron-server[112242]: INFO neutron.plugins.ml2.plugin [None req-e474adea-a273-47ea-80f1-8e01176d5245 None None] Attempt 1 to provision port b6f3bcf0-eb0a-47a6-8ea9-8949be40f78a
Oct 11 07:49:12.258945 dv-neutron-840420-42-hyperv neutron-server[112243]: DEBUG neutron.db.l3_hamode_db [None req-7de7897f-d6e2-4dd6-b22a-325f6bd093ba None None] neutron.services.l3_router.l3_router_plugin.L3RouterPlugin method _process_sync_ha_data called with arguments (, [{'id': 'add5d8b5-45b7-4cad-b3ee-e2b54e972b80', 'name': 'tempest-ServersTestJSON-488683424-router', 'tenant_id': 'cecd98b87c6e41a7ad9c5cdb05950ff2', 'admin_state_up': True, 'status': 'ACTIVE', 'external_gateway_info': {'network_id': '8b00e814-4170-4bc7-a2a1-256c51c2b247', 'external_fixed_ips': [{'subnet_id': '95f5de89-176b-4d5d-aaf7-2cb21c7de60f', 'ip_address': '172.26.6.163'}], 'enable_snat': True}, 'gw_port_id': 'c10905da-2ced-4148-93a6-9ab7cc8c62f6', 'description': '', 'availability_zones': ['nova'], 'distributed': False, 'ha': False, 'ha_vr_id': 0, 'availability_zone_hints': [], 'routes': [], 'flavor_id': None, 'tags': [], 'created_at': '2022-10-11T07:49:09Z', 'updated_at': '2022-10-11T07:49:10Z', 'revision_number': 3, 'project_id': 'cecd98b87c6e41a7ad9c5cdb05950ff2', 'gw_port': {'id': 'c10905da-2ced-4148-93a6-9ab7cc8c62f6', 'name': '', 'network_id': '8b00e814-4170-4bc7-a2a1-256c51c2b247', 'tenant_id': '', 'mac_address': 'fa:16:3e:9e:72:af', 'admin_state_up': True, 'status': 'DOWN', 'device_id': 'add5d8b5-45b7-4cad-b3ee-e2b54e972b80', 'device_owner': 'network:router_gateway', 'standard_attr_id': 41, 'fixed_ips': [{'subnet_id': '95f5de89-176b-4d5d-aaf7-2cb21c7de60f', 'ip_address': '172.26.6.163', 'prefixlen': 24}], 'allowed_address_pairs': [], 'extra_dhcp_opts': [], 'security_groups': [], 'description': '', 'binding:vnic_type': 'normal', 'binding:profile': {}, 'binding:host_id': '', 'binding:vif_type': 'unbound', 'binding:vif_details': {}, 'port_security_enabled': False, 'tags': [], 'created_at': '2022-10-11T07:49:09Z', 'updated_at': '2022-10-11T07:49:09Z', 'revision_number': 1, 'project_id': '', 'subnets': [{'id': '95f5de89-176b-4d5d-aaf7-2cb21c7de60f', 'cidr': '172.26.6.0/24', 'gateway_ip': '172.26.6.1', 'dns_nameservers': [], 'ipv6_ra_mode': None, 'subnetpool_id': None}], 'extra_subnets': [], 'address_scopes': {4: None, 6: None}, 'mtu': 1500}, 'enable_snat': True, 'gw_port_host': 'dv-neutron-840420-42-hyperv'}], 'dv-neutron-840420-42-hyperv', False) {} {{(pid=112243) wrapper /usr/local/lib/python3.8/dist-packages/oslo_log/helpers.py:65}}
Oct 11 07:49:12.317396 dv-neutron-840420-42-hyperv neutron-server[112243]: DEBUG neutron.api.rpc.handlers.l3_rpc [None req-7de7897f-d6e2-4dd6-b22a-325f6bd093ba None None] Checking router: add5d8b5-45b7-4cad-b3ee-e2b54e972b80 for host: dv-neutron-840420-42-hyperv {{(pid=112243) _ensure_host_set_on_ports /opt/stack/neutron/neutron/api/rpc/handlers/l3_rpc.py:155}}
Oct 11 07:49:12.317833 dv-neutron-840420-42-hyperv neutron-server[112243]: DEBUG neutron.api.rpc.handlers.l3_rpc [None req-7de7897f-d6e2-4dd6-b22a-325f6bd093ba None None] Updating router add5d8b5-45b7-4cad-b3ee-e2b54e972b80 port c10905da-2ced-4148-93a6-9ab7cc8c62f6 binding host dv-neutron-840420-42-hyperv {{(pid=112243) _ensure_host_set_on_port /opt/stack/neutron/neutron/api/rpc/handlers/l3_rpc.py:205}}
Oct 11 07:49:12.340645 dv-neutron-840420-42-hyperv neutron-server[112241]: DEBUG neutron_lib.callbacks.manager [None req-467b23ec-86fc-4949-bef7-e7d92b7f8872 tempest-AllowedAddressPairIpV6TestJSON-841400906 tempest-AllowedAddressPairIpV6TestJSON-841400906-project] Publish callbacks ['neutron.plugins.ml2.ovo_rpc._ObjectChangeHandler.handle_event-1661042', 'neutron.api.rpc.agentnotifiers.dhcp_rpc_agent_api.DhcpAgentNotifyAPI._native_event_send_dhcp_notification-1627513'] for subnet (3a7a17b4-0f3f-4826-bccf-1c1c05c8c616), after_create {{(pid=112241) _notify_loop /usr/local/lib/python3.8/dist-packages/neutron_lib/callbacks/manager.py:176}}
Oct 11 07:49:12.343189 dv-neutron-840420-42-hyperv neutron-server[112242]: DEBUG neutron.plugins.ml2.plugin [None req-e474adea-a273-47ea-80f1-8e01176d5245 None None] Current status of the port b6f3bcf0-eb0a-47a6-8ea9-8949be40f78a is: ACTIVE; New status is: ACTIVE {{(pid=112242) _update_individual_port_db_status /opt/stack/neutron/neutron/plugins/ml2/plugin.py:2333}}
Oct 11 07:49:12.362908 dv-neutron-840420-42-hyperv neutron-server[112243]: DEBUG neutron_lib.callbacks.manager [None req-7de7897f-d6e2-4dd6-b22a-325f6bd093ba None None] Publish callbacks ['neutron.plugins.ml2.plugin.SecurityGroupDbMixin._ensure_default_security_group_handler-754583'] for port (c10905da-2ced-4148-93a6-9ab7cc8c62f6), before_update {{(pid=112243) _notify_loop /usr/local/lib/python3.8/dist-packages/neutron_lib/callbacks/manager.py:176}}
Oct 11 07:49:12.427406 dv-neutron-840420-42-hyperv neutron-server[112241]: DEBUG neutron.plugins.ml2.drivers.mech_agent [None req-467b23ec-86fc-4949-bef7-e7d92b7f8872 tempest-AllowedAddressPairIpV6TestJSON-841400906 tempest-AllowedAddressPairIpV6TestJSON-841400906-project] Checking segment: {'id': '1037952d-9ba7-4eed-b154-408014ab46d6', 'network_type': 'vlan', 'physical_network': 'physnet1', 'segmentation_id': 476, 'network_id': 'd8f2b808-b5f3-4fb3-8cc1-e35bd4062cce'} for mappings: {'physnet1': 'br-data'} with network types: ['local', 'flat', 'vlan'] {{(pid=112241) check_segment_for_agent /opt/stack/neutron/neutron/plugins/ml2/drivers/mech_agent.py:399}}
Oct 11 07:49:12.427867 dv-neutron-840420-42-hyperv neutron-server[112241]: DEBUG neutron.scheduler.dhcp_agent_scheduler [None req-467b23ec-86fc-4949-bef7-e7d92b7f8872 tempest-AllowedAddressPairIpV6TestJSON-841400906 tempest-AllowedAddressPairIpV6TestJSON-841400906-project] Network hostable DHCP agents. Network: d8f2b808-b5f3-4fb3-8cc1-e35bd4062cce, hostable agents: ['8786b2ec-e0fb-40dc-bb29-9f9e307beb81'], hosted agents: [] {{(pid=112241) _get_network_hostable_dhcp_agents /opt/stack/neutron/neutron/scheduler/dhcp_agent_scheduler.py:329}}
Oct 11 07:49:12.437413 dv-neutron-840420-42-hyperv neutron-server[112241]: DEBUG neutron.api.rpc.handlers.resources_rpc [None req-467b23ec-86fc-4949-bef7-e7d92b7f8872 tempest-AllowedAddressPairIpV6TestJSON-841400906 tempest-AllowedAddressPairIpV6TestJSON-841400906-project] Pushing event updated for resources: {'Subnet': ['ID=3a7a17b4-0f3f-4826-bccf-1c1c05c8c616,revision_number=0']} {{(pid=112241) push /opt/stack/neutron/neutron/api/rpc/handlers/resources_rpc.py:237}}
Oct 11 07:49:12.495006 dv-neutron-840420-42-hyperv neutron-server[112240]: DEBUG dbcounter [-] [112240] Writing DB stats neutron:SELECT=91,neutron:INSERT=6,neutron:DELETE=2,neutron:UPDATE=1 {{(pid=112240) stat_writer /usr/local/lib/python3.8/dist-packages/dbcounter.py:114}}
Oct 11 07:49:12.502233 dv-neutron-840420-42-hyperv neutron-server[112240]: DEBUG dbcounter [-] [112240] Writing DB stats neutron:SELECT=87,neutron:INSERT=11,neutron:UPDATE=2 {{(pid=112240) stat_writer /usr/local/lib/python3.8/dist-packages/dbcounter.py:114}}
Oct 11 07:49:12.522903 dv-neutron-840420-42-hyperv neutron-server[112241]: DEBUG neutron.scheduler.dhcp_agent_scheduler [None req-467b23ec-86fc-4949-bef7-e7d92b7f8872 tempest-AllowedAddressPairIpV6TestJSON-841400906 tempest-AllowedAddressPairIpV6TestJSON-841400906-project] Network d8f2b808-b5f3-4fb3-8cc1-e35bd4062cce is scheduled to be hosted by DHCP agent 8786b2ec-e0fb-40dc-bb29-9f9e307beb81 with binding_index 1 {{(pid=112241) bind /opt/stack/neutron/neutron/scheduler/dhcp_agent_scheduler.py:227}}
Oct 11 07:49:12.534053 dv-neutron-840420-42-hyperv neutron-server[112241]: DEBUG neutron.api.v2.base [None req-079124de-c423-4124-a278-e41d30533133 tempest-PortsAdminExtendedAttrsTestJSON-901910599 tempest-PortsAdminExtendedAttrsTestJSON-901910599-project] Request body: {'network': {'name': 'tempest-PortsAdminExtendedAttrsTestJSON-test-network-1033311284'}} {{(pid=112241) prepare_request_body /opt/stack/neutron/neutron/api/v2/base.py:730}}
Oct 11 07:49:12.616494 dv-neutron-840420-42-hyperv neutron-server[112240]: DEBUG neutron_lib.callbacks.manager [None req-9952658e-8dc3-4a47-9685-ab4d886909b0 admin admin] Publish callbacks ['neutron.plugins.ml2.ovo_rpc._ObjectChangeHandler.handle_event-1661042', 'neutron.api.rpc.agentnotifiers.dhcp_rpc_agent_api.DhcpAgentNotifyAPI._native_event_send_dhcp_notification-1627513'] for subnet (295a60d7-b00e-4672-a7cf-6fd74d9c7cad), after_create {{(pid=112240) _notify_loop /usr/local/lib/python3.8/dist-packages/neutron_lib/callbacks/manager.py:176}}
Oct 11 07:49:12.625292 dv-neutron-840420-42-hyperv neutron-server[112241]: DEBUG neutron.scheduler.base_scheduler [None req-467b23ec-86fc-4949-bef7-e7d92b7f8872 tempest-AllowedAddressPairIpV6TestJSON-841400906 tempest-AllowedAddressPairIpV6TestJSON-841400906-project] Resources bound (agent type, host, resource id): (DHCP agent, dv-neutron-840420-42-hyperv, d8f2b808-b5f3-4fb3-8cc1-e35bd4062cce) {{(pid=112241) schedule /opt/stack/neutron/neutron/scheduler/base_scheduler.py:57}}
Oct 11 07:49:12.634883 dv-neutron-840420-42-hyperv neutron-server[112242]: DEBUG neutron.api.rpc.handlers.dhcp_rpc [None req-a632e034-61bd-4ea5-b39a-a64b53cde148 None None] Network d8f2b808-b5f3-4fb3-8cc1-e35bd4062cce requested from dv-neutron-840420-42-hyperv {{(pid=112242) get_network_info /opt/stack/neutron/neutron/api/rpc/handlers/dhcp_rpc.py:193}}
Oct 11 07:49:12.636027 dv-neutron-840420-42-hyperv neutron-server[112241]: DEBUG neutron.pecan_wsgi.hooks.policy_enforcement [None req-467b23ec-86fc-4949-bef7-e7d92b7f8872 tempest-AllowedAddressPairIpV6TestJSON-841400906 tempest-AllowedAddressPairIpV6TestJSON-841400906-project] Attributes excluded by policy engine: ['standard_attr_id', 'shared', 'network'] {{(pid=112241) _exclude_attributes_by_policy /opt/stack/neutron/neutron/pecan_wsgi/hooks/policy_enforcement.py:259}}
Oct 11 07:49:12.637084 dv-neutron-840420-42-hyperv neutron-server[112241]: DEBUG neutron_lib.callbacks.manager [None req-467b23ec-86fc-4949-bef7-e7d92b7f8872 tempest-AllowedAddressPairIpV6TestJSON-841400906 tempest-AllowedAddressPairIpV6TestJSON-841400906-project] Publish callbacks ['neutron.api.rpc.agentnotifiers.dhcp_rpc_agent_api.DhcpAgentNotifyAPI._send_dhcp_notification-1627503'] for subnet (None), before_response {{(pid=112241) _notify_loop /usr/local/lib/python3.8/dist-packages/neutron_lib/callbacks/manager.py:176}}
Oct 11 07:49:12.652193 dv-neutron-840420-42-hyperv neutron-server[112241]: DEBUG neutron.pecan_wsgi.hooks.quota_enforcement [None req-079124de-c423-4124-a278-e41d30533133 tempest-PortsAdminExtendedAttrsTestJSON-901910599 tempest-PortsAdminExtendedAttrsTestJSON-901910599-project] Made reservation on behalf of 095d3689b1a44588a30cdccbaa26244b for: {'network': 1} {{(pid=112241) before /opt/stack/neutron/neutron/pecan_wsgi/hooks/quota_enforcement.py:53}}
Oct 11 07:49:12.657397 dv-neutron-840420-42-hyperv neutron-server[112241]: DEBUG neutron_lib.callbacks.manager [None req-079124de-c423-4124-a278-e41d30533133 tempest-PortsAdminExtendedAttrsTestJSON-901910599 tempest-PortsAdminExtendedAttrsTestJSON-901910599-project] Publish callbacks ['neutron.plugins.ml2.plugin.SecurityGroupDbMixin._ensure_default_security_group_handler-754583'] for network (None), before_create {{(pid=112241) _notify_loop /usr/local/lib/python3.8/dist-packages/neutron_lib/callbacks/manager.py:176}}
Oct 11 07:49:12.688282 dv-neutron-840420-42-hyperv neutron-server[112241]: DEBUG neutron_lib.callbacks.manager [None req-079124de-c423-4124-a278-e41d30533133 tempest-PortsAdminExtendedAttrsTestJSON-901910599 tempest-PortsAdminExtendedAttrsTestJSON-901910599-project] Publish callbacks [] for security_group (None), before_create {{(pid=112241) _notify_loop /usr/local/lib/python3.8/dist-packages/neutron_lib/callbacks/manager.py:176}}
Oct 11 07:49:12.737315 dv-neutron-840420-42-hyperv neutron-server[112241]: INFO neutron.wsgi [None req-467b23ec-86fc-4949-bef7-e7d92b7f8872 tempest-AllowedAddressPairIpV6TestJSON-841400906 tempest-AllowedAddressPairIpV6TestJSON-841400906-project] 10.222.0.13 "POST /networking/v2.0/subnets HTTP/1.1" status: 201 len: 821 time: 1.0186160
Oct 11 07:49:12.740769 dv-neutron-840420-42-hyperv neutron-server[112243]: DEBUG neutron_lib.callbacks.manager [None req-7de7897f-d6e2-4dd6-b22a-325f6bd093ba None None] Publish callbacks [] for port (c10905da-2ced-4148-93a6-9ab7cc8c62f6), precommit_update {{(pid=112243) _notify_loop /usr/local/lib/python3.8/dist-packages/neutron_lib/callbacks/manager.py:176}}
Oct 11 07:49:12.742288 dv-neutron-840420-42-hyperv neutron-server[112241]: DEBUG neutron.wsgi [-] (112241) accepted ('10.222.0.13', 43738) {{(pid=112241) server /usr/local/lib/python3.8/dist-packages/eventlet/wsgi.py:1004}}
Oct 11 07:49:12.750832 dv-neutron-840420-42-hyperv neutron-server[112241]: DEBUG neutron.api.v2.base [None req-d3d3abdc-713b-4208-8731-1262b8e1252a tempest-AllowedAddressPairIpV6TestJSON-841400906 tempest-AllowedAddressPairIpV6TestJSON-841400906-project] Request body: {'port': {'network_id': 'd8f2b808-b5f3-4fb3-8cc1-e35bd4062cce', 'name': 'tempest-AllowedAddressPairIpV6TestJSON-1344801711'}} {{(pid=112241) prepare_request_body /opt/stack/neutron/neutron/api/v2/base.py:730}}
Oct 11 07:49:12.777062 dv-neutron-840420-42-hyperv neutron-server[112242]: DEBUG dbcounter [-] [112242] Writing DB stats neutron:SELECT=99,neutron:UPDATE=1 {{(pid=112242) stat_writer /usr/local/lib/python3.8/dist-packages/dbcounter.py:114}}
Oct 11 07:49:12.784548 dv-neutron-840420-42-hyperv neutron-server[112242]: DEBUG dbcounter [-] [112242] Writing DB stats neutron:SELECT=99,neutron:UPDATE=1 {{(pid=112242) stat_writer /usr/local/lib/python3.8/dist-packages/dbcounter.py:114}}
Oct 11 07:49:12.814577 dv-neutron-840420-42-hyperv neutron-server[112243]: DEBUG neutron_lib.callbacks.manager [None req-7de7897f-d6e2-4dd6-b22a-325f6bd093ba None None] Publish callbacks ['neutron.plugins.ml2.plugin.SecurityGroupServerNotifierRpcMixin._notify_sg_on_port_change-754760', 'neutron.plugins.ml2.ovo_rpc._ObjectChangeHandler.handle_event-370745', 'neutron.api.rpc.agentnotifiers.dhcp_rpc_agent_api.DhcpAgentNotifyAPI._native_event_send_dhcp_notification-1627513', 'neutron.db.l3_db.L3RpcNotifierMixin._notify_gateway_port_ip_changed-8729966974401', 'neutron.db.l3_dvrscheduler_db._notify_l3_agent_port_update-8729966486532', 'neutron.db.l3_hascheduler_db._notify_l3_agent_ha_port_update-8729966486550'] for port (c10905da-2ced-4148-93a6-9ab7cc8c62f6), after_update {{(pid=112243) _notify_loop /usr/local/lib/python3.8/dist-packages/neutron_lib/callbacks/manager.py:176}}
Oct 11 07:49:12.866548 dv-neutron-840420-42-hyperv neutron-server[112242]: DEBUG neutron.api.rpc.handlers.dhcp_rpc [None req-cd7d4645-a81b-4337-98be-59476604ee5e None None] Create dhcp port {'port': {'name': '', 'admin_state_up': True, 'device_id': 'dhcp70f087c1-b1df-5b9d-9895-b9d640732db2-d8f2b808-b5f3-4fb3-8cc1-e35bd4062cce', 'network_id': 'd8f2b808-b5f3-4fb3-8cc1-e35bd4062cce', 'project_id': '4eb8d5bcd1364069b9afad17b20935ed', 'fixed_ips': [{'subnet_id': '3a7a17b4-0f3f-4826-bccf-1c1c05c8c616'}]}} from dv-neutron-840420-42-hyperv. {{(pid=112242) create_dhcp_port /opt/stack/neutron/neutron/api/rpc/handlers/dhcp_rpc.py:282}}
Oct 11 07:49:12.868026 dv-neutron-840420-42-hyperv neutron-server[112242]: DEBUG neutron_lib.callbacks.manager [None req-cd7d4645-a81b-4337-98be-59476604ee5e None None] Publish callbacks ['neutron.plugins.ml2.plugin.SecurityGroupDbMixin._ensure_default_security_group_handler-754583'] for port (None), before_create {{(pid=112242) _notify_loop /usr/local/lib/python3.8/dist-packages/neutron_lib/callbacks/manager.py:176}}
Oct 11 07:49:12.889669 dv-neutron-840420-42-hyperv neutron-server[112240]: DEBUG neutron.plugins.ml2.drivers.mech_agent [None req-9952658e-8dc3-4a47-9685-ab4d886909b0 admin admin] Checking segment: {'id': '0e82eb47-b330-4c46-b93e-74c6d8f91588', 'network_type': 'vlan', 'physical_network': 'physnet1', 'segmentation_id': 463, 'network_id': '8ba6accd-4f85-436e-9493-8048874721e2'} for mappings: {'physnet1': 'br-data'} with network types: ['local', 'flat', 'vlan'] {{(pid=112240) check_segment_for_agent /opt/stack/neutron/neutron/plugins/ml2/drivers/mech_agent.py:399}}
Oct 11 07:49:12.890324 dv-neutron-840420-42-hyperv neutron-server[112240]: DEBUG neutron.scheduler.dhcp_agent_scheduler [None req-9952658e-8dc3-4a47-9685-ab4d886909b0 admin admin] Network hostable DHCP agents. Network: 8ba6accd-4f85-436e-9493-8048874721e2, hostable agents: ['8786b2ec-e0fb-40dc-bb29-9f9e307beb81'], hosted agents: [] {{(pid=112240) _get_network_hostable_dhcp_agents /opt/stack/neutron/neutron/scheduler/dhcp_agent_scheduler.py:329}}
Oct 11 07:49:12.906089 dv-neutron-840420-42-hyperv neutron-server[112243]: DEBUG neutron.api.rpc.handlers.resources_rpc [None req-261cb5c2-a9c6-4def-88ea-62ada9085e4e None None] Pushing event updated for resources: {'Port': ['ID=c10905da-2ced-4148-93a6-9ab7cc8c62f6,revision_number=2']} {{(pid=112243) push /opt/stack/neutron/neutron/api/rpc/handlers/resources_rpc.py:237}}
Oct 11 07:49:12.926052 dv-neutron-840420-42-hyperv neutron-server[112243]: DEBUG neutron.api.rpc.callbacks.version_manager [None req-261cb5c2-a9c6-4def-88ea-62ada9085e4e None None] Version for resource type AddressGroup changed None to 1.2 on consumer Open vSwitch agent@dv-neutron-840420-42-hyperv {{(pid=112243) _set_version /opt/stack/neutron/neutron/api/rpc/callbacks/version_manager.py:113}}
Oct 11 07:49:12.926397 dv-neutron-840420-42-hyperv neutron-server[112243]: DEBUG neutron.api.rpc.callbacks.version_manager [None req-261cb5c2-a9c6-4def-88ea-62ada9085e4e None None] Version for resource type Agent changed None to 1.1 on consumer Open vSwitch agent@dv-neutron-840420-42-hyperv {{(pid=112243) _set_version /opt/stack/neutron/neutron/api/rpc/callbacks/version_manager.py:113}}
Oct 11 07:49:12.932522 dv-neutron-840420-42-hyperv neutron-server[112243]: DEBUG neutron.api.rpc.callbacks.version_manager [None req-261cb5c2-a9c6-4def-88ea-62ada9085e4e None None] Version for resource type ConntrackHelper changed None to 1.0 on consumer Open vSwitch agent@dv-neutron-840420-42-hyperv {{(pid=112243) _set_version /opt/stack/neutron/neutron/api/rpc/callbacks/version_manager.py:113}}
Oct 11 07:49:12.933376 dv-neutron-840420-42-hyperv neutron-server[112243]: DEBUG neutron.api.rpc.callbacks.version_manager [None req-261cb5c2-a9c6-4def-88ea-62ada9085e4e None None] Version for resource type LocalIPAssociation changed None to 1.0 on consumer Open vSwitch agent@dv-neutron-840420-42-hyperv {{(pid=112243) _set_version /opt/stack/neutron/neutron/api/rpc/callbacks/version_manager.py:113}}
Oct 11 07:49:12.933889 dv-neutron-840420-42-hyperv neutron-server[112243]: DEBUG neutron.api.rpc.callbacks.version_manager [None req-261cb5c2-a9c6-4def-88ea-62ada9085e4e None None] Version for resource type Log changed None to 1.0 on consumer Open vSwitch agent@dv-neutron-840420-42-hyperv {{(pid=112243) _set_version /opt/stack/neutron/neutron/api/rpc/callbacks/version_manager.py:113}}
Oct 11 07:49:12.934391 dv-neutron-840420-42-hyperv neutron-server[112243]: DEBUG neutron.api.rpc.callbacks.version_manager [None req-261cb5c2-a9c6-4def-88ea-62ada9085e4e None None] Version for resource type NDPProxy changed None to 1.0 on consumer Open vSwitch agent@dv-neutron-840420-42-hyperv {{(pid=112243) _set_version /opt/stack/neutron/neutron/api/rpc/callbacks/version_manager.py:113}}
Oct 11 07:49:12.934891 dv-neutron-840420-42-hyperv neutron-server[112243]: DEBUG neutron.api.rpc.callbacks.version_manager [None req-261cb5c2-a9c6-4def-88ea-62ada9085e4e None None] Version for resource type Network changed None to 1.1 on consumer Open vSwitch agent@dv-neutron-840420-42-hyperv {{(pid=112243) _set_version /opt/stack/neutron/neutron/api/rpc/callbacks/version_manager.py:113}}
Oct 11 07:49:12.936705 dv-neutron-840420-42-hyperv neutron-server[112243]: DEBUG neutron.api.rpc.callbacks.version_manager [None req-261cb5c2-a9c6-4def-88ea-62ada9085e4e None None] Version for resource type Port changed None to 1.7 on consumer Open vSwitch agent@dv-neutron-840420-42-hyperv {{(pid=112243) _set_version /opt/stack/neutron/neutron/api/rpc/callbacks/version_manager.py:113}}
Oct 11 07:49:12.937407 dv-neutron-840420-42-hyperv neutron-server[112243]: DEBUG neutron.api.rpc.callbacks.version_manager [None req-261cb5c2-a9c6-4def-88ea-62ada9085e4e None None] Version for resource type PortForwarding changed None to 1.3 on consumer Open vSwitch agent@dv-neutron-840420-42-hyperv {{(pid=112243) _set_version /opt/stack/neutron/neutron/api/rpc/callbacks/version_manager.py:113}}
Oct 11 07:49:12.939628 dv-neutron-840420-42-hyperv neutron-server[112243]: DEBUG neutron.api.rpc.callbacks.version_manager [None req-261cb5c2-a9c6-4def-88ea-62ada9085e4e None None] Version for resource type QosPolicy changed None to 1.10 on consumer Open vSwitch agent@dv-neutron-840420-42-hyperv {{(pid=112243) _set_version /opt/stack/neutron/neutron/api/rpc/callbacks/version_manager.py:113}}
Oct 11 07:49:12.940172 dv-neutron-840420-42-hyperv neutron-server[112243]: DEBUG neutron.api.rpc.callbacks.version_manager [None req-261cb5c2-a9c6-4def-88ea-62ada9085e4e None None] Version for resource type SecurityGroup changed None to 1.5 on consumer Open vSwitch agent@dv-neutron-840420-42-hyperv {{(pid=112243) _set_version /opt/stack/neutron/neutron/api/rpc/callbacks/version_manager.py:113}}
Oct 11 07:49:12.940665 dv-neutron-840420-42-hyperv neutron-server[112243]: DEBUG neutron.api.rpc.callbacks.version_manager [None req-261cb5c2-a9c6-4def-88ea-62ada9085e4e None None] Version for resource type SecurityGroupRule changed None to 1.2 on consumer Open vSwitch agent@dv-neutron-840420-42-hyperv {{(pid=112243) _set_version /opt/stack/neutron/neutron/api/rpc/callbacks/version_manager.py:113}}
Oct 11 07:49:12.943655 dv-neutron-840420-42-hyperv neutron-server[112243]: DEBUG neutron.api.rpc.callbacks.version_manager [None req-261cb5c2-a9c6-4def-88ea-62ada9085e4e None None] Version for resource type SubPort changed None to 1.0 on consumer Open vSwitch agent@dv-neutron-840420-42-hyperv {{(pid=112243) _set_version /opt/stack/neutron/neutron/api/rpc/callbacks/version_manager.py:113}}
Oct 11 07:49:12.944190 dv-neutron-840420-42-hyperv neutron-server[112243]: DEBUG neutron.api.rpc.callbacks.version_manager [None req-261cb5c2-a9c6-4def-88ea-62ada9085e4e None None] Version for resource type Subnet changed None to 1.1 on consumer Open vSwitch agent@dv-neutron-840420-42-hyperv {{(pid=112243) _set_version /opt/stack/neutron/neutron/api/rpc/callbacks/version_manager.py:113}}
Oct 11 07:49:12.944705 dv-neutron-840420-42-hyperv neutron-server[112243]: DEBUG neutron.api.rpc.callbacks.version_manager [None req-261cb5c2-a9c6-4def-88ea-62ada9085e4e None None] Version for resource type Trunk changed None to 1.1 on consumer Open vSwitch agent@dv-neutron-840420-42-hyperv {{(pid=112243) _set_version /opt/stack/neutron/neutron/api/rpc/callbacks/version_manager.py:113}}
Oct 11 07:49:12.946067 dv-neutron-840420-42-hyperv neutron-server[112243]: DEBUG neutron.api.rpc.callbacks.version_manager [None req-261cb5c2-a9c6-4def-88ea-62ada9085e4e None None] Tracked resource versions report:
Oct 11 07:49:12.946067 dv-neutron-840420-42-hyperv neutron-server[112243]: pushed versions:
Oct 11 07:49:12.946067 dv-neutron-840420-42-hyperv neutron-server[112243]: { 'AddressGroup': {'1.2'},
Oct 11 07:49:12.946067 dv-neutron-840420-42-hyperv neutron-server[112243]: 'Agent': {'1.1'},
Oct 11 07:49:12.946067 dv-neutron-840420-42-hyperv neutron-server[112243]: 'ConntrackHelper': {'1.0'},
Oct 11 07:49:12.946067 dv-neutron-840420-42-hyperv neutron-server[112243]: 'LocalIPAssociation': {'1.0'},
Oct 11 07:49:12.946067 dv-neutron-840420-42-hyperv neutron-server[112243]: 'Log': {'1.0'},
Oct 11 07:49:12.946067 dv-neutron-840420-42-hyperv neutron-server[112243]: 'NDPProxy': {'1.0'},
Oct 11 07:49:12.946067 dv-neutron-840420-42-hyperv neutron-server[112243]: 'Network': {'1.1'},
Oct 11 07:49:12.946067 dv-neutron-840420-42-hyperv neutron-server[112243]: 'Port': {'1.7'},
Oct 11 07:49:12.946067 dv-neutron-840420-42-hyperv neutron-server[112243]: 'PortForwarding': {'1.3'},
Oct 11 07:49:12.946067 dv-neutron-840420-42-hyperv neutron-server[112243]: 'QosPolicy': {'1.10'},
Oct 11 07:49:12.946067 dv-neutron-840420-42-hyperv neutron-server[112243]: 'SecurityGroup': {'1.5'},
Oct 11 07:49:12.946067 dv-neutron-840420-42-hyperv neutron-server[112243]: 'SecurityGroupRule': {'1.2'},
Oct 11 07:49:12.946067 dv-neutron-840420-42-hyperv neutron-server[112243]: 'SubPort': {'1.0'},
Oct 11 07:49:12.946067 dv-neutron-840420-42-hyperv neutron-server[112243]: 'Subnet': {'1.1'},
Oct 11 07:49:12.946067 dv-neutron-840420-42-hyperv neutron-server[112243]: 'Trunk': {'1.1'}}
Oct 11 07:49:12.946067 dv-neutron-840420-42-hyperv neutron-server[112243]: consumer versions:
Oct 11 07:49:12.946067 dv-neutron-840420-42-hyperv neutron-server[112243]: { DHCP agent@dv-neutron-840420-42-hyperv: {},
Oct 11 07:49:12.946067 dv-neutron-840420-42-hyperv neutron-server[112243]: HyperV agent@hv-neutron-8404: {},
Oct 11 07:49:12.946067 dv-neutron-840420-42-hyperv neutron-server[112243]: L3 agent@dv-neutron-840420-42-hyperv: {},
Oct 11 07:49:12.946067 dv-neutron-840420-42-hyperv neutron-server[112243]: Metadata agent@dv-neutron-840420-42-hyperv: {},
Oct 11 07:49:12.946067 dv-neutron-840420-42-hyperv neutron-server[112243]: Metering agent@dv-neutron-840420-42-hyperv: {},
Oct 11 07:49:12.946067 dv-neutron-840420-42-hyperv neutron-server[112243]: Open vSwitch agent@dv-neutron-840420-42-hyperv: { 'AddressGroup': '1.2',
Oct 11 07:49:12.946067 dv-neutron-840420-42-hyperv neutron-server[112243]: 'Agent': '1.1',
Oct 11 07:49:12.946067 dv-neutron-840420-42-hyperv neutron-server[112243]: 'ConntrackHelper': '1.0',
Oct 11 07:49:12.946067 dv-neutron-840420-42-hyperv neutron-server[112243]: 'LocalIPAssociation': '1.0',
Oct 11 07:49:12.946067 dv-neutron-840420-42-hyperv neutron-server[112243]: 'Log': '1.0',
Oct 11 07:49:12.946067 dv-neutron-840420-42-hyperv neutron-server[112243]: 'NDPProxy': '1.0',
Oct 11 07:49:12.946067 dv-neutron-840420-42-hyperv neutron-server[112243]: 'Network': '1.1',
Oct 11 07:49:12.946067 dv-neutron-840420-42-hyperv neutron-server[112243]: 'Port': '1.7',
Oct 11 07:49:12.946067 dv-neutron-840420-42-hyperv neutron-server[112243]: 'PortForwarding': '1.3',
Oct 11 07:49:12.946067 dv-neutron-840420-42-hyperv neutron-server[112243]: 'QosPolicy': '1.10',
Oct 11 07:49:12.946067 dv-neutron-840420-42-hyperv neutron-server[112243]: 'SecurityGroup': '1.5',
Oct 11 07:49:12.946067 dv-neutron-840420-42-hyperv neutron-server[112243]: 'SecurityGroupRule': '1.2',
Oct 11 07:49:12.946067 dv-neutron-840420-42-hyperv neutron-server[112243]: 'SubPort': '1.0',
Oct 11 07:49:12.946067 dv-neutron-840420-42-hyperv neutron-server[112243]: 'Subnet': '1.1',
Oct 11 07:49:12.946067 dv-neutron-840420-42-hyperv neutron-server[112243]: 'Trunk': '1.1'}}
Oct 11 07:49:12.946067 dv-neutron-840420-42-hyperv neutron-server[112243]: {{(pid=112243) report /opt/stack/neutron/neutron/api/rpc/callbacks/version_manager.py:175}}
Oct 11 07:49:12.960260 dv-neutron-840420-42-hyperv neutron-server[112243]: DEBUG neutron.plugins.ml2.managers [None req-7de7897f-d6e2-4dd6-b22a-325f6bd093ba None None] Attempting to bind port c10905da-2ced-4148-93a6-9ab7cc8c62f6 on host dv-neutron-840420-42-hyperv for vnic_type normal with profile {{(pid=112243) bind_port /opt/stack/neutron/neutron/plugins/ml2/managers.py:810}}
Oct 11 07:49:12.960870 dv-neutron-840420-42-hyperv neutron-server[112243]: DEBUG neutron.plugins.ml2.managers [None req-7de7897f-d6e2-4dd6-b22a-325f6bd093ba None None] Attempting to bind port c10905da-2ced-4148-93a6-9ab7cc8c62f6 by drivers openvswitch,hyperv on host dv-neutron-840420-42-hyperv at level 0 using segments [{'id': '334861f9-a813-436a-a90c-01ee09f88d3f', 'network_type': 'flat', 'physical_network': 'physnet1', 'segmentation_id': None, 'network_id': '8b00e814-4170-4bc7-a2a1-256c51c2b247'}] {{(pid=112243) _bind_port_level /opt/stack/neutron/neutron/plugins/ml2/managers.py:835}}
Oct 11 07:49:12.961412 dv-neutron-840420-42-hyperv neutron-server[112243]: DEBUG neutron.plugins.ml2.drivers.mech_agent [None req-7de7897f-d6e2-4dd6-b22a-325f6bd093ba None None] Attempting to bind port c10905da-2ced-4148-93a6-9ab7cc8c62f6 on network 8b00e814-4170-4bc7-a2a1-256c51c2b247 {{(pid=112243) bind_port /opt/stack/neutron/neutron/plugins/ml2/drivers/mech_agent.py:91}}
Oct 11 07:49:12.975236 dv-neutron-840420-42-hyperv neutron-server[112241]: DEBUG dbcounter [-] [112241] Writing DB stats neutron:SELECT=85,neutron:INSERT=14,neutron:UPDATE=1 {{(pid=112241) stat_writer /usr/local/lib/python3.8/dist-packages/dbcounter.py:114}}
Oct 11 07:49:13.009385 dv-neutron-840420-42-hyperv neutron-server[112240]: DEBUG neutron.api.rpc.handlers.resources_rpc [None req-9952658e-8dc3-4a47-9685-ab4d886909b0 admin admin] Pushing event updated for resources: {'Subnet': ['ID=295a60d7-b00e-4672-a7cf-6fd74d9c7cad,revision_number=0']} {{(pid=112240) push /opt/stack/neutron/neutron/api/rpc/handlers/resources_rpc.py:237}}
Oct 11 07:49:13.040746 dv-neutron-840420-42-hyperv neutron-server[112240]: DEBUG neutron.scheduler.dhcp_agent_scheduler [None req-9952658e-8dc3-4a47-9685-ab4d886909b0 admin admin] Network 8ba6accd-4f85-436e-9493-8048874721e2 is scheduled to be hosted by DHCP agent 8786b2ec-e0fb-40dc-bb29-9f9e307beb81 with binding_index 1 {{(pid=112240) bind /opt/stack/neutron/neutron/scheduler/dhcp_agent_scheduler.py:227}}
Oct 11 07:49:13.041159 dv-neutron-840420-42-hyperv neutron-server[112241]: DEBUG neutron_lib.callbacks.manager [None req-079124de-c423-4124-a278-e41d30533133 tempest-PortsAdminExtendedAttrsTestJSON-901910599 tempest-PortsAdminExtendedAttrsTestJSON-901910599-project] Publish callbacks [] for security_group (71628417-5277-4c5c-a37f-40b8a8c5579b), precommit_create {{(pid=112241) _notify_loop /usr/local/lib/python3.8/dist-packages/neutron_lib/callbacks/manager.py:176}}
Oct 11 07:49:13.066330 dv-neutron-840420-42-hyperv neutron-server[112243]: DEBUG neutron.plugins.ml2.drivers.mech_agent [None req-7de7897f-d6e2-4dd6-b22a-325f6bd093ba None None] Checking agent: {'id': 'e8fd15e7-2015-4af3-ae76-9031d3d96d1c', 'agent_type': 'Open vSwitch agent', 'binary': 'neutron-openvswitch-agent', 'topic': 'N/A', 'host': 'dv-neutron-840420-42-hyperv', 'admin_state_up': True, 'created_at': datetime.datetime(2022, 10, 11, 7, 41, 6), 'started_at': datetime.datetime(2022, 10, 11, 7, 41, 36), 'heartbeat_timestamp': datetime.datetime(2022, 10, 11, 7, 49, 6), 'description': None, 'resources_synced': None, 'availability_zone': None, 'alive': True, 'configurations': {'arp_responder_enabled': False, 'baremetal_smartnic': False, 'bridge_mappings': {'physnet1': 'br-data'}, 'datapath_type': 'system', 'devices': 0, 'enable_distributed_routing': False, 'extensions': [], 'in_distributed_mode': False, 'integration_bridge': 'br-int', 'l2_population': False, 'log_agent_heartbeats': False, 'ovs_capabilities': {'datapath_types': ['netdev', 'system'], 'iface_types': ['erspan', 'geneve', 'gre', 'internal', 'ip6erspan', 'ip6gre', 'lisp', 'patch', 'stt', 'system', 'tap', 'vxlan']}, 'ovs_hybrid_plug': False, 'resource_provider_bandwidths': {}, 'resource_provider_hypervisors': {'br-data': 'dv-neutron-840420-42-hyperv'}, 'resource_provider_inventory_defaults': {'allocation_ratio': 1.0, 'min_unit': 1, 'step_size': 1, 'reserved': 0}, 'resource_provider_packet_processing_inventory_defaults': {'allocation_ratio': 1.0, 'min_unit': 1, 'step_size': 1, 'reserved': 0}, 'resource_provider_packet_processing_with_direction': {}, 'resource_provider_packet_processing_without_direction': {}, 'tunnel_types': [], 'tunneling_ip': None, 'vhostuser_socket_dir': '/var/run/openvswitch'}, 'resource_versions': {'AddressGroup': '1.2', 'Agent': '1.1', 'ConntrackHelper': '1.0', 'LocalIPAssociation': '1.0', 'Log': '1.0', 'NDPProxy': '1.0', 'Network': '1.1', 'Port': '1.7', 'PortForwarding': '1.3', 'QosPolicy': '1.10', 'SecurityGroup': '1.5', 'SecurityGroupRule': '1.2', 'SubPort': '1.0', 'Subnet': '1.1', 'Trunk': '1.1'}} {{(pid=112243) bind_port /opt/stack/neutron/neutron/plugins/ml2/drivers/mech_agent.py:127}}
Oct 11 07:49:13.069597 dv-neutron-840420-42-hyperv neutron-server[112243]: DEBUG neutron.plugins.ml2.drivers.mech_agent [None req-7de7897f-d6e2-4dd6-b22a-325f6bd093ba None None] Checking segment: {'id': '334861f9-a813-436a-a90c-01ee09f88d3f', 'network_type': 'flat', 'physical_network': 'physnet1', 'segmentation_id': None, 'network_id': '8b00e814-4170-4bc7-a2a1-256c51c2b247'} for mappings: {'physnet1': 'br-data'} with network types: ['local', 'flat', 'vlan'] {{(pid=112243) check_segment_for_agent /opt/stack/neutron/neutron/plugins/ml2/drivers/mech_agent.py:399}}
Oct 11 07:49:13.069597 dv-neutron-840420-42-hyperv neutron-server[112243]: DEBUG neutron_lib.callbacks.manager [None req-7de7897f-d6e2-4dd6-b22a-325f6bd093ba None None] Publish callbacks [] for ovs_bridge_name (None), before_read {{(pid=112243) _notify_loop /usr/local/lib/python3.8/dist-packages/neutron_lib/callbacks/manager.py:176}}
Oct 11 07:49:13.069597 dv-neutron-840420-42-hyperv neutron-server[112243]: DEBUG neutron.plugins.ml2.drivers.mech_agent [None req-7de7897f-d6e2-4dd6-b22a-325f6bd093ba None None] Bound using segment: {'id': '334861f9-a813-436a-a90c-01ee09f88d3f', 'network_type': 'flat', 'physical_network': 'physnet1', 'segmentation_id': None, 'network_id': '8b00e814-4170-4bc7-a2a1-256c51c2b247'} {{(pid=112243) bind_port /opt/stack/neutron/neutron/plugins/ml2/drivers/mech_agent.py:137}}
Oct 11 07:49:13.069597 dv-neutron-840420-42-hyperv neutron-server[112243]: DEBUG neutron.plugins.ml2.managers [None req-7de7897f-d6e2-4dd6-b22a-325f6bd093ba None None] Bound port: c10905da-2ced-4148-93a6-9ab7cc8c62f6, host: dv-neutron-840420-42-hyperv, vif_type: ovs, vif_details: {"connectivity": "l2", "port_filter": true, "ovs_hybrid_plug": false, "datapath_type": "system", "bridge_name": "br-int"}, binding_levels: [{'bound_driver': 'openvswitch', 'bound_segment': {'id': '334861f9-a813-436a-a90c-01ee09f88d3f', 'network_type': 'flat', 'physical_network': 'physnet1', 'segmentation_id': None, 'network_id': '8b00e814-4170-4bc7-a2a1-256c51c2b247'}}] {{(pid=112243) _bind_port_level /opt/stack/neutron/neutron/plugins/ml2/managers.py:947}}
