Sep 02 20:59:57.966610 dv-neutron-840420-32-hyperv neutron-server[107138]: DEBUG neutron.plugins.ml2.plugin [None req-c43962d0-1a6f-477d-8467-0477fceced82 None None] Current status of the port 1c35a006-1c73-4aa7-9845-6bae26be42b6 is: ACTIVE; New status is: ACTIVE {{(pid=107138) _update_individual_port_db_status /opt/stack/neutron/neutron/plugins/ml2/plugin.py:2302}}
Sep 02 20:59:57.975360 dv-neutron-840420-32-hyperv neutron-server[107136]: DEBUG neutron.api.v2.base [None req-4bb7a432-ed11-493a-a8d5-b99e50e7368b tempest-DHCPAgentSchedulersTestJSON-2123841683 tempest-DHCPAgentSchedulersTestJSON-2123841683-project] Request body: {'subnet': {'network_id': 'af7f27af-1334-449c-9c52-849eb6837347', 'cidr': '172.20.0.0/28', 'ip_version': 4, 'gateway_ip': '172.20.0.1'}} {{(pid=107136) prepare_request_body /opt/stack/neutron/neutron/api/v2/base.py:730}}
Sep 02 20:59:57.992837 dv-neutron-840420-32-hyperv neutron-server[107139]: DEBUG neutron.api.rpc.handlers.resources_rpc [None req-303995a4-55fb-401d-91b9-7f66865c886b None None] Pushing event updated for resources: {'Port': ['ID=f1439a2b-78da-4865-9041-a90120e7cfa3,revision_number=2']} {{(pid=107139) push /opt/stack/neutron/neutron/api/rpc/handlers/resources_rpc.py:237}}
Sep 02 20:59:58.010227 dv-neutron-840420-32-hyperv neutron-server[107139]: DEBUG neutron.api.rpc.callbacks.version_manager [None req-303995a4-55fb-401d-91b9-7f66865c886b None None] Version for resource type AddressGroup changed None to 1.2 on consumer Open vSwitch agent@dv-neutron-840420-32-hyperv {{(pid=107139) _set_version /opt/stack/neutron/neutron/api/rpc/callbacks/version_manager.py:113}}
Sep 02 20:59:58.010721 dv-neutron-840420-32-hyperv neutron-server[107139]: DEBUG neutron.api.rpc.callbacks.version_manager [None req-303995a4-55fb-401d-91b9-7f66865c886b None None] Version for resource type Agent changed None to 1.1 on consumer Open vSwitch agent@dv-neutron-840420-32-hyperv {{(pid=107139) _set_version /opt/stack/neutron/neutron/api/rpc/callbacks/version_manager.py:113}}
Sep 02 20:59:58.011357 dv-neutron-840420-32-hyperv neutron-server[107139]: DEBUG neutron.api.rpc.callbacks.version_manager [None req-303995a4-55fb-401d-91b9-7f66865c886b None None] Version for resource type ConntrackHelper changed None to 1.0 on consumer Open vSwitch agent@dv-neutron-840420-32-hyperv {{(pid=107139) _set_version /opt/stack/neutron/neutron/api/rpc/callbacks/version_manager.py:113}}
Sep 02 20:59:58.011769 dv-neutron-840420-32-hyperv neutron-server[107139]: DEBUG neutron.api.rpc.callbacks.version_manager [None req-303995a4-55fb-401d-91b9-7f66865c886b None None] Version for resource type LocalIPAssociation changed None to 1.0 on consumer Open vSwitch agent@dv-neutron-840420-32-hyperv {{(pid=107139) _set_version /opt/stack/neutron/neutron/api/rpc/callbacks/version_manager.py:113}}
Sep 02 20:59:58.012164 dv-neutron-840420-32-hyperv neutron-server[107139]: DEBUG neutron.api.rpc.callbacks.version_manager [None req-303995a4-55fb-401d-91b9-7f66865c886b None None] Version for resource type Log changed None to 1.0 on consumer Open vSwitch agent@dv-neutron-840420-32-hyperv {{(pid=107139) _set_version /opt/stack/neutron/neutron/api/rpc/callbacks/version_manager.py:113}}
Sep 02 20:59:58.012554 dv-neutron-840420-32-hyperv neutron-server[107139]: DEBUG neutron.api.rpc.callbacks.version_manager [None req-303995a4-55fb-401d-91b9-7f66865c886b None None] Version for resource type NDPProxy changed None to 1.0 on consumer Open vSwitch agent@dv-neutron-840420-32-hyperv {{(pid=107139) _set_version /opt/stack/neutron/neutron/api/rpc/callbacks/version_manager.py:113}}
Sep 02 20:59:58.012955 dv-neutron-840420-32-hyperv neutron-server[107139]: DEBUG neutron.api.rpc.callbacks.version_manager [None req-303995a4-55fb-401d-91b9-7f66865c886b None None] Version for resource type Network changed None to 1.1 on consumer Open vSwitch agent@dv-neutron-840420-32-hyperv {{(pid=107139) _set_version /opt/stack/neutron/neutron/api/rpc/callbacks/version_manager.py:113}}
Sep 02 20:59:58.013349 dv-neutron-840420-32-hyperv neutron-server[107139]: DEBUG neutron.api.rpc.callbacks.version_manager [None req-303995a4-55fb-401d-91b9-7f66865c886b None None] Version for resource type Port changed None to 1.7 on consumer Open vSwitch agent@dv-neutron-840420-32-hyperv {{(pid=107139) _set_version /opt/stack/neutron/neutron/api/rpc/callbacks/version_manager.py:113}}
Sep 02 20:59:58.014386 dv-neutron-840420-32-hyperv neutron-server[107139]: DEBUG neutron.api.rpc.callbacks.version_manager [None req-303995a4-55fb-401d-91b9-7f66865c886b None None] Version for resource type PortForwarding changed None to 1.3 on consumer Open vSwitch agent@dv-neutron-840420-32-hyperv {{(pid=107139) _set_version /opt/stack/neutron/neutron/api/rpc/callbacks/version_manager.py:113}}
Sep 02 20:59:58.014386 dv-neutron-840420-32-hyperv neutron-server[107139]: DEBUG neutron.api.rpc.callbacks.version_manager [None req-303995a4-55fb-401d-91b9-7f66865c886b None None] Version for resource type QosPolicy changed None to 1.10 on consumer Open vSwitch agent@dv-neutron-840420-32-hyperv {{(pid=107139) _set_version /opt/stack/neutron/neutron/api/rpc/callbacks/version_manager.py:113}}
Sep 02 20:59:58.014828 dv-neutron-840420-32-hyperv neutron-server[107139]: DEBUG neutron.api.rpc.callbacks.version_manager [None req-303995a4-55fb-401d-91b9-7f66865c886b None None] Version for resource type SecurityGroup changed None to 1.5 on consumer Open vSwitch agent@dv-neutron-840420-32-hyperv {{(pid=107139) _set_version /opt/stack/neutron/neutron/api/rpc/callbacks/version_manager.py:113}}
Sep 02 20:59:58.015477 dv-neutron-840420-32-hyperv neutron-server[107139]: DEBUG neutron.api.rpc.callbacks.version_manager [None req-303995a4-55fb-401d-91b9-7f66865c886b None None] Version for resource type SecurityGroupRule changed None to 1.2 on consumer Open vSwitch agent@dv-neutron-840420-32-hyperv {{(pid=107139) _set_version /opt/stack/neutron/neutron/api/rpc/callbacks/version_manager.py:113}}
Sep 02 20:59:58.015940 dv-neutron-840420-32-hyperv neutron-server[107139]: DEBUG neutron.api.rpc.callbacks.version_manager [None req-303995a4-55fb-401d-91b9-7f66865c886b None None] Version for resource type SubPort changed None to 1.0 on consumer Open vSwitch agent@dv-neutron-840420-32-hyperv {{(pid=107139) _set_version /opt/stack/neutron/neutron/api/rpc/callbacks/version_manager.py:113}}
Sep 02 20:59:58.016338 dv-neutron-840420-32-hyperv neutron-server[107139]: DEBUG neutron.api.rpc.callbacks.version_manager [None req-303995a4-55fb-401d-91b9-7f66865c886b None None] Version for resource type Subnet changed None to 1.1 on consumer Open vSwitch agent@dv-neutron-840420-32-hyperv {{(pid=107139) _set_version /opt/stack/neutron/neutron/api/rpc/callbacks/version_manager.py:113}}
Sep 02 20:59:58.017016 dv-neutron-840420-32-hyperv neutron-server[107139]: DEBUG neutron.api.rpc.callbacks.version_manager [None req-303995a4-55fb-401d-91b9-7f66865c886b None None] Version for resource type Trunk changed None to 1.1 on consumer Open vSwitch agent@dv-neutron-840420-32-hyperv {{(pid=107139) _set_version /opt/stack/neutron/neutron/api/rpc/callbacks/version_manager.py:113}}
Sep 02 20:59:58.019140 dv-neutron-840420-32-hyperv neutron-server[107139]: DEBUG neutron.api.rpc.callbacks.version_manager [None req-303995a4-55fb-401d-91b9-7f66865c886b None None] Tracked resource versions report:
Sep 02 20:59:58.019140 dv-neutron-840420-32-hyperv neutron-server[107139]: pushed versions:
Sep 02 20:59:58.019140 dv-neutron-840420-32-hyperv neutron-server[107139]: { 'AddressGroup': {'1.2'},
Sep 02 20:59:58.019140 dv-neutron-840420-32-hyperv neutron-server[107139]: 'Agent': {'1.1'},
Sep 02 20:59:58.019140 dv-neutron-840420-32-hyperv neutron-server[107139]: 'ConntrackHelper': {'1.0'},
Sep 02 20:59:58.019140 dv-neutron-840420-32-hyperv neutron-server[107139]: 'LocalIPAssociation': {'1.0'},
Sep 02 20:59:58.019140 dv-neutron-840420-32-hyperv neutron-server[107139]: 'Log': {'1.0'},
Sep 02 20:59:58.019140 dv-neutron-840420-32-hyperv neutron-server[107139]: 'NDPProxy': {'1.0'},
Sep 02 20:59:58.019140 dv-neutron-840420-32-hyperv neutron-server[107139]: 'Network': {'1.1'},
Sep 02 20:59:58.019140 dv-neutron-840420-32-hyperv neutron-server[107139]: 'Port': {'1.7'},
Sep 02 20:59:58.019140 dv-neutron-840420-32-hyperv neutron-server[107139]: 'PortForwarding': {'1.3'},
Sep 02 20:59:58.019140 dv-neutron-840420-32-hyperv neutron-server[107139]: 'QosPolicy': {'1.10'},
Sep 02 20:59:58.019140 dv-neutron-840420-32-hyperv neutron-server[107139]: 'SecurityGroup': {'1.5'},
Sep 02 20:59:58.019140 dv-neutron-840420-32-hyperv neutron-server[107139]: 'SecurityGroupRule': {'1.2'},
Sep 02 20:59:58.019140 dv-neutron-840420-32-hyperv neutron-server[107139]: 'SubPort': {'1.0'},
Sep 02 20:59:58.019140 dv-neutron-840420-32-hyperv neutron-server[107139]: 'Subnet': {'1.1'},
Sep 02 20:59:58.019140 dv-neutron-840420-32-hyperv neutron-server[107139]: 'Trunk': {'1.1'}}
Sep 02 20:59:58.019140 dv-neutron-840420-32-hyperv neutron-server[107139]: consumer versions:
Sep 02 20:59:58.019140 dv-neutron-840420-32-hyperv neutron-server[107139]: { DHCP agent@dv-neutron-840420-32-hyperv: {},
Sep 02 20:59:58.019140 dv-neutron-840420-32-hyperv neutron-server[107139]: HyperV agent@hv-neutron-8404: {},
Sep 02 20:59:58.019140 dv-neutron-840420-32-hyperv neutron-server[107139]: L3 agent@dv-neutron-840420-32-hyperv: {},
Sep 02 20:59:58.019140 dv-neutron-840420-32-hyperv neutron-server[107139]: Metadata agent@dv-neutron-840420-32-hyperv: {},
Sep 02 20:59:58.019140 dv-neutron-840420-32-hyperv neutron-server[107139]: Metering agent@dv-neutron-840420-32-hyperv: {},
Sep 02 20:59:58.019140 dv-neutron-840420-32-hyperv neutron-server[107139]: Open vSwitch agent@dv-neutron-840420-32-hyperv: { 'AddressGroup': '1.2',
Sep 02 20:59:58.019140 dv-neutron-840420-32-hyperv neutron-server[107139]: 'Agent': '1.1',
Sep 02 20:59:58.019140 dv-neutron-840420-32-hyperv neutron-server[107139]: 'ConntrackHelper': '1.0',
Sep 02 20:59:58.019140 dv-neutron-840420-32-hyperv neutron-server[107139]: 'LocalIPAssociation': '1.0',
Sep 02 20:59:58.019140 dv-neutron-840420-32-hyperv neutron-server[107139]: 'Log': '1.0',
Sep 02 20:59:58.019140 dv-neutron-840420-32-hyperv neutron-server[107139]: 'NDPProxy': '1.0',
Sep 02 20:59:58.019140 dv-neutron-840420-32-hyperv neutron-server[107139]: 'Network': '1.1',
Sep 02 20:59:58.019140 dv-neutron-840420-32-hyperv neutron-server[107139]: 'Port': '1.7',
Sep 02 20:59:58.019140 dv-neutron-840420-32-hyperv neutron-server[107139]: 'PortForwarding': '1.3',
Sep 02 20:59:58.019140 dv-neutron-840420-32-hyperv neutron-server[107139]: 'QosPolicy': '1.10',
Sep 02 20:59:58.019140 dv-neutron-840420-32-hyperv neutron-server[107139]: 'SecurityGroup': '1.5',
Sep 02 20:59:58.019140 dv-neutron-840420-32-hyperv neutron-server[107139]: 'SecurityGroupRule': '1.2',
Sep 02 20:59:58.019140 dv-neutron-840420-32-hyperv neutron-server[107139]: 'SubPort': '1.0',
Sep 02 20:59:58.019140 dv-neutron-840420-32-hyperv neutron-server[107139]: 'Subnet': '1.1',
Sep 02 20:59:58.019140 dv-neutron-840420-32-hyperv neutron-server[107139]: 'Trunk': '1.1'}}
Sep 02 20:59:58.019140 dv-neutron-840420-32-hyperv neutron-server[107139]: {{(pid=107139) report /opt/stack/neutron/neutron/api/rpc/callbacks/version_manager.py:175}}
Sep 02 20:59:58.021678 dv-neutron-840420-32-hyperv neutron-server[107137]: DEBUG neutron_lib.callbacks.manager [None req-4e59afa6-e704-4e7d-a696-ea23d713586f tempest-MeteringIpV6TestJSON-873120923 tempest-MeteringIpV6TestJSON-873120923-project-admin] Publish callbacks [] for metering_label (None), before_response {{(pid=107137) _notify_loop /usr/local/lib/python3.8/dist-packages/neutron_lib/callbacks/manager.py:176}}
Sep 02 20:59:58.023118 dv-neutron-840420-32-hyperv neutron-server[107137]: INFO neutron.wsgi [None req-4e59afa6-e704-4e7d-a696-ea23d713586f tempest-MeteringIpV6TestJSON-873120923 tempest-MeteringIpV6TestJSON-873120923-project-admin] 10.222.0.75 "POST /networking/v2.0/metering/metering-labels HTTP/1.1" status: 201 len: 477 time: 1.7002594
Sep 02 20:59:58.026295 dv-neutron-840420-32-hyperv neutron-server[107137]: DEBUG neutron.wsgi [-] (107137) accepted ('10.222.0.75', 58268) {{(pid=107137) server /usr/local/lib/python3.8/dist-packages/eventlet/wsgi.py:1004}}
Sep 02 20:59:58.035071 dv-neutron-840420-32-hyperv neutron-server[107136]: DEBUG neutron.api.v2.base [None req-678f6793-37f8-482d-a989-5163574f86aa tempest-FloatingIPAdminTestJSON-1460527155 tempest-FloatingIPAdminTestJSON-1460527155-project] Request body: {'floatingip': {'floating_network_id': 'd47184d1-c9e2-4dc0-9434-8af88f5f862c'}} {{(pid=107136) prepare_request_body /opt/stack/neutron/neutron/api/v2/base.py:730}}
Sep 02 20:59:58.044416 dv-neutron-840420-32-hyperv neutron-server[107139]: DEBUG neutron.plugins.ml2.drivers.mech_agent [None req-5e803ccb-255d-4e47-b352-409722b424d8 None None] Checking agent: {'id': '85f77022-8308-475e-a7a1-8e4f584ace68', 'agent_type': 'Open vSwitch agent', 'binary': 'neutron-openvswitch-agent', 'topic': 'N/A', 'host': 'dv-neutron-840420-32-hyperv', 'admin_state_up': True, 'created_at': datetime.datetime(2022, 9, 2, 20, 51, 53), 'started_at': datetime.datetime(2022, 9, 2, 20, 52, 23), 'heartbeat_timestamp': datetime.datetime(2022, 9, 2, 20, 59, 53), 'description': None, 'resources_synced': None, 'availability_zone': None, 'alive': True, 'configurations': {'arp_responder_enabled': False, 'baremetal_smartnic': False, 'bridge_mappings': {'physnet1': 'br-data'}, 'datapath_type': 'system', 'devices': 0, 'enable_distributed_routing': False, 'extensions': [], 'in_distributed_mode': False, 'integration_bridge': 'br-int', 'l2_population': False, 'log_agent_heartbeats': False, 'ovs_capabilities': {'datapath_types': ['netdev', 'system'], 'iface_types': ['erspan', 'geneve', 'gre', 'internal', 'ip6erspan', 'ip6gre', 'lisp', 'patch', 'stt', 'system', 'tap', 'vxlan']}, 'ovs_hybrid_plug': False, 'resource_provider_bandwidths': {}, 'resource_provider_hypervisors': {'br-data': 'dv-neutron-840420-32-hyperv'}, 'resource_provider_inventory_defaults': {'allocation_ratio': 1.0, 'min_unit': 1, 'step_size': 1, 'reserved': 0}, 'resource_provider_packet_processing_inventory_defaults': {'allocation_ratio': 1.0, 'min_unit': 1, 'step_size': 1, 'reserved': 0}, 'resource_provider_packet_processing_with_direction': {}, 'resource_provider_packet_processing_without_direction': {}, 'tunnel_types': [], 'tunneling_ip': None, 'vhostuser_socket_dir': '/var/run/openvswitch'}, 'resource_versions': {'AddressGroup': '1.2', 'Agent': '1.1', 'ConntrackHelper': '1.0', 'LocalIPAssociation': '1.0', 'Log': '1.0', 'NDPProxy': '1.0', 'Network': '1.1', 'Port': '1.7', 'PortForwarding': '1.3', 'QosPolicy': '1.10', 'SecurityGroup': '1.5', 'SecurityGroupRule': '1.2', 'SubPort': '1.0', 'Subnet': '1.1', 'Trunk': '1.1'}} {{(pid=107139) bind_port /opt/stack/neutron/neutron/plugins/ml2/drivers/mech_agent.py:127}}
Sep 02 20:59:58.044659 dv-neutron-840420-32-hyperv neutron-server[107136]: DEBUG neutron.api.v2.base [None req-e26a9a2f-4ffa-4e7d-885b-0d6b3916aa20 tempest-QuotasNegativeTest-1442619696 tempest-QuotasNegativeTest-1442619696-project-admin] Request body: {'quota': {'network': 2}} {{(pid=107136) prepare_request_body /opt/stack/neutron/neutron/api/v2/base.py:730}}
Sep 02 20:59:58.045248 dv-neutron-840420-32-hyperv neutron-server[107139]: DEBUG neutron.plugins.ml2.drivers.mech_agent [None req-5e803ccb-255d-4e47-b352-409722b424d8 None None] Checking segment: {'id': '339fde95-8079-408c-a33f-8703f6adfe37', 'network_type': 'flat', 'physical_network': 'physnet1', 'segmentation_id': None, 'network_id': 'd47184d1-c9e2-4dc0-9434-8af88f5f862c'} for mappings: {'physnet1': 'br-data'} with network types: ['local', 'flat', 'vlan'] {{(pid=107139) check_segment_for_agent /opt/stack/neutron/neutron/plugins/ml2/drivers/mech_agent.py:399}}
Sep 02 20:59:58.046617 dv-neutron-840420-32-hyperv neutron-server[107139]: DEBUG neutron_lib.callbacks.manager [None req-5e803ccb-255d-4e47-b352-409722b424d8 None None] Publish callbacks [] for ovs_bridge_name (None), before_read {{(pid=107139) _notify_loop /usr/local/lib/python3.8/dist-packages/neutron_lib/callbacks/manager.py:176}}
Sep 02 20:59:58.047250 dv-neutron-840420-32-hyperv neutron-server[107139]: DEBUG neutron.plugins.ml2.drivers.mech_agent [None req-5e803ccb-255d-4e47-b352-409722b424d8 None None] Bound using segment: {'id': '339fde95-8079-408c-a33f-8703f6adfe37', 'network_type': 'flat', 'physical_network': 'physnet1', 'segmentation_id': None, 'network_id': 'd47184d1-c9e2-4dc0-9434-8af88f5f862c'} {{(pid=107139) bind_port /opt/stack/neutron/neutron/plugins/ml2/drivers/mech_agent.py:137}}
Sep 02 20:59:58.048190 dv-neutron-840420-32-hyperv neutron-server[107139]: DEBUG neutron.plugins.ml2.managers [None req-5e803ccb-255d-4e47-b352-409722b424d8 None None] Bound port: f1439a2b-78da-4865-9041-a90120e7cfa3, host: dv-neutron-840420-32-hyperv, vif_type: ovs, vif_details: {"connectivity": "l2", "port_filter": true, "ovs_hybrid_plug": false, "datapath_type": "system", "bridge_name": "br-int"}, binding_levels: [{'bound_driver': 'openvswitch', 'bound_segment': {'id': '339fde95-8079-408c-a33f-8703f6adfe37', 'network_type': 'flat', 'physical_network': 'physnet1', 'segmentation_id': None, 'network_id': 'd47184d1-c9e2-4dc0-9434-8af88f5f862c'}}] {{(pid=107139) _bind_port_level /opt/stack/neutron/neutron/plugins/ml2/managers.py:947}}
Sep 02 20:59:58.048831 dv-neutron-840420-32-hyperv neutron-server[107139]: DEBUG neutron_lib.callbacks.manager [None req-5e803ccb-255d-4e47-b352-409722b424d8 None None] Publish callbacks ['neutron.plugins.ml2.plugin.SecurityGroupDbMixin._ensure_default_security_group_handler-1446832'] for port (f1439a2b-78da-4865-9041-a90120e7cfa3), before_update {{(pid=107139) _notify_loop /usr/local/lib/python3.8/dist-packages/neutron_lib/callbacks/manager.py:176}}
Sep 02 20:59:58.067920 dv-neutron-840420-32-hyperv neutron-server[107137]: DEBUG neutron.api.v2.base [None req-ecf480ed-47b3-4045-90e4-50b17c11cb56 tempest-MeteringIpV6TestJSON-873120923 tempest-MeteringIpV6TestJSON-873120923-project-admin] Request body: {'metering_label_rule': {'remote_ip_prefix': 'fd02::/64', 'direction': 'ingress', 'metering_label_id': '9a3434af-3b46-4833-90b4-379b4a2de159'}} {{(pid=107137) prepare_request_body /opt/stack/neutron/neutron/api/v2/base.py:730}}
Sep 02 20:59:58.068510 dv-neutron-840420-32-hyperv neutron-server[107137]: DEBUG neutron.api.v2.base [None req-ecf480ed-47b3-4045-90e4-50b17c11cb56 tempest-MeteringIpV6TestJSON-873120923 tempest-MeteringIpV6TestJSON-873120923-project-admin] Unknown quota resources ['metering_label_rule']. {{(pid=107137) _create /opt/stack/neutron/neutron/api/v2/base.py:497}}
Sep 02 20:59:58.076043 dv-neutron-840420-32-hyperv neutron-server[107136]: DEBUG neutron_lib.callbacks.manager [None req-4a4d6d5b-cbb5-44f1-bbed-bd6ffb67d3a2 admin admin] Publish callbacks ['neutron.plugins.ml2.plugin.SecurityGroupDbMixin._ensure_default_security_group_handler-1446832'] for port (None), before_create {{(pid=107136) _notify_loop /usr/local/lib/python3.8/dist-packages/neutron_lib/callbacks/manager.py:176}}
Sep 02 20:59:58.122907 dv-neutron-840420-32-hyperv neutron-server[107139]: DEBUG neutron.plugins.ml2.db [None req-5e803ccb-255d-4e47-b352-409722b424d8 None None] For port f1439a2b-78da-4865-9041-a90120e7cfa3, host dv-neutron-840420-32-hyperv, cleared binding levels {{(pid=107139) clear_binding_levels /opt/stack/neutron/neutron/plugins/ml2/db.py:87}}
Sep 02 20:59:58.125226 dv-neutron-840420-32-hyperv neutron-server[107138]: DEBUG neutron.plugins.ml2.plugin [None req-b8076278-65ee-44a7-9b60-652bd0b436ae None None] Current status of the port 1c35a006-1c73-4aa7-9845-6bae26be42b6 is: ACTIVE; New status is: ACTIVE {{(pid=107138) _update_individual_port_db_status /opt/stack/neutron/neutron/plugins/ml2/plugin.py:2302}}
Sep 02 20:59:58.128409 dv-neutron-840420-32-hyperv neutron-server[107139]: DEBUG neutron.plugins.ml2.db [None req-5e803ccb-255d-4e47-b352-409722b424d8 None None] For port f1439a2b-78da-4865-9041-a90120e7cfa3, host dv-neutron-840420-32-hyperv, set binding levels [PortBindingLevel(driver='openvswitch',host='dv-neutron-840420-32-hyperv',level=0,port_id=f1439a2b-78da-4865-9041-a90120e7cfa3,segment=NetworkSegment(339fde95-8079-408c-a33f-8703f6adfe37),segment_id=339fde95-8079-408c-a33f-8703f6adfe37)] {{(pid=107139) set_binding_levels /opt/stack/neutron/neutron/plugins/ml2/db.py:59}}
Sep 02 20:59:58.140990 dv-neutron-840420-32-hyperv neutron-server[107139]: DEBUG neutron_lib.callbacks.manager [None req-5e803ccb-255d-4e47-b352-409722b424d8 None None] Publish callbacks ['neutron.plugins.ml2.plugin.SecurityGroupServerNotifierRpcMixin._notify_sg_on_port_change-1446899', 'neutron.plugins.ml2.ovo_rpc._ObjectChangeHandler.handle_event-475882', 'neutron.api.rpc.agentnotifiers.dhcp_rpc_agent_api.DhcpAgentNotifyAPI._native_event_send_dhcp_notification-3682466', 'neutron.db.l3_db.L3RpcNotifierMixin._notify_gateway_port_ip_changed-8740651007618', 'neutron.db.l3_dvrscheduler_db._notify_l3_agent_port_update-8740650547074', 'neutron.db.l3_hascheduler_db._notify_l3_agent_ha_port_update-8740650547092'] for port (f1439a2b-78da-4865-9041-a90120e7cfa3), after_update {{(pid=107139) _notify_loop /usr/local/lib/python3.8/dist-packages/neutron_lib/callbacks/manager.py:176}}
Sep 02 20:59:58.156597 dv-neutron-840420-32-hyperv neutron-server[107137]: DEBUG neutron.wsgi [-] (107137) accepted ('10.222.0.75', 58274) {{(pid=107137) server /usr/local/lib/python3.8/dist-packages/eventlet/wsgi.py:1004}}
Sep 02 20:59:58.163707 dv-neutron-840420-32-hyperv neutron-server[107137]: DEBUG neutron.api.v2.base [None req-118fdabc-50ab-4339-a7ee-35aaea862dfe tempest-QuotasNegativeTest-1442619696 tempest-QuotasNegativeTest-1442619696-project-admin] Request body: {'network': {'project_id': 'a2d3960775e74ab58d9f93d209d3cdad'}} {{(pid=107137) prepare_request_body /opt/stack/neutron/neutron/api/v2/base.py:730}}
Sep 02 20:59:58.166545 dv-neutron-840420-32-hyperv neutron-server[107136]: INFO neutron.wsgi [None req-e26a9a2f-4ffa-4e7d-885b-0d6b3916aa20 tempest-QuotasNegativeTest-1442619696 tempest-QuotasNegativeTest-1442619696-project-admin] 10.222.0.75 "PUT /networking/v2.0/quotas/a2d3960775e74ab58d9f93d209d3cdad HTTP/1.1" status: 200 len: 368 time: 0.3149688
Sep 02 20:59:58.168146 dv-neutron-840420-32-hyperv neutron-server[107136]: DEBUG neutron.api.rpc.handlers.resources_rpc [None req-aa1c159a-5c6f-44ea-9a0d-b27bfeaed2d1 tempest-DHCPAgentSchedulersTestJSON-2123841683 tempest-DHCPAgentSchedulersTestJSON-2123841683-project] Pushing event updated for resources: {'Network': ['ID=af7f27af-1334-449c-9c52-849eb6837347,revision_number=1']} {{(pid=107136) push /opt/stack/neutron/neutron/api/rpc/handlers/resources_rpc.py:237}}
Sep 02 20:59:58.185501 dv-neutron-840420-32-hyperv neutron-server[107138]: DEBUG neutron.plugins.ml2.rpc [None req-b8076278-65ee-44a7-9b60-652bd0b436ae None None] Network af7f27af-1334-449c-9c52-849eb6837347 details requested by agent ovs-agent-dv-neutron-840420-32-hyperv with host dv-neutron-840420-32-hyperv {{(pid=107138) get_network_details /opt/stack/neutron/neutron/plugins/ml2/rpc.py:248}}
Sep 02 20:59:58.188805 dv-neutron-840420-32-hyperv neutron-server[107138]: DEBUG dbcounter [-] [107138] Writing DB stats neutron:SELECT=88,neutron:INSERT=7,neutron:UPDATE=5 {{(pid=107138) stat_writer /usr/local/lib/python3.8/dist-packages/dbcounter.py:114}}
Sep 02 20:59:58.192974 dv-neutron-840420-32-hyperv neutron-server[107139]: DEBUG neutron.api.rpc.handlers.resources_rpc [None req-303995a4-55fb-401d-91b9-7f66865c886b None None] Pushing event updated for resources: {'Port': ['ID=f1439a2b-78da-4865-9041-a90120e7cfa3,revision_number=3']} {{(pid=107139) push /opt/stack/neutron/neutron/api/rpc/handlers/resources_rpc.py:237}}
Sep 02 20:59:58.205750 dv-neutron-840420-32-hyperv neutron-server[107136]: DEBUG neutron_lib.callbacks.manager [None req-2dc11ed4-9bf0-4c8a-aef5-9565bbbfd307 tempest-ExternalNetworksAdminNegativeTestJSON-1747048537 tempest-ExternalNetworksAdminNegativeTestJSON-1747048537-project-admin] Publish callbacks ['neutron.plugins.ml2.plugin.SecurityGroupDbMixin._ensure_default_security_group_handler-1446832'] for port (None), before_create {{(pid=107136) _notify_loop /usr/local/lib/python3.8/dist-packages/neutron_lib/callbacks/manager.py:176}}
Sep 02 20:59:58.216332 dv-neutron-840420-32-hyperv neutron-server[107139]: DEBUG neutron.db.l3_dvrscheduler_db [None req-5e803ccb-255d-4e47-b352-409722b424d8 None None] Routers {'f27acfe2-9bd6-4e13-b74e-906624073843'} bound to L3 agent in host dv-neutron-840420-32-hyperv {{(pid=107139) _get_router_ids_for_agent /opt/stack/neutron/neutron/db/l3_dvrscheduler_db.py:422}}
Sep 02 20:59:58.216332 dv-neutron-840420-32-hyperv neutron-server[107139]: DEBUG neutron.db.l3_hamode_db [None req-5e803ccb-255d-4e47-b352-409722b424d8 None None] neutron.services.l3_router.l3_router_plugin.L3RouterPlugin method get_ha_sync_data_for_host called with arguments (, 'dv-neutron-840420-32-hyperv', Agent(admin_state_up=True,agent_type='L3 agent',availability_zone='nova',binary='neutron-l3-agent',configurations={"agent_mode": "legacy", "ex_gw_ports": 1, "extensions": [], "floating_ips": 0, "handle_internal_only_routers": true, "interface_driver": "openvswitch", "interfaces": 1, "log_agent_heartbeats": false, "routers": 1},created_at=2022-09-02T20:51:50Z,description=,heartbeat_timestamp=2022-09-02T20:59:50Z,host='dv-neutron-840420-32-hyperv',id=d3f11c64-2905-4b51-b3c9-1d629c9b62f1,load=0,resource_versions=,resources_synced=,started_at=2022-09-02T20:51:50Z,topic='l3_agent')) {'router_ids': ['f27acfe2-9bd6-4e13-b74e-906624073843'], 'active': True} {{(pid=107139) wrapper /usr/local/lib/python3.8/dist-packages/oslo_log/helpers.py:65}}
Sep 02 20:59:58.227975 dv-neutron-840420-32-hyperv neutron-server[107138]: DEBUG neutron_lib.callbacks.manager [None req-2765d15d-df81-44f0-9ba7-1fb1a4dc6a69 None None] Publish callbacks [] for port (6a5eb6ba-0be6-4468-a85f-3f434b1eabb1), precommit_create {{(pid=107138) _notify_loop /usr/local/lib/python3.8/dist-packages/neutron_lib/callbacks/manager.py:176}}
Sep 02 20:59:58.276634 dv-neutron-840420-32-hyperv neutron-server[107139]: DEBUG dbcounter [-] [107139] Writing DB stats neutron:SELECT=98,neutron:UPDATE=2 {{(pid=107139) stat_writer /usr/local/lib/python3.8/dist-packages/dbcounter.py:114}}
Sep 02 20:59:58.286494 dv-neutron-840420-32-hyperv neutron-server[107137]: WARNING neutron.services.metering.metering_plugin [None req-ecf480ed-47b3-4045-90e4-50b17c11cb56 tempest-MeteringIpV6TestJSON-873120923 tempest-MeteringIpV6TestJSON-873120923-project-admin] The use of 'remote_ip_prefix' in metering label rules is deprecated and will be removed in future releases. One should use instead the 'source_ip_prefix' and/or 'destination_ip_prefix' parameters. For more details, you can check the spec: https://review.opendev.org/#/c/744702/.
Sep 02 20:59:58.293254 dv-neutron-840420-32-hyperv neutron-server[107138]: DEBUG neutron_lib.callbacks.manager [None req-2765d15d-df81-44f0-9ba7-1fb1a4dc6a69 None None] Publish callbacks ['neutron.plugins.ml2.plugin.SecurityGroupServerNotifierRpcMixin._notify_sg_on_port_change-1446899', 'neutron.plugins.ml2.ovo_rpc._ObjectChangeHandler.handle_event-475882', 'neutron.api.rpc.agentnotifiers.dhcp_rpc_agent_api.DhcpAgentNotifyAPI._native_event_send_dhcp_notification-3682466', 'neutron.db.l3_dvrscheduler_db._notify_l3_agent_new_port-8740650547056'] for port (6a5eb6ba-0be6-4468-a85f-3f434b1eabb1), after_create {{(pid=107138) _notify_loop /usr/local/lib/python3.8/dist-packages/neutron_lib/callbacks/manager.py:176}}
Sep 02 20:59:58.324759 dv-neutron-840420-32-hyperv neutron-server[107138]: DEBUG neutron_lib.callbacks.manager [None req-2fe0a4d6-a327-493d-811c-d8fb765bcc2f None None] Publish callbacks [] for port (adbe0a4d-0b8b-4d97-bc56-9ccf7693d7ba), precommit_create {{(pid=107138) _notify_loop /usr/local/lib/python3.8/dist-packages/neutron_lib/callbacks/manager.py:176}}
Sep 02 20:59:58.368990 dv-neutron-840420-32-hyperv neutron-server[107139]: DEBUG dbcounter [-] [107139] Writing DB stats neutron:SELECT=96,neutron:UPDATE=3,neutron:INSERT=1 {{(pid=107139) stat_writer /usr/local/lib/python3.8/dist-packages/dbcounter.py:114}}
Sep 02 20:59:58.372422 dv-neutron-840420-32-hyperv neutron-server[107138]: DEBUG neutron.scheduler.dhcp_agent_scheduler [None req-2765d15d-df81-44f0-9ba7-1fb1a4dc6a69 None None] Network f6a6ff41-abf2-43e9-9fec-3611a423be86 is already hosted by enough agents. {{(pid=107138) _get_dhcp_agents_hosting_network /opt/stack/neutron/neutron/scheduler/dhcp_agent_scheduler.py:275}}
Sep 02 20:59:58.380607 dv-neutron-840420-32-hyperv neutron-server[107138]: DEBUG neutron_lib.callbacks.manager [None req-2fe0a4d6-a327-493d-811c-d8fb765bcc2f None None] Publish callbacks ['neutron.plugins.ml2.plugin.SecurityGroupServerNotifierRpcMixin._notify_sg_on_port_change-1446899', 'neutron.plugins.ml2.ovo_rpc._ObjectChangeHandler.handle_event-475882', 'neutron.api.rpc.agentnotifiers.dhcp_rpc_agent_api.DhcpAgentNotifyAPI._native_event_send_dhcp_notification-3682466', 'neutron.db.l3_dvrscheduler_db._notify_l3_agent_new_port-8740650547056'] for port (adbe0a4d-0b8b-4d97-bc56-9ccf7693d7ba), after_create {{(pid=107138) _notify_loop /usr/local/lib/python3.8/dist-packages/neutron_lib/callbacks/manager.py:176}}
Sep 02 20:59:58.391236 dv-neutron-840420-32-hyperv neutron-server[107139]: DEBUG neutron.db.l3_dvr_db [None req-5e803ccb-255d-4e47-b352-409722b424d8 None None] Set router f27acfe2-9bd6-4e13-b74e-906624073843 gateway port host: dv-neutron-840420-32-hyperv {{(pid=107139) _build_routers_list /opt/stack/neutron/neutron/db/l3_dvr_db.py:907}}
Sep 02 20:59:58.401120 dv-neutron-840420-32-hyperv neutron-server[107136]: DEBUG neutron.pecan_wsgi.hooks.quota_enforcement [None req-4bb7a432-ed11-493a-a8d5-b99e50e7368b tempest-DHCPAgentSchedulersTestJSON-2123841683 tempest-DHCPAgentSchedulersTestJSON-2123841683-project] Made reservation on behalf of 1bae7e015b64419ba7488131f7aab2e8 for: {'subnet': 1} {{(pid=107136) before /opt/stack/neutron/neutron/pecan_wsgi/hooks/quota_enforcement.py:53}}
Sep 02 20:59:58.404810 dv-neutron-840420-32-hyperv neutron-server[107136]: DEBUG neutron_lib.callbacks.manager [None req-4bb7a432-ed11-493a-a8d5-b99e50e7368b tempest-DHCPAgentSchedulersTestJSON-2123841683 tempest-DHCPAgentSchedulersTestJSON-2123841683-project] Publish callbacks [] for subnet (None), before_create {{(pid=107136) _notify_loop /usr/local/lib/python3.8/dist-packages/neutron_lib/callbacks/manager.py:176}}
Sep 02 20:59:58.404972 dv-neutron-840420-32-hyperv neutron-server[107138]: DEBUG neutron.scheduler.dhcp_agent_scheduler [None req-2fe0a4d6-a327-493d-811c-d8fb765bcc2f None None] Network 7b22f38d-a273-49f7-bfb3-d81c188abf6d is already hosted by enough agents. {{(pid=107138) _get_dhcp_agents_hosting_network /opt/stack/neutron/neutron/scheduler/dhcp_agent_scheduler.py:275}}
Sep 02 20:59:58.407673 dv-neutron-840420-32-hyperv neutron-server[107138]: DEBUG neutron.scheduler.base_scheduler [None req-2765d15d-df81-44f0-9ba7-1fb1a4dc6a69 None None] Resources bound (agent type, host, resource id): {{(pid=107138) schedule /opt/stack/neutron/neutron/scheduler/base_scheduler.py:57}}
Sep 02 20:59:58.412345 dv-neutron-840420-32-hyperv neutron-server[107136]: DEBUG dbcounter [-] [107136] Writing DB stats neutron:SELECT=87,neutron:INSERT=10,neutron:UPDATE=1,neutron:DELETE=2 {{(pid=107136) stat_writer /usr/local/lib/python3.8/dist-packages/dbcounter.py:114}}
Sep 02 20:59:58.416450 dv-neutron-840420-32-hyperv neutron-server[107138]: DEBUG neutron.db.l3_dvrscheduler_db [None req-2765d15d-df81-44f0-9ba7-1fb1a4dc6a69 None None] Received port after_create {{(pid=107138) _notify_l3_agent_new_port /opt/stack/neutron/neutron/db/l3_dvrscheduler_db.py:538}}
Sep 02 20:59:58.422379 dv-neutron-840420-32-hyperv neutron-server[107138]: DEBUG neutron.scheduler.base_scheduler [None req-2fe0a4d6-a327-493d-811c-d8fb765bcc2f None None] Resources bound (agent type, host, resource id): {{(pid=107138) schedule /opt/stack/neutron/neutron/scheduler/base_scheduler.py:57}}
Sep 02 20:59:58.426081 dv-neutron-840420-32-hyperv neutron-server[107138]: DEBUG neutron.db.l3_dvrscheduler_db [None req-2fe0a4d6-a327-493d-811c-d8fb765bcc2f None None] Received port after_create {{(pid=107138) _notify_l3_agent_new_port /opt/stack/neutron/neutron/db/l3_dvrscheduler_db.py:538}}
Sep 02 20:59:58.441802 dv-neutron-840420-32-hyperv neutron-server[107136]: DEBUG neutron_lib.callbacks.manager [None req-678f6793-37f8-482d-a989-5163574f86aa tempest-FloatingIPAdminTestJSON-1460527155 tempest-FloatingIPAdminTestJSON-1460527155-project] Publish callbacks [] for floatingip (None), before_create {{(pid=107136) _notify_loop /usr/local/lib/python3.8/dist-packages/neutron_lib/callbacks/manager.py:176}}
Sep 02 20:59:58.453184 dv-neutron-840420-32-hyperv neutron-server[107137]: DEBUG neutron.pecan_wsgi.hooks.quota_enforcement [None req-118fdabc-50ab-4339-a7ee-35aaea862dfe tempest-QuotasNegativeTest-1442619696 tempest-QuotasNegativeTest-1442619696-project-admin] Made reservation on behalf of a2d3960775e74ab58d9f93d209d3cdad for: {'network': 1} {{(pid=107137) before /opt/stack/neutron/neutron/pecan_wsgi/hooks/quota_enforcement.py:53}}
Sep 02 20:59:58.457167 dv-neutron-840420-32-hyperv neutron-server[107137]: DEBUG neutron_lib.callbacks.manager [None req-118fdabc-50ab-4339-a7ee-35aaea862dfe tempest-QuotasNegativeTest-1442619696 tempest-QuotasNegativeTest-1442619696-project-admin] Publish callbacks ['neutron.plugins.ml2.plugin.SecurityGroupDbMixin._ensure_default_security_group_handler-1446832'] for network (None), before_create {{(pid=107137) _notify_loop /usr/local/lib/python3.8/dist-packages/neutron_lib/callbacks/manager.py:176}}
Sep 02 20:59:58.499073 dv-neutron-840420-32-hyperv neutron-server[107137]: DEBUG neutron_lib.callbacks.manager [None req-118fdabc-50ab-4339-a7ee-35aaea862dfe tempest-QuotasNegativeTest-1442619696 tempest-QuotasNegativeTest-1442619696-project-admin] Publish callbacks [] for security_group (None), before_create {{(pid=107137) _notify_loop /usr/local/lib/python3.8/dist-packages/neutron_lib/callbacks/manager.py:176}}
Sep 02 20:59:58.519253 dv-neutron-840420-32-hyperv neutron-server[107138]: DEBUG neutron.api.rpc.handlers.resources_rpc [None req-2765d15d-df81-44f0-9ba7-1fb1a4dc6a69 None None] Pushing event updated for resources: {'Port': ['ID=6a5eb6ba-0be6-4468-a85f-3f434b1eabb1,revision_number=1']} {{(pid=107138) push /opt/stack/neutron/neutron/api/rpc/handlers/resources_rpc.py:237}}
Sep 02 20:59:58.545223 dv-neutron-840420-32-hyperv neutron-server[107137]: DEBUG neutron_lib.callbacks.manager [None req-ecf480ed-47b3-4045-90e4-50b17c11cb56 tempest-MeteringIpV6TestJSON-873120923 tempest-MeteringIpV6TestJSON-873120923-project-admin] Publish callbacks [] for metering_label_rule (None), before_response {{(pid=107137) _notify_loop /usr/local/lib/python3.8/dist-packages/neutron_lib/callbacks/manager.py:176}}
Sep 02 20:59:58.550932 dv-neutron-840420-32-hyperv neutron-server[107137]: INFO neutron.wsgi [None req-ecf480ed-47b3-4045-90e4-50b17c11cb56 tempest-MeteringIpV6TestJSON-873120923 tempest-MeteringIpV6TestJSON-873120923-project-admin] 10.222.0.75 "POST /networking/v2.0/metering/metering-label-rules HTTP/1.1" status: 201 len: 464 time: 0.4887938
Sep 02 20:59:58.551850 dv-neutron-840420-32-hyperv neutron-server[107137]: DEBUG neutron.wsgi [-] (107137) accepted ('10.222.0.75', 58278) {{(pid=107137) server /usr/local/lib/python3.8/dist-packages/eventlet/wsgi.py:1004}}
Sep 02 20:59:58.561419 dv-neutron-840420-32-hyperv neutron-server[107137]: DEBUG neutron.api.v2.base [None req-6d3bbb5f-bcb7-4878-9058-2b33e3d25b81 tempest-MeteringIpV6TestJSON-873120923 tempest-MeteringIpV6TestJSON-873120923-project-admin] Request body: {'metering_label_rule': {'remote_ip_prefix': 'fd03::/64', 'direction': 'ingress', 'metering_label_id': '9a3434af-3b46-4833-90b4-379b4a2de159'}} {{(pid=107137) prepare_request_body /opt/stack/neutron/neutron/api/v2/base.py:730}}
Sep 02 20:59:58.562396 dv-neutron-840420-32-hyperv neutron-server[107137]: DEBUG neutron.api.v2.base [None req-6d3bbb5f-bcb7-4878-9058-2b33e3d25b81 tempest-MeteringIpV6TestJSON-873120923 tempest-MeteringIpV6TestJSON-873120923-project-admin] Unknown quota resources ['metering_label_rule']. {{(pid=107137) _create /opt/stack/neutron/neutron/api/v2/base.py:497}}
Sep 02 20:59:58.589597 dv-neutron-840420-32-hyperv neutron-server[107138]: DEBUG dbcounter [-] [107138] Writing DB stats neutron:SELECT=91,neutron:INSERT=3,neutron:UPDATE=6 {{(pid=107138) stat_writer /usr/local/lib/python3.8/dist-packages/dbcounter.py:114}}
Sep 02 20:59:58.591250 dv-neutron-840420-32-hyperv neutron-server[107138]: DEBUG neutron.plugins.ml2.managers [None req-2fe0a4d6-a327-493d-811c-d8fb765bcc2f None None] Attempting to bind port adbe0a4d-0b8b-4d97-bc56-9ccf7693d7ba on host dv-neutron-840420-32-hyperv for vnic_type normal with profile {{(pid=107138) bind_port /opt/stack/neutron/neutron/plugins/ml2/managers.py:810}}
Sep 02 20:59:58.591650 dv-neutron-840420-32-hyperv neutron-server[107138]: DEBUG neutron.plugins.ml2.managers [None req-2fe0a4d6-a327-493d-811c-d8fb765bcc2f None None] Attempting to bind port adbe0a4d-0b8b-4d97-bc56-9ccf7693d7ba by drivers openvswitch,hyperv on host dv-neutron-840420-32-hyperv at level 0 using segments [{'id': '3790439c-4004-4ba3-827e-af1fcf5d874c', 'network_type': 'vlan', 'physical_network': 'physnet1', 'segmentation_id': 884, 'network_id': '7b22f38d-a273-49f7-bfb3-d81c188abf6d'}] {{(pid=107138) _bind_port_level /opt/stack/neutron/neutron/plugins/ml2/managers.py:835}}
Sep 02 20:59:58.592334 dv-neutron-840420-32-hyperv neutron-server[107138]: DEBUG neutron.plugins.ml2.drivers.mech_agent [None req-2fe0a4d6-a327-493d-811c-d8fb765bcc2f None None] Attempting to bind port adbe0a4d-0b8b-4d97-bc56-9ccf7693d7ba on network 7b22f38d-a273-49f7-bfb3-d81c188abf6d {{(pid=107138) bind_port /opt/stack/neutron/neutron/plugins/ml2/drivers/mech_agent.py:91}}
Sep 02 20:59:58.647618 dv-neutron-840420-32-hyperv neutron-server[107138]: DEBUG neutron.plugins.ml2.managers [None req-2765d15d-df81-44f0-9ba7-1fb1a4dc6a69 None None] Attempting to bind port 6a5eb6ba-0be6-4468-a85f-3f434b1eabb1 on host dv-neutron-840420-32-hyperv for vnic_type normal with profile {{(pid=107138) bind_port /opt/stack/neutron/neutron/plugins/ml2/managers.py:810}}
Sep 02 20:59:58.649220 dv-neutron-840420-32-hyperv neutron-server[107138]: DEBUG neutron.plugins.ml2.managers [None req-2765d15d-df81-44f0-9ba7-1fb1a4dc6a69 None None] Attempting to bind port 6a5eb6ba-0be6-4468-a85f-3f434b1eabb1 by drivers openvswitch,hyperv on host dv-neutron-840420-32-hyperv at level 0 using segments [{'id': '69e08a60-5fda-4d01-bf1e-948d264ce9d8', 'network_type': 'vlan', 'physical_network': 'physnet1', 'segmentation_id': 864, 'network_id': 'f6a6ff41-abf2-43e9-9fec-3611a423be86'}] {{(pid=107138) _bind_port_level /opt/stack/neutron/neutron/plugins/ml2/managers.py:835}}
Sep 02 20:59:58.649596 dv-neutron-840420-32-hyperv neutron-server[107138]: DEBUG neutron.plugins.ml2.drivers.mech_agent [None req-2765d15d-df81-44f0-9ba7-1fb1a4dc6a69 None None] Attempting to bind port 6a5eb6ba-0be6-4468-a85f-3f434b1eabb1 on network f6a6ff41-abf2-43e9-9fec-3611a423be86 {{(pid=107138) bind_port /opt/stack/neutron/neutron/plugins/ml2/drivers/mech_agent.py:91}}
Sep 02 20:59:58.681362 dv-neutron-840420-32-hyperv neutron-server[107136]: DEBUG neutron_lib.callbacks.manager [None req-678f6793-37f8-482d-a989-5163574f86aa tempest-FloatingIPAdminTestJSON-1460527155 tempest-FloatingIPAdminTestJSON-1460527155-project] Publish callbacks ['neutron.plugins.ml2.plugin.SecurityGroupDbMixin._ensure_default_security_group_handler-1446832'] for port (None), before_create {{(pid=107136) _notify_loop /usr/local/lib/python3.8/dist-packages/neutron_lib/callbacks/manager.py:176}}
Sep 02 20:59:58.689109 dv-neutron-840420-32-hyperv neutron-server[107139]: DEBUG neutron.db.l3_hamode_db [None req-5e803ccb-255d-4e47-b352-409722b424d8 None None] neutron.services.l3_router.l3_router_plugin.L3RouterPlugin method _process_sync_ha_data called with arguments (, [{'id': 'f27acfe2-9bd6-4e13-b74e-906624073843', 'name': 'tempest-ServersTestJSON-525690585-router', 'tenant_id': 'b8b56c0aac96412683a9a4f3936484c5', 'admin_state_up': True, 'status': 'ACTIVE', 'external_gateway_info': {'network_id': 'd47184d1-c9e2-4dc0-9434-8af88f5f862c', 'external_fixed_ips': [{'subnet_id': 'aeb52c6e-4f87-4918-a06b-c78da9a6556d', 'ip_address': '172.26.0.128'}], 'enable_snat': True}, 'gw_port_id': 'f1439a2b-78da-4865-9041-a90120e7cfa3', 'description': '', 'availability_zones': ['nova'], 'distributed': False, 'ha': False, 'ha_vr_id': 0, 'availability_zone_hints': [], 'routes': [], 'flavor_id': None, 'tags': [], 'created_at': '2022-09-02T20:59:53Z', 'updated_at': '2022-09-02T20:59:54Z', 'revision_number': 3, 'project_id': 'b8b56c0aac96412683a9a4f3936484c5', 'gw_port': {'id': 'f1439a2b-78da-4865-9041-a90120e7cfa3', 'name': '', 'network_id': 'd47184d1-c9e2-4dc0-9434-8af88f5f862c', 'tenant_id': '', 'mac_address': 'fa:16:3e:b0:62:ec', 'admin_state_up': True, 'status': 'DOWN', 'device_id': 'f27acfe2-9bd6-4e13-b74e-906624073843', 'device_owner': 'network:router_gateway', 'standard_attr_id': 41, 'fixed_ips': [{'subnet_id': 'aeb52c6e-4f87-4918-a06b-c78da9a6556d', 'ip_address': '172.26.0.128', 'prefixlen': 24}], 'allowed_address_pairs': [], 'extra_dhcp_opts': [], 'security_groups': [], 'description': '', 'binding:vnic_type': 'normal', 'binding:profile': {}, 'binding:host_id': 'dv-neutron-840420-32-hyperv', 'binding:vif_type': 'ovs', 'binding:vif_details': {'connectivity': 'l2', 'port_filter': True, 'ovs_hybrid_plug': False, 'datapath_type': 'system', 'bridge_name': 'br-int', 'bound_drivers': {'0': 'openvswitch'}}, 'port_security_enabled': False, 'tags': [], 'created_at': '2022-09-02T20:59:53Z', 'updated_at': '2022-09-02T20:59:58Z', 'revision_number': 3, 'project_id': '', 'subnets': [{'id': 'aeb52c6e-4f87-4918-a06b-c78da9a6556d', 'cidr': '172.26.0.0/24', 'gateway_ip': '172.26.0.1', 'dns_nameservers': [], 'ipv6_ra_mode': None, 'subnetpool_id': None}], 'extra_subnets': [], 'address_scopes': {4: None, 6: None}, 'mtu': 1500}, 'enable_snat': True, 'gw_port_host': 'dv-neutron-840420-32-hyperv'}], 'dv-neutron-840420-32-hyperv', False) {} {{(pid=107139) wrapper /usr/local/lib/python3.8/dist-packages/oslo_log/helpers.py:65}}
Sep 02 20:59:58.695532 dv-neutron-840420-32-hyperv neutron-server[107138]: DEBUG neutron.api.rpc.handlers.resources_rpc [None req-2fe0a4d6-a327-493d-811c-d8fb765bcc2f None None] Pushing event updated for resources: {'Port': ['ID=adbe0a4d-0b8b-4d97-bc56-9ccf7693d7ba,revision_number=1']} {{(pid=107138) push /opt/stack/neutron/neutron/api/rpc/handlers/resources_rpc.py:237}}
Sep 02 20:59:58.710057 dv-neutron-840420-32-hyperv neutron-server[107137]: WARNING neutron.services.metering.metering_plugin [None req-6d3bbb5f-bcb7-4878-9058-2b33e3d25b81 tempest-MeteringIpV6TestJSON-873120923 tempest-MeteringIpV6TestJSON-873120923-project-admin] The use of 'remote_ip_prefix' in metering label rules is deprecated and will be removed in future releases. One should use instead the 'source_ip_prefix' and/or 'destination_ip_prefix' parameters. For more details, you can check the spec: https://review.opendev.org/#/c/744702/.
Sep 02 20:59:58.714864 dv-neutron-840420-32-hyperv neutron-server[107138]: DEBUG neutron.plugins.ml2.drivers.mech_agent [None req-2fe0a4d6-a327-493d-811c-d8fb765bcc2f None None] Checking agent: {'id': '85f77022-8308-475e-a7a1-8e4f584ace68', 'agent_type': 'Open vSwitch agent', 'binary': 'neutron-openvswitch-agent', 'topic': 'N/A', 'host': 'dv-neutron-840420-32-hyperv', 'admin_state_up': True, 'created_at': datetime.datetime(2022, 9, 2, 20, 51, 53), 'started_at': datetime.datetime(2022, 9, 2, 20, 52, 23), 'heartbeat_timestamp': datetime.datetime(2022, 9, 2, 20, 59, 53), 'description': None, 'resources_synced': None, 'availability_zone': None, 'alive': True, 'configurations': {'arp_responder_enabled': False, 'baremetal_smartnic': False, 'bridge_mappings': {'physnet1': 'br-data'}, 'datapath_type': 'system', 'devices': 0, 'enable_distributed_routing': False, 'extensions': [], 'in_distributed_mode': False, 'integration_bridge': 'br-int', 'l2_population': False, 'log_agent_heartbeats': False, 'ovs_capabilities': {'datapath_types': ['netdev', 'system'], 'iface_types': ['erspan', 'geneve', 'gre', 'internal', 'ip6erspan', 'ip6gre', 'lisp', 'patch', 'stt', 'system', 'tap', 'vxlan']}, 'ovs_hybrid_plug': False, 'resource_provider_bandwidths': {}, 'resource_provider_hypervisors': {'br-data': 'dv-neutron-840420-32-hyperv'}, 'resource_provider_inventory_defaults': {'allocation_ratio': 1.0, 'min_unit': 1, 'step_size': 1, 'reserved': 0}, 'resource_provider_packet_processing_inventory_defaults': {'allocation_ratio': 1.0, 'min_unit': 1, 'step_size': 1, 'reserved': 0}, 'resource_provider_packet_processing_with_direction': {}, 'resource_provider_packet_processing_without_direction': {}, 'tunnel_types': [], 'tunneling_ip': None, 'vhostuser_socket_dir': '/var/run/openvswitch'}, 'resource_versions': {'AddressGroup': '1.2', 'Agent': '1.1', 'ConntrackHelper': '1.0', 'LocalIPAssociation': '1.0', 'Log': '1.0', 'NDPProxy': '1.0', 'Network': '1.1', 'Port': '1.7', 'PortForwarding': '1.3', 'QosPolicy': '1.10', 'SecurityGroup': '1.5', 'SecurityGroupRule': '1.2', 'SubPort': '1.0', 'Subnet': '1.1', 'Trunk': '1.1'}} {{(pid=107138) bind_port /opt/stack/neutron/neutron/plugins/ml2/drivers/mech_agent.py:127}}
Sep 02 20:59:58.715278 dv-neutron-840420-32-hyperv neutron-server[107138]: DEBUG neutron.plugins.ml2.drivers.mech_agent [None req-2fe0a4d6-a327-493d-811c-d8fb765bcc2f None None] Checking segment: {'id': '3790439c-4004-4ba3-827e-af1fcf5d874c', 'network_type': 'vlan', 'physical_network': 'physnet1', 'segmentation_id': 884, 'network_id': '7b22f38d-a273-49f7-bfb3-d81c188abf6d'} for mappings: {'physnet1': 'br-data'} with network types: ['local', 'flat', 'vlan'] {{(pid=107138) check_segment_for_agent /opt/stack/neutron/neutron/plugins/ml2/drivers/mech_agent.py:399}}
Sep 02 20:59:58.715688 dv-neutron-840420-32-hyperv neutron-server[107138]: DEBUG neutron_lib.callbacks.manager [None req-2fe0a4d6-a327-493d-811c-d8fb765bcc2f None None] Publish callbacks [] for ovs_bridge_name (None), before_read {{(pid=107138) _notify_loop /usr/local/lib/python3.8/dist-packages/neutron_lib/callbacks/manager.py:176}}
Sep 02 20:59:58.716088 dv-neutron-840420-32-hyperv neutron-server[107138]: DEBUG neutron.plugins.ml2.drivers.mech_agent [None req-2fe0a4d6-a327-493d-811c-d8fb765bcc2f None None] Bound using segment: {'id': '3790439c-4004-4ba3-827e-af1fcf5d874c', 'network_type': 'vlan', 'physical_network': 'physnet1', 'segmentation_id': 884, 'network_id': '7b22f38d-a273-49f7-bfb3-d81c188abf6d'} {{(pid=107138) bind_port /opt/stack/neutron/neutron/plugins/ml2/drivers/mech_agent.py:137}}
Sep 02 20:59:58.716792 dv-neutron-840420-32-hyperv neutron-server[107138]: DEBUG neutron.plugins.ml2.managers [None req-2fe0a4d6-a327-493d-811c-d8fb765bcc2f None None] Bound port: adbe0a4d-0b8b-4d97-bc56-9ccf7693d7ba, host: dv-neutron-840420-32-hyperv, vif_type: ovs, vif_details: {"connectivity": "l2", "port_filter": true, "ovs_hybrid_plug": false, "datapath_type": "system", "bridge_name": "br-int"}, binding_levels: [{'bound_driver': 'openvswitch', 'bound_segment': {'id': '3790439c-4004-4ba3-827e-af1fcf5d874c', 'network_type': 'vlan', 'physical_network': 'physnet1', 'segmentation_id': 884, 'network_id': '7b22f38d-a273-49f7-bfb3-d81c188abf6d'}}] {{(pid=107138) _bind_port_level /opt/stack/neutron/neutron/plugins/ml2/managers.py:947}}
Sep 02 20:59:58.717520 dv-neutron-840420-32-hyperv neutron-server[107138]: DEBUG neutron_lib.callbacks.manager [None req-2fe0a4d6-a327-493d-811c-d8fb765bcc2f None None] Publish callbacks ['neutron.plugins.ml2.plugin.SecurityGroupDbMixin._ensure_default_security_group_handler-1446832'] for port (adbe0a4d-0b8b-4d97-bc56-9ccf7693d7ba), before_update {{(pid=107138) _notify_loop /usr/local/lib/python3.8/dist-packages/neutron_lib/callbacks/manager.py:176}}
