May 04 16:08:04.629683 dv-neutron-840420-2-hyperv devstack@n-api.service[118282]: DEBUG oslo_concurrency.lockutils [req-d610cba0-f32b-42cd-b426-ddce2c116cc4 req-b86ee928-0069-47e8-aa99-5dee5c6d2942 service nova] Acquired lock "compute-rpcapi-router" {{(pid=118282) lock /usr/local/lib/python3.8/dist-packages/oslo_concurrency/lockutils.py:294}}
May 04 16:08:04.632737 dv-neutron-840420-2-hyperv devstack@n-api.service[118282]: DEBUG oslo_concurrency.lockutils [None req-b8034af5-0dc3-41f8-a2ea-1ae8d119839a None None] Lock "00000000-0000-0000-0000-000000000000" acquired by "nova.context.set_target_cell..get_or_set_cached_cell_and_set_connections" :: waited 0.000s {{(pid=118282) inner /usr/local/lib/python3.8/dist-packages/oslo_concurrency/lockutils.py:386}}
May 04 16:08:04.633958 dv-neutron-840420-2-hyperv devstack@n-api.service[118282]: DEBUG oslo_concurrency.lockutils [None req-b8034af5-0dc3-41f8-a2ea-1ae8d119839a None None] Lock "00000000-0000-0000-0000-000000000000" "released" by "nova.context.set_target_cell..get_or_set_cached_cell_and_set_connections" :: held 0.002s {{(pid=118282) inner /usr/local/lib/python3.8/dist-packages/oslo_concurrency/lockutils.py:400}}
May 04 16:08:04.635486 dv-neutron-840420-2-hyperv devstack@n-api.service[118282]: DEBUG oslo_concurrency.lockutils [None req-b8034af5-0dc3-41f8-a2ea-1ae8d119839a None None] Lock "65afac83-d175-4bfb-be52-d47c52c7b084" acquired by "nova.context.set_target_cell..get_or_set_cached_cell_and_set_connections" :: waited 0.000s {{(pid=118282) inner /usr/local/lib/python3.8/dist-packages/oslo_concurrency/lockutils.py:386}}
May 04 16:08:04.636843 dv-neutron-840420-2-hyperv devstack@n-api.service[118282]: DEBUG oslo_concurrency.lockutils [None req-b8034af5-0dc3-41f8-a2ea-1ae8d119839a None None] Lock "65afac83-d175-4bfb-be52-d47c52c7b084" "released" by "nova.context.set_target_cell..get_or_set_cached_cell_and_set_connections" :: held 0.001s {{(pid=118282) inner /usr/local/lib/python3.8/dist-packages/oslo_concurrency/lockutils.py:400}}
May 04 16:08:04.655984 dv-neutron-840420-2-hyperv devstack@n-api.service[118282]: INFO nova.compute.rpcapi [None req-b8034af5-0dc3-41f8-a2ea-1ae8d119839a None None] Automatically selected compute RPC version 6.0 from minimum service version 61
May 04 16:08:04.657309 dv-neutron-840420-2-hyperv devstack@n-api.service[118282]: DEBUG oslo_concurrency.lockutils [None req-b8034af5-0dc3-41f8-a2ea-1ae8d119839a None None] Releasing lock "compute-rpcapi-router" {{(pid=118282) lock /usr/local/lib/python3.8/dist-packages/oslo_concurrency/lockutils.py:312}}
May 04 16:08:04.736904 dv-neutron-840420-2-hyperv devstack@n-api.service[118282]: INFO nova.api.openstack.requestlog [None req-b8034af5-0dc3-41f8-a2ea-1ae8d119839a None None] 10.222.0.49 "POST /compute/v2.1/os-server-external-events" status: 200 len: 179 microversion: 2.1 time: 0.254789
May 04 16:08:04.737709 dv-neutron-840420-2-hyperv devstack@n-api.service[118282]: [pid: 118282|app: 0|req: 30/62] 10.222.0.49 () {64 vars in 1317 bytes} [Wed May 4 16:08:04 2022] POST /compute/v2.1/os-server-external-events => generated 179 bytes in 256 msecs (HTTP/1.1 200) 9 headers in 357 bytes (2 switches on core 0)
May 04 16:08:05.403524 dv-neutron-840420-2-hyperv devstack@n-api.service[118281]: DEBUG nova.policy [None req-18c49abc-e060-4182-b6cd-367e4ce85db6 tempest-ServersTestManualDisk-1969239430 tempest-ServersTestManualDisk-1969239430-project] Policy check for os_compute_api:os-extended-server-attributes failed with credentials {'is_admin': False, 'user_id': 'ce8fad3d4bf34883b7cda435cfecb3d0', 'user_domain_id': 'default', 'system_scope': None, 'domain_id': None, 'project_id': '7f1d01374f0241e1bd24cdb3d44fa96a', 'project_domain_id': 'default', 'roles': ['member', 'reader'], 'is_admin_project': True, 'service_user_id': None, 'service_user_domain_id': None, 'service_project_id': None, 'service_project_domain_id': None, 'service_roles': []} {{(pid=118281) authorize /opt/stack/nova/nova/policy.py:199}}
May 04 16:08:05.426808 dv-neutron-840420-2-hyperv devstack@n-api.service[118281]: INFO nova.api.openstack.requestlog [None req-18c49abc-e060-4182-b6cd-367e4ce85db6 tempest-ServersTestManualDisk-1969239430 tempest-ServersTestManualDisk-1969239430-project] 10.222.0.49 "GET /compute/v2.1/servers/6f81bf80-4f6f-4208-8130-9cd8fce8d679" status: 200 len: 1589 microversion: 2.1 time: 0.965638
May 04 16:08:05.427627 dv-neutron-840420-2-hyperv devstack@n-api.service[118282]: DEBUG nova.api.openstack.wsgi [None req-c94f8f35-35f1-4a99-a868-4ee622d2f609 tempest-ServerActionsTestJSON-1568526154 tempest-ServerActionsTestJSON-1568526154-project] Calling method '>' {{(pid=118282) _process_stack /opt/stack/nova/nova/api/openstack/wsgi.py:513}}
May 04 16:08:05.438611 dv-neutron-840420-2-hyperv devstack@n-api.service[118281]: [pid: 118281|app: 0|req: 33/63] 10.222.0.49 () {58 vars in 1235 bytes} [Wed May 4 16:08:04 2022] GET /compute/v2.1/servers/6f81bf80-4f6f-4208-8130-9cd8fce8d679 => generated 1589 bytes in 968 msecs (HTTP/1.1 200) 9 headers in 358 bytes (1 switches on core 0)
May 04 16:08:05.440982 dv-neutron-840420-2-hyperv devstack@n-api.service[118282]: DEBUG nova.compute.api [None req-c94f8f35-35f1-4a99-a868-4ee622d2f609 tempest-ServerActionsTestJSON-1568526154 tempest-ServerActionsTestJSON-1568526154-project] [instance: d0b09f70-7c39-4528-a0af-006f705589ef] Fetching instance by UUID {{(pid=118282) get /opt/stack/nova/nova/compute/api.py:2918}}
May 04 16:08:05.447499 dv-neutron-840420-2-hyperv devstack@n-api.service[118281]: DEBUG nova.api.openstack.wsgi [None req-9c1e7526-6ed2-4493-8d02-bd35c49b489d tempest-ServersTestManualDisk-1969239430 tempest-ServersTestManualDisk-1969239430-project] Calling method '>' {{(pid=118281) _process_stack /opt/stack/nova/nova/api/openstack/wsgi.py:513}}
May 04 16:08:05.449519 dv-neutron-840420-2-hyperv devstack@n-api.service[118282]: DEBUG oslo_concurrency.lockutils [None req-c94f8f35-35f1-4a99-a868-4ee622d2f609 tempest-ServerActionsTestJSON-1568526154 tempest-ServerActionsTestJSON-1568526154-project] Lock "65afac83-d175-4bfb-be52-d47c52c7b084" acquired by "nova.context.set_target_cell..get_or_set_cached_cell_and_set_connections" :: waited 0.000s {{(pid=118282) inner /usr/local/lib/python3.8/dist-packages/oslo_concurrency/lockutils.py:386}}
May 04 16:08:05.456810 dv-neutron-840420-2-hyperv devstack@n-api.service[118282]: DEBUG oslo_concurrency.lockutils [None req-c94f8f35-35f1-4a99-a868-4ee622d2f609 tempest-ServerActionsTestJSON-1568526154 tempest-ServerActionsTestJSON-1568526154-project] Lock "65afac83-d175-4bfb-be52-d47c52c7b084" "released" by "nova.context.set_target_cell..get_or_set_cached_cell_and_set_connections" :: held 0.003s {{(pid=118282) inner /usr/local/lib/python3.8/dist-packages/oslo_concurrency/lockutils.py:400}}
May 04 16:08:05.458851 dv-neutron-840420-2-hyperv devstack@n-api.service[118282]: DEBUG oslo_concurrency.lockutils [None req-c94f8f35-35f1-4a99-a868-4ee622d2f609 tempest-ServerActionsTestJSON-1568526154 tempest-ServerActionsTestJSON-1568526154-project] Lock "65afac83-d175-4bfb-be52-d47c52c7b084" acquired by "nova.context.set_target_cell..get_or_set_cached_cell_and_set_connections" :: waited 0.000s {{(pid=118282) inner /usr/local/lib/python3.8/dist-packages/oslo_concurrency/lockutils.py:386}}
May 04 16:08:05.461642 dv-neutron-840420-2-hyperv devstack@n-api.service[118282]: DEBUG oslo_concurrency.lockutils [None req-c94f8f35-35f1-4a99-a868-4ee622d2f609 tempest-ServerActionsTestJSON-1568526154 tempest-ServerActionsTestJSON-1568526154-project] Lock "65afac83-d175-4bfb-be52-d47c52c7b084" "released" by "nova.context.set_target_cell..get_or_set_cached_cell_and_set_connections" :: held 0.003s {{(pid=118282) inner /usr/local/lib/python3.8/dist-packages/oslo_concurrency/lockutils.py:400}}
May 04 16:08:05.462765 dv-neutron-840420-2-hyperv devstack@n-api.service[118281]: INFO nova.api.openstack.requestlog [None req-9c1e7526-6ed2-4493-8d02-bd35c49b489d tempest-ServersTestManualDisk-1969239430 tempest-ServersTestManualDisk-1969239430-project] 10.222.0.49 "GET /compute/v2.1/flavors/452" status: 200 len: 370 microversion: 2.1 time: 0.019753
May 04 16:08:05.466987 dv-neutron-840420-2-hyperv devstack@n-api.service[118281]: [pid: 118281|app: 0|req: 34/64] 10.222.0.49 () {58 vars in 1136 bytes} [Wed May 4 16:08:05 2022] GET /compute/v2.1/flavors/452 => generated 370 bytes in 24 msecs (HTTP/1.1 200) 9 headers in 357 bytes (2 switches on core 0)
May 04 16:08:06.669780 dv-neutron-840420-2-hyperv devstack@n-api.service[118282]: DEBUG nova.policy [None req-c94f8f35-35f1-4a99-a868-4ee622d2f609 tempest-ServerActionsTestJSON-1568526154 tempest-ServerActionsTestJSON-1568526154-project] Policy check for os_compute_api:os-extended-server-attributes failed with credentials {'is_admin': False, 'user_id': '9898305377834fdb9b8ce18787abafbd', 'user_domain_id': 'default', 'system_scope': None, 'domain_id': None, 'project_id': '9cf93bcb01f84d4080d8246eebf78a3f', 'project_domain_id': 'default', 'roles': ['member', 'reader'], 'is_admin_project': True, 'service_user_id': None, 'service_user_domain_id': None, 'service_project_id': None, 'service_project_domain_id': None, 'service_roles': []} {{(pid=118282) authorize /opt/stack/nova/nova/policy.py:199}}
May 04 16:08:06.678564 dv-neutron-840420-2-hyperv devstack@n-api.service[118282]: INFO nova.api.openstack.requestlog [None req-c94f8f35-35f1-4a99-a868-4ee622d2f609 tempest-ServerActionsTestJSON-1568526154 tempest-ServerActionsTestJSON-1568526154-project] 10.222.0.49 "GET /compute/v2.1/servers/d0b09f70-7c39-4528-a0af-006f705589ef" status: 200 len: 1549 microversion: 2.1 time: 1.255636
May 04 16:08:06.679177 dv-neutron-840420-2-hyperv devstack@n-api.service[118282]: [pid: 118282|app: 0|req: 31/65] 10.222.0.49 () {58 vars in 1235 bytes} [Wed May 4 16:08:05 2022] GET /compute/v2.1/servers/d0b09f70-7c39-4528-a0af-006f705589ef => generated 1549 bytes in 1257 msecs (HTTP/1.1 200) 9 headers in 358 bytes (1 switches on core 0)
May 04 16:08:06.702330 dv-neutron-840420-2-hyperv devstack@n-api.service[118281]: DEBUG nova.api.openstack.wsgi [None req-94954e94-4fdf-429c-8bf3-27ae3ce50a20 tempest-ServerActionsTestJSON-1568526154 tempest-ServerActionsTestJSON-1568526154-project] Calling method '>' {{(pid=118281) _process_stack /opt/stack/nova/nova/api/openstack/wsgi.py:513}}
May 04 16:08:06.703430 dv-neutron-840420-2-hyperv devstack@n-api.service[118281]: DEBUG nova.compute.api [None req-94954e94-4fdf-429c-8bf3-27ae3ce50a20 tempest-ServerActionsTestJSON-1568526154 tempest-ServerActionsTestJSON-1568526154-project] [instance: d0b09f70-7c39-4528-a0af-006f705589ef] Fetching instance by UUID {{(pid=118281) get /opt/stack/nova/nova/compute/api.py:2918}}
May 04 16:08:06.715377 dv-neutron-840420-2-hyperv devstack@n-api.service[118281]: DEBUG oslo_concurrency.lockutils [None req-94954e94-4fdf-429c-8bf3-27ae3ce50a20 tempest-ServerActionsTestJSON-1568526154 tempest-ServerActionsTestJSON-1568526154-project] Lock "65afac83-d175-4bfb-be52-d47c52c7b084" acquired by "nova.context.set_target_cell..get_or_set_cached_cell_and_set_connections" :: waited 0.000s {{(pid=118281) inner /usr/local/lib/python3.8/dist-packages/oslo_concurrency/lockutils.py:386}}
May 04 16:08:06.716126 dv-neutron-840420-2-hyperv devstack@n-api.service[118281]: DEBUG oslo_concurrency.lockutils [None req-94954e94-4fdf-429c-8bf3-27ae3ce50a20 tempest-ServerActionsTestJSON-1568526154 tempest-ServerActionsTestJSON-1568526154-project] Lock "65afac83-d175-4bfb-be52-d47c52c7b084" "released" by "nova.context.set_target_cell..get_or_set_cached_cell_and_set_connections" :: held 0.003s {{(pid=118281) inner /usr/local/lib/python3.8/dist-packages/oslo_concurrency/lockutils.py:400}}
May 04 16:08:06.717391 dv-neutron-840420-2-hyperv devstack@n-api.service[118281]: DEBUG oslo_concurrency.lockutils [None req-94954e94-4fdf-429c-8bf3-27ae3ce50a20 tempest-ServerActionsTestJSON-1568526154 tempest-ServerActionsTestJSON-1568526154-project] Lock "65afac83-d175-4bfb-be52-d47c52c7b084" acquired by "nova.context.set_target_cell..get_or_set_cached_cell_and_set_connections" :: waited 0.000s {{(pid=118281) inner /usr/local/lib/python3.8/dist-packages/oslo_concurrency/lockutils.py:386}}
May 04 16:08:06.720140 dv-neutron-840420-2-hyperv devstack@n-api.service[118281]: DEBUG oslo_concurrency.lockutils [None req-94954e94-4fdf-429c-8bf3-27ae3ce50a20 tempest-ServerActionsTestJSON-1568526154 tempest-ServerActionsTestJSON-1568526154-project] Lock "65afac83-d175-4bfb-be52-d47c52c7b084" "released" by "nova.context.set_target_cell..get_or_set_cached_cell_and_set_connections" :: held 0.002s {{(pid=118281) inner /usr/local/lib/python3.8/dist-packages/oslo_concurrency/lockutils.py:400}}
May 04 16:08:07.022546 dv-neutron-840420-2-hyperv devstack@n-api.service[118281]: INFO nova.api.openstack.requestlog [None req-94954e94-4fdf-429c-8bf3-27ae3ce50a20 tempest-ServerActionsTestJSON-1568526154 tempest-ServerActionsTestJSON-1568526154-project] 10.222.0.49 "GET /compute/v2.1/servers/d0b09f70-7c39-4528-a0af-006f705589ef/os-interface" status: 200 len: 284 microversion: 2.1 time: 0.325903
May 04 16:08:07.023582 dv-neutron-840420-2-hyperv devstack@n-api.service[118281]: [pid: 118281|app: 0|req: 35/66] 10.222.0.49 () {58 vars in 1274 bytes} [Wed May 4 16:08:06 2022] GET /compute/v2.1/servers/d0b09f70-7c39-4528-a0af-006f705589ef/os-interface => generated 284 bytes in 328 msecs (HTTP/1.1 200) 9 headers in 357 bytes (1 switches on core 0)
May 04 16:08:08.667366 dv-neutron-840420-2-hyperv devstack@n-api.service[118282]: DEBUG nova.api.openstack.wsgi [None req-84a06c11-e15e-42b1-a3f5-51225dff8aa5 tempest-ServersTestJSON-1060456635 tempest-ServersTestJSON-1060456635-project] Calling method '>' {{(pid=118282) _process_stack /opt/stack/nova/nova/api/openstack/wsgi.py:513}}
May 04 16:08:08.668745 dv-neutron-840420-2-hyperv devstack@n-api.service[118282]: DEBUG nova.compute.api [None req-84a06c11-e15e-42b1-a3f5-51225dff8aa5 tempest-ServersTestJSON-1060456635 tempest-ServersTestJSON-1060456635-project] [instance: 6c7322da-3dbe-4b88-a10e-ca5680d86319] Fetching instance by UUID {{(pid=118282) get /opt/stack/nova/nova/compute/api.py:2918}}
May 04 16:08:08.683632 dv-neutron-840420-2-hyperv devstack@n-api.service[118282]: DEBUG oslo_concurrency.lockutils [None req-84a06c11-e15e-42b1-a3f5-51225dff8aa5 tempest-ServersTestJSON-1060456635 tempest-ServersTestJSON-1060456635-project] Lock "65afac83-d175-4bfb-be52-d47c52c7b084" acquired by "nova.context.set_target_cell..get_or_set_cached_cell_and_set_connections" :: waited 0.000s {{(pid=118282) inner /usr/local/lib/python3.8/dist-packages/oslo_concurrency/lockutils.py:386}}
May 04 16:08:08.688730 dv-neutron-840420-2-hyperv devstack@n-api.service[118282]: DEBUG oslo_concurrency.lockutils [None req-84a06c11-e15e-42b1-a3f5-51225dff8aa5 tempest-ServersTestJSON-1060456635 tempest-ServersTestJSON-1060456635-project] Lock "65afac83-d175-4bfb-be52-d47c52c7b084" "released" by "nova.context.set_target_cell..get_or_set_cached_cell_and_set_connections" :: held 0.005s {{(pid=118282) inner /usr/local/lib/python3.8/dist-packages/oslo_concurrency/lockutils.py:400}}
May 04 16:08:08.701994 dv-neutron-840420-2-hyperv devstack@n-api.service[118282]: DEBUG oslo_concurrency.lockutils [None req-84a06c11-e15e-42b1-a3f5-51225dff8aa5 tempest-ServersTestJSON-1060456635 tempest-ServersTestJSON-1060456635-project] Lock "65afac83-d175-4bfb-be52-d47c52c7b084" acquired by "nova.context.set_target_cell..get_or_set_cached_cell_and_set_connections" :: waited 0.000s {{(pid=118282) inner /usr/local/lib/python3.8/dist-packages/oslo_concurrency/lockutils.py:386}}
May 04 16:08:08.705146 dv-neutron-840420-2-hyperv devstack@n-api.service[118282]: DEBUG oslo_concurrency.lockutils [None req-84a06c11-e15e-42b1-a3f5-51225dff8aa5 tempest-ServersTestJSON-1060456635 tempest-ServersTestJSON-1060456635-project] Lock "65afac83-d175-4bfb-be52-d47c52c7b084" "released" by "nova.context.set_target_cell..get_or_set_cached_cell_and_set_connections" :: held 0.003s {{(pid=118282) inner /usr/local/lib/python3.8/dist-packages/oslo_concurrency/lockutils.py:400}}
May 04 16:08:08.868179 dv-neutron-840420-2-hyperv devstack@n-api.service[118281]: DEBUG nova.api.openstack.wsgi [req-05524136-7d1b-4c09-b2cf-8cd6c72982e6 req-c43136d6-042f-4eb1-93a7-a82674fe1a5a service nova] Action: 'create', calling method: >, body: {"events": [{"name": "network-changed", "server_uuid": "6c7322da-3dbe-4b88-a10e-ca5680d86319", "tag": "a4f0ff47-5439-46cd-8774-8526af3cde33"}]} {{(pid=118281) _process_stack /opt/stack/nova/nova/api/openstack/wsgi.py:511}}
May 04 16:08:08.900352 dv-neutron-840420-2-hyperv devstack@n-api.service[118281]: DEBUG oslo_concurrency.lockutils [req-05524136-7d1b-4c09-b2cf-8cd6c72982e6 req-c43136d6-042f-4eb1-93a7-a82674fe1a5a service nova] Lock "65afac83-d175-4bfb-be52-d47c52c7b084" acquired by "nova.context.set_target_cell..get_or_set_cached_cell_and_set_connections" :: waited 0.000s {{(pid=118281) inner /usr/local/lib/python3.8/dist-packages/oslo_concurrency/lockutils.py:386}}
May 04 16:08:08.900352 dv-neutron-840420-2-hyperv devstack@n-api.service[118281]: DEBUG oslo_concurrency.lockutils [req-05524136-7d1b-4c09-b2cf-8cd6c72982e6 req-c43136d6-042f-4eb1-93a7-a82674fe1a5a service nova] Lock "65afac83-d175-4bfb-be52-d47c52c7b084" "released" by "nova.context.set_target_cell..get_or_set_cached_cell_and_set_connections" :: held 0.006s {{(pid=118281) inner /usr/local/lib/python3.8/dist-packages/oslo_concurrency/lockutils.py:400}}
May 04 16:08:08.922552 dv-neutron-840420-2-hyperv devstack@n-api.service[118281]: INFO nova.api.openstack.compute.server_external_events [req-05524136-7d1b-4c09-b2cf-8cd6c72982e6 req-c43136d6-042f-4eb1-93a7-a82674fe1a5a service nova] Creating event network-changed:a4f0ff47-5439-46cd-8774-8526af3cde33 for instance 6c7322da-3dbe-4b88-a10e-ca5680d86319 on hv-neutron-8404
May 04 16:08:08.938198 dv-neutron-840420-2-hyperv devstack@n-api.service[118281]: INFO nova.api.openstack.requestlog [req-05524136-7d1b-4c09-b2cf-8cd6c72982e6 req-c43136d6-042f-4eb1-93a7-a82674fe1a5a service nova] 10.222.0.49 "POST /compute/v2.1/os-server-external-events" status: 200 len: 179 microversion: 2.1 time: 0.075115
May 04 16:08:08.939733 dv-neutron-840420-2-hyperv devstack@n-api.service[118281]: [pid: 118281|app: 0|req: 36/67] 10.222.0.49 () {64 vars in 1317 bytes} [Wed May 4 16:08:08 2022] POST /compute/v2.1/os-server-external-events => generated 179 bytes in 78 msecs (HTTP/1.1 200) 9 headers in 357 bytes (1 switches on core 0)
May 04 16:08:09.195384 dv-neutron-840420-2-hyperv devstack@n-api.service[118282]: DEBUG nova.policy [None req-84a06c11-e15e-42b1-a3f5-51225dff8aa5 tempest-ServersTestJSON-1060456635 tempest-ServersTestJSON-1060456635-project] Policy check for os_compute_api:os-extended-server-attributes failed with credentials {'is_admin': False, 'user_id': '7850214494b24b60b687009e18dc2a4c', 'user_domain_id': 'default', 'system_scope': None, 'domain_id': None, 'project_id': '43836f7fdfba4335a89e582aef98e26e', 'project_domain_id': 'default', 'roles': ['member', 'reader'], 'is_admin_project': True, 'service_user_id': None, 'service_user_domain_id': None, 'service_project_id': None, 'service_project_domain_id': None, 'service_roles': []} {{(pid=118282) authorize /opt/stack/nova/nova/policy.py:199}}
May 04 16:08:09.211938 dv-neutron-840420-2-hyperv devstack@n-api.service[118282]: INFO nova.api.openstack.requestlog [None req-84a06c11-e15e-42b1-a3f5-51225dff8aa5 tempest-ServersTestJSON-1060456635 tempest-ServersTestJSON-1060456635-project] 10.222.0.49 "GET /compute/v2.1/servers/6c7322da-3dbe-4b88-a10e-ca5680d86319" status: 200 len: 1574 microversion: 2.1 time: 0.548659
May 04 16:08:09.212877 dv-neutron-840420-2-hyperv devstack@n-api.service[118282]: [pid: 118282|app: 0|req: 32/68] 10.222.0.49 () {58 vars in 1235 bytes} [Wed May 4 16:08:08 2022] GET /compute/v2.1/servers/6c7322da-3dbe-4b88-a10e-ca5680d86319 => generated 1574 bytes in 550 msecs (HTTP/1.1 200) 9 headers in 358 bytes (1 switches on core 0)
May 04 16:08:09.231800 dv-neutron-840420-2-hyperv devstack@n-api.service[118281]: DEBUG nova.api.openstack.wsgi [None req-c8bc47e6-1c48-469d-b7e2-60a1f90f3b76 tempest-ServersTestJSON-1060456635 tempest-ServersTestJSON-1060456635-project] Calling method '>' {{(pid=118281) _process_stack /opt/stack/nova/nova/api/openstack/wsgi.py:513}}
May 04 16:08:09.241537 dv-neutron-840420-2-hyperv devstack@n-api.service[118281]: INFO nova.api.openstack.requestlog [None req-c8bc47e6-1c48-469d-b7e2-60a1f90f3b76 tempest-ServersTestJSON-1060456635 tempest-ServersTestJSON-1060456635-project] 10.222.0.49 "GET /compute/v2.1/flavors/452" status: 200 len: 370 microversion: 2.1 time: 0.015779
May 04 16:08:09.266416 dv-neutron-840420-2-hyperv devstack@n-api.service[118281]: [pid: 118281|app: 0|req: 37/69] 10.222.0.49 () {58 vars in 1136 bytes} [Wed May 4 16:08:09 2022] GET /compute/v2.1/flavors/452 => generated 370 bytes in 40 msecs (HTTP/1.1 200) 9 headers in 357 bytes (1 switches on core 0)
May 04 16:08:10.149847 dv-neutron-840420-2-hyperv devstack@n-api.service[118282]: DEBUG nova.api.openstack.wsgi [None req-738e0d6c-edb4-41f8-a093-cff859f3c3c1 tempest-ServerActionsTestJSON-1568526154 tempest-ServerActionsTestJSON-1568526154-project] Calling method '>' {{(pid=118282) _process_stack /opt/stack/nova/nova/api/openstack/wsgi.py:513}}
May 04 16:08:10.151129 dv-neutron-840420-2-hyperv devstack@n-api.service[118282]: DEBUG nova.compute.api [None req-738e0d6c-edb4-41f8-a093-cff859f3c3c1 tempest-ServerActionsTestJSON-1568526154 tempest-ServerActionsTestJSON-1568526154-project] [instance: d0b09f70-7c39-4528-a0af-006f705589ef] Fetching instance by UUID {{(pid=118282) get /opt/stack/nova/nova/compute/api.py:2918}}
May 04 16:08:10.162354 dv-neutron-840420-2-hyperv devstack@n-api.service[118282]: DEBUG oslo_concurrency.lockutils [None req-738e0d6c-edb4-41f8-a093-cff859f3c3c1 tempest-ServerActionsTestJSON-1568526154 tempest-ServerActionsTestJSON-1568526154-project] Lock "65afac83-d175-4bfb-be52-d47c52c7b084" acquired by "nova.context.set_target_cell..get_or_set_cached_cell_and_set_connections" :: waited 0.000s {{(pid=118282) inner /usr/local/lib/python3.8/dist-packages/oslo_concurrency/lockutils.py:386}}
May 04 16:08:10.163184 dv-neutron-840420-2-hyperv devstack@n-api.service[118282]: DEBUG oslo_concurrency.lockutils [None req-738e0d6c-edb4-41f8-a093-cff859f3c3c1 tempest-ServerActionsTestJSON-1568526154 tempest-ServerActionsTestJSON-1568526154-project] Lock "65afac83-d175-4bfb-be52-d47c52c7b084" "released" by "nova.context.set_target_cell..get_or_set_cached_cell_and_set_connections" :: held 0.001s {{(pid=118282) inner /usr/local/lib/python3.8/dist-packages/oslo_concurrency/lockutils.py:400}}
May 04 16:08:10.164253 dv-neutron-840420-2-hyperv devstack@n-api.service[118282]: DEBUG oslo_concurrency.lockutils [None req-738e0d6c-edb4-41f8-a093-cff859f3c3c1 tempest-ServerActionsTestJSON-1568526154 tempest-ServerActionsTestJSON-1568526154-project] Lock "65afac83-d175-4bfb-be52-d47c52c7b084" acquired by "nova.context.set_target_cell..get_or_set_cached_cell_and_set_connections" :: waited 0.000s {{(pid=118282) inner /usr/local/lib/python3.8/dist-packages/oslo_concurrency/lockutils.py:386}}
May 04 16:08:10.165194 dv-neutron-840420-2-hyperv devstack@n-api.service[118282]: DEBUG oslo_concurrency.lockutils [None req-738e0d6c-edb4-41f8-a093-cff859f3c3c1 tempest-ServerActionsTestJSON-1568526154 tempest-ServerActionsTestJSON-1568526154-project] Lock "65afac83-d175-4bfb-be52-d47c52c7b084" "released" by "nova.context.set_target_cell..get_or_set_cached_cell_and_set_connections" :: held 0.001s {{(pid=118282) inner /usr/local/lib/python3.8/dist-packages/oslo_concurrency/lockutils.py:400}}
May 04 16:08:10.888824 dv-neutron-840420-2-hyperv devstack@n-api.service[118282]: DEBUG nova.policy [None req-738e0d6c-edb4-41f8-a093-cff859f3c3c1 tempest-ServerActionsTestJSON-1568526154 tempest-ServerActionsTestJSON-1568526154-project] Policy check for os_compute_api:os-extended-server-attributes failed with credentials {'is_admin': False, 'user_id': '9898305377834fdb9b8ce18787abafbd', 'user_domain_id': 'default', 'system_scope': None, 'domain_id': None, 'project_id': '9cf93bcb01f84d4080d8246eebf78a3f', 'project_domain_id': 'default', 'roles': ['member', 'reader'], 'is_admin_project': True, 'service_user_id': None, 'service_user_domain_id': None, 'service_project_id': None, 'service_project_domain_id': None, 'service_roles': []} {{(pid=118282) authorize /opt/stack/nova/nova/policy.py:199}}
May 04 16:08:10.900190 dv-neutron-840420-2-hyperv devstack@n-api.service[118282]: INFO nova.api.openstack.requestlog [None req-738e0d6c-edb4-41f8-a093-cff859f3c3c1 tempest-ServerActionsTestJSON-1568526154 tempest-ServerActionsTestJSON-1568526154-project] 10.222.0.49 "GET /compute/v2.1/servers/d0b09f70-7c39-4528-a0af-006f705589ef" status: 200 len: 1549 microversion: 2.1 time: 0.759613
May 04 16:08:10.901313 dv-neutron-840420-2-hyperv devstack@n-api.service[118282]: [pid: 118282|app: 0|req: 33/70] 10.222.0.49 () {58 vars in 1235 bytes} [Wed May 4 16:08:10 2022] GET /compute/v2.1/servers/d0b09f70-7c39-4528-a0af-006f705589ef => generated 1549 bytes in 762 msecs (HTTP/1.1 200) 9 headers in 358 bytes (1 switches on core 0)
May 04 16:08:10.916504 dv-neutron-840420-2-hyperv devstack@n-api.service[118281]: DEBUG nova.api.openstack.wsgi [None req-6eb70f24-579b-47f3-ad87-9c5ec0d408ba tempest-ServerActionsTestJSON-1568526154 tempest-ServerActionsTestJSON-1568526154-project] Calling method '>' {{(pid=118281) _process_stack /opt/stack/nova/nova/api/openstack/wsgi.py:513}}
May 04 16:08:10.917855 dv-neutron-840420-2-hyperv devstack@n-api.service[118281]: DEBUG nova.compute.api [None req-6eb70f24-579b-47f3-ad87-9c5ec0d408ba tempest-ServerActionsTestJSON-1568526154 tempest-ServerActionsTestJSON-1568526154-project] [instance: d0b09f70-7c39-4528-a0af-006f705589ef] Fetching instance by UUID {{(pid=118281) get /opt/stack/nova/nova/compute/api.py:2918}}
May 04 16:08:10.924410 dv-neutron-840420-2-hyperv devstack@n-api.service[118281]: DEBUG oslo_concurrency.lockutils [None req-6eb70f24-579b-47f3-ad87-9c5ec0d408ba tempest-ServerActionsTestJSON-1568526154 tempest-ServerActionsTestJSON-1568526154-project] Lock "65afac83-d175-4bfb-be52-d47c52c7b084" acquired by "nova.context.set_target_cell..get_or_set_cached_cell_and_set_connections" :: waited 0.000s {{(pid=118281) inner /usr/local/lib/python3.8/dist-packages/oslo_concurrency/lockutils.py:386}}
May 04 16:08:10.925671 dv-neutron-840420-2-hyperv devstack@n-api.service[118281]: DEBUG oslo_concurrency.lockutils [None req-6eb70f24-579b-47f3-ad87-9c5ec0d408ba tempest-ServerActionsTestJSON-1568526154 tempest-ServerActionsTestJSON-1568526154-project] Lock "65afac83-d175-4bfb-be52-d47c52c7b084" "released" by "nova.context.set_target_cell..get_or_set_cached_cell_and_set_connections" :: held 0.001s {{(pid=118281) inner /usr/local/lib/python3.8/dist-packages/oslo_concurrency/lockutils.py:400}}
May 04 16:08:10.927029 dv-neutron-840420-2-hyperv devstack@n-api.service[118281]: DEBUG oslo_concurrency.lockutils [None req-6eb70f24-579b-47f3-ad87-9c5ec0d408ba tempest-ServerActionsTestJSON-1568526154 tempest-ServerActionsTestJSON-1568526154-project] Lock "65afac83-d175-4bfb-be52-d47c52c7b084" acquired by "nova.context.set_target_cell..get_or_set_cached_cell_and_set_connections" :: waited 0.000s {{(pid=118281) inner /usr/local/lib/python3.8/dist-packages/oslo_concurrency/lockutils.py:386}}
May 04 16:08:10.927707 dv-neutron-840420-2-hyperv devstack@n-api.service[118281]: DEBUG oslo_concurrency.lockutils [None req-6eb70f24-579b-47f3-ad87-9c5ec0d408ba tempest-ServerActionsTestJSON-1568526154 tempest-ServerActionsTestJSON-1568526154-project] Lock "65afac83-d175-4bfb-be52-d47c52c7b084" "released" by "nova.context.set_target_cell..get_or_set_cached_cell_and_set_connections" :: held 0.001s {{(pid=118281) inner /usr/local/lib/python3.8/dist-packages/oslo_concurrency/lockutils.py:400}}
May 04 16:08:10.959119 dv-neutron-840420-2-hyperv devstack@n-api.service[118282]: DEBUG nova.api.openstack.wsgi [req-a11befa0-3c40-4e0c-bf14-ed49df2f1c49 req-71d6a148-9f76-46aa-8b8f-8054b8c3ecea service nova] Action: 'create', calling method: >, body: {"events": [{"name": "network-changed", "server_uuid": "d0b09f70-7c39-4528-a0af-006f705589ef", "tag": "07d2bcdd-d6ad-4e01-b68e-b825c99122b3"}]} {{(pid=118282) _process_stack /opt/stack/nova/nova/api/openstack/wsgi.py:511}}
May 04 16:08:10.972355 dv-neutron-840420-2-hyperv devstack@n-api.service[118282]: DEBUG oslo_concurrency.lockutils [req-a11befa0-3c40-4e0c-bf14-ed49df2f1c49 req-71d6a148-9f76-46aa-8b8f-8054b8c3ecea service nova] Lock "65afac83-d175-4bfb-be52-d47c52c7b084" acquired by "nova.context.set_target_cell..get_or_set_cached_cell_and_set_connections" :: waited 0.000s {{(pid=118282) inner /usr/local/lib/python3.8/dist-packages/oslo_concurrency/lockutils.py:386}}
May 04 16:08:10.977230 dv-neutron-840420-2-hyperv devstack@n-api.service[118282]: DEBUG oslo_concurrency.lockutils [req-a11befa0-3c40-4e0c-bf14-ed49df2f1c49 req-71d6a148-9f76-46aa-8b8f-8054b8c3ecea service nova] Lock "65afac83-d175-4bfb-be52-d47c52c7b084" "released" by "nova.context.set_target_cell..get_or_set_cached_cell_and_set_connections" :: held 0.005s {{(pid=118282) inner /usr/local/lib/python3.8/dist-packages/oslo_concurrency/lockutils.py:400}}
May 04 16:08:11.008116 dv-neutron-840420-2-hyperv devstack@n-api.service[118282]: INFO nova.api.openstack.compute.server_external_events [req-a11befa0-3c40-4e0c-bf14-ed49df2f1c49 req-71d6a148-9f76-46aa-8b8f-8054b8c3ecea service nova] Creating event network-changed:07d2bcdd-d6ad-4e01-b68e-b825c99122b3 for instance d0b09f70-7c39-4528-a0af-006f705589ef on hv-neutron-8404
May 04 16:08:11.014371 dv-neutron-840420-2-hyperv devstack@n-api.service[118282]: INFO nova.api.openstack.requestlog [req-a11befa0-3c40-4e0c-bf14-ed49df2f1c49 req-71d6a148-9f76-46aa-8b8f-8054b8c3ecea service nova] 10.222.0.49 "POST /compute/v2.1/os-server-external-events" status: 200 len: 179 microversion: 2.1 time: 0.060854
May 04 16:08:11.019398 dv-neutron-840420-2-hyperv devstack@n-api.service[118282]: [pid: 118282|app: 0|req: 34/71] 10.222.0.49 () {64 vars in 1317 bytes} [Wed May 4 16:08:10 2022] POST /compute/v2.1/os-server-external-events => generated 179 bytes in 67 msecs (HTTP/1.1 200) 9 headers in 357 bytes (2 switches on core 0)
May 04 16:08:11.962218 dv-neutron-840420-2-hyperv devstack@n-api.service[118281]: DEBUG nova.policy [None req-6eb70f24-579b-47f3-ad87-9c5ec0d408ba tempest-ServerActionsTestJSON-1568526154 tempest-ServerActionsTestJSON-1568526154-project] Policy check for os_compute_api:os-extended-server-attributes failed with credentials {'is_admin': False, 'user_id': '9898305377834fdb9b8ce18787abafbd', 'user_domain_id': 'default', 'system_scope': None, 'domain_id': None, 'project_id': '9cf93bcb01f84d4080d8246eebf78a3f', 'project_domain_id': 'default', 'roles': ['member', 'reader'], 'is_admin_project': True, 'service_user_id': None, 'service_user_domain_id': None, 'service_project_id': None, 'service_project_domain_id': None, 'service_roles': []} {{(pid=118281) authorize /opt/stack/nova/nova/policy.py:199}}
May 04 16:08:11.971049 dv-neutron-840420-2-hyperv devstack@n-api.service[118281]: INFO nova.api.openstack.requestlog [None req-6eb70f24-579b-47f3-ad87-9c5ec0d408ba tempest-ServerActionsTestJSON-1568526154 tempest-ServerActionsTestJSON-1568526154-project] 10.222.0.49 "GET /compute/v2.1/servers/d0b09f70-7c39-4528-a0af-006f705589ef" status: 200 len: 1549 microversion: 2.1 time: 1.058291
May 04 16:08:11.971654 dv-neutron-840420-2-hyperv devstack@n-api.service[118281]: [pid: 118281|app: 0|req: 38/72] 10.222.0.49 () {58 vars in 1235 bytes} [Wed May 4 16:08:10 2022] GET /compute/v2.1/servers/d0b09f70-7c39-4528-a0af-006f705589ef => generated 1549 bytes in 1060 msecs (HTTP/1.1 200) 9 headers in 358 bytes (1 switches on core 0)
May 04 16:08:12.988889 dv-neutron-840420-2-hyperv devstack@n-api.service[118282]: DEBUG nova.api.openstack.wsgi [None req-d4b57a39-51f1-47e4-9bf0-3f24d98c0105 tempest-ServerActionsTestJSON-1568526154 tempest-ServerActionsTestJSON-1568526154-project] Calling method '>' {{(pid=118282) _process_stack /opt/stack/nova/nova/api/openstack/wsgi.py:513}}
May 04 16:08:12.990052 dv-neutron-840420-2-hyperv devstack@n-api.service[118282]: DEBUG nova.compute.api [None req-d4b57a39-51f1-47e4-9bf0-3f24d98c0105 tempest-ServerActionsTestJSON-1568526154 tempest-ServerActionsTestJSON-1568526154-project] [instance: d0b09f70-7c39-4528-a0af-006f705589ef] Fetching instance by UUID {{(pid=118282) get /opt/stack/nova/nova/compute/api.py:2918}}
May 04 16:08:13.000245 dv-neutron-840420-2-hyperv devstack@n-api.service[118282]: DEBUG oslo_concurrency.lockutils [None req-d4b57a39-51f1-47e4-9bf0-3f24d98c0105 tempest-ServerActionsTestJSON-1568526154 tempest-ServerActionsTestJSON-1568526154-project] Lock "65afac83-d175-4bfb-be52-d47c52c7b084" acquired by "nova.context.set_target_cell..get_or_set_cached_cell_and_set_connections" :: waited 0.000s {{(pid=118282) inner /usr/local/lib/python3.8/dist-packages/oslo_concurrency/lockutils.py:386}}
May 04 16:08:13.003541 dv-neutron-840420-2-hyperv devstack@n-api.service[118282]: DEBUG oslo_concurrency.lockutils [None req-d4b57a39-51f1-47e4-9bf0-3f24d98c0105 tempest-ServerActionsTestJSON-1568526154 tempest-ServerActionsTestJSON-1568526154-project] Lock "65afac83-d175-4bfb-be52-d47c52c7b084" "released" by "nova.context.set_target_cell..get_or_set_cached_cell_and_set_connections" :: held 0.001s {{(pid=118282) inner /usr/local/lib/python3.8/dist-packages/oslo_concurrency/lockutils.py:400}}
May 04 16:08:13.004535 dv-neutron-840420-2-hyperv devstack@n-api.service[118282]: DEBUG oslo_concurrency.lockutils [None req-d4b57a39-51f1-47e4-9bf0-3f24d98c0105 tempest-ServerActionsTestJSON-1568526154 tempest-ServerActionsTestJSON-1568526154-project] Lock "65afac83-d175-4bfb-be52-d47c52c7b084" acquired by "nova.context.set_target_cell..get_or_set_cached_cell_and_set_connections" :: waited 0.000s {{(pid=118282) inner /usr/local/lib/python3.8/dist-packages/oslo_concurrency/lockutils.py:386}}
May 04 16:08:13.006651 dv-neutron-840420-2-hyperv devstack@n-api.service[118282]: DEBUG oslo_concurrency.lockutils [None req-d4b57a39-51f1-47e4-9bf0-3f24d98c0105 tempest-ServerActionsTestJSON-1568526154 tempest-ServerActionsTestJSON-1568526154-project] Lock "65afac83-d175-4bfb-be52-d47c52c7b084" "released" by "nova.context.set_target_cell..get_or_set_cached_cell_and_set_connections" :: held 0.002s {{(pid=118282) inner /usr/local/lib/python3.8/dist-packages/oslo_concurrency/lockutils.py:400}}
May 04 16:08:13.434892 dv-neutron-840420-2-hyperv devstack@n-api.service[118282]: DEBUG nova.policy [None req-d4b57a39-51f1-47e4-9bf0-3f24d98c0105 tempest-ServerActionsTestJSON-1568526154 tempest-ServerActionsTestJSON-1568526154-project] Policy check for os_compute_api:os-extended-server-attributes failed with credentials {'is_admin': False, 'user_id': '9898305377834fdb9b8ce18787abafbd', 'user_domain_id': 'default', 'system_scope': None, 'domain_id': None, 'project_id': '9cf93bcb01f84d4080d8246eebf78a3f', 'project_domain_id': 'default', 'roles': ['member', 'reader'], 'is_admin_project': True, 'service_user_id': None, 'service_user_domain_id': None, 'service_project_id': None, 'service_project_domain_id': None, 'service_roles': []} {{(pid=118282) authorize /opt/stack/nova/nova/policy.py:199}}
May 04 16:08:13.447857 dv-neutron-840420-2-hyperv devstack@n-api.service[118282]: INFO nova.api.openstack.requestlog [None req-d4b57a39-51f1-47e4-9bf0-3f24d98c0105 tempest-ServerActionsTestJSON-1568526154 tempest-ServerActionsTestJSON-1568526154-project] 10.222.0.49 "GET /compute/v2.1/servers/d0b09f70-7c39-4528-a0af-006f705589ef" status: 200 len: 1668 microversion: 2.1 time: 0.463630
May 04 16:08:13.448813 dv-neutron-840420-2-hyperv devstack@n-api.service[118282]: [pid: 118282|app: 0|req: 35/73] 10.222.0.49 () {58 vars in 1235 bytes} [Wed May 4 16:08:12 2022] GET /compute/v2.1/servers/d0b09f70-7c39-4528-a0af-006f705589ef => generated 1668 bytes in 466 msecs (HTTP/1.1 200) 9 headers in 358 bytes (1 switches on core 0)
May 04 16:08:13.465455 dv-neutron-840420-2-hyperv devstack@n-api.service[118281]: DEBUG nova.api.openstack.wsgi [None req-f7be6b01-a304-434f-a4b1-9c6c3ab6d9a0 tempest-ServerActionsTestJSON-1568526154 tempest-ServerActionsTestJSON-1568526154-project] Calling method '>' {{(pid=118281) _process_stack /opt/stack/nova/nova/api/openstack/wsgi.py:513}}
May 04 16:08:13.466684 dv-neutron-840420-2-hyperv devstack@n-api.service[118281]: DEBUG nova.compute.api [None req-f7be6b01-a304-434f-a4b1-9c6c3ab6d9a0 tempest-ServerActionsTestJSON-1568526154 tempest-ServerActionsTestJSON-1568526154-project] [instance: d0b09f70-7c39-4528-a0af-006f705589ef] Fetching instance by UUID {{(pid=118281) get /opt/stack/nova/nova/compute/api.py:2918}}
May 04 16:08:13.473185 dv-neutron-840420-2-hyperv devstack@n-api.service[118281]: DEBUG oslo_concurrency.lockutils [None req-f7be6b01-a304-434f-a4b1-9c6c3ab6d9a0 tempest-ServerActionsTestJSON-1568526154 tempest-ServerActionsTestJSON-1568526154-project] Lock "65afac83-d175-4bfb-be52-d47c52c7b084" acquired by "nova.context.set_target_cell..get_or_set_cached_cell_and_set_connections" :: waited 0.000s {{(pid=118281) inner /usr/local/lib/python3.8/dist-packages/oslo_concurrency/lockutils.py:386}}
May 04 16:08:13.473851 dv-neutron-840420-2-hyperv devstack@n-api.service[118281]: DEBUG oslo_concurrency.lockutils [None req-f7be6b01-a304-434f-a4b1-9c6c3ab6d9a0 tempest-ServerActionsTestJSON-1568526154 tempest-ServerActionsTestJSON-1568526154-project] Lock "65afac83-d175-4bfb-be52-d47c52c7b084" "released" by "nova.context.set_target_cell..get_or_set_cached_cell_and_set_connections" :: held 0.001s {{(pid=118281) inner /usr/local/lib/python3.8/dist-packages/oslo_concurrency/lockutils.py:400}}
May 04 16:08:13.474857 dv-neutron-840420-2-hyperv devstack@n-api.service[118281]: DEBUG oslo_concurrency.lockutils [None req-f7be6b01-a304-434f-a4b1-9c6c3ab6d9a0 tempest-ServerActionsTestJSON-1568526154 tempest-ServerActionsTestJSON-1568526154-project] Lock "65afac83-d175-4bfb-be52-d47c52c7b084" acquired by "nova.context.set_target_cell..get_or_set_cached_cell_and_set_connections" :: waited 0.000s {{(pid=118281) inner /usr/local/lib/python3.8/dist-packages/oslo_concurrency/lockutils.py:386}}
May 04 16:08:13.475318 dv-neutron-840420-2-hyperv devstack@n-api.service[118281]: DEBUG oslo_concurrency.lockutils [None req-f7be6b01-a304-434f-a4b1-9c6c3ab6d9a0 tempest-ServerActionsTestJSON-1568526154 tempest-ServerActionsTestJSON-1568526154-project] Lock "65afac83-d175-4bfb-be52-d47c52c7b084" "released" by "nova.context.set_target_cell..get_or_set_cached_cell_and_set_connections" :: held 0.000s {{(pid=118281) inner /usr/local/lib/python3.8/dist-packages/oslo_concurrency/lockutils.py:400}}
May 04 16:08:13.886682 dv-neutron-840420-2-hyperv devstack@n-api.service[118281]: DEBUG nova.policy [None req-f7be6b01-a304-434f-a4b1-9c6c3ab6d9a0 tempest-ServerActionsTestJSON-1568526154 tempest-ServerActionsTestJSON-1568526154-project] Policy check for os_compute_api:os-extended-server-attributes failed with credentials {'is_admin': False, 'user_id': '9898305377834fdb9b8ce18787abafbd', 'user_domain_id': 'default', 'system_scope': None, 'domain_id': None, 'project_id': '9cf93bcb01f84d4080d8246eebf78a3f', 'project_domain_id': 'default', 'roles': ['member', 'reader'], 'is_admin_project': True, 'service_user_id': None, 'service_user_domain_id': None, 'service_project_id': None, 'service_project_domain_id': None, 'service_roles': []} {{(pid=118281) authorize /opt/stack/nova/nova/policy.py:199}}
May 04 16:08:13.909704 dv-neutron-840420-2-hyperv devstack@n-api.service[118281]: INFO nova.api.openstack.requestlog [None req-f7be6b01-a304-434f-a4b1-9c6c3ab6d9a0 tempest-ServerActionsTestJSON-1568526154 tempest-ServerActionsTestJSON-1568526154-project] 10.222.0.49 "GET /compute/v2.1/servers/d0b09f70-7c39-4528-a0af-006f705589ef" status: 200 len: 1668 microversion: 2.1 time: 0.448131
May 04 16:08:13.923198 dv-neutron-840420-2-hyperv devstack@n-api.service[118281]: [pid: 118281|app: 0|req: 39/74] 10.222.0.49 () {58 vars in 1235 bytes} [Wed May 4 16:08:13 2022] GET /compute/v2.1/servers/d0b09f70-7c39-4528-a0af-006f705589ef => generated 1668 bytes in 462 msecs (HTTP/1.1 200) 9 headers in 358 bytes (1 switches on core 0)
May 04 16:08:13.928796 dv-neutron-840420-2-hyperv devstack@n-api.service[118282]: DEBUG nova.api.openstack.wsgi [None req-9420c3b8-feff-44ff-be30-897f74deaf68 tempest-ServerActionsTestJSON-1568526154 tempest-ServerActionsTestJSON-1568526154-project] Action: 'action', calling method: >, body: {"lock": {}} {{(pid=118282) _process_stack /opt/stack/nova/nova/api/openstack/wsgi.py:511}}
May 04 16:08:13.929377 dv-neutron-840420-2-hyperv devstack@n-api.service[118282]: DEBUG nova.compute.api [None req-9420c3b8-feff-44ff-be30-897f74deaf68 tempest-ServerActionsTestJSON-1568526154 tempest-ServerActionsTestJSON-1568526154-project] [instance: d0b09f70-7c39-4528-a0af-006f705589ef] Fetching instance by UUID {{(pid=118282) get /opt/stack/nova/nova/compute/api.py:2918}}
May 04 16:08:13.940278 dv-neutron-840420-2-hyperv devstack@n-api.service[118282]: DEBUG oslo_concurrency.lockutils [None req-9420c3b8-feff-44ff-be30-897f74deaf68 tempest-ServerActionsTestJSON-1568526154 tempest-ServerActionsTestJSON-1568526154-project] Lock "65afac83-d175-4bfb-be52-d47c52c7b084" acquired by "nova.context.set_target_cell..get_or_set_cached_cell_and_set_connections" :: waited 0.000s {{(pid=118282) inner /usr/local/lib/python3.8/dist-packages/oslo_concurrency/lockutils.py:386}}
May 04 16:08:13.940545 dv-neutron-840420-2-hyperv devstack@n-api.service[118282]: DEBUG oslo_concurrency.lockutils [None req-9420c3b8-feff-44ff-be30-897f74deaf68 tempest-ServerActionsTestJSON-1568526154 tempest-ServerActionsTestJSON-1568526154-project] Lock "65afac83-d175-4bfb-be52-d47c52c7b084" "released" by "nova.context.set_target_cell..get_or_set_cached_cell_and_set_connections" :: held 0.001s {{(pid=118282) inner /usr/local/lib/python3.8/dist-packages/oslo_concurrency/lockutils.py:400}}
May 04 16:08:13.944177 dv-neutron-840420-2-hyperv devstack@n-api.service[118282]: DEBUG oslo_concurrency.lockutils [None req-9420c3b8-feff-44ff-be30-897f74deaf68 tempest-ServerActionsTestJSON-1568526154 tempest-ServerActionsTestJSON-1568526154-project] Lock "65afac83-d175-4bfb-be52-d47c52c7b084" acquired by "nova.context.set_target_cell..get_or_set_cached_cell_and_set_connections" :: waited 0.000s {{(pid=118282) inner /usr/local/lib/python3.8/dist-packages/oslo_concurrency/lockutils.py:386}}
May 04 16:08:13.945159 dv-neutron-840420-2-hyperv devstack@n-api.service[118282]: DEBUG oslo_concurrency.lockutils [None req-9420c3b8-feff-44ff-be30-897f74deaf68 tempest-ServerActionsTestJSON-1568526154 tempest-ServerActionsTestJSON-1568526154-project] Lock "65afac83-d175-4bfb-be52-d47c52c7b084" "released" by "nova.context.set_target_cell..get_or_set_cached_cell_and_set_connections" :: held 0.003s {{(pid=118282) inner /usr/local/lib/python3.8/dist-packages/oslo_concurrency/lockutils.py:400}}
May 04 16:08:14.110702 dv-neutron-840420-2-hyperv devstack@n-api.service[118282]: DEBUG nova.compute.api [None req-9420c3b8-feff-44ff-be30-897f74deaf68 tempest-ServerActionsTestJSON-1568526154 tempest-ServerActionsTestJSON-1568526154-project] [instance: d0b09f70-7c39-4528-a0af-006f705589ef] Locking {{(pid=118282) lock /opt/stack/nova/nova/compute/api.py:4698}}
May 04 16:08:14.254770 dv-neutron-840420-2-hyperv devstack@n-api.service[118282]: INFO nova.api.openstack.requestlog [None req-9420c3b8-feff-44ff-be30-897f74deaf68 tempest-ServerActionsTestJSON-1568526154 tempest-ServerActionsTestJSON-1568526154-project] 10.222.0.49 "POST /compute/v2.1/servers/d0b09f70-7c39-4528-a0af-006f705589ef/action" status: 202 len: 0 microversion: 2.1 time: 0.330296
May 04 16:08:14.255476 dv-neutron-840420-2-hyperv devstack@n-api.service[118282]: [pid: 118282|app: 0|req: 36/75] 10.222.0.49 () {60 vars in 1277 bytes} [Wed May 4 16:08:13 2022] POST /compute/v2.1/servers/d0b09f70-7c39-4528-a0af-006f705589ef/action => generated 0 bytes in 332 msecs (HTTP/1.1 202) 9 headers in 361 bytes (2 switches on core 0)
May 04 16:08:14.269892 dv-neutron-840420-2-hyperv devstack@n-api.service[118281]: DEBUG nova.api.openstack.wsgi [None req-7342e437-62e6-48cf-9324-164364b6aad9 tempest-ServerActionsTestJSON-1568526154 tempest-ServerActionsTestJSON-1568526154-project] Calling method '>' {{(pid=118281) _process_stack /opt/stack/nova/nova/api/openstack/wsgi.py:513}}
May 04 16:08:14.270771 dv-neutron-840420-2-hyperv devstack@n-api.service[118281]: DEBUG nova.compute.api [None req-7342e437-62e6-48cf-9324-164364b6aad9 tempest-ServerActionsTestJSON-1568526154 tempest-ServerActionsTestJSON-1568526154-project] [instance: d0b09f70-7c39-4528-a0af-006f705589ef] Fetching instance by UUID {{(pid=118281) get /opt/stack/nova/nova/compute/api.py:2918}}
May 04 16:08:14.281524 dv-neutron-840420-2-hyperv devstack@n-api.service[118281]: DEBUG oslo_concurrency.lockutils [None req-7342e437-62e6-48cf-9324-164364b6aad9 tempest-ServerActionsTestJSON-1568526154 tempest-ServerActionsTestJSON-1568526154-project] Lock "65afac83-d175-4bfb-be52-d47c52c7b084" acquired by "nova.context.set_target_cell..get_or_set_cached_cell_and_set_connections" :: waited 0.000s {{(pid=118281) inner /usr/local/lib/python3.8/dist-packages/oslo_concurrency/lockutils.py:386}}
May 04 16:08:14.288343 dv-neutron-840420-2-hyperv devstack@n-api.service[118281]: DEBUG oslo_concurrency.lockutils [None req-7342e437-62e6-48cf-9324-164364b6aad9 tempest-ServerActionsTestJSON-1568526154 tempest-ServerActionsTestJSON-1568526154-project] Lock "65afac83-d175-4bfb-be52-d47c52c7b084" "released" by "nova.context.set_target_cell..get_or_set_cached_cell_and_set_connections" :: held 0.007s {{(pid=118281) inner /usr/local/lib/python3.8/dist-packages/oslo_concurrency/lockutils.py:400}}
May 04 16:08:14.293390 dv-neutron-840420-2-hyperv devstack@n-api.service[118281]: DEBUG oslo_concurrency.lockutils [None req-7342e437-62e6-48cf-9324-164364b6aad9 tempest-ServerActionsTestJSON-1568526154 tempest-ServerActionsTestJSON-1568526154-project] Lock "65afac83-d175-4bfb-be52-d47c52c7b084" acquired by "nova.context.set_target_cell..get_or_set_cached_cell_and_set_connections" :: waited 0.000s {{(pid=118281) inner /usr/local/lib/python3.8/dist-packages/oslo_concurrency/lockutils.py:386}}
May 04 16:08:14.294892 dv-neutron-840420-2-hyperv devstack@n-api.service[118281]: DEBUG oslo_concurrency.lockutils [None req-7342e437-62e6-48cf-9324-164364b6aad9 tempest-ServerActionsTestJSON-1568526154 tempest-ServerActionsTestJSON-1568526154-project] Lock "65afac83-d175-4bfb-be52-d47c52c7b084" "released" by "nova.context.set_target_cell..get_or_set_cached_cell_and_set_connections" :: held 0.005s {{(pid=118281) inner /usr/local/lib/python3.8/dist-packages/oslo_concurrency/lockutils.py:400}}
May 04 16:08:14.801535 dv-neutron-840420-2-hyperv devstack@n-api.service[118281]: DEBUG nova.policy [None req-7342e437-62e6-48cf-9324-164364b6aad9 tempest-ServerActionsTestJSON-1568526154 tempest-ServerActionsTestJSON-1568526154-project] Policy check for os_compute_api:os-extended-server-attributes failed with credentials {'is_admin': False, 'user_id': '9898305377834fdb9b8ce18787abafbd', 'user_domain_id': 'default', 'system_scope': None, 'domain_id': None, 'project_id': '9cf93bcb01f84d4080d8246eebf78a3f', 'project_domain_id': 'default', 'roles': ['member', 'reader'], 'is_admin_project': True, 'service_user_id': None, 'service_user_domain_id': None, 'service_project_id': None, 'service_project_domain_id': None, 'service_roles': []} {{(pid=118281) authorize /opt/stack/nova/nova/policy.py:199}}
May 04 16:08:14.822406 dv-neutron-840420-2-hyperv devstack@n-api.service[118281]: INFO nova.api.openstack.requestlog [None req-7342e437-62e6-48cf-9324-164364b6aad9 tempest-ServerActionsTestJSON-1568526154 tempest-ServerActionsTestJSON-1568526154-project] 10.222.0.49 "GET /compute/v2.1/servers/d0b09f70-7c39-4528-a0af-006f705589ef" status: 200 len: 1668 microversion: 2.1 time: 0.561151
May 04 16:08:14.824336 dv-neutron-840420-2-hyperv devstack@n-api.service[118281]: [pid: 118281|app: 0|req: 40/76] 10.222.0.49 () {58 vars in 1235 bytes} [Wed May 4 16:08:14 2022] GET /compute/v2.1/servers/d0b09f70-7c39-4528-a0af-006f705589ef => generated 1668 bytes in 564 msecs (HTTP/1.1 200) 9 headers in 358 bytes (1 switches on core 0)
May 04 16:08:14.845512 dv-neutron-840420-2-hyperv devstack@n-api.service[118282]: DEBUG nova.api.openstack.wsgi [None req-2790b92b-3a51-431f-b962-0c0b412baf6b tempest-ServerActionsTestJSON-1568526154 tempest-ServerActionsTestJSON-1568526154-project] Action: 'action', calling method: >, body: {"os-stop": {}} {{(pid=118282) _process_stack /opt/stack/nova/nova/api/openstack/wsgi.py:511}}
May 04 16:08:14.852458 dv-neutron-840420-2-hyperv devstack@n-api.service[118282]: DEBUG oslo_concurrency.lockutils [None req-2790b92b-3a51-431f-b962-0c0b412baf6b tempest-ServerActionsTestJSON-1568526154 tempest-ServerActionsTestJSON-1568526154-project] Lock "65afac83-d175-4bfb-be52-d47c52c7b084" acquired by "nova.context.set_target_cell..get_or_set_cached_cell_and_set_connections" :: waited 0.000s {{(pid=118282) inner /usr/local/lib/python3.8/dist-packages/oslo_concurrency/lockutils.py:386}}
May 04 16:08:14.852904 dv-neutron-840420-2-hyperv devstack@n-api.service[118282]: DEBUG oslo_concurrency.lockutils [None req-2790b92b-3a51-431f-b962-0c0b412baf6b tempest-ServerActionsTestJSON-1568526154 tempest-ServerActionsTestJSON-1568526154-project] Lock "65afac83-d175-4bfb-be52-d47c52c7b084" "released" by "nova.context.set_target_cell..get_or_set_cached_cell_and_set_connections" :: held 0.001s {{(pid=118282) inner /usr/local/lib/python3.8/dist-packages/oslo_concurrency/lockutils.py:400}}
