Jul 18 10:45:35.840248 dv-neutron-840420-16-hyperv neutron-server[111182]: DEBUG neutron_lib.callbacks.manager [None req-a447db21-52d9-44be-8e65-60e527ae2dff None None] Publish callbacks ['neutron.plugins.ml2.plugin.Ml2Plugin._port_provisioned-842541'] for port (f34ae1d4-fc45-4e3c-bb83-976fe56505ca), provisioning_complete {{(pid=111182) _notify_loop /usr/local/lib/python3.8/dist-packages/neutron_lib/callbacks/manager.py:176}}
Jul 18 10:45:35.845070 dv-neutron-840420-16-hyperv neutron-server[111180]: INFO neutron.wsgi [None req-6e0aee2b-634a-4ae5-a9db-ef338d7a295c admin admin] 10.222.0.77 "POST /v2.0/networks HTTP/1.1" status: 201 len: 858 time: 2.7485793
Jul 18 10:45:35.878485 dv-neutron-840420-16-hyperv neutron-server[111181]: DEBUG neutron.wsgi [-] (111181) accepted ('10.222.0.77', 47202) {{(pid=111181) server /usr/local/lib/python3.8/dist-packages/eventlet/wsgi.py:1004}}
Jul 18 10:45:35.883953 dv-neutron-840420-16-hyperv neutron-server[111181]: DEBUG neutron.api.v2.base [None req-93767d38-b8d1-443d-b402-6d43780c3c41 admin admin] Request body: {'subnet': {'network_id': 'da4635f0-3002-46f1-9b80-e7930d420fd8', 'cidr': '172.20.0.0/28', 'name': 'tempest-ServersTestJSON-41922297-subnet', 'tenant_id': 'd2f9098093584431a2d032b439192311', 'enable_dhcp': True, 'ip_version': 4}} {{(pid=111181) prepare_request_body /opt/stack/neutron/neutron/api/v2/base.py:730}}
Jul 18 10:45:35.891114 dv-neutron-840420-16-hyperv neutron-server[111180]: DEBUG neutron.api.rpc.handlers.resources_rpc [None req-6e0aee2b-634a-4ae5-a9db-ef338d7a295c admin admin] Pushing event updated for resources: {'Network': ['ID=da4635f0-3002-46f1-9b80-e7930d420fd8,revision_number=1']} {{(pid=111180) push /opt/stack/neutron/neutron/api/rpc/handlers/resources_rpc.py:237}}
Jul 18 10:45:35.915145 dv-neutron-840420-16-hyperv neutron-server[111182]: DEBUG neutron.plugins.ml2.rpc [None req-0c7aa620-d7af-4806-85f8-248f860474f7 None None] Network da4635f0-3002-46f1-9b80-e7930d420fd8 details requested by agent ovs-agent-dv-neutron-840420-16-hyperv with host dv-neutron-840420-16-hyperv {{(pid=111182) get_network_details /opt/stack/neutron/neutron/plugins/ml2/rpc.py:248}}
Jul 18 10:45:35.921383 dv-neutron-840420-16-hyperv neutron-server[111182]: DEBUG neutron.plugins.ml2.plugin [None req-0c7aa620-d7af-4806-85f8-248f860474f7 None None] Current status of the port f07beddd-cc84-416c-b103-a0a15e646490 is: ACTIVE; New status is: ACTIVE {{(pid=111182) _update_individual_port_db_status /opt/stack/neutron/neutron/plugins/ml2/plugin.py:2292}}
Jul 18 10:45:35.981113 dv-neutron-840420-16-hyperv neutron-server[111181]: DEBUG neutron.api.rpc.handlers.resources_rpc [None req-b68c6c50-787f-4c58-bcdc-56a28f658a87 admin admin] Pushing event updated for resources: {'Port': ['ID=5e9bc4df-28e1-4537-910a-49000a226a1f,revision_number=1']} {{(pid=111181) push /opt/stack/neutron/neutron/api/rpc/handlers/resources_rpc.py:237}}
Jul 18 10:45:35.992656 dv-neutron-840420-16-hyperv neutron-server[111181]: DEBUG neutron.pecan_wsgi.hooks.quota_enforcement [None req-93767d38-b8d1-443d-b402-6d43780c3c41 admin admin] Made reservation on behalf of d2f9098093584431a2d032b439192311 for: {'subnet': 1} {{(pid=111181) before /opt/stack/neutron/neutron/pecan_wsgi/hooks/quota_enforcement.py:53}}
Jul 18 10:45:35.995731 dv-neutron-840420-16-hyperv neutron-server[111181]: DEBUG neutron_lib.callbacks.manager [None req-93767d38-b8d1-443d-b402-6d43780c3c41 admin admin] Publish callbacks [] for subnet (None), before_create {{(pid=111181) _notify_loop /usr/local/lib/python3.8/dist-packages/neutron_lib/callbacks/manager.py:176}}
Jul 18 10:45:36.033208 dv-neutron-840420-16-hyperv neutron-server[111182]: DEBUG neutron.plugins.ml2.plugin [None req-a447db21-52d9-44be-8e65-60e527ae2dff None None] Port f34ae1d4-fc45-4e3c-bb83-976fe56505ca cannot update to ACTIVE because it is not bound. {{(pid=111182) _port_provisioned /opt/stack/neutron/neutron/plugins/ml2/plugin.py:348}}
Jul 18 10:45:36.047433 dv-neutron-840420-16-hyperv neutron-server[111181]: DEBUG dbcounter [-] [111181] Writing DB stats neutron:SELECT=90,neutron:INSERT=6,neutron:UPDATE=4 {{(pid=111181) stat_writer /usr/local/lib/python3.8/dist-packages/dbcounter.py:114}}
Jul 18 10:45:36.107784 dv-neutron-840420-16-hyperv neutron-server[111182]: DEBUG neutron.plugins.ml2.managers [None req-935689dc-b9bd-4bc1-8895-a2ec36de3ece None None] Attempting to bind port 7a8fb680-d72f-41c2-8d9f-de912a70867f on host dv-neutron-840420-16-hyperv for vnic_type normal with profile {{(pid=111182) bind_port /opt/stack/neutron/neutron/plugins/ml2/managers.py:810}}
Jul 18 10:45:36.108463 dv-neutron-840420-16-hyperv neutron-server[111182]: DEBUG neutron.plugins.ml2.managers [None req-935689dc-b9bd-4bc1-8895-a2ec36de3ece None None] Attempting to bind port 7a8fb680-d72f-41c2-8d9f-de912a70867f by drivers openvswitch,hyperv on host dv-neutron-840420-16-hyperv at level 0 using segments [{'id': '332f6229-6b53-49e8-9ee9-322f9a7fc923', 'network_type': 'vlan', 'physical_network': 'physnet1', 'segmentation_id': 884, 'network_id': 'b7b499e4-4df2-4f6d-8dda-b4c0fafacd5f'}] {{(pid=111182) _bind_port_level /opt/stack/neutron/neutron/plugins/ml2/managers.py:835}}
Jul 18 10:45:36.109022 dv-neutron-840420-16-hyperv neutron-server[111182]: DEBUG neutron.plugins.ml2.drivers.mech_agent [None req-935689dc-b9bd-4bc1-8895-a2ec36de3ece None None] Attempting to bind port 7a8fb680-d72f-41c2-8d9f-de912a70867f on network b7b499e4-4df2-4f6d-8dda-b4c0fafacd5f {{(pid=111182) bind_port /opt/stack/neutron/neutron/plugins/ml2/drivers/mech_agent.py:91}}
Jul 18 10:45:36.126709 dv-neutron-840420-16-hyperv neutron-server[111182]: DEBUG neutron.plugins.ml2.drivers.mech_agent [None req-935689dc-b9bd-4bc1-8895-a2ec36de3ece None None] Checking agent: {'id': '5087c5b9-4d16-45a6-bc82-cfff9fc4913e', 'agent_type': 'Open vSwitch agent', 'binary': 'neutron-openvswitch-agent', 'topic': 'N/A', 'host': 'dv-neutron-840420-16-hyperv', 'admin_state_up': True, 'created_at': datetime.datetime(2022, 7, 18, 10, 37, 17), 'started_at': datetime.datetime(2022, 7, 18, 10, 37, 47), 'heartbeat_timestamp': datetime.datetime(2022, 7, 18, 10, 45, 17), 'description': None, 'resources_synced': None, 'availability_zone': None, 'alive': True, 'configurations': {'arp_responder_enabled': False, 'baremetal_smartnic': False, 'bridge_mappings': {'physnet1': 'br-data'}, 'datapath_type': 'system', 'devices': 0, 'enable_distributed_routing': False, 'extensions': [], 'in_distributed_mode': False, 'integration_bridge': 'br-int', 'l2_population': False, 'log_agent_heartbeats': False, 'ovs_capabilities': {'datapath_types': ['netdev', 'system'], 'iface_types': ['erspan', 'geneve', 'gre', 'internal', 'ip6erspan', 'ip6gre', 'lisp', 'patch', 'stt', 'system', 'tap', 'vxlan']}, 'ovs_hybrid_plug': False, 'resource_provider_bandwidths': {}, 'resource_provider_hypervisors': {'br-data': 'dv-neutron-840420-16-hyperv'}, 'resource_provider_inventory_defaults': {'allocation_ratio': 1.0, 'min_unit': 1, 'step_size': 1, 'reserved': 0}, 'resource_provider_packet_processing_inventory_defaults': {'allocation_ratio': 1.0, 'min_unit': 1, 'step_size': 1, 'reserved': 0}, 'resource_provider_packet_processing_with_direction': {}, 'resource_provider_packet_processing_without_direction': {}, 'tunnel_types': [], 'tunneling_ip': None, 'vhostuser_socket_dir': '/var/run/openvswitch'}, 'resource_versions': {'AddressGroup': '1.2', 'Agent': '1.1', 'ConntrackHelper': '1.0', 'LocalIPAssociation': '1.0', 'Log': '1.0', 'NDPProxy': '1.0', 'Network': '1.1', 'Port': '1.7', 'PortForwarding': '1.3', 'QosPolicy': '1.10', 'SecurityGroup': '1.5', 'SecurityGroupRule': '1.2', 'SubPort': '1.0', 'Subnet': '1.1', 'Trunk': '1.1'}} {{(pid=111182) bind_port /opt/stack/neutron/neutron/plugins/ml2/drivers/mech_agent.py:110}}
Jul 18 10:45:36.127378 dv-neutron-840420-16-hyperv neutron-server[111182]: DEBUG neutron.plugins.ml2.drivers.mech_agent [None req-935689dc-b9bd-4bc1-8895-a2ec36de3ece None None] Checking segment: {'id': '332f6229-6b53-49e8-9ee9-322f9a7fc923', 'network_type': 'vlan', 'physical_network': 'physnet1', 'segmentation_id': 884, 'network_id': 'b7b499e4-4df2-4f6d-8dda-b4c0fafacd5f'} for mappings: {'physnet1': 'br-data'} with network types: ['local', 'flat', 'vlan'] {{(pid=111182) check_segment_for_agent /opt/stack/neutron/neutron/plugins/ml2/drivers/mech_agent.py:373}}
Jul 18 10:45:36.127822 dv-neutron-840420-16-hyperv neutron-server[111182]: DEBUG neutron_lib.callbacks.manager [None req-935689dc-b9bd-4bc1-8895-a2ec36de3ece None None] Publish callbacks [] for ovs_bridge_name (None), before_read {{(pid=111182) _notify_loop /usr/local/lib/python3.8/dist-packages/neutron_lib/callbacks/manager.py:176}}
Jul 18 10:45:36.128214 dv-neutron-840420-16-hyperv neutron-server[111182]: DEBUG neutron.plugins.ml2.drivers.mech_agent [None req-935689dc-b9bd-4bc1-8895-a2ec36de3ece None None] Bound using segment: {'id': '332f6229-6b53-49e8-9ee9-322f9a7fc923', 'network_type': 'vlan', 'physical_network': 'physnet1', 'segmentation_id': 884, 'network_id': 'b7b499e4-4df2-4f6d-8dda-b4c0fafacd5f'} {{(pid=111182) bind_port /opt/stack/neutron/neutron/plugins/ml2/drivers/mech_agent.py:120}}
Jul 18 10:45:36.128695 dv-neutron-840420-16-hyperv neutron-server[111182]: DEBUG neutron.plugins.ml2.managers [None req-935689dc-b9bd-4bc1-8895-a2ec36de3ece None None] Bound port: 7a8fb680-d72f-41c2-8d9f-de912a70867f, host: dv-neutron-840420-16-hyperv, vif_type: ovs, vif_details: {"connectivity": "l2", "port_filter": true, "ovs_hybrid_plug": false, "datapath_type": "system", "bridge_name": "br-int"}, binding_levels: [{'bound_driver': 'openvswitch', 'bound_segment': {'id': '332f6229-6b53-49e8-9ee9-322f9a7fc923', 'network_type': 'vlan', 'physical_network': 'physnet1', 'segmentation_id': 884, 'network_id': 'b7b499e4-4df2-4f6d-8dda-b4c0fafacd5f'}}] {{(pid=111182) _bind_port_level /opt/stack/neutron/neutron/plugins/ml2/managers.py:947}}
Jul 18 10:45:36.129069 dv-neutron-840420-16-hyperv neutron-server[111182]: DEBUG neutron_lib.callbacks.manager [None req-935689dc-b9bd-4bc1-8895-a2ec36de3ece None None] Publish callbacks ['neutron.plugins.ml2.plugin.SecurityGroupDbMixin._ensure_default_security_group_handler-904237'] for port (7a8fb680-d72f-41c2-8d9f-de912a70867f), before_update {{(pid=111182) _notify_loop /usr/local/lib/python3.8/dist-packages/neutron_lib/callbacks/manager.py:176}}
Jul 18 10:45:36.160348 dv-neutron-840420-16-hyperv neutron-server[111182]: DEBUG neutron.db.provisioning_blocks [None req-a447db21-52d9-44be-8e65-60e527ae2dff None None] Provisioning complete for port f07beddd-cc84-416c-b103-a0a15e646490 triggered by entity DHCP. {{(pid=111182) provisioning_complete /opt/stack/neutron/neutron/db/provisioning_blocks.py:145}}
Jul 18 10:45:36.161120 dv-neutron-840420-16-hyperv neutron-server[111182]: DEBUG neutron_lib.callbacks.manager [None req-a447db21-52d9-44be-8e65-60e527ae2dff None None] Publish callbacks ['neutron.plugins.ml2.plugin.Ml2Plugin._port_provisioned-842541'] for port (f07beddd-cc84-416c-b103-a0a15e646490), provisioning_complete {{(pid=111182) _notify_loop /usr/local/lib/python3.8/dist-packages/neutron_lib/callbacks/manager.py:176}}
Jul 18 10:45:36.207828 dv-neutron-840420-16-hyperv neutron-server[111180]: DEBUG dbcounter [-] [111180] Writing DB stats neutron:SELECT=83,neutron:INSERT=12,neutron:UPDATE=4,neutron:DELETE=1 {{(pid=111180) stat_writer /usr/local/lib/python3.8/dist-packages/dbcounter.py:114}}
Jul 18 10:45:36.217436 dv-neutron-840420-16-hyperv neutron-server[111180]: DEBUG neutron_lib.callbacks.manager [None req-01d19512-8043-499b-95bf-107b66d069cb admin admin] Publish callbacks [] for port (f34ae1d4-fc45-4e3c-bb83-976fe56505ca), precommit_update {{(pid=111180) _notify_loop /usr/local/lib/python3.8/dist-packages/neutron_lib/callbacks/manager.py:176}}
Jul 18 10:45:36.234740 dv-neutron-840420-16-hyperv neutron-server[111180]: DEBUG neutron_lib.callbacks.manager [None req-01d19512-8043-499b-95bf-107b66d069cb admin admin] Publish callbacks ['neutron.plugins.ml2.plugin.SecurityGroupServerNotifierRpcMixin._notify_sg_on_port_change-905198', 'neutron.plugins.ml2.ovo_rpc._ObjectChangeHandler.handle_event-230167', 'neutron.api.rpc.agentnotifiers.dhcp_rpc_agent_api.DhcpAgentNotifyAPI._native_event_send_dhcp_notification-2034900', 'neutron.db.l3_db.L3RpcNotifierMixin._notify_gateway_port_ip_changed-8746909649884', 'neutron.db.l3_dvrscheduler_db._notify_l3_agent_port_update-8746909270806', 'neutron.db.l3_hascheduler_db._notify_l3_agent_ha_port_update-8746909270824'] for port (f34ae1d4-fc45-4e3c-bb83-976fe56505ca), after_update {{(pid=111180) _notify_loop /usr/local/lib/python3.8/dist-packages/neutron_lib/callbacks/manager.py:176}}
Jul 18 10:45:36.235831 dv-neutron-840420-16-hyperv neutron-server[111180]: DEBUG neutron_lib.callbacks.manager [None req-01d19512-8043-499b-95bf-107b66d069cb admin admin] Publish callbacks ['neutron.api.rpc.agentnotifiers.dhcp_rpc_agent_api.DhcpAgentNotifyAPI._after_router_interface_created-2034990', 'neutron.services.l3_router.l3_router_plugin.DVRResourceOperationHandler._update_snat_v6_addrs_after_intf_update-1708557'] for router_interface (710fd0ac-15df-4808-8dcd-3a5b12361180), after_create {{(pid=111180) _notify_loop /usr/local/lib/python3.8/dist-packages/neutron_lib/callbacks/manager.py:176}}
Jul 18 10:45:36.392042 dv-neutron-840420-16-hyperv neutron-server[111180]: DEBUG neutron.api.rpc.handlers.resources_rpc [None req-01d19512-8043-499b-95bf-107b66d069cb admin admin] Pushing event updated for resources: {'Port': ['ID=f34ae1d4-fc45-4e3c-bb83-976fe56505ca,revision_number=2']} {{(pid=111180) push /opt/stack/neutron/neutron/api/rpc/handlers/resources_rpc.py:237}}
Jul 18 10:45:36.425329 dv-neutron-840420-16-hyperv neutron-server[111182]: DEBUG neutron.plugins.ml2.plugin [None req-a447db21-52d9-44be-8e65-60e527ae2dff None None] Current status of the port f07beddd-cc84-416c-b103-a0a15e646490 is: ACTIVE; New status is: ACTIVE {{(pid=111182) _update_individual_port_db_status /opt/stack/neutron/neutron/plugins/ml2/plugin.py:2292}}
Jul 18 10:45:36.452864 dv-neutron-840420-16-hyperv neutron-server[111182]: DEBUG neutron.plugins.ml2.db [None req-935689dc-b9bd-4bc1-8895-a2ec36de3ece None None] For port 7a8fb680-d72f-41c2-8d9f-de912a70867f, host dv-neutron-840420-16-hyperv, cleared binding levels {{(pid=111182) clear_binding_levels /opt/stack/neutron/neutron/plugins/ml2/db.py:87}}
Jul 18 10:45:36.458654 dv-neutron-840420-16-hyperv neutron-server[111182]: DEBUG neutron.plugins.ml2.db [None req-935689dc-b9bd-4bc1-8895-a2ec36de3ece None None] For port 7a8fb680-d72f-41c2-8d9f-de912a70867f, host dv-neutron-840420-16-hyperv, set binding levels [PortBindingLevel(driver='openvswitch',host='dv-neutron-840420-16-hyperv',level=0,port_id=7a8fb680-d72f-41c2-8d9f-de912a70867f,segment=NetworkSegment(332f6229-6b53-49e8-9ee9-322f9a7fc923),segment_id=332f6229-6b53-49e8-9ee9-322f9a7fc923)] {{(pid=111182) set_binding_levels /opt/stack/neutron/neutron/plugins/ml2/db.py:59}}
Jul 18 10:45:36.471317 dv-neutron-840420-16-hyperv neutron-server[111180]: DEBUG neutron.wsgi [-] (111180) accepted ('10.222.0.77', 47220) {{(pid=111180) server /usr/local/lib/python3.8/dist-packages/eventlet/wsgi.py:1004}}
Jul 18 10:45:36.474691 dv-neutron-840420-16-hyperv neutron-server[111182]: DEBUG neutron_lib.callbacks.manager [None req-935689dc-b9bd-4bc1-8895-a2ec36de3ece None None] Publish callbacks ['neutron.plugins.ml2.plugin.SecurityGroupServerNotifierRpcMixin._notify_sg_on_port_change-905198', 'neutron.plugins.ml2.ovo_rpc._ObjectChangeHandler.handle_event-230167', 'neutron.api.rpc.agentnotifiers.dhcp_rpc_agent_api.DhcpAgentNotifyAPI._native_event_send_dhcp_notification-2034900', 'neutron.db.l3_db.L3RpcNotifierMixin._notify_gateway_port_ip_changed-8746909649884', 'neutron.db.l3_dvrscheduler_db._notify_l3_agent_port_update-8746909270806', 'neutron.db.l3_hascheduler_db._notify_l3_agent_ha_port_update-8746909270824'] for port (7a8fb680-d72f-41c2-8d9f-de912a70867f), after_update {{(pid=111182) _notify_loop /usr/local/lib/python3.8/dist-packages/neutron_lib/callbacks/manager.py:176}}
Jul 18 10:45:36.524378 dv-neutron-840420-16-hyperv neutron-server[111181]: DEBUG neutron_lib.callbacks.manager [None req-b68c6c50-787f-4c58-bcdc-56a28f658a87 admin admin] Publish callbacks [] for router_gateway (5232387d-3322-4459-9780-8d1ac84512c9), after_create {{(pid=111181) _notify_loop /usr/local/lib/python3.8/dist-packages/neutron_lib/callbacks/manager.py:176}}
Jul 18 10:45:36.554821 dv-neutron-840420-16-hyperv neutron-server[111180]: DEBUG neutron.scheduler.dhcp_agent_scheduler [None req-01d19512-8043-499b-95bf-107b66d069cb admin admin] Network 0abbac7b-809d-44c9-baa5-c283f7790e9c is already hosted by enough agents. {{(pid=111180) _get_dhcp_agents_hosting_network /opt/stack/neutron/neutron/scheduler/dhcp_agent_scheduler.py:275}}
Jul 18 10:45:36.558175 dv-neutron-840420-16-hyperv neutron-server[111180]: DEBUG neutron.scheduler.base_scheduler [None req-01d19512-8043-499b-95bf-107b66d069cb admin admin] Resources bound (agent type, host, resource id): {{(pid=111180) schedule /opt/stack/neutron/neutron/scheduler/base_scheduler.py:57}}
Jul 18 10:45:36.596221 dv-neutron-840420-16-hyperv neutron-server[111182]: DEBUG neutron.api.rpc.handlers.resources_rpc [None req-935689dc-b9bd-4bc1-8895-a2ec36de3ece None None] Pushing event updated for resources: {'Port': ['ID=7a8fb680-d72f-41c2-8d9f-de912a70867f,revision_number=2']} {{(pid=111182) push /opt/stack/neutron/neutron/api/rpc/handlers/resources_rpc.py:237}}
Jul 18 10:45:36.655405 dv-neutron-840420-16-hyperv neutron-server[111181]: DEBUG dbcounter [-] [111181] Writing DB stats neutron:SELECT=90,neutron:UPDATE=4,neutron:INSERT=6 {{(pid=111181) stat_writer /usr/local/lib/python3.8/dist-packages/dbcounter.py:114}}
Jul 18 10:45:36.749173 dv-neutron-840420-16-hyperv neutron-server[111180]: DEBUG dbcounter [-] [111180] Writing DB stats neutron:INSERT=1,neutron:SELECT=97,neutron:UPDATE=1,neutron:DELETE=1 {{(pid=111180) stat_writer /usr/local/lib/python3.8/dist-packages/dbcounter.py:114}}
Jul 18 10:45:36.756875 dv-neutron-840420-16-hyperv neutron-server[111180]: DEBUG neutron.wsgi [-] (111180) accepted ('10.222.0.77', 47228) {{(pid=111180) server /usr/local/lib/python3.8/dist-packages/eventlet/wsgi.py:1004}}
Jul 18 10:45:36.823425 dv-neutron-840420-16-hyperv neutron-server[111180]: DEBUG neutron.scheduler.l3_agent_scheduler [None req-01d19512-8043-499b-95bf-107b66d069cb admin admin] Router 710fd0ac-15df-4808-8dcd-3a5b12361180 has already been hosted by L3 agent c6aa647c-2a66-4955-a77d-f1ae328ac052 {{(pid=111180) _get_candidates /opt/stack/neutron/neutron/scheduler/l3_agent_scheduler.py:126}}
Jul 18 10:45:36.853576 dv-neutron-840420-16-hyperv neutron-server[111181]: DEBUG neutron_lib.callbacks.manager [None req-93767d38-b8d1-443d-b402-6d43780c3c41 admin admin] Publish callbacks ['neutron.plugins.ml2.ovo_rpc._ObjectChangeHandler.handle_event-2027054', 'neutron.api.rpc.agentnotifiers.dhcp_rpc_agent_api.DhcpAgentNotifyAPI._native_event_send_dhcp_notification-2034900'] for subnet (412b10f7-c8e9-40a0-8f4f-66e19846aead), after_create {{(pid=111181) _notify_loop /usr/local/lib/python3.8/dist-packages/neutron_lib/callbacks/manager.py:176}}
Jul 18 10:45:36.988381 dv-neutron-840420-16-hyperv neutron-server[111182]: DEBUG neutron.db.provisioning_blocks [None req-1b3dff25-93f4-4291-a609-aa280448db9b None None] Provisioning complete for port f34ae1d4-fc45-4e3c-bb83-976fe56505ca triggered by entity DHCP. {{(pid=111182) provisioning_complete /opt/stack/neutron/neutron/db/provisioning_blocks.py:145}}
Jul 18 10:45:36.988890 dv-neutron-840420-16-hyperv neutron-server[111182]: DEBUG neutron_lib.callbacks.manager [None req-1b3dff25-93f4-4291-a609-aa280448db9b None None] Publish callbacks ['neutron.plugins.ml2.plugin.Ml2Plugin._port_provisioned-842541'] for port (f34ae1d4-fc45-4e3c-bb83-976fe56505ca), provisioning_complete {{(pid=111182) _notify_loop /usr/local/lib/python3.8/dist-packages/neutron_lib/callbacks/manager.py:176}}
Jul 18 10:45:37.000999 dv-neutron-840420-16-hyperv neutron-server[111181]: DEBUG neutron.wsgi [-] (111181) accepted ('10.222.0.77', 47232) {{(pid=111181) server /usr/local/lib/python3.8/dist-packages/eventlet/wsgi.py:1004}}
Jul 18 10:45:37.115053 dv-neutron-840420-16-hyperv neutron-server[111182]: DEBUG neutron.plugins.ml2.plugin [None req-1b3dff25-93f4-4291-a609-aa280448db9b None None] Port f34ae1d4-fc45-4e3c-bb83-976fe56505ca cannot update to ACTIVE because it is not bound. {{(pid=111182) _port_provisioned /opt/stack/neutron/neutron/plugins/ml2/plugin.py:348}}
Jul 18 10:45:37.146163 dv-neutron-840420-16-hyperv neutron-server[111180]: DEBUG neutron.api.v2.base [None req-465d098b-58a2-49a1-887f-2e45bc51ced0 tempest-ExternalNetworksAdminNegativeTestJSON-1419632615 tempest-ExternalNetworksAdminNegativeTestJSON-1419632615-project-admin] Request body: {'floatingip': {'floating_network_id': '64ca0d54-aece-4c1d-8e2b-33ff41be8bf2'}} {{(pid=111180) prepare_request_body /opt/stack/neutron/neutron/api/v2/base.py:730}}
Jul 18 10:45:37.191035 dv-neutron-840420-16-hyperv neutron-server[111181]: DEBUG neutron.api.rpc.handlers.resources_rpc [None req-93767d38-b8d1-443d-b402-6d43780c3c41 admin admin] Pushing event updated for resources: {'Subnet': ['ID=412b10f7-c8e9-40a0-8f4f-66e19846aead,revision_number=0']} {{(pid=111181) push /opt/stack/neutron/neutron/api/rpc/handlers/resources_rpc.py:237}}
Jul 18 10:45:37.206792 dv-neutron-840420-16-hyperv neutron-server[111182]: DEBUG neutron.plugins.ml2.rpc [None req-0c7aa620-d7af-4806-85f8-248f860474f7 None None] Device bba0de70-af01-4111-a5fc-ba9a31dd07bf up at agent ovs-agent-dv-neutron-840420-16-hyperv {{(pid=111182) update_device_up /opt/stack/neutron/neutron/plugins/ml2/rpc.py:296}}
Jul 18 10:45:37.228618 dv-neutron-840420-16-hyperv neutron-server[111180]: DEBUG neutron_lib.callbacks.manager [None req-465d098b-58a2-49a1-887f-2e45bc51ced0 tempest-ExternalNetworksAdminNegativeTestJSON-1419632615 tempest-ExternalNetworksAdminNegativeTestJSON-1419632615-project-admin] Publish callbacks [] for floatingip (None), before_create {{(pid=111180) _notify_loop /usr/local/lib/python3.8/dist-packages/neutron_lib/callbacks/manager.py:176}}
Jul 18 10:45:37.259160 dv-neutron-840420-16-hyperv neutron-server[111182]: DEBUG dbcounter [-] [111182] Writing DB stats neutron:UPDATE=4,neutron:SELECT=94,neutron:INSERT=2 {{(pid=111182) stat_writer /usr/local/lib/python3.8/dist-packages/dbcounter.py:114}}
Jul 18 10:45:37.277552 dv-neutron-840420-16-hyperv neutron-server[111180]: DEBUG neutron.api.rpc.agentnotifiers.l3_rpc_agent_api [None req-01d19512-8043-499b-95bf-107b66d069cb admin admin] Notify agent at l3_agent.dv-neutron-840420-16-hyperv the message routers_updated {{(pid=111180) _agent_notification /opt/stack/neutron/neutron/api/rpc/agentnotifiers/l3_rpc_agent_api.py:65}}
Jul 18 10:45:37.293277 dv-neutron-840420-16-hyperv neutron-server[111180]: DEBUG neutron.wsgi [-] (111180) accepted ('10.222.0.77', 47238) {{(pid=111180) server /usr/local/lib/python3.8/dist-packages/eventlet/wsgi.py:1004}}
Jul 18 10:45:37.312429 dv-neutron-840420-16-hyperv neutron-server[111180]: INFO neutron.wsgi [None req-01d19512-8043-499b-95bf-107b66d069cb admin admin] 10.222.0.77 "PUT /v2.0/routers/710fd0ac-15df-4808-8dcd-3a5b12361180/add_router_interface HTTP/1.1" status: 200 len: 503 time: 4.1274166
Jul 18 10:45:37.321289 dv-neutron-840420-16-hyperv neutron-server[111182]: DEBUG neutron.db.provisioning_blocks [None req-0c7aa620-d7af-4806-85f8-248f860474f7 None None] Provisioning complete for port bba0de70-af01-4111-a5fc-ba9a31dd07bf triggered by entity L2. {{(pid=111182) provisioning_complete /opt/stack/neutron/neutron/db/provisioning_blocks.py:145}}
Jul 18 10:45:37.322776 dv-neutron-840420-16-hyperv neutron-server[111182]: DEBUG neutron_lib.callbacks.manager [None req-0c7aa620-d7af-4806-85f8-248f860474f7 None None] Publish callbacks ['neutron.plugins.ml2.plugin.Ml2Plugin._port_provisioned-842541'] for port (bba0de70-af01-4111-a5fc-ba9a31dd07bf), provisioning_complete {{(pid=111182) _notify_loop /usr/local/lib/python3.8/dist-packages/neutron_lib/callbacks/manager.py:176}}
Jul 18 10:45:37.404627 dv-neutron-840420-16-hyperv neutron-server[111180]: DEBUG neutron_lib.callbacks.manager [None req-465d098b-58a2-49a1-887f-2e45bc51ced0 tempest-ExternalNetworksAdminNegativeTestJSON-1419632615 tempest-ExternalNetworksAdminNegativeTestJSON-1419632615-project-admin] Publish callbacks ['neutron.plugins.ml2.plugin.SecurityGroupDbMixin._ensure_default_security_group_handler-904237'] for port (None), before_create {{(pid=111180) _notify_loop /usr/local/lib/python3.8/dist-packages/neutron_lib/callbacks/manager.py:176}}
Jul 18 10:45:37.489059 dv-neutron-840420-16-hyperv neutron-server[111180]: DEBUG neutron.api.v2.base [None req-5816249e-122f-4f97-bbc7-c17301d30524 tempest-RoutersAdminNegativeIpV6Test-990252363 tempest-RoutersAdminNegativeIpV6Test-990252363-project-admin] Request body: {'port': {'name': 'tempest-RoutersAdminNegativeIpV6Test-1113729775', 'network_id': '64ca0d54-aece-4c1d-8e2b-33ff41be8bf2'}} {{(pid=111180) prepare_request_body /opt/stack/neutron/neutron/api/v2/base.py:730}}
Jul 18 10:45:37.493541 dv-neutron-840420-16-hyperv neutron-server[111182]: DEBUG neutron.plugins.ml2.plugin [None req-0c7aa620-d7af-4806-85f8-248f860474f7 None None] Current status of the port bba0de70-af01-4111-a5fc-ba9a31dd07bf is: DOWN; New status is: ACTIVE {{(pid=111182) _update_individual_port_db_status /opt/stack/neutron/neutron/plugins/ml2/plugin.py:2292}}
Jul 18 10:45:37.493931 dv-neutron-840420-16-hyperv neutron-server[111182]: DEBUG neutron_lib.callbacks.manager [None req-0c7aa620-d7af-4806-85f8-248f860474f7 None None] Publish callbacks ['neutron.plugins.ml2.plugin.SecurityGroupDbMixin._ensure_default_security_group_handler-904237'] for port (bba0de70-af01-4111-a5fc-ba9a31dd07bf), before_update {{(pid=111182) _notify_loop /usr/local/lib/python3.8/dist-packages/neutron_lib/callbacks/manager.py:176}}
Jul 18 10:45:37.523503 dv-neutron-840420-16-hyperv neutron-server[111182]: DEBUG neutron.plugins.ml2.db [None req-0c7aa620-d7af-4806-85f8-248f860474f7 None None] For port bba0de70-af01-4111-a5fc-ba9a31dd07bf, host dv-neutron-840420-16-hyperv, got binding levels [PortBindingLevel(driver='openvswitch',host='dv-neutron-840420-16-hyperv',level=0,port_id=bba0de70-af01-4111-a5fc-ba9a31dd07bf,segment=NetworkSegment(7e401ed2-bba6-4f08-8875-897be09fbd9c),segment_id=7e401ed2-bba6-4f08-8875-897be09fbd9c)] {{(pid=111182) get_binding_level_objs /opt/stack/neutron/neutron/plugins/ml2/db.py:74}}
Jul 18 10:45:37.531149 dv-neutron-840420-16-hyperv neutron-server[111182]: DEBUG neutron_lib.callbacks.manager [None req-0c7aa620-d7af-4806-85f8-248f860474f7 None None] Publish callbacks ['neutron.plugins.ml2.plugin.SecurityGroupServerNotifierRpcMixin._notify_sg_on_port_change-905198', 'neutron.plugins.ml2.ovo_rpc._ObjectChangeHandler.handle_event-230167', 'neutron.api.rpc.agentnotifiers.dhcp_rpc_agent_api.DhcpAgentNotifyAPI._native_event_send_dhcp_notification-2034900', 'neutron.db.l3_db.L3RpcNotifierMixin._notify_gateway_port_ip_changed-8746909649884', 'neutron.db.l3_dvrscheduler_db._notify_l3_agent_port_update-8746909270806', 'neutron.db.l3_hascheduler_db._notify_l3_agent_ha_port_update-8746909270824'] for port (bba0de70-af01-4111-a5fc-ba9a31dd07bf), after_update {{(pid=111182) _notify_loop /usr/local/lib/python3.8/dist-packages/neutron_lib/callbacks/manager.py:176}}
Jul 18 10:45:37.534266 dv-neutron-840420-16-hyperv neutron-server[111182]: DEBUG neutron.plugins.ml2.rpc [None req-0c7aa620-d7af-4806-85f8-248f860474f7 None None] Device 7a8fb680-d72f-41c2-8d9f-de912a70867f up at agent ovs-agent-dv-neutron-840420-16-hyperv {{(pid=111182) update_device_up /opt/stack/neutron/neutron/plugins/ml2/rpc.py:296}}
Jul 18 10:45:37.545042 dv-neutron-840420-16-hyperv neutron-server[111181]: DEBUG neutron.api.v2.base [None req-f4680e4a-aa17-43af-a182-28e3396a4da4 tempest-MeteringTestJSON-1289992557 tempest-MeteringTestJSON-1289992557-project-admin] Request body: {'metering_label': {'description': 'metering label created by tempest', 'name': 'tempest-metering-label-2136669582'}} {{(pid=111181) prepare_request_body /opt/stack/neutron/neutron/api/v2/base.py:730}}
Jul 18 10:45:37.545042 dv-neutron-840420-16-hyperv neutron-server[111181]: DEBUG neutron.api.v2.base [None req-f4680e4a-aa17-43af-a182-28e3396a4da4 tempest-MeteringTestJSON-1289992557 tempest-MeteringTestJSON-1289992557-project-admin] Unknown quota resources ['metering_label']. {{(pid=111181) _create /opt/stack/neutron/neutron/api/v2/base.py:497}}
Jul 18 10:45:37.561002 dv-neutron-840420-16-hyperv neutron-server[111180]: DEBUG neutron.pecan_wsgi.hooks.quota_enforcement [None req-5816249e-122f-4f97-bbc7-c17301d30524 tempest-RoutersAdminNegativeIpV6Test-990252363 tempest-RoutersAdminNegativeIpV6Test-990252363-project-admin] Made reservation on behalf of e2a7a3f8d8ab4b33b88b3b2405739ce9 for: {'port': 1} {{(pid=111180) before /opt/stack/neutron/neutron/pecan_wsgi/hooks/quota_enforcement.py:53}}
Jul 18 10:45:37.563820 dv-neutron-840420-16-hyperv neutron-server[111180]: DEBUG neutron_lib.callbacks.manager [None req-5816249e-122f-4f97-bbc7-c17301d30524 tempest-RoutersAdminNegativeIpV6Test-990252363 tempest-RoutersAdminNegativeIpV6Test-990252363-project-admin] Publish callbacks ['neutron.plugins.ml2.plugin.SecurityGroupDbMixin._ensure_default_security_group_handler-904237'] for port (None), before_create {{(pid=111180) _notify_loop /usr/local/lib/python3.8/dist-packages/neutron_lib/callbacks/manager.py:176}}
Jul 18 10:45:37.592013 dv-neutron-840420-16-hyperv neutron-server[111180]: DEBUG neutron_lib.callbacks.manager [None req-5816249e-122f-4f97-bbc7-c17301d30524 tempest-RoutersAdminNegativeIpV6Test-990252363 tempest-RoutersAdminNegativeIpV6Test-990252363-project-admin] Publish callbacks [] for security_group (None), before_create {{(pid=111180) _notify_loop /usr/local/lib/python3.8/dist-packages/neutron_lib/callbacks/manager.py:176}}
Jul 18 10:45:37.595260 dv-neutron-840420-16-hyperv neutron-server[111180]: DEBUG neutron.db.db_base_plugin_common [None req-465d098b-58a2-49a1-887f-2e45bc51ced0 tempest-ExternalNetworksAdminNegativeTestJSON-1419632615 tempest-ExternalNetworksAdminNegativeTestJSON-1419632615-project-admin] Allocated IP 172.26.5.250 (64ca0d54-aece-4c1d-8e2b-33ff41be8bf2/d92c49be-4f76-4ac5-b3f0-1fcf286e0a75/2908ddd2-d8b8-48f4-b2c5-cd1b4213c8b3) {{(pid=111180) _store_ip_allocation /opt/stack/neutron/neutron/db/db_base_plugin_common.py:131}}
Jul 18 10:45:37.692104 dv-neutron-840420-16-hyperv neutron-server[111182]: DEBUG dbcounter [-] [111182] Writing DB stats neutron:SELECT=97,neutron:UPDATE=3 {{(pid=111182) stat_writer /usr/local/lib/python3.8/dist-packages/dbcounter.py:114}}
Jul 18 10:45:37.710274 dv-neutron-840420-16-hyperv neutron-server[111182]: DEBUG neutron.api.rpc.handlers.resources_rpc [None req-0c7aa620-d7af-4806-85f8-248f860474f7 None None] Pushing event updated for resources: {'Port': ['ID=bba0de70-af01-4111-a5fc-ba9a31dd07bf,revision_number=4']} {{(pid=111182) push /opt/stack/neutron/neutron/api/rpc/handlers/resources_rpc.py:237}}
Jul 18 10:45:37.721448 dv-neutron-840420-16-hyperv neutron-server[111182]: DEBUG neutron.db.provisioning_blocks [None req-0c7aa620-d7af-4806-85f8-248f860474f7 None None] Provisioning complete for port 7a8fb680-d72f-41c2-8d9f-de912a70867f triggered by entity L2. {{(pid=111182) provisioning_complete /opt/stack/neutron/neutron/db/provisioning_blocks.py:145}}
Jul 18 10:45:37.721814 dv-neutron-840420-16-hyperv neutron-server[111182]: DEBUG neutron_lib.callbacks.manager [None req-0c7aa620-d7af-4806-85f8-248f860474f7 None None] Publish callbacks ['neutron.plugins.ml2.plugin.Ml2Plugin._port_provisioned-842541'] for port (7a8fb680-d72f-41c2-8d9f-de912a70867f), provisioning_complete {{(pid=111182) _notify_loop /usr/local/lib/python3.8/dist-packages/neutron_lib/callbacks/manager.py:176}}
Jul 18 10:45:37.742043 dv-neutron-840420-16-hyperv neutron-server[111181]: DEBUG neutron.plugins.ml2.drivers.mech_agent [None req-93767d38-b8d1-443d-b402-6d43780c3c41 admin admin] Checking segment: {'id': 'a61840a8-b6e6-4cd8-b680-2867aab610e3', 'network_type': 'vlan', 'physical_network': 'physnet1', 'segmentation_id': 869, 'network_id': 'da4635f0-3002-46f1-9b80-e7930d420fd8'} for mappings: {'physnet1': 'br-data'} with network types: ['local', 'flat', 'vlan'] {{(pid=111181) check_segment_for_agent /opt/stack/neutron/neutron/plugins/ml2/drivers/mech_agent.py:373}}
Jul 18 10:45:37.742402 dv-neutron-840420-16-hyperv neutron-server[111181]: DEBUG neutron.scheduler.dhcp_agent_scheduler [None req-93767d38-b8d1-443d-b402-6d43780c3c41 admin admin] Network hostable DHCP agents. Network: da4635f0-3002-46f1-9b80-e7930d420fd8, hostable agents: ['07e5764d-6e16-43dd-9122-a94b5d606692'], hosted agents: [] {{(pid=111181) _get_network_hostable_dhcp_agents /opt/stack/neutron/neutron/scheduler/dhcp_agent_scheduler.py:329}}
Jul 18 10:45:37.789758 dv-neutron-840420-16-hyperv neutron-server[111180]: DEBUG neutron.wsgi [-] (111180) accepted ('10.222.0.77', 47260) {{(pid=111180) server /usr/local/lib/python3.8/dist-packages/eventlet/wsgi.py:1004}}
Jul 18 10:45:37.845969 dv-neutron-840420-16-hyperv neutron-server[111182]: DEBUG neutron.plugins.ml2.plugin [None req-0c7aa620-d7af-4806-85f8-248f860474f7 None None] Current status of the port 7a8fb680-d72f-41c2-8d9f-de912a70867f is: DOWN; New status is: ACTIVE {{(pid=111182) _update_individual_port_db_status /opt/stack/neutron/neutron/plugins/ml2/plugin.py:2292}}
Jul 18 10:45:37.846928 dv-neutron-840420-16-hyperv neutron-server[111182]: DEBUG neutron_lib.callbacks.manager [None req-0c7aa620-d7af-4806-85f8-248f860474f7 None None] Publish callbacks ['neutron.plugins.ml2.plugin.SecurityGroupDbMixin._ensure_default_security_group_handler-904237'] for port (7a8fb680-d72f-41c2-8d9f-de912a70867f), before_update {{(pid=111182) _notify_loop /usr/local/lib/python3.8/dist-packages/neutron_lib/callbacks/manager.py:176}}
Jul 18 10:45:37.901107 dv-neutron-840420-16-hyperv neutron-server[111180]: DEBUG neutron.api.v2.base [None req-a579a1f5-9b8a-4fe5-82fa-d9771fcdf11b tempest-PortsAdminExtendedAttrsTestJSON-265281654 tempest-PortsAdminExtendedAttrsTestJSON-265281654-project] Request body: {'network': {'name': 'tempest-PortsAdminExtendedAttrsTestJSON-test-network-300328035'}} {{(pid=111180) prepare_request_body /opt/stack/neutron/neutron/api/v2/base.py:730}}
Jul 18 10:45:37.907837 dv-neutron-840420-16-hyperv neutron-server[111182]: DEBUG neutron.plugins.ml2.db [None req-0c7aa620-d7af-4806-85f8-248f860474f7 None None] For port 7a8fb680-d72f-41c2-8d9f-de912a70867f, host dv-neutron-840420-16-hyperv, got binding levels [PortBindingLevel(driver='openvswitch',host='dv-neutron-840420-16-hyperv',level=0,port_id=7a8fb680-d72f-41c2-8d9f-de912a70867f,segment=NetworkSegment(332f6229-6b53-49e8-9ee9-322f9a7fc923),segment_id=332f6229-6b53-49e8-9ee9-322f9a7fc923)] {{(pid=111182) get_binding_level_objs /opt/stack/neutron/neutron/plugins/ml2/db.py:74}}
Jul 18 10:45:37.915174 dv-neutron-840420-16-hyperv neutron-server[111182]: DEBUG neutron_lib.callbacks.manager [None req-0c7aa620-d7af-4806-85f8-248f860474f7 None None] Publish callbacks ['neutron.plugins.ml2.plugin.SecurityGroupServerNotifierRpcMixin._notify_sg_on_port_change-905198', 'neutron.plugins.ml2.ovo_rpc._ObjectChangeHandler.handle_event-230167', 'neutron.api.rpc.agentnotifiers.dhcp_rpc_agent_api.DhcpAgentNotifyAPI._native_event_send_dhcp_notification-2034900', 'neutron.db.l3_db.L3RpcNotifierMixin._notify_gateway_port_ip_changed-8746909649884', 'neutron.db.l3_dvrscheduler_db._notify_l3_agent_port_update-8746909270806', 'neutron.db.l3_hascheduler_db._notify_l3_agent_ha_port_update-8746909270824'] for port (7a8fb680-d72f-41c2-8d9f-de912a70867f), after_update {{(pid=111182) _notify_loop /usr/local/lib/python3.8/dist-packages/neutron_lib/callbacks/manager.py:176}}
Jul 18 10:45:37.995129 dv-neutron-840420-16-hyperv neutron-server[111182]: DEBUG neutron.api.rpc.handlers.resources_rpc [None req-0c7aa620-d7af-4806-85f8-248f860474f7 None None] Pushing event updated for resources: {'Port': ['ID=7a8fb680-d72f-41c2-8d9f-de912a70867f,revision_number=3']} {{(pid=111182) push /opt/stack/neutron/neutron/api/rpc/handlers/resources_rpc.py:237}}
Jul 18 10:45:38.006819 dv-neutron-840420-16-hyperv neutron-server[111180]: DEBUG neutron.api.v2.base [None req-84088d56-0861-4b88-b97f-ae58f0426a02 tempest-FloatingIPAdminTestJSON-17707784 tempest-FloatingIPAdminTestJSON-17707784-project] Request body: {'floatingip': {'floating_network_id': '64ca0d54-aece-4c1d-8e2b-33ff41be8bf2'}} {{(pid=111180) prepare_request_body /opt/stack/neutron/neutron/api/v2/base.py:730}}
Jul 18 10:45:38.018731 dv-neutron-840420-16-hyperv neutron-server[111180]: DEBUG neutron.pecan_wsgi.hooks.quota_enforcement [None req-a579a1f5-9b8a-4fe5-82fa-d9771fcdf11b tempest-PortsAdminExtendedAttrsTestJSON-265281654 tempest-PortsAdminExtendedAttrsTestJSON-265281654-project] Made reservation on behalf of 252ef793ad624181a1c2cb38fb0848df for: {'network': 1} {{(pid=111180) before /opt/stack/neutron/neutron/pecan_wsgi/hooks/quota_enforcement.py:53}}
Jul 18 10:45:38.028789 dv-neutron-840420-16-hyperv neutron-server[111181]: DEBUG neutron_lib.callbacks.manager [None req-f4680e4a-aa17-43af-a182-28e3396a4da4 tempest-MeteringTestJSON-1289992557 tempest-MeteringTestJSON-1289992557-project-admin] Publish callbacks [] for metering_label (None), before_response {{(pid=111181) _notify_loop /usr/local/lib/python3.8/dist-packages/neutron_lib/callbacks/manager.py:176}}
Jul 18 10:45:38.030470 dv-neutron-840420-16-hyperv neutron-server[111181]: INFO neutron.wsgi [None req-f4680e4a-aa17-43af-a182-28e3396a4da4 tempest-MeteringTestJSON-1289992557 tempest-MeteringTestJSON-1289992557-project-admin] 10.222.0.77 "POST /v2.0/metering/metering-labels HTTP/1.1" status: 201 len: 478 time: 1.0242939
Jul 18 10:45:38.033628 dv-neutron-840420-16-hyperv neutron-server[111180]: DEBUG neutron_lib.callbacks.manager [None req-a579a1f5-9b8a-4fe5-82fa-d9771fcdf11b tempest-PortsAdminExtendedAttrsTestJSON-265281654 tempest-PortsAdminExtendedAttrsTestJSON-265281654-project] Publish callbacks ['neutron.plugins.ml2.plugin.SecurityGroupDbMixin._ensure_default_security_group_handler-904237'] for network (None), before_create {{(pid=111180) _notify_loop /usr/local/lib/python3.8/dist-packages/neutron_lib/callbacks/manager.py:176}}
Jul 18 10:45:38.035457 dv-neutron-840420-16-hyperv neutron-server[111181]: DEBUG neutron.wsgi [-] (111181) accepted ('10.222.0.77', 47266) {{(pid=111181) server /usr/local/lib/python3.8/dist-packages/eventlet/wsgi.py:1004}}
Jul 18 10:45:38.036363 dv-neutron-840420-16-hyperv neutron-server[111181]: DEBUG neutron.scheduler.dhcp_agent_scheduler [None req-93767d38-b8d1-443d-b402-6d43780c3c41 admin admin] Network da4635f0-3002-46f1-9b80-e7930d420fd8 is scheduled to be hosted by DHCP agent 07e5764d-6e16-43dd-9122-a94b5d606692 with binding_index 1 {{(pid=111181) bind /opt/stack/neutron/neutron/scheduler/dhcp_agent_scheduler.py:227}}
Jul 18 10:45:38.048015 dv-neutron-840420-16-hyperv neutron-server[111181]: DEBUG neutron.api.v2.base [None req-e20b3746-560d-4a3c-9af5-372440d30cc7 tempest-MeteringTestJSON-1289992557 tempest-MeteringTestJSON-1289992557-project-admin] Request body: {'metering_label_rule': {'remote_ip_prefix': '10.0.0.0/24', 'direction': 'ingress', 'metering_label_id': '78fa48a2-bbe1-4c8f-9e49-f7f03cf72d78'}} {{(pid=111181) prepare_request_body /opt/stack/neutron/neutron/api/v2/base.py:730}}
Jul 18 10:45:38.048967 dv-neutron-840420-16-hyperv neutron-server[111180]: DEBUG neutron_lib.callbacks.manager [None req-a579a1f5-9b8a-4fe5-82fa-d9771fcdf11b tempest-PortsAdminExtendedAttrsTestJSON-265281654 tempest-PortsAdminExtendedAttrsTestJSON-265281654-project] Publish callbacks [] for security_group (None), before_create {{(pid=111180) _notify_loop /usr/local/lib/python3.8/dist-packages/neutron_lib/callbacks/manager.py:176}}
Jul 18 10:45:38.049821 dv-neutron-840420-16-hyperv neutron-server[111181]: DEBUG neutron.api.v2.base [None req-e20b3746-560d-4a3c-9af5-372440d30cc7 tempest-MeteringTestJSON-1289992557 tempest-MeteringTestJSON-1289992557-project-admin] Unknown quota resources ['metering_label_rule']. {{(pid=111181) _create /opt/stack/neutron/neutron/api/v2/base.py:497}}
Jul 18 10:45:38.059452 dv-neutron-840420-16-hyperv neutron-server[111180]: DEBUG dbcounter [-] [111180] Writing DB stats neutron:SELECT=90,neutron:INSERT=9,neutron:UPDATE=1 {{(pid=111180) stat_writer /usr/local/lib/python3.8/dist-packages/dbcounter.py:114}}
Jul 18 10:45:38.086444 dv-neutron-840420-16-hyperv neutron-server[111181]: DEBUG neutron_lib.callbacks.manager [None req-b68c6c50-787f-4c58-bcdc-56a28f658a87 admin admin] Publish callbacks ['neutron.services.l3_router.l3_router_plugin.L3_HA_NAT_db_mixin._after_router_create-1733198', 'neutron.services.l3_router.l3_router_plugin.DVRResourceOperationHandler._create_snat_interfaces_after_change-1730814'] for router (5232387d-3322-4459-9780-8d1ac84512c9), after_create {{(pid=111181) _notify_loop /usr/local/lib/python3.8/dist-packages/neutron_lib/callbacks/manager.py:176}}
Jul 18 10:45:38.120244 dv-neutron-840420-16-hyperv neutron-server[111180]: DEBUG dbcounter [-] [111180] Writing DB stats neutron:SELECT=80,neutron:INSERT=16,neutron:UPDATE=4 {{(pid=111180) stat_writer /usr/local/lib/python3.8/dist-packages/dbcounter.py:114}}
Jul 18 10:45:38.124794 dv-neutron-840420-16-hyperv neutron-server[111180]: DEBUG neutron_lib.callbacks.manager [None req-5816249e-122f-4f97-bbc7-c17301d30524 tempest-RoutersAdminNegativeIpV6Test-990252363 tempest-RoutersAdminNegativeIpV6Test-990252363-project-admin] Publish callbacks [] for security_group (6ba3d3fb-7b3d-4a3d-90b8-f24b157343f4), precommit_create {{(pid=111180) _notify_loop /usr/local/lib/python3.8/dist-packages/neutron_lib/callbacks/manager.py:176}}
Jul 18 10:45:38.148483 dv-neutron-840420-16-hyperv neutron-server[111180]: DEBUG neutron_lib.callbacks.manager [None req-465d098b-58a2-49a1-887f-2e45bc51ced0 tempest-ExternalNetworksAdminNegativeTestJSON-1419632615 tempest-ExternalNetworksAdminNegativeTestJSON-1419632615-project-admin] Publish callbacks [] for port (2908ddd2-d8b8-48f4-b2c5-cd1b4213c8b3), precommit_create {{(pid=111180) _notify_loop /usr/local/lib/python3.8/dist-packages/neutron_lib/callbacks/manager.py:176}}
Jul 18 10:45:38.151873 dv-neutron-840420-16-hyperv neutron-server[111180]: DEBUG neutron_lib.callbacks.manager [None req-5816249e-122f-4f97-bbc7-c17301d30524 tempest-RoutersAdminNegativeIpV6Test-990252363 tempest-RoutersAdminNegativeIpV6Test-990252363-project-admin] Publish callbacks ['neutron.plugins.ml2.ovo_rpc._ObjectChangeHandler.handle_event-2015409'] for security_group (6ba3d3fb-7b3d-4a3d-90b8-f24b157343f4), after_create {{(pid=111180) _notify_loop /usr/local/lib/python3.8/dist-packages/neutron_lib/callbacks/manager.py:176}}
Jul 18 10:45:38.162316 dv-neutron-840420-16-hyperv neutron-server[111180]: DEBUG neutron_lib.callbacks.manager [None req-84088d56-0861-4b88-b97f-ae58f0426a02 tempest-FloatingIPAdminTestJSON-17707784 tempest-FloatingIPAdminTestJSON-17707784-project] Publish callbacks [] for floatingip (None), before_create {{(pid=111180) _notify_loop /usr/local/lib/python3.8/dist-packages/neutron_lib/callbacks/manager.py:176}}
Jul 18 10:45:38.166500 dv-neutron-840420-16-hyperv neutron-server[111180]: DEBUG neutron.notifiers.nova [None req-5816249e-122f-4f97-bbc7-c17301d30524 tempest-RoutersAdminNegativeIpV6Test-990252363 tempest-RoutersAdminNegativeIpV6Test-990252363-project-admin] device_id is not set on port 3b5b046d-db62-4cbf-add5-b432ecab8812 yet. {{(pid=111180) _can_notify /opt/stack/neutron/neutron/notifiers/nova.py:199}}
Jul 18 10:45:38.169134 dv-neutron-840420-16-hyperv neutron-server[111182]: DEBUG neutron.api.rpc.handlers.dhcp_rpc [None req-42934715-c449-49ea-8f6a-0f3f219820e2 None None] Network b7b499e4-4df2-4f6d-8dda-b4c0fafacd5f requested from dv-neutron-840420-16-hyperv {{(pid=111182) get_network_info /opt/stack/neutron/neutron/api/rpc/handlers/dhcp_rpc.py:191}}
Jul 18 10:45:38.194151 dv-neutron-840420-16-hyperv neutron-server[111181]: DEBUG neutron.scheduler.base_scheduler [None req-93767d38-b8d1-443d-b402-6d43780c3c41 admin admin] Resources bound (agent type, host, resource id): (DHCP agent, dv-neutron-840420-16-hyperv, da4635f0-3002-46f1-9b80-e7930d420fd8) {{(pid=111181) schedule /opt/stack/neutron/neutron/scheduler/base_scheduler.py:57}}
Jul 18 10:45:38.210759 dv-neutron-840420-16-hyperv neutron-server[111181]: DEBUG neutron.pecan_wsgi.hooks.policy_enforcement [None req-93767d38-b8d1-443d-b402-6d43780c3c41 admin admin] Attributes excluded by policy engine: ['standard_attr_id', 'shared', 'network'] {{(pid=111181) _exclude_attributes_by_policy /opt/stack/neutron/neutron/pecan_wsgi/hooks/policy_enforcement.py:259}}
Jul 18 10:45:38.211339 dv-neutron-840420-16-hyperv neutron-server[111181]: DEBUG neutron_lib.callbacks.manager [None req-93767d38-b8d1-443d-b402-6d43780c3c41 admin admin] Publish callbacks ['neutron.api.rpc.agentnotifiers.dhcp_rpc_agent_api.DhcpAgentNotifyAPI._send_dhcp_notification-2034886'] for subnet (None), before_response {{(pid=111181) _notify_loop /usr/local/lib/python3.8/dist-packages/neutron_lib/callbacks/manager.py:176}}
Jul 18 10:45:38.221830 dv-neutron-840420-16-hyperv neutron-server[111181]: WARNING neutron.services.metering.metering_plugin [None req-e20b3746-560d-4a3c-9af5-372440d30cc7 tempest-MeteringTestJSON-1289992557 tempest-MeteringTestJSON-1289992557-project-admin] The use of 'remote_ip_prefix' in metering label rules is deprecated and will be removed in future releases. One should use instead the 'source_ip_prefix' and/or 'destination_ip_prefix' parameters. For more details, you can check the spec: https://review.opendev.org/#/c/744702/.
Jul 18 10:45:38.254925 dv-neutron-840420-16-hyperv neutron-server[111182]: DEBUG neutron.api.rpc.handlers.dhcp_rpc [None req-e1e60565-559b-4ea9-a197-3abcac8ed103 None None] Network da4635f0-3002-46f1-9b80-e7930d420fd8 requested from dv-neutron-840420-16-hyperv {{(pid=111182) get_network_info /opt/stack/neutron/neutron/api/rpc/handlers/dhcp_rpc.py:191}}
Jul 18 10:45:38.404267 dv-neutron-840420-16-hyperv neutron-server[111182]: DEBUG neutron.api.rpc.handlers.dhcp_rpc [None req-b734fe3b-8445-400a-86dd-9d5571fb792f None None] Create dhcp port {'port': {'name': '', 'admin_state_up': True, 'device_id': 'dhcp49ecd07c-306a-5ccb-aed9-373f2cda4024-da4635f0-3002-46f1-9b80-e7930d420fd8', 'network_id': 'da4635f0-3002-46f1-9b80-e7930d420fd8', 'project_id': 'd2f9098093584431a2d032b439192311', 'fixed_ips': [{'subnet_id': '412b10f7-c8e9-40a0-8f4f-66e19846aead'}]}} from dv-neutron-840420-16-hyperv. {{(pid=111182) create_dhcp_port /opt/stack/neutron/neutron/api/rpc/handlers/dhcp_rpc.py:268}}
Jul 18 10:45:38.405238 dv-neutron-840420-16-hyperv neutron-server[111182]: DEBUG neutron_lib.callbacks.manager [None req-b734fe3b-8445-400a-86dd-9d5571fb792f None None] Publish callbacks ['neutron.plugins.ml2.plugin.SecurityGroupDbMixin._ensure_default_security_group_handler-904237'] for port (None), before_create {{(pid=111182) _notify_loop /usr/local/lib/python3.8/dist-packages/neutron_lib/callbacks/manager.py:176}}
Jul 18 10:45:38.423550 dv-neutron-840420-16-hyperv neutron-server[111182]: DEBUG neutron.db.provisioning_blocks [None req-2520186b-a0b4-4a88-bb90-7c42855fc57d None None] Provisioning complete for port 7a8fb680-d72f-41c2-8d9f-de912a70867f triggered by entity DHCP. {{(pid=111182) provisioning_complete /opt/stack/neutron/neutron/db/provisioning_blocks.py:145}}
Jul 18 10:45:38.423961 dv-neutron-840420-16-hyperv neutron-server[111182]: DEBUG neutron_lib.callbacks.manager [None req-2520186b-a0b4-4a88-bb90-7c42855fc57d None None] Publish callbacks ['neutron.plugins.ml2.plugin.Ml2Plugin._port_provisioned-842541'] for port (7a8fb680-d72f-41c2-8d9f-de912a70867f), provisioning_complete {{(pid=111182) _notify_loop /usr/local/lib/python3.8/dist-packages/neutron_lib/callbacks/manager.py:176}}
Jul 18 10:45:38.429495 dv-neutron-840420-16-hyperv neutron-server[111181]: INFO neutron.wsgi [None req-93767d38-b8d1-443d-b402-6d43780c3c41 admin admin] 10.222.0.77 "POST /v2.0/subnets HTTP/1.1" status: 201 len: 840 time: 2.5472324
Jul 18 10:45:38.431335 dv-neutron-840420-16-hyperv neutron-server[111181]: DEBUG neutron.wsgi [-] (111181) accepted ('10.222.0.77', 47272) {{(pid=111181) server /usr/local/lib/python3.8/dist-packages/eventlet/wsgi.py:1004}}
Jul 18 10:45:38.469962 dv-neutron-840420-16-hyperv neutron-server[111181]: DEBUG neutron.api.v2.base [None req-783fbd44-c5d5-473c-aff2-4413ab52aa40 admin admin] Request body: {'router': {'name': 'tempest-ServersTestJSON-41922297-router', 'tenant_id': 'd2f9098093584431a2d032b439192311', 'external_gateway_info': {'network_id': '64ca0d54-aece-4c1d-8e2b-33ff41be8bf2'}}} {{(pid=111181) prepare_request_body /opt/stack/neutron/neutron/api/v2/base.py:730}}
Jul 18 10:45:38.476804 dv-neutron-840420-16-hyperv neutron-server[111180]: DEBUG neutron.api.rpc.handlers.resources_rpc [None req-5816249e-122f-4f97-bbc7-c17301d30524 tempest-RoutersAdminNegativeIpV6Test-990252363 tempest-RoutersAdminNegativeIpV6Test-990252363-project-admin] Pushing event updated for resources: {'SecurityGroup': ['ID=6ba3d3fb-7b3d-4a3d-90b8-f24b157343f4,revision_number=1']} {{(pid=111180) push /opt/stack/neutron/neutron/api/rpc/handlers/resources_rpc.py:237}}
Jul 18 10:45:38.481661 dv-neutron-840420-16-hyperv neutron-server[111181]: DEBUG neutron_lib.callbacks.manager [None req-e20b3746-560d-4a3c-9af5-372440d30cc7 tempest-MeteringTestJSON-1289992557 tempest-MeteringTestJSON-1289992557-project-admin] Publish callbacks [] for metering_label_rule (None), before_response {{(pid=111181) _notify_loop /usr/local/lib/python3.8/dist-packages/neutron_lib/callbacks/manager.py:176}}
