Jul 11 14:01:08.119549 dv-neutron-840420-14-hyperv devstack@n-api.service[125966]: DEBUG oslo_concurrency.lockutils [None req-a3914b33-3845-4acf-8ec0-57f130a3d6a5 tempest-TestServerAdvancedOps-1161909053 tempest-TestServerAdvancedOps-1161909053-project] Lock "e076d024-30ce-4943-ae71-6c0ecb36e1fd" "released" by "nova.context.set_target_cell..get_or_set_cached_cell_and_set_connections" :: held 0.001s {{(pid=125966) inner /usr/local/lib/python3.8/dist-packages/oslo_concurrency/lockutils.py:400}}
Jul 11 14:01:08.418357 dv-neutron-840420-14-hyperv devstack@n-api.service[125966]: DEBUG nova.policy [None req-a3914b33-3845-4acf-8ec0-57f130a3d6a5 tempest-TestServerAdvancedOps-1161909053 tempest-TestServerAdvancedOps-1161909053-project] Policy check for os_compute_api:os-extended-server-attributes failed with credentials {'is_admin': False, 'user_id': 'a59d2e417bda486daf14e46e602a3bc1', 'user_domain_id': 'default', 'system_scope': None, 'domain_id': None, 'project_id': '5127689745c24705b642a00c1bbb3917', 'project_domain_id': 'default', 'roles': ['member', 'reader'], 'is_admin_project': True, 'service_user_id': None, 'service_user_domain_id': None, 'service_project_id': None, 'service_project_domain_id': None, 'service_roles': []} {{(pid=125966) authorize /opt/stack/nova/nova/policy.py:199}}
Jul 11 14:01:08.426405 dv-neutron-840420-14-hyperv devstack@n-api.service[125966]: INFO nova.api.openstack.requestlog [None req-a3914b33-3845-4acf-8ec0-57f130a3d6a5 tempest-TestServerAdvancedOps-1161909053 tempest-TestServerAdvancedOps-1161909053-project] 10.222.0.58 "GET /compute/v2.1/servers/e40734ac-6a01-4956-bda6-2ce534a08ef3" status: 200 len: 1502 microversion: 2.1 time: 0.325426
Jul 11 14:01:08.427001 dv-neutron-840420-14-hyperv devstack@n-api.service[125966]: [pid: 125966|app: 0|req: 102/207] 10.222.0.58 () {58 vars in 1235 bytes} [Mon Jul 11 14:01:08 2022] GET /compute/v2.1/servers/e40734ac-6a01-4956-bda6-2ce534a08ef3 => generated 1502 bytes in 327 msecs (HTTP/1.1 200) 9 headers in 358 bytes (1 switches on core 0)
Jul 11 14:01:08.446831 dv-neutron-840420-14-hyperv devstack@n-api.service[125967]: DEBUG nova.api.openstack.wsgi [None req-2c8691a6-252f-493d-96a1-b3244ba546b8 tempest-TestServerAdvancedOps-1161909053 tempest-TestServerAdvancedOps-1161909053-project] Calling method '>' {{(pid=125967) _process_stack /opt/stack/nova/nova/api/openstack/wsgi.py:513}}
Jul 11 14:01:08.447313 dv-neutron-840420-14-hyperv devstack@n-api.service[125967]: DEBUG nova.compute.api [None req-2c8691a6-252f-493d-96a1-b3244ba546b8 tempest-TestServerAdvancedOps-1161909053 tempest-TestServerAdvancedOps-1161909053-project] [instance: e40734ac-6a01-4956-bda6-2ce534a08ef3] Fetching instance by UUID {{(pid=125967) get /opt/stack/nova/nova/compute/api.py:2920}}
Jul 11 14:01:08.454342 dv-neutron-840420-14-hyperv devstack@n-api.service[125967]: DEBUG oslo_concurrency.lockutils [None req-2c8691a6-252f-493d-96a1-b3244ba546b8 tempest-TestServerAdvancedOps-1161909053 tempest-TestServerAdvancedOps-1161909053-project] Lock "e076d024-30ce-4943-ae71-6c0ecb36e1fd" acquired by "nova.context.set_target_cell..get_or_set_cached_cell_and_set_connections" :: waited 0.000s {{(pid=125967) inner /usr/local/lib/python3.8/dist-packages/oslo_concurrency/lockutils.py:386}}
Jul 11 14:01:08.454821 dv-neutron-840420-14-hyperv devstack@n-api.service[125967]: DEBUG oslo_concurrency.lockutils [None req-2c8691a6-252f-493d-96a1-b3244ba546b8 tempest-TestServerAdvancedOps-1161909053 tempest-TestServerAdvancedOps-1161909053-project] Lock "e076d024-30ce-4943-ae71-6c0ecb36e1fd" "released" by "nova.context.set_target_cell..get_or_set_cached_cell_and_set_connections" :: held 0.001s {{(pid=125967) inner /usr/local/lib/python3.8/dist-packages/oslo_concurrency/lockutils.py:400}}
Jul 11 14:01:08.455575 dv-neutron-840420-14-hyperv devstack@n-api.service[125967]: DEBUG oslo_concurrency.lockutils [None req-2c8691a6-252f-493d-96a1-b3244ba546b8 tempest-TestServerAdvancedOps-1161909053 tempest-TestServerAdvancedOps-1161909053-project] Lock "e076d024-30ce-4943-ae71-6c0ecb36e1fd" acquired by "nova.context.set_target_cell..get_or_set_cached_cell_and_set_connections" :: waited 0.000s {{(pid=125967) inner /usr/local/lib/python3.8/dist-packages/oslo_concurrency/lockutils.py:386}}
Jul 11 14:01:08.456012 dv-neutron-840420-14-hyperv devstack@n-api.service[125967]: DEBUG oslo_concurrency.lockutils [None req-2c8691a6-252f-493d-96a1-b3244ba546b8 tempest-TestServerAdvancedOps-1161909053 tempest-TestServerAdvancedOps-1161909053-project] Lock "e076d024-30ce-4943-ae71-6c0ecb36e1fd" "released" by "nova.context.set_target_cell..get_or_set_cached_cell_and_set_connections" :: held 0.000s {{(pid=125967) inner /usr/local/lib/python3.8/dist-packages/oslo_concurrency/lockutils.py:400}}
Jul 11 14:01:08.484185 dv-neutron-840420-14-hyperv devstack@n-api.service[125967]: DEBUG nova.compute.api [None req-2c8691a6-252f-493d-96a1-b3244ba546b8 tempest-TestServerAdvancedOps-1161909053 tempest-TestServerAdvancedOps-1161909053-project] [instance: e40734ac-6a01-4956-bda6-2ce534a08ef3] Going to try to terminate instance {{(pid=125967) delete /opt/stack/nova/nova/compute/api.py:2664}}
Jul 11 14:01:08.684341 dv-neutron-840420-14-hyperv devstack@n-api.service[125966]: DEBUG nova.api.openstack.wsgi [None req-d519651c-91cd-4623-bca8-b515a987587b tempest-ServerActionsTestJSON-1408891976 tempest-ServerActionsTestJSON-1408891976-project] Calling method '>' {{(pid=125966) _process_stack /opt/stack/nova/nova/api/openstack/wsgi.py:513}}
Jul 11 14:01:08.685166 dv-neutron-840420-14-hyperv devstack@n-api.service[125966]: DEBUG nova.compute.api [None req-d519651c-91cd-4623-bca8-b515a987587b tempest-ServerActionsTestJSON-1408891976 tempest-ServerActionsTestJSON-1408891976-project] [instance: bcfbcb9d-1ff5-4dc1-b669-c9cf7a1bfde4] Fetching instance by UUID {{(pid=125966) get /opt/stack/nova/nova/compute/api.py:2920}}
Jul 11 14:01:08.694000 dv-neutron-840420-14-hyperv devstack@n-api.service[125966]: DEBUG oslo_concurrency.lockutils [None req-d519651c-91cd-4623-bca8-b515a987587b tempest-ServerActionsTestJSON-1408891976 tempest-ServerActionsTestJSON-1408891976-project] Lock "e076d024-30ce-4943-ae71-6c0ecb36e1fd" acquired by "nova.context.set_target_cell..get_or_set_cached_cell_and_set_connections" :: waited 0.000s {{(pid=125966) inner /usr/local/lib/python3.8/dist-packages/oslo_concurrency/lockutils.py:386}}
Jul 11 14:01:08.694545 dv-neutron-840420-14-hyperv devstack@n-api.service[125966]: DEBUG oslo_concurrency.lockutils [None req-d519651c-91cd-4623-bca8-b515a987587b tempest-ServerActionsTestJSON-1408891976 tempest-ServerActionsTestJSON-1408891976-project] Lock "e076d024-30ce-4943-ae71-6c0ecb36e1fd" "released" by "nova.context.set_target_cell..get_or_set_cached_cell_and_set_connections" :: held 0.001s {{(pid=125966) inner /usr/local/lib/python3.8/dist-packages/oslo_concurrency/lockutils.py:400}}
Jul 11 14:01:08.695605 dv-neutron-840420-14-hyperv devstack@n-api.service[125966]: DEBUG oslo_concurrency.lockutils [None req-d519651c-91cd-4623-bca8-b515a987587b tempest-ServerActionsTestJSON-1408891976 tempest-ServerActionsTestJSON-1408891976-project] Lock "e076d024-30ce-4943-ae71-6c0ecb36e1fd" acquired by "nova.context.set_target_cell..get_or_set_cached_cell_and_set_connections" :: waited 0.000s {{(pid=125966) inner /usr/local/lib/python3.8/dist-packages/oslo_concurrency/lockutils.py:386}}
Jul 11 14:01:08.696032 dv-neutron-840420-14-hyperv devstack@n-api.service[125966]: DEBUG oslo_concurrency.lockutils [None req-d519651c-91cd-4623-bca8-b515a987587b tempest-ServerActionsTestJSON-1408891976 tempest-ServerActionsTestJSON-1408891976-project] Lock "e076d024-30ce-4943-ae71-6c0ecb36e1fd" "released" by "nova.context.set_target_cell..get_or_set_cached_cell_and_set_connections" :: held 0.000s {{(pid=125966) inner /usr/local/lib/python3.8/dist-packages/oslo_concurrency/lockutils.py:400}}
Jul 11 14:01:08.826629 dv-neutron-840420-14-hyperv devstack@n-api.service[125967]: INFO nova.api.openstack.requestlog [None req-2c8691a6-252f-493d-96a1-b3244ba546b8 tempest-TestServerAdvancedOps-1161909053 tempest-TestServerAdvancedOps-1161909053-project] 10.222.0.58 "DELETE /compute/v2.1/servers/e40734ac-6a01-4956-bda6-2ce534a08ef3" status: 204 len: 0 microversion: 2.1 time: 0.383446
Jul 11 14:01:08.827233 dv-neutron-840420-14-hyperv devstack@n-api.service[125967]: [pid: 125967|app: 0|req: 106/208] 10.222.0.58 () {58 vars in 1238 bytes} [Mon Jul 11 14:01:08 2022] DELETE /compute/v2.1/servers/e40734ac-6a01-4956-bda6-2ce534a08ef3 => generated 0 bytes in 385 msecs (HTTP/1.1 204) 9 headers in 363 bytes (1 switches on core 0)
Jul 11 14:01:08.836520 dv-neutron-840420-14-hyperv devstack@n-api.service[125967]: DEBUG nova.api.openstack.wsgi [None req-e5e43bd1-beb1-46d2-a73c-8d610406ea8c tempest-TestServerAdvancedOps-1161909053 tempest-TestServerAdvancedOps-1161909053-project] Calling method '>' {{(pid=125967) _process_stack /opt/stack/nova/nova/api/openstack/wsgi.py:513}}
Jul 11 14:01:08.837709 dv-neutron-840420-14-hyperv devstack@n-api.service[125967]: DEBUG nova.compute.api [None req-e5e43bd1-beb1-46d2-a73c-8d610406ea8c tempest-TestServerAdvancedOps-1161909053 tempest-TestServerAdvancedOps-1161909053-project] [instance: e40734ac-6a01-4956-bda6-2ce534a08ef3] Fetching instance by UUID {{(pid=125967) get /opt/stack/nova/nova/compute/api.py:2920}}
Jul 11 14:01:08.844548 dv-neutron-840420-14-hyperv devstack@n-api.service[125967]: DEBUG oslo_concurrency.lockutils [None req-e5e43bd1-beb1-46d2-a73c-8d610406ea8c tempest-TestServerAdvancedOps-1161909053 tempest-TestServerAdvancedOps-1161909053-project] Lock "e076d024-30ce-4943-ae71-6c0ecb36e1fd" acquired by "nova.context.set_target_cell..get_or_set_cached_cell_and_set_connections" :: waited 0.000s {{(pid=125967) inner /usr/local/lib/python3.8/dist-packages/oslo_concurrency/lockutils.py:386}}
Jul 11 14:01:08.845140 dv-neutron-840420-14-hyperv devstack@n-api.service[125967]: DEBUG oslo_concurrency.lockutils [None req-e5e43bd1-beb1-46d2-a73c-8d610406ea8c tempest-TestServerAdvancedOps-1161909053 tempest-TestServerAdvancedOps-1161909053-project] Lock "e076d024-30ce-4943-ae71-6c0ecb36e1fd" "released" by "nova.context.set_target_cell..get_or_set_cached_cell_and_set_connections" :: held 0.001s {{(pid=125967) inner /usr/local/lib/python3.8/dist-packages/oslo_concurrency/lockutils.py:400}}
Jul 11 14:01:08.845252 dv-neutron-840420-14-hyperv devstack@n-api.service[125966]: DEBUG nova.policy [None req-d519651c-91cd-4623-bca8-b515a987587b tempest-ServerActionsTestJSON-1408891976 tempest-ServerActionsTestJSON-1408891976-project] Policy check for os_compute_api:os-extended-server-attributes failed with credentials {'is_admin': False, 'user_id': 'ebe7f60d62ff4caba3a017479aaa4789', 'user_domain_id': 'default', 'system_scope': None, 'domain_id': None, 'project_id': 'b8f008bda3234d1eac910fbe66366127', 'project_domain_id': 'default', 'roles': ['member', 'reader'], 'is_admin_project': True, 'service_user_id': None, 'service_user_domain_id': None, 'service_project_id': None, 'service_project_domain_id': None, 'service_roles': []} {{(pid=125966) authorize /opt/stack/nova/nova/policy.py:199}}
Jul 11 14:01:08.846159 dv-neutron-840420-14-hyperv devstack@n-api.service[125967]: DEBUG oslo_concurrency.lockutils [None req-e5e43bd1-beb1-46d2-a73c-8d610406ea8c tempest-TestServerAdvancedOps-1161909053 tempest-TestServerAdvancedOps-1161909053-project] Lock "e076d024-30ce-4943-ae71-6c0ecb36e1fd" acquired by "nova.context.set_target_cell..get_or_set_cached_cell_and_set_connections" :: waited 0.000s {{(pid=125967) inner /usr/local/lib/python3.8/dist-packages/oslo_concurrency/lockutils.py:386}}
Jul 11 14:01:08.846691 dv-neutron-840420-14-hyperv devstack@n-api.service[125967]: DEBUG oslo_concurrency.lockutils [None req-e5e43bd1-beb1-46d2-a73c-8d610406ea8c tempest-TestServerAdvancedOps-1161909053 tempest-TestServerAdvancedOps-1161909053-project] Lock "e076d024-30ce-4943-ae71-6c0ecb36e1fd" "released" by "nova.context.set_target_cell..get_or_set_cached_cell_and_set_connections" :: held 0.001s {{(pid=125967) inner /usr/local/lib/python3.8/dist-packages/oslo_concurrency/lockutils.py:400}}
Jul 11 14:01:08.851796 dv-neutron-840420-14-hyperv devstack@n-api.service[125967]: DEBUG dbcounter [-] [125967] Writing DB stats nova_cell1:SELECT=94,nova_cell1:UPDATE=3,nova_cell1:INSERT=3 {{(pid=125967) stat_writer /usr/local/lib/python3.8/dist-packages/dbcounter.py:114}}
Jul 11 14:01:08.854696 dv-neutron-840420-14-hyperv devstack@n-api.service[125966]: INFO nova.api.openstack.requestlog [None req-d519651c-91cd-4623-bca8-b515a987587b tempest-ServerActionsTestJSON-1408891976 tempest-ServerActionsTestJSON-1408891976-project] 10.222.0.58 "GET /compute/v2.1/servers/bcfbcb9d-1ff5-4dc1-b669-c9cf7a1bfde4" status: 200 len: 1679 microversion: 2.1 time: 0.174346
Jul 11 14:01:08.855592 dv-neutron-840420-14-hyperv devstack@n-api.service[125966]: [pid: 125966|app: 0|req: 103/209] 10.222.0.58 () {58 vars in 1235 bytes} [Mon Jul 11 14:01:08 2022] GET /compute/v2.1/servers/bcfbcb9d-1ff5-4dc1-b669-c9cf7a1bfde4 => generated 1679 bytes in 176 msecs (HTTP/1.1 200) 9 headers in 358 bytes (2 switches on core 0)
Jul 11 14:01:08.992295 dv-neutron-840420-14-hyperv devstack@n-api.service[125967]: DEBUG nova.policy [None req-e5e43bd1-beb1-46d2-a73c-8d610406ea8c tempest-TestServerAdvancedOps-1161909053 tempest-TestServerAdvancedOps-1161909053-project] Policy check for os_compute_api:os-extended-server-attributes failed with credentials {'is_admin': False, 'user_id': 'a59d2e417bda486daf14e46e602a3bc1', 'user_domain_id': 'default', 'system_scope': None, 'domain_id': None, 'project_id': '5127689745c24705b642a00c1bbb3917', 'project_domain_id': 'default', 'roles': ['member', 'reader'], 'is_admin_project': True, 'service_user_id': None, 'service_user_domain_id': None, 'service_project_id': None, 'service_project_domain_id': None, 'service_roles': []} {{(pid=125967) authorize /opt/stack/nova/nova/policy.py:199}}
Jul 11 14:01:09.001176 dv-neutron-840420-14-hyperv devstack@n-api.service[125967]: INFO nova.api.openstack.requestlog [None req-e5e43bd1-beb1-46d2-a73c-8d610406ea8c tempest-TestServerAdvancedOps-1161909053 tempest-TestServerAdvancedOps-1161909053-project] 10.222.0.58 "GET /compute/v2.1/servers/e40734ac-6a01-4956-bda6-2ce534a08ef3" status: 200 len: 1508 microversion: 2.1 time: 0.169273
Jul 11 14:01:09.002057 dv-neutron-840420-14-hyperv devstack@n-api.service[125967]: [pid: 125967|app: 0|req: 107/210] 10.222.0.58 () {58 vars in 1235 bytes} [Mon Jul 11 14:01:08 2022] GET /compute/v2.1/servers/e40734ac-6a01-4956-bda6-2ce534a08ef3 => generated 1508 bytes in 171 msecs (HTTP/1.1 200) 9 headers in 358 bytes (1 switches on core 0)
Jul 11 14:01:09.872785 dv-neutron-840420-14-hyperv devstack@n-api.service[125966]: DEBUG nova.api.openstack.wsgi [None req-77c11096-30a0-486b-bbf1-c627de6a7a55 tempest-ServerActionsTestJSON-1408891976 tempest-ServerActionsTestJSON-1408891976-project] Calling method '>' {{(pid=125966) _process_stack /opt/stack/nova/nova/api/openstack/wsgi.py:513}}
Jul 11 14:01:09.873403 dv-neutron-840420-14-hyperv devstack@n-api.service[125966]: DEBUG nova.compute.api [None req-77c11096-30a0-486b-bbf1-c627de6a7a55 tempest-ServerActionsTestJSON-1408891976 tempest-ServerActionsTestJSON-1408891976-project] [instance: bcfbcb9d-1ff5-4dc1-b669-c9cf7a1bfde4] Fetching instance by UUID {{(pid=125966) get /opt/stack/nova/nova/compute/api.py:2920}}
Jul 11 14:01:09.879441 dv-neutron-840420-14-hyperv devstack@n-api.service[125966]: DEBUG oslo_concurrency.lockutils [None req-77c11096-30a0-486b-bbf1-c627de6a7a55 tempest-ServerActionsTestJSON-1408891976 tempest-ServerActionsTestJSON-1408891976-project] Lock "e076d024-30ce-4943-ae71-6c0ecb36e1fd" acquired by "nova.context.set_target_cell..get_or_set_cached_cell_and_set_connections" :: waited 0.000s {{(pid=125966) inner /usr/local/lib/python3.8/dist-packages/oslo_concurrency/lockutils.py:386}}
Jul 11 14:01:09.879895 dv-neutron-840420-14-hyperv devstack@n-api.service[125966]: DEBUG oslo_concurrency.lockutils [None req-77c11096-30a0-486b-bbf1-c627de6a7a55 tempest-ServerActionsTestJSON-1408891976 tempest-ServerActionsTestJSON-1408891976-project] Lock "e076d024-30ce-4943-ae71-6c0ecb36e1fd" "released" by "nova.context.set_target_cell..get_or_set_cached_cell_and_set_connections" :: held 0.001s {{(pid=125966) inner /usr/local/lib/python3.8/dist-packages/oslo_concurrency/lockutils.py:400}}
Jul 11 14:01:09.881293 dv-neutron-840420-14-hyperv devstack@n-api.service[125966]: DEBUG oslo_concurrency.lockutils [None req-77c11096-30a0-486b-bbf1-c627de6a7a55 tempest-ServerActionsTestJSON-1408891976 tempest-ServerActionsTestJSON-1408891976-project] Lock "e076d024-30ce-4943-ae71-6c0ecb36e1fd" acquired by "nova.context.set_target_cell..get_or_set_cached_cell_and_set_connections" :: waited 0.001s {{(pid=125966) inner /usr/local/lib/python3.8/dist-packages/oslo_concurrency/lockutils.py:386}}
Jul 11 14:01:09.881667 dv-neutron-840420-14-hyperv devstack@n-api.service[125966]: DEBUG oslo_concurrency.lockutils [None req-77c11096-30a0-486b-bbf1-c627de6a7a55 tempest-ServerActionsTestJSON-1408891976 tempest-ServerActionsTestJSON-1408891976-project] Lock "e076d024-30ce-4943-ae71-6c0ecb36e1fd" "released" by "nova.context.set_target_cell..get_or_set_cached_cell_and_set_connections" :: held 0.000s {{(pid=125966) inner /usr/local/lib/python3.8/dist-packages/oslo_concurrency/lockutils.py:400}}
Jul 11 14:01:10.019117 dv-neutron-840420-14-hyperv devstack@n-api.service[125967]: DEBUG nova.api.openstack.wsgi [None req-d36cf6cd-3ded-41d6-aff6-7b2ba0aa81d4 tempest-TestServerAdvancedOps-1161909053 tempest-TestServerAdvancedOps-1161909053-project] Calling method '>' {{(pid=125967) _process_stack /opt/stack/nova/nova/api/openstack/wsgi.py:513}}
Jul 11 14:01:10.020702 dv-neutron-840420-14-hyperv devstack@n-api.service[125967]: DEBUG nova.compute.api [None req-d36cf6cd-3ded-41d6-aff6-7b2ba0aa81d4 tempest-TestServerAdvancedOps-1161909053 tempest-TestServerAdvancedOps-1161909053-project] [instance: e40734ac-6a01-4956-bda6-2ce534a08ef3] Fetching instance by UUID {{(pid=125967) get /opt/stack/nova/nova/compute/api.py:2920}}
Jul 11 14:01:10.021360 dv-neutron-840420-14-hyperv devstack@n-api.service[125966]: DEBUG nova.policy [None req-77c11096-30a0-486b-bbf1-c627de6a7a55 tempest-ServerActionsTestJSON-1408891976 tempest-ServerActionsTestJSON-1408891976-project] Policy check for os_compute_api:os-extended-server-attributes failed with credentials {'is_admin': False, 'user_id': 'ebe7f60d62ff4caba3a017479aaa4789', 'user_domain_id': 'default', 'system_scope': None, 'domain_id': None, 'project_id': 'b8f008bda3234d1eac910fbe66366127', 'project_domain_id': 'default', 'roles': ['member', 'reader'], 'is_admin_project': True, 'service_user_id': None, 'service_user_domain_id': None, 'service_project_id': None, 'service_project_domain_id': None, 'service_roles': []} {{(pid=125966) authorize /opt/stack/nova/nova/policy.py:199}}
Jul 11 14:01:10.028374 dv-neutron-840420-14-hyperv devstack@n-api.service[125967]: DEBUG oslo_concurrency.lockutils [None req-d36cf6cd-3ded-41d6-aff6-7b2ba0aa81d4 tempest-TestServerAdvancedOps-1161909053 tempest-TestServerAdvancedOps-1161909053-project] Lock "e076d024-30ce-4943-ae71-6c0ecb36e1fd" acquired by "nova.context.set_target_cell..get_or_set_cached_cell_and_set_connections" :: waited 0.000s {{(pid=125967) inner /usr/local/lib/python3.8/dist-packages/oslo_concurrency/lockutils.py:386}}
Jul 11 14:01:10.029033 dv-neutron-840420-14-hyperv devstack@n-api.service[125967]: DEBUG oslo_concurrency.lockutils [None req-d36cf6cd-3ded-41d6-aff6-7b2ba0aa81d4 tempest-TestServerAdvancedOps-1161909053 tempest-TestServerAdvancedOps-1161909053-project] Lock "e076d024-30ce-4943-ae71-6c0ecb36e1fd" "released" by "nova.context.set_target_cell..get_or_set_cached_cell_and_set_connections" :: held 0.001s {{(pid=125967) inner /usr/local/lib/python3.8/dist-packages/oslo_concurrency/lockutils.py:400}}
Jul 11 14:01:10.029847 dv-neutron-840420-14-hyperv devstack@n-api.service[125967]: DEBUG oslo_concurrency.lockutils [None req-d36cf6cd-3ded-41d6-aff6-7b2ba0aa81d4 tempest-TestServerAdvancedOps-1161909053 tempest-TestServerAdvancedOps-1161909053-project] Lock "e076d024-30ce-4943-ae71-6c0ecb36e1fd" acquired by "nova.context.set_target_cell..get_or_set_cached_cell_and_set_connections" :: waited 0.000s {{(pid=125967) inner /usr/local/lib/python3.8/dist-packages/oslo_concurrency/lockutils.py:386}}
Jul 11 14:01:10.029964 dv-neutron-840420-14-hyperv devstack@n-api.service[125966]: INFO nova.api.openstack.requestlog [None req-77c11096-30a0-486b-bbf1-c627de6a7a55 tempest-ServerActionsTestJSON-1408891976 tempest-ServerActionsTestJSON-1408891976-project] 10.222.0.58 "GET /compute/v2.1/servers/bcfbcb9d-1ff5-4dc1-b669-c9cf7a1bfde4" status: 200 len: 1679 microversion: 2.1 time: 0.161037
Jul 11 14:01:10.030287 dv-neutron-840420-14-hyperv devstack@n-api.service[125967]: DEBUG oslo_concurrency.lockutils [None req-d36cf6cd-3ded-41d6-aff6-7b2ba0aa81d4 tempest-TestServerAdvancedOps-1161909053 tempest-TestServerAdvancedOps-1161909053-project] Lock "e076d024-30ce-4943-ae71-6c0ecb36e1fd" "released" by "nova.context.set_target_cell..get_or_set_cached_cell_and_set_connections" :: held 0.000s {{(pid=125967) inner /usr/local/lib/python3.8/dist-packages/oslo_concurrency/lockutils.py:400}}
Jul 11 14:01:10.030855 dv-neutron-840420-14-hyperv devstack@n-api.service[125966]: [pid: 125966|app: 0|req: 104/211] 10.222.0.58 () {58 vars in 1235 bytes} [Mon Jul 11 14:01:09 2022] GET /compute/v2.1/servers/bcfbcb9d-1ff5-4dc1-b669-c9cf7a1bfde4 => generated 1679 bytes in 163 msecs (HTTP/1.1 200) 9 headers in 358 bytes (1 switches on core 0)
Jul 11 14:01:10.179166 dv-neutron-840420-14-hyperv devstack@n-api.service[125967]: DEBUG nova.policy [None req-d36cf6cd-3ded-41d6-aff6-7b2ba0aa81d4 tempest-TestServerAdvancedOps-1161909053 tempest-TestServerAdvancedOps-1161909053-project] Policy check for os_compute_api:os-extended-server-attributes failed with credentials {'is_admin': False, 'user_id': 'a59d2e417bda486daf14e46e602a3bc1', 'user_domain_id': 'default', 'system_scope': None, 'domain_id': None, 'project_id': '5127689745c24705b642a00c1bbb3917', 'project_domain_id': 'default', 'roles': ['member', 'reader'], 'is_admin_project': True, 'service_user_id': None, 'service_user_domain_id': None, 'service_project_id': None, 'service_project_domain_id': None, 'service_roles': []} {{(pid=125967) authorize /opt/stack/nova/nova/policy.py:199}}
Jul 11 14:01:10.186705 dv-neutron-840420-14-hyperv devstack@n-api.service[125967]: INFO nova.api.openstack.requestlog [None req-d36cf6cd-3ded-41d6-aff6-7b2ba0aa81d4 tempest-TestServerAdvancedOps-1161909053 tempest-TestServerAdvancedOps-1161909053-project] 10.222.0.58 "GET /compute/v2.1/servers/e40734ac-6a01-4956-bda6-2ce534a08ef3" status: 200 len: 1508 microversion: 2.1 time: 0.172136
Jul 11 14:01:10.187286 dv-neutron-840420-14-hyperv devstack@n-api.service[125967]: [pid: 125967|app: 0|req: 108/212] 10.222.0.58 () {58 vars in 1235 bytes} [Mon Jul 11 14:01:10 2022] GET /compute/v2.1/servers/e40734ac-6a01-4956-bda6-2ce534a08ef3 => generated 1508 bytes in 173 msecs (HTTP/1.1 200) 9 headers in 358 bytes (2 switches on core 0)
Jul 11 14:01:10.232140 dv-neutron-840420-14-hyperv devstack@n-api.service[125966]: DEBUG nova.api.openstack.wsgi [None req-72b4913b-834a-4ee1-811b-34911641fed2 tempest-TestVolumeBootPattern-982808679 tempest-TestVolumeBootPattern-982808679-project] Action: 'create', calling method: >, body: {"server": {"name": "tempest-TestVolumeBootPattern-server-1449281402", "imageRef": "", "flavorRef": "452", "key_name": "tempest-TestVolumeBootPattern-454884702", "security_groups": [{"name": "tempest-secgroup-smoke-717538684"}], "block_device_mapping_v2": [{"uuid": "be314479-b5f4-4551-9616-5f63f9a85797", "source_type": "volume", "destination_type": "volume", "boot_index": 0, "delete_on_termination": false}], "networks": [{"uuid": "caaa6f18-5b5e-405b-9dac-718e06a96822"}]}} {{(pid=125966) _process_stack /opt/stack/nova/nova/api/openstack/wsgi.py:511}}
Jul 11 14:01:10.376692 dv-neutron-840420-14-hyperv devstack@n-api.service[125966]: DEBUG nova.network.neutron [None req-72b4913b-834a-4ee1-811b-34911641fed2 tempest-TestVolumeBootPattern-982808679 tempest-TestVolumeBootPattern-982808679-project] validate_networks() for [('caaa6f18-5b5e-405b-9dac-718e06a96822', None, None, None, None, None)] {{(pid=125966) validate_networks /opt/stack/nova/nova/network/neutron.py:2626}}
Jul 11 14:01:10.794667 dv-neutron-840420-14-hyperv devstack@n-api.service[125966]: DEBUG nova.virt.hardware [None req-72b4913b-834a-4ee1-811b-34911641fed2 tempest-TestVolumeBootPattern-982808679 tempest-TestVolumeBootPattern-982808679-project] Flavor limits 0:0:0 {{(pid=125966) get_cpu_topology_constraints /opt/stack/nova/nova/virt/hardware.py:343}}
Jul 11 14:01:10.795114 dv-neutron-840420-14-hyperv devstack@n-api.service[125966]: DEBUG nova.virt.hardware [None req-72b4913b-834a-4ee1-811b-34911641fed2 tempest-TestVolumeBootPattern-982808679 tempest-TestVolumeBootPattern-982808679-project] Image limits 0:0:0 {{(pid=125966) get_cpu_topology_constraints /opt/stack/nova/nova/virt/hardware.py:347}}
Jul 11 14:01:10.795586 dv-neutron-840420-14-hyperv devstack@n-api.service[125966]: DEBUG nova.virt.hardware [None req-72b4913b-834a-4ee1-811b-34911641fed2 tempest-TestVolumeBootPattern-982808679 tempest-TestVolumeBootPattern-982808679-project] Flavor pref 0:0:0 {{(pid=125966) get_cpu_topology_constraints /opt/stack/nova/nova/virt/hardware.py:383}}
Jul 11 14:01:10.795993 dv-neutron-840420-14-hyperv devstack@n-api.service[125966]: DEBUG nova.virt.hardware [None req-72b4913b-834a-4ee1-811b-34911641fed2 tempest-TestVolumeBootPattern-982808679 tempest-TestVolumeBootPattern-982808679-project] Image pref 0:0:0 {{(pid=125966) get_cpu_topology_constraints /opt/stack/nova/nova/virt/hardware.py:387}}
Jul 11 14:01:10.796402 dv-neutron-840420-14-hyperv devstack@n-api.service[125966]: DEBUG nova.virt.hardware [None req-72b4913b-834a-4ee1-811b-34911641fed2 tempest-TestVolumeBootPattern-982808679 tempest-TestVolumeBootPattern-982808679-project] Chose sockets=0, cores=0, threads=0; limits were sockets=65536, cores=65536, threads=65536 {{(pid=125966) get_cpu_topology_constraints /opt/stack/nova/nova/virt/hardware.py:425}}
Jul 11 14:01:10.805714 dv-neutron-840420-14-hyperv devstack@n-api.service[125966]: DEBUG oslo_concurrency.lockutils [None req-72b4913b-834a-4ee1-811b-34911641fed2 tempest-TestVolumeBootPattern-982808679 tempest-TestVolumeBootPattern-982808679-project] Lock "00000000-0000-0000-0000-000000000000" acquired by "nova.context.set_target_cell..get_or_set_cached_cell_and_set_connections" :: waited 0.000s {{(pid=125966) inner /usr/local/lib/python3.8/dist-packages/oslo_concurrency/lockutils.py:386}}
Jul 11 14:01:10.806159 dv-neutron-840420-14-hyperv devstack@n-api.service[125966]: DEBUG oslo_concurrency.lockutils [None req-72b4913b-834a-4ee1-811b-34911641fed2 tempest-TestVolumeBootPattern-982808679 tempest-TestVolumeBootPattern-982808679-project] Lock "00000000-0000-0000-0000-000000000000" "released" by "nova.context.set_target_cell..get_or_set_cached_cell_and_set_connections" :: held 0.001s {{(pid=125966) inner /usr/local/lib/python3.8/dist-packages/oslo_concurrency/lockutils.py:400}}
Jul 11 14:01:10.806945 dv-neutron-840420-14-hyperv devstack@n-api.service[125966]: DEBUG oslo_concurrency.lockutils [None req-72b4913b-834a-4ee1-811b-34911641fed2 tempest-TestVolumeBootPattern-982808679 tempest-TestVolumeBootPattern-982808679-project] Lock "e076d024-30ce-4943-ae71-6c0ecb36e1fd" acquired by "nova.context.set_target_cell..get_or_set_cached_cell_and_set_connections" :: waited 0.000s {{(pid=125966) inner /usr/local/lib/python3.8/dist-packages/oslo_concurrency/lockutils.py:386}}
Jul 11 14:01:10.807377 dv-neutron-840420-14-hyperv devstack@n-api.service[125966]: DEBUG oslo_concurrency.lockutils [None req-72b4913b-834a-4ee1-811b-34911641fed2 tempest-TestVolumeBootPattern-982808679 tempest-TestVolumeBootPattern-982808679-project] Lock "e076d024-30ce-4943-ae71-6c0ecb36e1fd" "released" by "nova.context.set_target_cell..get_or_set_cached_cell_and_set_connections" :: held 0.000s {{(pid=125966) inner /usr/local/lib/python3.8/dist-packages/oslo_concurrency/lockutils.py:400}}
Jul 11 14:01:10.824545 dv-neutron-840420-14-hyperv devstack@n-api.service[125966]: DEBUG nova.quota [None req-72b4913b-834a-4ee1-811b-34911641fed2 tempest-TestVolumeBootPattern-982808679 tempest-TestVolumeBootPattern-982808679-project] Getting quotas for project 5fab09f6bf574ef2b1a04a2111bf3da9. Resources: {'ram', 'cores', 'instances'} {{(pid=125966) _get_quotas /opt/stack/nova/nova/quota.py:393}}
Jul 11 14:01:10.828587 dv-neutron-840420-14-hyperv devstack@n-api.service[125966]: DEBUG nova.quota [None req-72b4913b-834a-4ee1-811b-34911641fed2 tempest-TestVolumeBootPattern-982808679 tempest-TestVolumeBootPattern-982808679-project] Getting quotas for user 843dc9c3867c4f8182fe8b621cd137cf and project 5fab09f6bf574ef2b1a04a2111bf3da9. Resources: {'ram', 'cores', 'instances'} {{(pid=125966) _get_quotas /opt/stack/nova/nova/quota.py:383}}
Jul 11 14:01:10.886465 dv-neutron-840420-14-hyperv devstack@n-api.service[125966]: DEBUG nova.compute.api [None req-72b4913b-834a-4ee1-811b-34911641fed2 tempest-TestVolumeBootPattern-982808679 tempest-TestVolumeBootPattern-982808679-project] Going to run 1 instances... {{(pid=125966) _provision_instances /opt/stack/nova/nova/compute/api.py:1389}}
Jul 11 14:01:10.888531 dv-neutron-840420-14-hyperv devstack@n-api.service[125966]: DEBUG nova.compute.api [None req-72b4913b-834a-4ee1-811b-34911641fed2 tempest-TestVolumeBootPattern-982808679 tempest-TestVolumeBootPattern-982808679-project] [instance: 3af44c4f-4d70-4c5f-8dff-a0d2eab6b1b3] block_device_mapping [BlockDeviceMapping(attachment_id=,boot_index=0,connection_info=None,created_at=,delete_on_termination=False,deleted=,deleted_at=,destination_type='volume',device_name=None,device_type=None,disk_bus=None,guest_format=None,id=,image_id=None,instance=,instance_uuid=,no_device=False,snapshot_id=None,source_type='volume',tag=None,updated_at=,uuid=,volume_id='be314479-b5f4-4551-9616-5f63f9a85797',volume_size=None,volume_type=None)] {{(pid=125966) _bdm_validate_set_size_and_instance /opt/stack/nova/nova/compute/api.py:1807}}
Jul 11 14:01:11.047427 dv-neutron-840420-14-hyperv devstack@n-api.service[125967]: DEBUG nova.api.openstack.wsgi [None req-bc2100bb-e67f-4f44-bf43-58f000b1b688 tempest-ServerActionsTestJSON-1408891976 tempest-ServerActionsTestJSON-1408891976-project] Calling method '>' {{(pid=125967) _process_stack /opt/stack/nova/nova/api/openstack/wsgi.py:513}}
Jul 11 14:01:11.048034 dv-neutron-840420-14-hyperv devstack@n-api.service[125967]: DEBUG nova.compute.api [None req-bc2100bb-e67f-4f44-bf43-58f000b1b688 tempest-ServerActionsTestJSON-1408891976 tempest-ServerActionsTestJSON-1408891976-project] [instance: bcfbcb9d-1ff5-4dc1-b669-c9cf7a1bfde4] Fetching instance by UUID {{(pid=125967) get /opt/stack/nova/nova/compute/api.py:2920}}
Jul 11 14:01:11.055163 dv-neutron-840420-14-hyperv devstack@n-api.service[125967]: DEBUG oslo_concurrency.lockutils [None req-bc2100bb-e67f-4f44-bf43-58f000b1b688 tempest-ServerActionsTestJSON-1408891976 tempest-ServerActionsTestJSON-1408891976-project] Lock "e076d024-30ce-4943-ae71-6c0ecb36e1fd" acquired by "nova.context.set_target_cell..get_or_set_cached_cell_and_set_connections" :: waited 0.000s {{(pid=125967) inner /usr/local/lib/python3.8/dist-packages/oslo_concurrency/lockutils.py:386}}
Jul 11 14:01:11.055650 dv-neutron-840420-14-hyperv devstack@n-api.service[125967]: DEBUG oslo_concurrency.lockutils [None req-bc2100bb-e67f-4f44-bf43-58f000b1b688 tempest-ServerActionsTestJSON-1408891976 tempest-ServerActionsTestJSON-1408891976-project] Lock "e076d024-30ce-4943-ae71-6c0ecb36e1fd" "released" by "nova.context.set_target_cell..get_or_set_cached_cell_and_set_connections" :: held 0.001s {{(pid=125967) inner /usr/local/lib/python3.8/dist-packages/oslo_concurrency/lockutils.py:400}}
Jul 11 14:01:11.056418 dv-neutron-840420-14-hyperv devstack@n-api.service[125967]: DEBUG oslo_concurrency.lockutils [None req-bc2100bb-e67f-4f44-bf43-58f000b1b688 tempest-ServerActionsTestJSON-1408891976 tempest-ServerActionsTestJSON-1408891976-project] Lock "e076d024-30ce-4943-ae71-6c0ecb36e1fd" acquired by "nova.context.set_target_cell..get_or_set_cached_cell_and_set_connections" :: waited 0.000s {{(pid=125967) inner /usr/local/lib/python3.8/dist-packages/oslo_concurrency/lockutils.py:386}}
Jul 11 14:01:11.056859 dv-neutron-840420-14-hyperv devstack@n-api.service[125967]: DEBUG oslo_concurrency.lockutils [None req-bc2100bb-e67f-4f44-bf43-58f000b1b688 tempest-ServerActionsTestJSON-1408891976 tempest-ServerActionsTestJSON-1408891976-project] Lock "e076d024-30ce-4943-ae71-6c0ecb36e1fd" "released" by "nova.context.set_target_cell..get_or_set_cached_cell_and_set_connections" :: held 0.000s {{(pid=125967) inner /usr/local/lib/python3.8/dist-packages/oslo_concurrency/lockutils.py:400}}
Jul 11 14:01:11.234059 dv-neutron-840420-14-hyperv devstack@n-api.service[125967]: DEBUG nova.policy [None req-bc2100bb-e67f-4f44-bf43-58f000b1b688 tempest-ServerActionsTestJSON-1408891976 tempest-ServerActionsTestJSON-1408891976-project] Policy check for os_compute_api:os-extended-server-attributes failed with credentials {'is_admin': False, 'user_id': 'ebe7f60d62ff4caba3a017479aaa4789', 'user_domain_id': 'default', 'system_scope': None, 'domain_id': None, 'project_id': 'b8f008bda3234d1eac910fbe66366127', 'project_domain_id': 'default', 'roles': ['member', 'reader'], 'is_admin_project': True, 'service_user_id': None, 'service_user_domain_id': None, 'service_project_id': None, 'service_project_domain_id': None, 'service_roles': []} {{(pid=125967) authorize /opt/stack/nova/nova/policy.py:199}}
Jul 11 14:01:11.244622 dv-neutron-840420-14-hyperv devstack@n-api.service[125967]: INFO nova.api.openstack.requestlog [None req-bc2100bb-e67f-4f44-bf43-58f000b1b688 tempest-ServerActionsTestJSON-1408891976 tempest-ServerActionsTestJSON-1408891976-project] 10.222.0.58 "GET /compute/v2.1/servers/bcfbcb9d-1ff5-4dc1-b669-c9cf7a1bfde4" status: 200 len: 1679 microversion: 2.1 time: 0.201296
Jul 11 14:01:11.245244 dv-neutron-840420-14-hyperv devstack@n-api.service[125967]: [pid: 125967|app: 0|req: 109/213] 10.222.0.58 () {58 vars in 1235 bytes} [Mon Jul 11 14:01:11 2022] GET /compute/v2.1/servers/bcfbcb9d-1ff5-4dc1-b669-c9cf7a1bfde4 => generated 1679 bytes in 203 msecs (HTTP/1.1 200) 9 headers in 358 bytes (2 switches on core 0)
Jul 11 14:01:11.250611 dv-neutron-840420-14-hyperv devstack@n-api.service[125967]: DEBUG nova.api.openstack.wsgi [None req-5bd90208-6fef-41fa-adbe-dc1448183c92 tempest-TestServerAdvancedOps-1161909053 tempest-TestServerAdvancedOps-1161909053-project] Calling method '>' {{(pid=125967) _process_stack /opt/stack/nova/nova/api/openstack/wsgi.py:513}}
Jul 11 14:01:11.251231 dv-neutron-840420-14-hyperv devstack@n-api.service[125967]: DEBUG nova.compute.api [None req-5bd90208-6fef-41fa-adbe-dc1448183c92 tempest-TestServerAdvancedOps-1161909053 tempest-TestServerAdvancedOps-1161909053-project] [instance: e40734ac-6a01-4956-bda6-2ce534a08ef3] Fetching instance by UUID {{(pid=125967) get /opt/stack/nova/nova/compute/api.py:2920}}
Jul 11 14:01:11.258125 dv-neutron-840420-14-hyperv devstack@n-api.service[125967]: DEBUG oslo_concurrency.lockutils [None req-5bd90208-6fef-41fa-adbe-dc1448183c92 tempest-TestServerAdvancedOps-1161909053 tempest-TestServerAdvancedOps-1161909053-project] Lock "e076d024-30ce-4943-ae71-6c0ecb36e1fd" acquired by "nova.context.set_target_cell..get_or_set_cached_cell_and_set_connections" :: waited 0.000s {{(pid=125967) inner /usr/local/lib/python3.8/dist-packages/oslo_concurrency/lockutils.py:386}}
Jul 11 14:01:11.258586 dv-neutron-840420-14-hyperv devstack@n-api.service[125967]: DEBUG oslo_concurrency.lockutils [None req-5bd90208-6fef-41fa-adbe-dc1448183c92 tempest-TestServerAdvancedOps-1161909053 tempest-TestServerAdvancedOps-1161909053-project] Lock "e076d024-30ce-4943-ae71-6c0ecb36e1fd" "released" by "nova.context.set_target_cell..get_or_set_cached_cell_and_set_connections" :: held 0.001s {{(pid=125967) inner /usr/local/lib/python3.8/dist-packages/oslo_concurrency/lockutils.py:400}}
Jul 11 14:01:11.259369 dv-neutron-840420-14-hyperv devstack@n-api.service[125967]: DEBUG oslo_concurrency.lockutils [None req-5bd90208-6fef-41fa-adbe-dc1448183c92 tempest-TestServerAdvancedOps-1161909053 tempest-TestServerAdvancedOps-1161909053-project] Lock "e076d024-30ce-4943-ae71-6c0ecb36e1fd" acquired by "nova.context.set_target_cell..get_or_set_cached_cell_and_set_connections" :: waited 0.000s {{(pid=125967) inner /usr/local/lib/python3.8/dist-packages/oslo_concurrency/lockutils.py:386}}
Jul 11 14:01:11.259849 dv-neutron-840420-14-hyperv devstack@n-api.service[125967]: DEBUG oslo_concurrency.lockutils [None req-5bd90208-6fef-41fa-adbe-dc1448183c92 tempest-TestServerAdvancedOps-1161909053 tempest-TestServerAdvancedOps-1161909053-project] Lock "e076d024-30ce-4943-ae71-6c0ecb36e1fd" "released" by "nova.context.set_target_cell..get_or_set_cached_cell_and_set_connections" :: held 0.000s {{(pid=125967) inner /usr/local/lib/python3.8/dist-packages/oslo_concurrency/lockutils.py:400}}
Jul 11 14:01:11.469077 dv-neutron-840420-14-hyperv devstack@n-api.service[125966]: INFO nova.api.openstack.requestlog [None req-72b4913b-834a-4ee1-811b-34911641fed2 tempest-TestVolumeBootPattern-982808679 tempest-TestVolumeBootPattern-982808679-project] 10.222.0.58 "POST /compute/v2.1/servers" status: 202 len: 405 microversion: 2.1 time: 1.241009
Jul 11 14:01:11.475077 dv-neutron-840420-14-hyperv devstack@n-api.service[125966]: [pid: 125966|app: 0|req: 105/214] 10.222.0.58 () {60 vars in 1146 bytes} [Mon Jul 11 14:01:10 2022] POST /compute/v2.1/servers => generated 405 bytes in 1247 msecs (HTTP/1.1 202) 10 headers in 451 bytes (1 switches on core 0)
Jul 11 14:01:11.480162 dv-neutron-840420-14-hyperv devstack@n-api.service[125966]: DEBUG nova.api.openstack.wsgi [None req-46ddb755-def7-471e-98b5-d5490e8875c7 tempest-TestVolumeBootPattern-982808679 tempest-TestVolumeBootPattern-982808679-project] Calling method '>' {{(pid=125966) _process_stack /opt/stack/nova/nova/api/openstack/wsgi.py:513}}
Jul 11 14:01:11.480780 dv-neutron-840420-14-hyperv devstack@n-api.service[125966]: DEBUG nova.compute.api [None req-46ddb755-def7-471e-98b5-d5490e8875c7 tempest-TestVolumeBootPattern-982808679 tempest-TestVolumeBootPattern-982808679-project] [instance: 3af44c4f-4d70-4c5f-8dff-a0d2eab6b1b3] Fetching instance by UUID {{(pid=125966) get /opt/stack/nova/nova/compute/api.py:2920}}
Jul 11 14:01:11.499431 dv-neutron-840420-14-hyperv devstack@n-api.service[125967]: DEBUG nova.policy [None req-5bd90208-6fef-41fa-adbe-dc1448183c92 tempest-TestServerAdvancedOps-1161909053 tempest-TestServerAdvancedOps-1161909053-project] Policy check for os_compute_api:os-extended-server-attributes failed with credentials {'is_admin': False, 'user_id': 'a59d2e417bda486daf14e46e602a3bc1', 'user_domain_id': 'default', 'system_scope': None, 'domain_id': None, 'project_id': '5127689745c24705b642a00c1bbb3917', 'project_domain_id': 'default', 'roles': ['member', 'reader'], 'is_admin_project': True, 'service_user_id': None, 'service_user_domain_id': None, 'service_project_id': None, 'service_project_domain_id': None, 'service_roles': []} {{(pid=125967) authorize /opt/stack/nova/nova/policy.py:199}}
Jul 11 14:01:11.508388 dv-neutron-840420-14-hyperv devstack@n-api.service[125967]: INFO nova.api.openstack.requestlog [None req-5bd90208-6fef-41fa-adbe-dc1448183c92 tempest-TestServerAdvancedOps-1161909053 tempest-TestServerAdvancedOps-1161909053-project] 10.222.0.58 "GET /compute/v2.1/servers/e40734ac-6a01-4956-bda6-2ce534a08ef3" status: 200 len: 1508 microversion: 2.1 time: 0.261838
Jul 11 14:01:11.508977 dv-neutron-840420-14-hyperv devstack@n-api.service[125967]: [pid: 125967|app: 0|req: 110/215] 10.222.0.58 () {58 vars in 1235 bytes} [Mon Jul 11 14:01:11 2022] GET /compute/v2.1/servers/e40734ac-6a01-4956-bda6-2ce534a08ef3 => generated 1508 bytes in 263 msecs (HTTP/1.1 200) 9 headers in 358 bytes (1 switches on core 0)
Jul 11 14:01:11.554161 dv-neutron-840420-14-hyperv devstack@n-api.service[125966]: DEBUG nova.policy [None req-46ddb755-def7-471e-98b5-d5490e8875c7 tempest-TestVolumeBootPattern-982808679 tempest-TestVolumeBootPattern-982808679-project] Policy check for os_compute_api:os-extended-server-attributes failed with credentials {'is_admin': False, 'user_id': '843dc9c3867c4f8182fe8b621cd137cf', 'user_domain_id': 'default', 'system_scope': None, 'domain_id': None, 'project_id': '5fab09f6bf574ef2b1a04a2111bf3da9', 'project_domain_id': 'default', 'roles': ['member', 'reader'], 'is_admin_project': True, 'service_user_id': None, 'service_user_domain_id': None, 'service_project_id': None, 'service_project_domain_id': None, 'service_roles': []} {{(pid=125966) authorize /opt/stack/nova/nova/policy.py:199}}
Jul 11 14:01:11.561099 dv-neutron-840420-14-hyperv devstack@n-api.service[125966]: INFO nova.api.openstack.requestlog [None req-46ddb755-def7-471e-98b5-d5490e8875c7 tempest-TestVolumeBootPattern-982808679 tempest-TestVolumeBootPattern-982808679-project] 10.222.0.58 "GET /compute/v2.1/servers/3af44c4f-4d70-4c5f-8dff-a0d2eab6b1b3" status: 200 len: 1094 microversion: 2.1 time: 0.084791
Jul 11 14:01:11.565558 dv-neutron-840420-14-hyperv devstack@n-api.service[125966]: [pid: 125966|app: 0|req: 106/216] 10.222.0.58 () {58 vars in 1235 bytes} [Mon Jul 11 14:01:11 2022] GET /compute/v2.1/servers/3af44c4f-4d70-4c5f-8dff-a0d2eab6b1b3 => generated 1094 bytes in 90 msecs (HTTP/1.1 200) 9 headers in 358 bytes (1 switches on core 0)
Jul 11 14:01:11.867550 dv-neutron-840420-14-hyperv devstack@n-api.service[125967]: DEBUG nova.api.openstack.wsgi [req-1418f573-1e94-464c-8211-9180d0ca2805 req-1f5f2e19-fdf1-4ffb-85fe-f6f9e521093d service nova] Action: 'create', calling method: >, body: {"events": [{"server_uuid": "e40734ac-6a01-4956-bda6-2ce534a08ef3", "name": "network-vif-deleted", "tag": "e237ba88-077b-4fd5-9ad7-1e7d6c1f73b7"}]} {{(pid=125967) _process_stack /opt/stack/nova/nova/api/openstack/wsgi.py:511}}
Jul 11 14:01:11.876105 dv-neutron-840420-14-hyperv devstack@n-api.service[125967]: DEBUG oslo_concurrency.lockutils [req-1418f573-1e94-464c-8211-9180d0ca2805 req-1f5f2e19-fdf1-4ffb-85fe-f6f9e521093d service nova] Lock "e076d024-30ce-4943-ae71-6c0ecb36e1fd" acquired by "nova.context.set_target_cell..get_or_set_cached_cell_and_set_connections" :: waited 0.000s {{(pid=125967) inner /usr/local/lib/python3.8/dist-packages/oslo_concurrency/lockutils.py:386}}
Jul 11 14:01:11.876632 dv-neutron-840420-14-hyperv devstack@n-api.service[125967]: DEBUG oslo_concurrency.lockutils [req-1418f573-1e94-464c-8211-9180d0ca2805 req-1f5f2e19-fdf1-4ffb-85fe-f6f9e521093d service nova] Lock "e076d024-30ce-4943-ae71-6c0ecb36e1fd" "released" by "nova.context.set_target_cell..get_or_set_cached_cell_and_set_connections" :: held 0.001s {{(pid=125967) inner /usr/local/lib/python3.8/dist-packages/oslo_concurrency/lockutils.py:400}}
Jul 11 14:01:11.888244 dv-neutron-840420-14-hyperv devstack@n-api.service[125967]: INFO nova.api.openstack.compute.server_external_events [req-1418f573-1e94-464c-8211-9180d0ca2805 req-1f5f2e19-fdf1-4ffb-85fe-f6f9e521093d service nova] Creating event network-vif-deleted:e237ba88-077b-4fd5-9ad7-1e7d6c1f73b7 for instance e40734ac-6a01-4956-bda6-2ce534a08ef3 on hv-neutron-8404
Jul 11 14:01:11.893346 dv-neutron-840420-14-hyperv devstack@n-api.service[125967]: INFO nova.api.openstack.requestlog [req-1418f573-1e94-464c-8211-9180d0ca2805 req-1f5f2e19-fdf1-4ffb-85fe-f6f9e521093d service nova] 10.222.0.58 "POST /compute/v2.1/os-server-external-events" status: 200 len: 183 microversion: 2.1 time: 0.031332
Jul 11 14:01:11.894278 dv-neutron-840420-14-hyperv devstack@n-api.service[125967]: [pid: 125967|app: 0|req: 111/217] 10.222.0.58 () {64 vars in 1317 bytes} [Mon Jul 11 14:01:11 2022] POST /compute/v2.1/os-server-external-events => generated 183 bytes in 33 msecs (HTTP/1.1 200) 9 headers in 357 bytes (1 switches on core 0)
Jul 11 14:01:12.262111 dv-neutron-840420-14-hyperv devstack@n-api.service[125966]: DEBUG nova.api.openstack.wsgi [None req-d236e841-ee49-47f3-bf65-95b670c43387 tempest-ServerActionsTestJSON-1408891976 tempest-ServerActionsTestJSON-1408891976-project] Calling method '>' {{(pid=125966) _process_stack /opt/stack/nova/nova/api/openstack/wsgi.py:513}}
Jul 11 14:01:12.262808 dv-neutron-840420-14-hyperv devstack@n-api.service[125966]: DEBUG nova.compute.api [None req-d236e841-ee49-47f3-bf65-95b670c43387 tempest-ServerActionsTestJSON-1408891976 tempest-ServerActionsTestJSON-1408891976-project] [instance: bcfbcb9d-1ff5-4dc1-b669-c9cf7a1bfde4] Fetching instance by UUID {{(pid=125966) get /opt/stack/nova/nova/compute/api.py:2920}}
Jul 11 14:01:12.269282 dv-neutron-840420-14-hyperv devstack@n-api.service[125966]: DEBUG oslo_concurrency.lockutils [None req-d236e841-ee49-47f3-bf65-95b670c43387 tempest-ServerActionsTestJSON-1408891976 tempest-ServerActionsTestJSON-1408891976-project] Lock "e076d024-30ce-4943-ae71-6c0ecb36e1fd" acquired by "nova.context.set_target_cell..get_or_set_cached_cell_and_set_connections" :: waited 0.000s {{(pid=125966) inner /usr/local/lib/python3.8/dist-packages/oslo_concurrency/lockutils.py:386}}
Jul 11 14:01:12.270006 dv-neutron-840420-14-hyperv devstack@n-api.service[125966]: DEBUG oslo_concurrency.lockutils [None req-d236e841-ee49-47f3-bf65-95b670c43387 tempest-ServerActionsTestJSON-1408891976 tempest-ServerActionsTestJSON-1408891976-project] Lock "e076d024-30ce-4943-ae71-6c0ecb36e1fd" "released" by "nova.context.set_target_cell..get_or_set_cached_cell_and_set_connections" :: held 0.001s {{(pid=125966) inner /usr/local/lib/python3.8/dist-packages/oslo_concurrency/lockutils.py:400}}
Jul 11 14:01:12.270587 dv-neutron-840420-14-hyperv devstack@n-api.service[125966]: DEBUG oslo_concurrency.lockutils [None req-d236e841-ee49-47f3-bf65-95b670c43387 tempest-ServerActionsTestJSON-1408891976 tempest-ServerActionsTestJSON-1408891976-project] Lock "e076d024-30ce-4943-ae71-6c0ecb36e1fd" acquired by "nova.context.set_target_cell..get_or_set_cached_cell_and_set_connections" :: waited 0.000s {{(pid=125966) inner /usr/local/lib/python3.8/dist-packages/oslo_concurrency/lockutils.py:386}}
Jul 11 14:01:12.271573 dv-neutron-840420-14-hyperv devstack@n-api.service[125966]: DEBUG oslo_concurrency.lockutils [None req-d236e841-ee49-47f3-bf65-95b670c43387 tempest-ServerActionsTestJSON-1408891976 tempest-ServerActionsTestJSON-1408891976-project] Lock "e076d024-30ce-4943-ae71-6c0ecb36e1fd" "released" by "nova.context.set_target_cell..get_or_set_cached_cell_and_set_connections" :: held 0.000s {{(pid=125966) inner /usr/local/lib/python3.8/dist-packages/oslo_concurrency/lockutils.py:400}}
Jul 11 14:01:12.417398 dv-neutron-840420-14-hyperv devstack@n-api.service[125966]: DEBUG nova.policy [None req-d236e841-ee49-47f3-bf65-95b670c43387 tempest-ServerActionsTestJSON-1408891976 tempest-ServerActionsTestJSON-1408891976-project] Policy check for os_compute_api:os-extended-server-attributes failed with credentials {'is_admin': False, 'user_id': 'ebe7f60d62ff4caba3a017479aaa4789', 'user_domain_id': 'default', 'system_scope': None, 'domain_id': None, 'project_id': 'b8f008bda3234d1eac910fbe66366127', 'project_domain_id': 'default', 'roles': ['member', 'reader'], 'is_admin_project': True, 'service_user_id': None, 'service_user_domain_id': None, 'service_project_id': None, 'service_project_domain_id': None, 'service_roles': []} {{(pid=125966) authorize /opt/stack/nova/nova/policy.py:199}}
Jul 11 14:01:12.425189 dv-neutron-840420-14-hyperv devstack@n-api.service[125966]: INFO nova.api.openstack.requestlog [None req-d236e841-ee49-47f3-bf65-95b670c43387 tempest-ServerActionsTestJSON-1408891976 tempest-ServerActionsTestJSON-1408891976-project] 10.222.0.58 "GET /compute/v2.1/servers/bcfbcb9d-1ff5-4dc1-b669-c9cf7a1bfde4" status: 200 len: 1656 microversion: 2.1 time: 0.167116
Jul 11 14:01:12.425809 dv-neutron-840420-14-hyperv devstack@n-api.service[125966]: [pid: 125966|app: 0|req: 107/218] 10.222.0.58 () {58 vars in 1235 bytes} [Mon Jul 11 14:01:12 2022] GET /compute/v2.1/servers/bcfbcb9d-1ff5-4dc1-b669-c9cf7a1bfde4 => generated 1656 bytes in 168 msecs (HTTP/1.1 200) 9 headers in 358 bytes (1 switches on core 0)
Jul 11 14:01:12.447731 dv-neutron-840420-14-hyperv devstack@n-api.service[125967]: DEBUG nova.api.openstack.wsgi [None req-5bdb1cb8-6890-4027-af47-eb3b53446d3d tempest-ServerActionsTestJSON-1408891976 tempest-ServerActionsTestJSON-1408891976-project] Action: 'action', calling method: >, body: {"os-start": {}} {{(pid=125967) _process_stack /opt/stack/nova/nova/api/openstack/wsgi.py:511}}
Jul 11 14:01:12.454089 dv-neutron-840420-14-hyperv devstack@n-api.service[125967]: DEBUG oslo_concurrency.lockutils [None req-5bdb1cb8-6890-4027-af47-eb3b53446d3d tempest-ServerActionsTestJSON-1408891976 tempest-ServerActionsTestJSON-1408891976-project] Lock "e076d024-30ce-4943-ae71-6c0ecb36e1fd" acquired by "nova.context.set_target_cell..get_or_set_cached_cell_and_set_connections" :: waited 0.000s {{(pid=125967) inner /usr/local/lib/python3.8/dist-packages/oslo_concurrency/lockutils.py:386}}
Jul 11 14:01:12.460712 dv-neutron-840420-14-hyperv devstack@n-api.service[125967]: DEBUG oslo_concurrency.lockutils [None req-5bdb1cb8-6890-4027-af47-eb3b53446d3d tempest-ServerActionsTestJSON-1408891976 tempest-ServerActionsTestJSON-1408891976-project] Lock "e076d024-30ce-4943-ae71-6c0ecb36e1fd" "released" by "nova.context.set_target_cell..get_or_set_cached_cell_and_set_connections" :: held 0.001s {{(pid=125967) inner /usr/local/lib/python3.8/dist-packages/oslo_concurrency/lockutils.py:400}}
