May 23 14:36:16.739746 dv-neutron-840419-6-hyperv devstack@keystone.service[87302]: DEBUG keystone.server.flask.request_processing.middleware.auth_context [None req-6890f9f7-0eea-4920-a880-8ef84b0a4956 None admin] Authenticating user token {{(pid=87302) process_request /usr/local/lib/python3.8/dist-packages/keystonemiddleware/auth_token/__init__.py:407}}
May 23 14:36:16.742926 dv-neutron-840419-6-hyperv devstack@keystone.service[87302]: DEBUG dbcounter [-] [87302] Writing DB stats keystone:SELECT=100 {{(pid=87302) stat_writer /usr/local/lib/python3.8/dist-packages/dbcounter.py:114}}
May 23 14:36:16.830130 dv-neutron-840419-6-hyperv devstack@keystone.service[87303]: DEBUG keystone.server.flask.request_processing.middleware.auth_context [None req-98817172-9f6e-4260-8f7b-2f249cf1901e None admin] Validating token access rules against request {{(pid=87303) validate_allowed_request /usr/local/lib/python3.8/dist-packages/keystonemiddleware/auth_token/__init__.py:545}}
May 23 14:36:16.875821 dv-neutron-840419-6-hyperv devstack@keystone.service[87302]: DEBUG keystone.server.flask.request_processing.middleware.auth_context [None req-6890f9f7-0eea-4920-a880-8ef84b0a4956 None admin] Validating token access rules against request {{(pid=87302) validate_allowed_request /usr/local/lib/python3.8/dist-packages/keystonemiddleware/auth_token/__init__.py:545}}
May 23 14:36:16.880914 dv-neutron-840419-6-hyperv devstack@keystone.service[87303]: DEBUG keystone.server.flask.request_processing.middleware.auth_context [None req-42a6b399-707c-4ffb-833d-a582e2679da0 None admin] RBAC: auth_context: {'token': , 'domain_id': None, 'trust_id': None, 'trustor_id': None, 'trustee_id': None, 'domain_name': None, 'group_ids': [], 'user_id': 'b79336e81fcb4307a9ab7a9e7acfaf64', 'user_domain_id': 'default', 'system_scope': 'all', 'project_id': None, 'project_domain_id': None, 'roles': ['admin', 'member', 'reader'], 'is_admin_project': True, 'service_user_id': None, 'service_user_domain_id': None, 'service_project_id': None, 'service_project_domain_id': None, 'service_roles': []} {{(pid=87303) fill_context /opt/stack/keystone/keystone/server/flask/request_processing/middleware/auth_context.py:478}}
May 23 14:36:16.881689 dv-neutron-840419-6-hyperv devstack@keystone.service[87303]: DEBUG keystone.server.flask.request_processing.req_logging [None req-42a6b399-707c-4ffb-833d-a582e2679da0 None admin] REQUEST_METHOD: `GET` {{(pid=87303) log_request_info /opt/stack/keystone/keystone/server/flask/request_processing/req_logging.py:27}}
May 23 14:36:16.882032 dv-neutron-840419-6-hyperv devstack@keystone.service[87303]: DEBUG keystone.server.flask.request_processing.req_logging [None req-42a6b399-707c-4ffb-833d-a582e2679da0 None admin] SCRIPT_NAME: `/identity` {{(pid=87303) log_request_info /opt/stack/keystone/keystone/server/flask/request_processing/req_logging.py:28}}
May 23 14:36:16.882383 dv-neutron-840419-6-hyperv devstack@keystone.service[87303]: DEBUG keystone.server.flask.request_processing.req_logging [None req-42a6b399-707c-4ffb-833d-a582e2679da0 None admin] PATH_INFO: `/v3/roles` {{(pid=87303) log_request_info /opt/stack/keystone/keystone/server/flask/request_processing/req_logging.py:29}}
May 23 14:36:16.883313 dv-neutron-840419-6-hyperv devstack@keystone.service[87303]: DEBUG keystone.common.rbac_enforcer.enforcer [None req-42a6b399-707c-4ffb-833d-a582e2679da0 None admin] RBAC: Adding query filter params (name=reader) {{(pid=87303) _extract_filter_values /opt/stack/keystone/keystone/common/rbac_enforcer/enforcer.py:167}}
May 23 14:36:16.883698 dv-neutron-840419-6-hyperv devstack@keystone.service[87303]: DEBUG keystone.common.rbac_enforcer.enforcer [None req-42a6b399-707c-4ffb-833d-a582e2679da0 None admin] RBAC: Authorizing `identity:list_roles()` {{(pid=87303) enforce_call /opt/stack/keystone/keystone/common/rbac_enforcer/enforcer.py:449}}
May 23 14:36:16.886441 dv-neutron-840419-6-hyperv devstack@keystone.service[87303]: DEBUG keystone.common.rbac_enforcer.enforcer [None req-42a6b399-707c-4ffb-833d-a582e2679da0 None admin] RBAC: Authorization granted {{(pid=87303) enforce_call /opt/stack/keystone/keystone/common/rbac_enforcer/enforcer.py:457}}
May 23 14:36:16.903794 dv-neutron-840419-6-hyperv devstack@keystone.service[87303]: [pid: 87303|app: 0|req: 156/306] 10.222.0.41 () {56 vars in 1101 bytes} [Mon May 23 14:36:16 2022] GET /identity/v3/roles?name=reader => generated 341 bytes in 213 msecs (HTTP/1.1 200) 5 headers in 177 bytes (1 switches on core 0)
May 23 14:36:16.909742 dv-neutron-840419-6-hyperv devstack@keystone.service[87303]: DEBUG keystone.server.flask.request_processing.middleware.auth_context [None req-42a6b399-707c-4ffb-833d-a582e2679da0 None admin] Authenticating user token {{(pid=87303) process_request /usr/local/lib/python3.8/dist-packages/keystonemiddleware/auth_token/__init__.py:407}}
May 23 14:36:16.918669 dv-neutron-840419-6-hyperv devstack@keystone.service[87302]: DEBUG keystone.server.flask.request_processing.middleware.auth_context [None req-454c5b58-eeb3-4a83-871e-7983dd8701a5 None admin] RBAC: auth_context: {'token': , 'domain_id': None, 'trust_id': None, 'trustor_id': None, 'trustee_id': None, 'domain_name': None, 'group_ids': [], 'user_id': 'b79336e81fcb4307a9ab7a9e7acfaf64', 'user_domain_id': 'default', 'system_scope': 'all', 'project_id': None, 'project_domain_id': None, 'roles': ['admin', 'member', 'reader'], 'is_admin_project': True, 'service_user_id': None, 'service_user_domain_id': None, 'service_project_id': None, 'service_project_domain_id': None, 'service_roles': []} {{(pid=87302) fill_context /opt/stack/keystone/keystone/server/flask/request_processing/middleware/auth_context.py:478}}
May 23 14:36:16.919915 dv-neutron-840419-6-hyperv devstack@keystone.service[87302]: DEBUG keystone.server.flask.request_processing.req_logging [None req-454c5b58-eeb3-4a83-871e-7983dd8701a5 None admin] REQUEST_METHOD: `GET` {{(pid=87302) log_request_info /opt/stack/keystone/keystone/server/flask/request_processing/req_logging.py:27}}
May 23 14:36:16.920416 dv-neutron-840419-6-hyperv devstack@keystone.service[87302]: DEBUG keystone.server.flask.request_processing.req_logging [None req-454c5b58-eeb3-4a83-871e-7983dd8701a5 None admin] SCRIPT_NAME: `/identity` {{(pid=87302) log_request_info /opt/stack/keystone/keystone/server/flask/request_processing/req_logging.py:28}}
May 23 14:36:16.920987 dv-neutron-840419-6-hyperv devstack@keystone.service[87302]: DEBUG keystone.server.flask.request_processing.req_logging [None req-454c5b58-eeb3-4a83-871e-7983dd8701a5 None admin] PATH_INFO: `/v3/users/79b1779b28414df5a7cb5303fdb1bc44` {{(pid=87302) log_request_info /opt/stack/keystone/keystone/server/flask/request_processing/req_logging.py:29}}
May 23 14:36:16.940113 dv-neutron-840419-6-hyperv devstack@keystone.service[87302]: DEBUG keystone.common.rbac_enforcer.enforcer [None req-454c5b58-eeb3-4a83-871e-7983dd8701a5 None admin] RBAC: Authorizing `identity:get_user(user_id=79b1779b28414df5a7cb5303fdb1bc44)` {{(pid=87302) enforce_call /opt/stack/keystone/keystone/common/rbac_enforcer/enforcer.py:449}}
May 23 14:36:16.942013 dv-neutron-840419-6-hyperv devstack@keystone.service[87302]: DEBUG keystone.common.rbac_enforcer.enforcer [None req-454c5b58-eeb3-4a83-871e-7983dd8701a5 None admin] RBAC: Authorization granted {{(pid=87302) enforce_call /opt/stack/keystone/keystone/common/rbac_enforcer/enforcer.py:457}}
May 23 14:36:16.948512 dv-neutron-840419-6-hyperv devstack@keystone.service[87302]: [pid: 87302|app: 0|req: 151/307] 10.222.0.41 () {56 vars in 1177 bytes} [Mon May 23 14:36:16 2022] GET /identity/v3/users/79b1779b28414df5a7cb5303fdb1bc44 => generated 293 bytes in 205 msecs (HTTP/1.1 200) 5 headers in 177 bytes (1 switches on core 0)
May 23 14:36:16.950548 dv-neutron-840419-6-hyperv devstack@keystone.service[87302]: DEBUG keystone.server.flask.request_processing.middleware.auth_context [None req-454c5b58-eeb3-4a83-871e-7983dd8701a5 None admin] Authenticating user token {{(pid=87302) process_request /usr/local/lib/python3.8/dist-packages/keystonemiddleware/auth_token/__init__.py:407}}
May 23 14:36:16.976397 dv-neutron-840419-6-hyperv devstack@keystone.service[87303]: DEBUG dbcounter [-] [87303] Writing DB stats keystone:SELECT=99,keystone:INSERT=1 {{(pid=87303) stat_writer /usr/local/lib/python3.8/dist-packages/dbcounter.py:114}}
May 23 14:36:17.049787 dv-neutron-840419-6-hyperv devstack@keystone.service[87303]: DEBUG keystone.server.flask.request_processing.middleware.auth_context [None req-42a6b399-707c-4ffb-833d-a582e2679da0 None admin] Validating token access rules against request {{(pid=87303) validate_allowed_request /usr/local/lib/python3.8/dist-packages/keystonemiddleware/auth_token/__init__.py:545}}
May 23 14:36:17.056952 dv-neutron-840419-6-hyperv devstack@keystone.service[87302]: DEBUG dbcounter [-] [87302] Writing DB stats keystone:SELECT=100 {{(pid=87302) stat_writer /usr/local/lib/python3.8/dist-packages/dbcounter.py:114}}
May 23 14:36:17.078848 dv-neutron-840419-6-hyperv devstack@keystone.service[87302]: DEBUG keystone.server.flask.request_processing.middleware.auth_context [None req-454c5b58-eeb3-4a83-871e-7983dd8701a5 None admin] Validating token access rules against request {{(pid=87302) validate_allowed_request /usr/local/lib/python3.8/dist-packages/keystonemiddleware/auth_token/__init__.py:545}}
May 23 14:36:17.094441 dv-neutron-840419-6-hyperv devstack@keystone.service[87303]: DEBUG keystone.server.flask.request_processing.middleware.auth_context [None req-4c954fca-2a80-49ef-b6d0-884ae4b76d34 None admin] RBAC: auth_context: {'token': , 'domain_id': None, 'trust_id': None, 'trustor_id': None, 'trustee_id': None, 'domain_name': None, 'group_ids': [], 'user_id': 'b79336e81fcb4307a9ab7a9e7acfaf64', 'user_domain_id': 'default', 'system_scope': 'all', 'project_id': None, 'project_domain_id': None, 'roles': ['admin', 'member', 'reader'], 'is_admin_project': True, 'service_user_id': None, 'service_user_domain_id': None, 'service_project_id': None, 'service_project_domain_id': None, 'service_roles': []} {{(pid=87303) fill_context /opt/stack/keystone/keystone/server/flask/request_processing/middleware/auth_context.py:478}}
May 23 14:36:17.095348 dv-neutron-840419-6-hyperv devstack@keystone.service[87303]: DEBUG keystone.server.flask.request_processing.req_logging [None req-4c954fca-2a80-49ef-b6d0-884ae4b76d34 None admin] REQUEST_METHOD: `GET` {{(pid=87303) log_request_info /opt/stack/keystone/keystone/server/flask/request_processing/req_logging.py:27}}
May 23 14:36:17.095632 dv-neutron-840419-6-hyperv devstack@keystone.service[87303]: DEBUG keystone.server.flask.request_processing.req_logging [None req-4c954fca-2a80-49ef-b6d0-884ae4b76d34 None admin] SCRIPT_NAME: `/identity` {{(pid=87303) log_request_info /opt/stack/keystone/keystone/server/flask/request_processing/req_logging.py:28}}
May 23 14:36:17.095908 dv-neutron-840419-6-hyperv devstack@keystone.service[87303]: DEBUG keystone.server.flask.request_processing.req_logging [None req-4c954fca-2a80-49ef-b6d0-884ae4b76d34 None admin] PATH_INFO: `/v3/users/56d32b798fd2444b9a16b20925224968` {{(pid=87303) log_request_info /opt/stack/keystone/keystone/server/flask/request_processing/req_logging.py:29}}
May 23 14:36:17.097444 dv-neutron-840419-6-hyperv devstack@keystone.service[87303]: DEBUG keystone.common.rbac_enforcer.enforcer [None req-4c954fca-2a80-49ef-b6d0-884ae4b76d34 None admin] RBAC: Authorizing `identity:get_user(user_id=56d32b798fd2444b9a16b20925224968)` {{(pid=87303) enforce_call /opt/stack/keystone/keystone/common/rbac_enforcer/enforcer.py:449}}
May 23 14:36:17.099554 dv-neutron-840419-6-hyperv devstack@keystone.service[87303]: DEBUG keystone.common.rbac_enforcer.enforcer [None req-4c954fca-2a80-49ef-b6d0-884ae4b76d34 None admin] RBAC: Authorization granted {{(pid=87303) enforce_call /opt/stack/keystone/keystone/common/rbac_enforcer/enforcer.py:457}}
May 23 14:36:17.101660 dv-neutron-840419-6-hyperv devstack@keystone.service[87303]: [pid: 87303|app: 0|req: 157/308] 10.222.0.41 () {56 vars in 1177 bytes} [Mon May 23 14:36:16 2022] GET /identity/v3/users/56d32b798fd2444b9a16b20925224968 => generated 297 bytes in 193 msecs (HTTP/1.1 200) 5 headers in 177 bytes (1 switches on core 0)
May 23 14:36:17.107131 dv-neutron-840419-6-hyperv devstack@keystone.service[87303]: DEBUG keystone.server.flask.request_processing.middleware.auth_context [None req-4c954fca-2a80-49ef-b6d0-884ae4b76d34 None admin] Authenticating user token {{(pid=87303) process_request /usr/local/lib/python3.8/dist-packages/keystonemiddleware/auth_token/__init__.py:407}}
May 23 14:36:17.124365 dv-neutron-840419-6-hyperv devstack@keystone.service[87302]: DEBUG keystone.server.flask.request_processing.middleware.auth_context [None req-c14e3bf8-099b-4370-9d3c-64b778306ba8 None admin] RBAC: auth_context: {'token': , 'domain_id': None, 'trust_id': None, 'trustor_id': None, 'trustee_id': None, 'domain_name': None, 'group_ids': [], 'user_id': 'b79336e81fcb4307a9ab7a9e7acfaf64', 'user_domain_id': 'default', 'system_scope': 'all', 'project_id': None, 'project_domain_id': None, 'roles': ['admin', 'member', 'reader'], 'is_admin_project': True, 'service_user_id': None, 'service_user_domain_id': None, 'service_project_id': None, 'service_project_domain_id': None, 'service_roles': []} {{(pid=87302) fill_context /opt/stack/keystone/keystone/server/flask/request_processing/middleware/auth_context.py:478}}
May 23 14:36:17.125784 dv-neutron-840419-6-hyperv devstack@keystone.service[87302]: DEBUG keystone.server.flask.request_processing.req_logging [None req-c14e3bf8-099b-4370-9d3c-64b778306ba8 None admin] REQUEST_METHOD: `GET` {{(pid=87302) log_request_info /opt/stack/keystone/keystone/server/flask/request_processing/req_logging.py:27}}
May 23 14:36:17.126332 dv-neutron-840419-6-hyperv devstack@keystone.service[87302]: DEBUG keystone.server.flask.request_processing.req_logging [None req-c14e3bf8-099b-4370-9d3c-64b778306ba8 None admin] SCRIPT_NAME: `/identity` {{(pid=87302) log_request_info /opt/stack/keystone/keystone/server/flask/request_processing/req_logging.py:28}}
May 23 14:36:17.126952 dv-neutron-840419-6-hyperv devstack@keystone.service[87302]: DEBUG keystone.server.flask.request_processing.req_logging [None req-c14e3bf8-099b-4370-9d3c-64b778306ba8 None admin] PATH_INFO: `/v3/role_assignments` {{(pid=87302) log_request_info /opt/stack/keystone/keystone/server/flask/request_processing/req_logging.py:29}}
May 23 14:36:17.128089 dv-neutron-840419-6-hyperv devstack@keystone.service[87302]: DEBUG keystone.common.rbac_enforcer.enforcer [None req-c14e3bf8-099b-4370-9d3c-64b778306ba8 None admin] RBAC: Adding query filter params (role.id=70469bfd5e10410b9e2c264749f22e47, user.id=79b1779b28414df5a7cb5303fdb1bc44, scope.system=all) {{(pid=87302) _extract_filter_values /opt/stack/keystone/keystone/common/rbac_enforcer/enforcer.py:167}}
May 23 14:36:17.128699 dv-neutron-840419-6-hyperv devstack@keystone.service[87302]: DEBUG keystone.common.rbac_enforcer.enforcer [None req-c14e3bf8-099b-4370-9d3c-64b778306ba8 None admin] RBAC: Authorizing `identity:list_role_assignments()` {{(pid=87302) enforce_call /opt/stack/keystone/keystone/common/rbac_enforcer/enforcer.py:449}}
May 23 14:36:17.130573 dv-neutron-840419-6-hyperv devstack@keystone.service[87302]: DEBUG keystone.common.rbac_enforcer.enforcer [None req-c14e3bf8-099b-4370-9d3c-64b778306ba8 None admin] RBAC: Authorization granted {{(pid=87302) enforce_call /opt/stack/keystone/keystone/common/rbac_enforcer/enforcer.py:457}}
May 23 14:36:17.144764 dv-neutron-840419-6-hyperv devstack@keystone.service[87302]: [pid: 87302|app: 0|req: 152/309] 10.222.0.41 () {56 vars in 1308 bytes} [Mon May 23 14:36:16 2022] GET /identity/v3/role_assignments?user.id=79b1779b28414df5a7cb5303fdb1bc44&scope.system=all&role.id=70469bfd5e10410b9e2c264749f22e47 => generated 226 bytes in 187 msecs (HTTP/1.1 200) 5 headers in 177 bytes (2 switches on core 0)
May 23 14:36:17.218791 dv-neutron-840419-6-hyperv devstack@keystone.service[87303]: DEBUG keystone.server.flask.request_processing.middleware.auth_context [None req-4c954fca-2a80-49ef-b6d0-884ae4b76d34 None admin] Validating token access rules against request {{(pid=87303) validate_allowed_request /usr/local/lib/python3.8/dist-packages/keystonemiddleware/auth_token/__init__.py:545}}
May 23 14:36:17.242088 dv-neutron-840419-6-hyperv devstack@keystone.service[87303]: DEBUG dbcounter [-] [87303] Writing DB stats keystone:SELECT=100 {{(pid=87303) stat_writer /usr/local/lib/python3.8/dist-packages/dbcounter.py:114}}
May 23 14:36:17.246942 dv-neutron-840419-6-hyperv devstack@keystone.service[87302]: DEBUG keystone.server.flask.request_processing.req_logging [None req-4eacd2cc-1834-4c23-bd25-87c347fa252d None None] REQUEST_METHOD: `GET` {{(pid=87302) log_request_info /opt/stack/keystone/keystone/server/flask/request_processing/req_logging.py:27}}
May 23 14:36:17.247356 dv-neutron-840419-6-hyperv devstack@keystone.service[87302]: DEBUG keystone.server.flask.request_processing.req_logging [None req-4eacd2cc-1834-4c23-bd25-87c347fa252d None None] SCRIPT_NAME: `/identity` {{(pid=87302) log_request_info /opt/stack/keystone/keystone/server/flask/request_processing/req_logging.py:28}}
May 23 14:36:17.247689 dv-neutron-840419-6-hyperv devstack@keystone.service[87302]: DEBUG keystone.server.flask.request_processing.req_logging [None req-4eacd2cc-1834-4c23-bd25-87c347fa252d None None] PATH_INFO: `/` {{(pid=87302) log_request_info /opt/stack/keystone/keystone/server/flask/request_processing/req_logging.py:29}}
May 23 14:36:17.249905 dv-neutron-840419-6-hyperv devstack@keystone.service[87302]: [pid: 87302|app: 0|req: 153/310] 10.222.0.41 () {54 vars in 926 bytes} [Mon May 23 14:36:17 2022] GET /identity => generated 270 bytes in 4 msecs (HTTP/1.1 300) 6 headers in 234 bytes (1 switches on core 0)
May 23 14:36:17.256851 dv-neutron-840419-6-hyperv devstack@keystone.service[87302]: DEBUG keystone.server.flask.request_processing.req_logging [None req-c57de4e1-b57b-4c52-b64c-7bdeaf4d473a None None] REQUEST_METHOD: `POST` {{(pid=87302) log_request_info /opt/stack/keystone/keystone/server/flask/request_processing/req_logging.py:27}}
May 23 14:36:17.257212 dv-neutron-840419-6-hyperv devstack@keystone.service[87302]: DEBUG keystone.server.flask.request_processing.req_logging [None req-c57de4e1-b57b-4c52-b64c-7bdeaf4d473a None None] SCRIPT_NAME: `/identity` {{(pid=87302) log_request_info /opt/stack/keystone/keystone/server/flask/request_processing/req_logging.py:28}}
May 23 14:36:17.257561 dv-neutron-840419-6-hyperv devstack@keystone.service[87302]: DEBUG keystone.server.flask.request_processing.req_logging [None req-c57de4e1-b57b-4c52-b64c-7bdeaf4d473a None None] PATH_INFO: `/v3/auth/tokens` {{(pid=87302) log_request_info /opt/stack/keystone/keystone/server/flask/request_processing/req_logging.py:29}}
May 23 14:36:17.258400 dv-neutron-840419-6-hyperv devstack@keystone.service[87303]: DEBUG keystone.server.flask.request_processing.middleware.auth_context [None req-42cc5fb8-e040-4959-8e0f-1a2e0649276b None admin] RBAC: auth_context: {'token': , 'domain_id': None, 'trust_id': None, 'trustor_id': None, 'trustee_id': None, 'domain_name': None, 'group_ids': [], 'user_id': 'b79336e81fcb4307a9ab7a9e7acfaf64', 'user_domain_id': 'default', 'system_scope': 'all', 'project_id': None, 'project_domain_id': None, 'roles': ['admin', 'member', 'reader'], 'is_admin_project': True, 'service_user_id': None, 'service_user_domain_id': None, 'service_project_id': None, 'service_project_domain_id': None, 'service_roles': []} {{(pid=87303) fill_context /opt/stack/keystone/keystone/server/flask/request_processing/middleware/auth_context.py:478}}
May 23 14:36:17.259255 dv-neutron-840419-6-hyperv devstack@keystone.service[87303]: DEBUG keystone.server.flask.request_processing.req_logging [None req-42cc5fb8-e040-4959-8e0f-1a2e0649276b None admin] REQUEST_METHOD: `GET` {{(pid=87303) log_request_info /opt/stack/keystone/keystone/server/flask/request_processing/req_logging.py:27}}
May 23 14:36:17.259652 dv-neutron-840419-6-hyperv devstack@keystone.service[87303]: DEBUG keystone.server.flask.request_processing.req_logging [None req-42cc5fb8-e040-4959-8e0f-1a2e0649276b None admin] SCRIPT_NAME: `/identity` {{(pid=87303) log_request_info /opt/stack/keystone/keystone/server/flask/request_processing/req_logging.py:28}}
May 23 14:36:17.259928 dv-neutron-840419-6-hyperv devstack@keystone.service[87303]: DEBUG keystone.server.flask.request_processing.req_logging [None req-42cc5fb8-e040-4959-8e0f-1a2e0649276b None admin] PATH_INFO: `/v3/auth/tokens` {{(pid=87303) log_request_info /opt/stack/keystone/keystone/server/flask/request_processing/req_logging.py:29}}
May 23 14:36:17.281402 dv-neutron-840419-6-hyperv devstack@keystone.service[87302]: DEBUG keystone.auth.core [None req-c57de4e1-b57b-4c52-b64c-7bdeaf4d473a None None] MFA Rules not processed for user `b79336e81fcb4307a9ab7a9e7acfaf64`. Rule list: `[]` (Enabled: `True`). {{(pid=87302) check_auth_methods_against_rules /opt/stack/keystone/keystone/auth/core.py:438}}
May 23 14:36:17.283082 dv-neutron-840419-6-hyperv devstack@keystone.service[87302]: DEBUG keystone.common.fernet_utils [None req-c57de4e1-b57b-4c52-b64c-7bdeaf4d473a None None] Loaded 2 Fernet keys from /etc/keystone/fernet-keys/, but `[fernet_tokens] max_active_keys = 3`; perhaps there have not been enough key rotations to reach `max_active_keys` yet? {{(pid=87302) load_keys /opt/stack/keystone/keystone/common/fernet_utils.py:286}}
May 23 14:36:17.338982 dv-neutron-840419-6-hyperv devstack@keystone.service[87303]: DEBUG keystone.common.rbac_enforcer.enforcer [None req-42cc5fb8-e040-4959-8e0f-1a2e0649276b None admin] RBAC: Authorizing `identity:validate_token()` {{(pid=87303) enforce_call /opt/stack/keystone/keystone/common/rbac_enforcer/enforcer.py:449}}
May 23 14:36:17.340601 dv-neutron-840419-6-hyperv devstack@keystone.service[87303]: DEBUG keystone.common.rbac_enforcer.enforcer [None req-42cc5fb8-e040-4959-8e0f-1a2e0649276b None admin] RBAC: Authorization granted {{(pid=87303) enforce_call /opt/stack/keystone/keystone/common/rbac_enforcer/enforcer.py:457}}
May 23 14:36:17.400691 dv-neutron-840419-6-hyperv devstack@keystone.service[87302]: [pid: 87302|app: 0|req: 154/311] 10.222.0.41 () {58 vars in 1023 bytes} [Mon May 23 14:36:17 2022] POST /identity/v3/auth/tokens => generated 799 bytes in 138 msecs (HTTP/1.1 201) 6 headers in 363 bytes (2 switches on core 0)
May 23 14:36:17.422633 dv-neutron-840419-6-hyperv devstack@keystone.service[87302]: DEBUG keystone.server.flask.request_processing.middleware.auth_context [None req-c57de4e1-b57b-4c52-b64c-7bdeaf4d473a None None] Authenticating user token {{(pid=87302) process_request /usr/local/lib/python3.8/dist-packages/keystonemiddleware/auth_token/__init__.py:407}}
May 23 14:36:17.468095 dv-neutron-840419-6-hyperv devstack@keystone.service[87303]: [pid: 87303|app: 0|req: 158/312] 10.222.0.41 () {58 vars in 1282 bytes} [Mon May 23 14:36:17 2022] GET /identity/v3/auth/tokens => generated 799 bytes in 361 msecs (HTTP/1.1 200) 6 headers in 358 bytes (2 switches on core 0)
May 23 14:36:17.475691 dv-neutron-840419-6-hyperv devstack@keystone.service[87303]: DEBUG keystone.server.flask.request_processing.middleware.auth_context [None req-42cc5fb8-e040-4959-8e0f-1a2e0649276b None admin] Authenticating user token {{(pid=87303) process_request /usr/local/lib/python3.8/dist-packages/keystonemiddleware/auth_token/__init__.py:407}}
May 23 14:36:17.500621 dv-neutron-840419-6-hyperv devstack@keystone.service[87302]: DEBUG dbcounter [-] [87302] Writing DB stats keystone:SELECT=100 {{(pid=87302) stat_writer /usr/local/lib/python3.8/dist-packages/dbcounter.py:114}}
May 23 14:36:17.511663 dv-neutron-840419-6-hyperv devstack@keystone.service[87303]: DEBUG dbcounter [-] [87303] Writing DB stats keystone:SELECT=100 {{(pid=87303) stat_writer /usr/local/lib/python3.8/dist-packages/dbcounter.py:114}}
May 23 14:36:17.565754 dv-neutron-840419-6-hyperv devstack@keystone.service[87302]: DEBUG keystone.server.flask.request_processing.middleware.auth_context [None req-c57de4e1-b57b-4c52-b64c-7bdeaf4d473a None None] Validating token access rules against request {{(pid=87302) validate_allowed_request /usr/local/lib/python3.8/dist-packages/keystonemiddleware/auth_token/__init__.py:545}}
May 23 14:36:17.600917 dv-neutron-840419-6-hyperv devstack@keystone.service[87303]: DEBUG keystone.server.flask.request_processing.middleware.auth_context [None req-42cc5fb8-e040-4959-8e0f-1a2e0649276b None admin] Validating token access rules against request {{(pid=87303) validate_allowed_request /usr/local/lib/python3.8/dist-packages/keystonemiddleware/auth_token/__init__.py:545}}
May 23 14:36:17.611139 dv-neutron-840419-6-hyperv devstack@keystone.service[87302]: DEBUG keystone.server.flask.request_processing.middleware.auth_context [None req-275a5e1c-57e2-41dd-b98f-555236a0c69c None admin] RBAC: auth_context: {'token': , 'domain_id': None, 'trust_id': None, 'trustor_id': None, 'trustee_id': None, 'domain_name': None, 'group_ids': [], 'user_id': 'b79336e81fcb4307a9ab7a9e7acfaf64', 'user_domain_id': 'default', 'system_scope': 'all', 'project_id': None, 'project_domain_id': None, 'roles': ['admin', 'member', 'reader'], 'is_admin_project': True, 'service_user_id': None, 'service_user_domain_id': None, 'service_project_id': None, 'service_project_domain_id': None, 'service_roles': []} {{(pid=87302) fill_context /opt/stack/keystone/keystone/server/flask/request_processing/middleware/auth_context.py:478}}
May 23 14:36:17.612281 dv-neutron-840419-6-hyperv devstack@keystone.service[87302]: DEBUG keystone.server.flask.request_processing.req_logging [None req-275a5e1c-57e2-41dd-b98f-555236a0c69c None admin] REQUEST_METHOD: `GET` {{(pid=87302) log_request_info /opt/stack/keystone/keystone/server/flask/request_processing/req_logging.py:27}}
May 23 14:36:17.612670 dv-neutron-840419-6-hyperv devstack@keystone.service[87302]: DEBUG keystone.server.flask.request_processing.req_logging [None req-275a5e1c-57e2-41dd-b98f-555236a0c69c None admin] SCRIPT_NAME: `/identity` {{(pid=87302) log_request_info /opt/stack/keystone/keystone/server/flask/request_processing/req_logging.py:28}}
May 23 14:36:17.613033 dv-neutron-840419-6-hyperv devstack@keystone.service[87302]: DEBUG keystone.server.flask.request_processing.req_logging [None req-275a5e1c-57e2-41dd-b98f-555236a0c69c None admin] PATH_INFO: `/v3/roles/member` {{(pid=87302) log_request_info /opt/stack/keystone/keystone/server/flask/request_processing/req_logging.py:29}}
May 23 14:36:17.627506 dv-neutron-840419-6-hyperv devstack@keystone.service[87302]: DEBUG keystone.common.rbac_enforcer.enforcer [None req-275a5e1c-57e2-41dd-b98f-555236a0c69c None admin] Extracting inferred target data resulted in "NOT FOUND (404)". {{(pid=87302) enforce_call /opt/stack/keystone/keystone/common/rbac_enforcer/enforcer.py:409}}
May 23 14:36:17.637868 dv-neutron-840419-6-hyperv devstack@keystone.service[87302]: ERROR keystone.server.flask.application [None req-275a5e1c-57e2-41dd-b98f-555236a0c69c None admin] Could not find role: member.: keystone.exception.RoleNotFound: Could not find role: member.
May 23 14:36:17.637868 dv-neutron-840419-6-hyperv devstack@keystone.service[87302]: ERROR keystone.server.flask.application
Traceback (most recent call last):
May 23 14:36:17.637868 dv-neutron-840419-6-hyperv devstack@keystone.service[87302]: ERROR keystone.server.flask.application
File "/usr/local/lib/python3.8/dist-packages/flask/app.py", line 1523, in full_dispatch_request
May 23 14:36:17.637868 dv-neutron-840419-6-hyperv devstack@keystone.service[87302]: ERROR keystone.server.flask.application rv = self.dispatch_request()
May 23 14:36:17.637868 dv-neutron-840419-6-hyperv devstack@keystone.service[87302]: ERROR keystone.server.flask.application
File "/usr/local/lib/python3.8/dist-packages/flask/app.py", line 1509, in dispatch_request
May 23 14:36:17.637868 dv-neutron-840419-6-hyperv devstack@keystone.service[87302]: ERROR keystone.server.flask.application return self.ensure_sync(self.view_functions[rule.endpoint])(**req.view_args)
May 23 14:36:17.637868 dv-neutron-840419-6-hyperv devstack@keystone.service[87302]: ERROR keystone.server.flask.application
File "/usr/local/lib/python3.8/dist-packages/flask_restful/__init__.py", line 467, in wrapper
May 23 14:36:17.637868 dv-neutron-840419-6-hyperv devstack@keystone.service[87302]: ERROR keystone.server.flask.application resp = resource(*args, **kwargs)
May 23 14:36:17.637868 dv-neutron-840419-6-hyperv devstack@keystone.service[87302]: ERROR keystone.server.flask.application
File "/usr/local/lib/python3.8/dist-packages/flask/views.py", line 84, in view
May 23 14:36:17.637868 dv-neutron-840419-6-hyperv devstack@keystone.service[87302]: ERROR keystone.server.flask.application return current_app.ensure_sync(self.dispatch_request)(*args, **kwargs)
May 23 14:36:17.637868 dv-neutron-840419-6-hyperv devstack@keystone.service[87302]: ERROR keystone.server.flask.application
File "/usr/local/lib/python3.8/dist-packages/flask_restful/__init__.py", line 582, in dispatch_request
May 23 14:36:17.637868 dv-neutron-840419-6-hyperv devstack@keystone.service[87302]: ERROR keystone.server.flask.application resp = meth(*args, **kwargs)
May 23 14:36:17.637868 dv-neutron-840419-6-hyperv devstack@keystone.service[87302]: ERROR keystone.server.flask.application
File "/opt/stack/keystone/keystone/api/roles.py", line 50, in get
May 23 14:36:17.637868 dv-neutron-840419-6-hyperv devstack@keystone.service[87302]: ERROR keystone.server.flask.application return self._get_role(role_id)
May 23 14:36:17.637868 dv-neutron-840419-6-hyperv devstack@keystone.service[87302]: ERROR keystone.server.flask.application
File "/opt/stack/keystone/keystone/api/roles.py", line 70, in _get_role
May 23 14:36:17.637868 dv-neutron-840419-6-hyperv devstack@keystone.service[87302]: ERROR keystone.server.flask.application ENFORCER.enforce_call(action='identity:get_role')
May 23 14:36:17.638826 dv-neutron-840419-6-hyperv devstack@keystone.service[87302]: ERROR keystone.server.flask.application
File "/opt/stack/keystone/keystone/common/rbac_enforcer/enforcer.py", line 402, in enforce_call
May 23 14:36:17.638826 dv-neutron-840419-6-hyperv devstack@keystone.service[87302]: ERROR keystone.server.flask.application policy_dict.update(cls._extract_member_target_data(
May 23 14:36:17.638826 dv-neutron-840419-6-hyperv devstack@keystone.service[87302]: ERROR keystone.server.flask.application
File "/opt/stack/keystone/keystone/common/rbac_enforcer/enforcer.py", line 234, in _extract_member_target_data
May 23 14:36:17.638826 dv-neutron-840419-6-hyperv devstack@keystone.service[87302]: ERROR keystone.server.flask.application member_name: func(flask.request.view_args[key])
May 23 14:36:17.638826 dv-neutron-840419-6-hyperv devstack@keystone.service[87302]: ERROR keystone.server.flask.application
File "/opt/stack/keystone/keystone/common/manager.py", line 115, in wrapped
May 23 14:36:17.638826 dv-neutron-840419-6-hyperv devstack@keystone.service[87302]: ERROR keystone.server.flask.application __ret_val = __f(*args, **kwargs)
May 23 14:36:17.638826 dv-neutron-840419-6-hyperv devstack@keystone.service[87302]: ERROR keystone.server.flask.application
File "/usr/local/lib/python3.8/dist-packages/decorator.py", line 232, in fun
May 23 14:36:17.638826 dv-neutron-840419-6-hyperv devstack@keystone.service[87302]: ERROR keystone.server.flask.application return caller(func, *(extras + args), **kw)
May 23 14:36:17.638826 dv-neutron-840419-6-hyperv devstack@keystone.service[87302]: ERROR keystone.server.flask.application
File "/usr/local/lib/python3.8/dist-packages/dogpile/cache/region.py", line 1577, in get_or_create_for_user_func
May 23 14:36:17.638826 dv-neutron-840419-6-hyperv devstack@keystone.service[87302]: ERROR keystone.server.flask.application return self.get_or_create(
May 23 14:36:17.638826 dv-neutron-840419-6-hyperv devstack@keystone.service[87302]: ERROR keystone.server.flask.application
File "/usr/local/lib/python3.8/dist-packages/dogpile/cache/region.py", line 1042, in get_or_create
May 23 14:36:17.638826 dv-neutron-840419-6-hyperv devstack@keystone.service[87302]: ERROR keystone.server.flask.application with Lock(
May 23 14:36:17.638826 dv-neutron-840419-6-hyperv devstack@keystone.service[87302]: ERROR keystone.server.flask.application
File "/usr/local/lib/python3.8/dist-packages/dogpile/lock.py", line 185, in __enter__
May 23 14:36:17.638826 dv-neutron-840419-6-hyperv devstack@keystone.service[87302]: ERROR keystone.server.flask.application return self._enter()
May 23 14:36:17.638826 dv-neutron-840419-6-hyperv devstack@keystone.service[87302]: ERROR keystone.server.flask.application
File "/usr/local/lib/python3.8/dist-packages/dogpile/lock.py", line 94, in _enter
May 23 14:36:17.638826 dv-neutron-840419-6-hyperv devstack@keystone.service[87302]: ERROR keystone.server.flask.application generated = self._enter_create(value, createdtime)
May 23 14:36:17.639614 dv-neutron-840419-6-hyperv devstack@keystone.service[87302]: ERROR keystone.server.flask.application
File "/usr/local/lib/python3.8/dist-packages/dogpile/lock.py", line 178, in _enter_create
May 23 14:36:17.639614 dv-neutron-840419-6-hyperv devstack@keystone.service[87302]: ERROR keystone.server.flask.application return self.creator()
May 23 14:36:17.639614 dv-neutron-840419-6-hyperv devstack@keystone.service[87302]: ERROR keystone.server.flask.application
File "/usr/local/lib/python3.8/dist-packages/dogpile/cache/region.py", line 995, in gen_value
May 23 14:36:17.639614 dv-neutron-840419-6-hyperv devstack@keystone.service[87302]: ERROR keystone.server.flask.application created_value = creator(
May 23 14:36:17.639614 dv-neutron-840419-6-hyperv devstack@keystone.service[87302]: ERROR keystone.server.flask.application
File "/opt/stack/keystone/keystone/assignment/core.py", line 1276, in get_role
May 23 14:36:17.639614 dv-neutron-840419-6-hyperv devstack@keystone.service[87302]: ERROR keystone.server.flask.application return self.driver.get_role(role_id)
May 23 14:36:17.639614 dv-neutron-840419-6-hyperv devstack@keystone.service[87302]: ERROR keystone.server.flask.application
File "/opt/stack/keystone/keystone/assignment/role_backends/sql.py", line 70, in get_role
May 23 14:36:17.639614 dv-neutron-840419-6-hyperv devstack@keystone.service[87302]: ERROR keystone.server.flask.application return self._get_role(session, role_id).to_dict()
May 23 14:36:17.639614 dv-neutron-840419-6-hyperv devstack@keystone.service[87302]: ERROR keystone.server.flask.application
File "/opt/stack/keystone/keystone/assignment/role_backends/sql.py", line 65, in _get_role
May 23 14:36:17.639614 dv-neutron-840419-6-hyperv devstack@keystone.service[87302]: ERROR keystone.server.flask.application raise exception.RoleNotFound(role_id=role_id)
May 23 14:36:17.639614 dv-neutron-840419-6-hyperv devstack@keystone.service[87302]: ERROR keystone.server.flask.application keystone.exception.RoleNotFound: Could not find role: member.
May 23 14:36:17.639614 dv-neutron-840419-6-hyperv devstack@keystone.service[87302]: ERROR keystone.server.flask.application
May 23 14:36:17.640223 dv-neutron-840419-6-hyperv devstack@keystone.service[87303]: DEBUG keystone.server.flask.request_processing.middleware.auth_context [None req-1554d4d4-d957-4cd4-9716-aa7ece5b8e3b None admin] RBAC: auth_context: {'token': , 'domain_id': None, 'trust_id': None, 'trustor_id': None, 'trustee_id': None, 'domain_name': None, 'group_ids': [], 'user_id': 'b79336e81fcb4307a9ab7a9e7acfaf64', 'user_domain_id': 'default', 'system_scope': 'all', 'project_id': None, 'project_domain_id': None, 'roles': ['admin', 'member', 'reader'], 'is_admin_project': True, 'service_user_id': None, 'service_user_domain_id': None, 'service_project_id': None, 'service_project_domain_id': None, 'service_roles': []} {{(pid=87303) fill_context /opt/stack/keystone/keystone/server/flask/request_processing/middleware/auth_context.py:478}}
May 23 14:36:17.640318 dv-neutron-840419-6-hyperv devstack@keystone.service[87302]: [pid: 87302|app: 0|req: 155/313] 10.222.0.41 () {56 vars in 1099 bytes} [Mon May 23 14:36:17 2022] GET /identity/v3/roles/member => generated 84 bytes in 218 msecs (HTTP/1.1 404) 5 headers in 183 bytes (2 switches on core 0)
May 23 14:36:17.640922 dv-neutron-840419-6-hyperv devstack@keystone.service[87303]: DEBUG keystone.server.flask.request_processing.req_logging [None req-1554d4d4-d957-4cd4-9716-aa7ece5b8e3b None admin] REQUEST_METHOD: `GET` {{(pid=87303) log_request_info /opt/stack/keystone/keystone/server/flask/request_processing/req_logging.py:27}}
May 23 14:36:17.640922 dv-neutron-840419-6-hyperv devstack@keystone.service[87303]: DEBUG keystone.server.flask.request_processing.req_logging [None req-1554d4d4-d957-4cd4-9716-aa7ece5b8e3b None admin] SCRIPT_NAME: `/identity` {{(pid=87303) log_request_info /opt/stack/keystone/keystone/server/flask/request_processing/req_logging.py:28}}
May 23 14:36:17.641224 dv-neutron-840419-6-hyperv devstack@keystone.service[87303]: DEBUG keystone.server.flask.request_processing.req_logging [None req-1554d4d4-d957-4cd4-9716-aa7ece5b8e3b None admin] PATH_INFO: `/v3/projects/921ce85a30554d2e8aacbcb702a0a5c6` {{(pid=87303) log_request_info /opt/stack/keystone/keystone/server/flask/request_processing/req_logging.py:29}}
May 23 14:36:17.644515 dv-neutron-840419-6-hyperv devstack@keystone.service[87303]: DEBUG keystone.common.rbac_enforcer.enforcer [None req-1554d4d4-d957-4cd4-9716-aa7ece5b8e3b None admin] RBAC: Authorizing `identity:get_project(project_id=921ce85a30554d2e8aacbcb702a0a5c6)` {{(pid=87303) enforce_call /opt/stack/keystone/keystone/common/rbac_enforcer/enforcer.py:449}}
May 23 14:36:17.644515 dv-neutron-840419-6-hyperv devstack@keystone.service[87303]: DEBUG keystone.common.rbac_enforcer.enforcer [None req-1554d4d4-d957-4cd4-9716-aa7ece5b8e3b None admin] RBAC: Authorization granted {{(pid=87303) enforce_call /opt/stack/keystone/keystone/common/rbac_enforcer/enforcer.py:457}}
May 23 14:36:17.646004 dv-neutron-840419-6-hyperv devstack@keystone.service[87303]: [pid: 87303|app: 0|req: 159/314] 10.222.0.41 () {56 vars in 1186 bytes} [Mon May 23 14:36:17 2022] GET /identity/v3/projects/921ce85a30554d2e8aacbcb702a0a5c6 => generated 302 bytes in 173 msecs (HTTP/1.1 200) 5 headers in 177 bytes (2 switches on core 0)
May 23 14:36:17.646487 dv-neutron-840419-6-hyperv devstack@keystone.service[87302]: DEBUG keystone.server.flask.request_processing.middleware.auth_context [None req-275a5e1c-57e2-41dd-b98f-555236a0c69c None admin] Authenticating user token {{(pid=87302) process_request /usr/local/lib/python3.8/dist-packages/keystonemiddleware/auth_token/__init__.py:407}}
May 23 14:36:17.653047 dv-neutron-840419-6-hyperv devstack@keystone.service[87303]: DEBUG keystone.server.flask.request_processing.middleware.auth_context [None req-1554d4d4-d957-4cd4-9716-aa7ece5b8e3b None admin] Authenticating user token {{(pid=87303) process_request /usr/local/lib/python3.8/dist-packages/keystonemiddleware/auth_token/__init__.py:407}}
May 23 14:36:17.762125 dv-neutron-840419-6-hyperv devstack@keystone.service[87303]: DEBUG dbcounter [-] [87303] Writing DB stats keystone:SELECT=100 {{(pid=87303) stat_writer /usr/local/lib/python3.8/dist-packages/dbcounter.py:114}}
May 23 14:36:17.780794 dv-neutron-840419-6-hyperv devstack@keystone.service[87302]: DEBUG keystone.server.flask.request_processing.middleware.auth_context [None req-275a5e1c-57e2-41dd-b98f-555236a0c69c None admin] Validating token access rules against request {{(pid=87302) validate_allowed_request /usr/local/lib/python3.8/dist-packages/keystonemiddleware/auth_token/__init__.py:545}}
May 23 14:36:17.784392 dv-neutron-840419-6-hyperv devstack@keystone.service[87303]: DEBUG keystone.server.flask.request_processing.middleware.auth_context [None req-1554d4d4-d957-4cd4-9716-aa7ece5b8e3b None admin] Validating token access rules against request {{(pid=87303) validate_allowed_request /usr/local/lib/python3.8/dist-packages/keystonemiddleware/auth_token/__init__.py:545}}
May 23 14:36:17.796637 dv-neutron-840419-6-hyperv devstack@keystone.service[87302]: DEBUG dbcounter [-] [87302] Writing DB stats keystone:SELECT=100 {{(pid=87302) stat_writer /usr/local/lib/python3.8/dist-packages/dbcounter.py:114}}
May 23 14:36:17.819248 dv-neutron-840419-6-hyperv devstack@keystone.service[87302]: DEBUG keystone.server.flask.request_processing.middleware.auth_context [None req-fafd4830-1b6b-4560-a8e2-cc80c1085ee7 None admin] RBAC: auth_context: {'token': , 'domain_id': None, 'trust_id': None, 'trustor_id': None, 'trustee_id': None, 'domain_name': None, 'group_ids': [], 'user_id': 'b79336e81fcb4307a9ab7a9e7acfaf64', 'user_domain_id': 'default', 'system_scope': 'all', 'project_id': None, 'project_domain_id': None, 'roles': ['admin', 'member', 'reader'], 'is_admin_project': True, 'service_user_id': None, 'service_user_domain_id': None, 'service_project_id': None, 'service_project_domain_id': None, 'service_roles': []} {{(pid=87302) fill_context /opt/stack/keystone/keystone/server/flask/request_processing/middleware/auth_context.py:478}}
May 23 14:36:17.819962 dv-neutron-840419-6-hyperv devstack@keystone.service[87302]: DEBUG keystone.server.flask.request_processing.req_logging [None req-fafd4830-1b6b-4560-a8e2-cc80c1085ee7 None admin] REQUEST_METHOD: `GET` {{(pid=87302) log_request_info /opt/stack/keystone/keystone/server/flask/request_processing/req_logging.py:27}}
May 23 14:36:17.820245 dv-neutron-840419-6-hyperv devstack@keystone.service[87302]: DEBUG keystone.server.flask.request_processing.req_logging [None req-fafd4830-1b6b-4560-a8e2-cc80c1085ee7 None admin] SCRIPT_NAME: `/identity` {{(pid=87302) log_request_info /opt/stack/keystone/keystone/server/flask/request_processing/req_logging.py:28}}
May 23 14:36:17.820541 dv-neutron-840419-6-hyperv devstack@keystone.service[87302]: DEBUG keystone.server.flask.request_processing.req_logging [None req-fafd4830-1b6b-4560-a8e2-cc80c1085ee7 None admin] PATH_INFO: `/v3/roles` {{(pid=87302) log_request_info /opt/stack/keystone/keystone/server/flask/request_processing/req_logging.py:29}}
May 23 14:36:17.821860 dv-neutron-840419-6-hyperv devstack@keystone.service[87302]: DEBUG keystone.common.rbac_enforcer.enforcer [None req-fafd4830-1b6b-4560-a8e2-cc80c1085ee7 None admin] RBAC: Adding query filter params (name=member) {{(pid=87302) _extract_filter_values /opt/stack/keystone/keystone/common/rbac_enforcer/enforcer.py:167}}
May 23 14:36:17.821860 dv-neutron-840419-6-hyperv devstack@keystone.service[87302]: DEBUG keystone.common.rbac_enforcer.enforcer [None req-fafd4830-1b6b-4560-a8e2-cc80c1085ee7 None admin] RBAC: Authorizing `identity:list_roles()` {{(pid=87302) enforce_call /opt/stack/keystone/keystone/common/rbac_enforcer/enforcer.py:449}}
May 23 14:36:17.823266 dv-neutron-840419-6-hyperv devstack@keystone.service[87302]: DEBUG keystone.common.rbac_enforcer.enforcer [None req-fafd4830-1b6b-4560-a8e2-cc80c1085ee7 None admin] RBAC: Authorization granted {{(pid=87302) enforce_call /opt/stack/keystone/keystone/common/rbac_enforcer/enforcer.py:457}}
May 23 14:36:17.832369 dv-neutron-840419-6-hyperv devstack@keystone.service[87302]: [pid: 87302|app: 0|req: 156/315] 10.222.0.41 () {56 vars in 1101 bytes} [Mon May 23 14:36:17 2022] GET /identity/v3/roles?name=member => generated 341 bytes in 186 msecs (HTTP/1.1 200) 5 headers in 177 bytes (2 switches on core 0)
May 23 14:36:17.836401 dv-neutron-840419-6-hyperv devstack@keystone.service[87303]: DEBUG keystone.server.flask.request_processing.middleware.auth_context [None req-fe22e7ba-1c2f-4010-b1f4-ae2890f9588f None admin] RBAC: auth_context: {'token': , 'domain_id': None, 'trust_id': None, 'trustor_id': None, 'trustee_id': None, 'domain_name': None, 'group_ids': [], 'user_id': 'b79336e81fcb4307a9ab7a9e7acfaf64', 'user_domain_id': 'default', 'system_scope': 'all', 'project_id': None, 'project_domain_id': None, 'roles': ['admin', 'member', 'reader'], 'is_admin_project': True, 'service_user_id': None, 'service_user_domain_id': None, 'service_project_id': None, 'service_project_domain_id': None, 'service_roles': []} {{(pid=87303) fill_context /opt/stack/keystone/keystone/server/flask/request_processing/middleware/auth_context.py:478}}
May 23 14:36:17.838680 dv-neutron-840419-6-hyperv devstack@keystone.service[87303]: DEBUG keystone.server.flask.request_processing.req_logging [None req-fe22e7ba-1c2f-4010-b1f4-ae2890f9588f None admin] REQUEST_METHOD: `GET` {{(pid=87303) log_request_info /opt/stack/keystone/keystone/server/flask/request_processing/req_logging.py:27}}
May 23 14:36:17.839043 dv-neutron-840419-6-hyperv devstack@keystone.service[87302]: DEBUG keystone.server.flask.request_processing.middleware.auth_context [None req-fafd4830-1b6b-4560-a8e2-cc80c1085ee7 None admin] Authenticating user token {{(pid=87302) process_request /usr/local/lib/python3.8/dist-packages/keystonemiddleware/auth_token/__init__.py:407}}
May 23 14:36:17.839430 dv-neutron-840419-6-hyperv devstack@keystone.service[87303]: DEBUG keystone.server.flask.request_processing.req_logging [None req-fe22e7ba-1c2f-4010-b1f4-ae2890f9588f None admin] SCRIPT_NAME: `/identity` {{(pid=87303) log_request_info /opt/stack/keystone/keystone/server/flask/request_processing/req_logging.py:28}}
May 23 14:36:17.839854 dv-neutron-840419-6-hyperv devstack@keystone.service[87303]: DEBUG keystone.server.flask.request_processing.req_logging [None req-fe22e7ba-1c2f-4010-b1f4-ae2890f9588f None admin] PATH_INFO: `/v3/role_assignments` {{(pid=87303) log_request_info /opt/stack/keystone/keystone/server/flask/request_processing/req_logging.py:29}}
May 23 14:36:17.840982 dv-neutron-840419-6-hyperv devstack@keystone.service[87303]: DEBUG keystone.common.rbac_enforcer.enforcer [None req-fe22e7ba-1c2f-4010-b1f4-ae2890f9588f None admin] RBAC: Adding query filter params (role.id=70469bfd5e10410b9e2c264749f22e47, scope.project.id=921ce85a30554d2e8aacbcb702a0a5c6, user.id=56d32b798fd2444b9a16b20925224968) {{(pid=87303) _extract_filter_values /opt/stack/keystone/keystone/common/rbac_enforcer/enforcer.py:167}}
May 23 14:36:17.841438 dv-neutron-840419-6-hyperv devstack@keystone.service[87303]: DEBUG keystone.common.rbac_enforcer.enforcer [None req-fe22e7ba-1c2f-4010-b1f4-ae2890f9588f None admin] RBAC: Authorizing `identity:list_role_assignments()` {{(pid=87303) enforce_call /opt/stack/keystone/keystone/common/rbac_enforcer/enforcer.py:449}}
May 23 14:36:17.844386 dv-neutron-840419-6-hyperv devstack@keystone.service[87303]: DEBUG keystone.common.rbac_enforcer.enforcer [None req-fe22e7ba-1c2f-4010-b1f4-ae2890f9588f None admin] RBAC: Authorization granted {{(pid=87303) enforce_call /opt/stack/keystone/keystone/common/rbac_enforcer/enforcer.py:457}}
May 23 14:36:17.852601 dv-neutron-840419-6-hyperv devstack@keystone.service[87303]: [pid: 87303|app: 0|req: 160/316] 10.222.0.41 () {56 vars in 1374 bytes} [Mon May 23 14:36:17 2022] GET /identity/v3/role_assignments?user.id=56d32b798fd2444b9a16b20925224968&scope.project.id=921ce85a30554d2e8aacbcb702a0a5c6&role.id=70469bfd5e10410b9e2c264749f22e47 => generated 608 bytes in 200 msecs (HTTP/1.1 200) 5 headers in 177 bytes (1 switches on core 0)
May 23 14:36:17.964824 dv-neutron-840419-6-hyperv devstack@keystone.service[87302]: DEBUG keystone.server.flask.request_processing.middleware.auth_context [None req-fafd4830-1b6b-4560-a8e2-cc80c1085ee7 None admin] Validating token access rules against request {{(pid=87302) validate_allowed_request /usr/local/lib/python3.8/dist-packages/keystonemiddleware/auth_token/__init__.py:545}}
May 23 14:36:18.004556 dv-neutron-840419-6-hyperv devstack@keystone.service[87302]: DEBUG keystone.server.flask.request_processing.middleware.auth_context [None req-802347a5-41eb-4b2a-ae97-eeae1e6e082b None admin] RBAC: auth_context: {'token': , 'domain_id': None, 'trust_id': None, 'trustor_id': None, 'trustee_id': None, 'domain_name': None, 'group_ids': [], 'user_id': 'b79336e81fcb4307a9ab7a9e7acfaf64', 'user_domain_id': 'default', 'system_scope': 'all', 'project_id': None, 'project_domain_id': None, 'roles': ['admin', 'member', 'reader'], 'is_admin_project': True, 'service_user_id': None, 'service_user_domain_id': None, 'service_project_id': None, 'service_project_domain_id': None, 'service_roles': []} {{(pid=87302) fill_context /opt/stack/keystone/keystone/server/flask/request_processing/middleware/auth_context.py:478}}
May 23 14:36:18.005480 dv-neutron-840419-6-hyperv devstack@keystone.service[87302]: DEBUG keystone.server.flask.request_processing.req_logging [None req-802347a5-41eb-4b2a-ae97-eeae1e6e082b None admin] REQUEST_METHOD: `GET` {{(pid=87302) log_request_info /opt/stack/keystone/keystone/server/flask/request_processing/req_logging.py:27}}
May 23 14:36:18.005765 dv-neutron-840419-6-hyperv devstack@keystone.service[87302]: DEBUG keystone.server.flask.request_processing.req_logging [None req-802347a5-41eb-4b2a-ae97-eeae1e6e082b None admin] SCRIPT_NAME: `/identity` {{(pid=87302) log_request_info /opt/stack/keystone/keystone/server/flask/request_processing/req_logging.py:28}}
May 23 14:36:18.006040 dv-neutron-840419-6-hyperv devstack@keystone.service[87302]: DEBUG keystone.server.flask.request_processing.req_logging [None req-802347a5-41eb-4b2a-ae97-eeae1e6e082b None admin] PATH_INFO: `/v3/users/c9e9e59704fd47d3b626a0970b0eb64a` {{(pid=87302) log_request_info /opt/stack/keystone/keystone/server/flask/request_processing/req_logging.py:29}}
May 23 14:36:18.007427 dv-neutron-840419-6-hyperv devstack@keystone.service[87302]: DEBUG keystone.common.rbac_enforcer.enforcer [None req-802347a5-41eb-4b2a-ae97-eeae1e6e082b None admin] RBAC: Authorizing `identity:get_user(user_id=c9e9e59704fd47d3b626a0970b0eb64a)` {{(pid=87302) enforce_call /opt/stack/keystone/keystone/common/rbac_enforcer/enforcer.py:449}}
