Oct 11 10:12:04.362982 dv-neutron-840419-41-hyperv neutron-server[105349]: DEBUG neutron.wsgi [-] (105349) accepted ('10.222.0.17', 58444) {{(pid=105349) server /usr/local/lib/python3.8/dist-packages/eventlet/wsgi.py:1004}}
Oct 11 10:12:04.373070 dv-neutron-840419-41-hyperv neutron-server[105349]: DEBUG neutron_lib.callbacks.manager [None req-c42f4886-0ab1-4c7c-b13b-c00bd4dd105e tempest-QuotasNegativeTest-2004864387 tempest-QuotasNegativeTest-2004864387-project-admin] Publish callbacks ['neutron.plugins.ml2.plugin.External_net_db_mixin._before_network_delete_handler-1735605'] for network (871dea25-6672-4081-bed4-ff6aaf3b1780), before_delete {{(pid=105349) _notify_loop /usr/local/lib/python3.8/dist-packages/neutron_lib/callbacks/manager.py:176}}
Oct 11 10:12:04.382166 dv-neutron-840419-41-hyperv neutron-server[105348]: DEBUG neutron.plugins.ml2.managers [None req-b0bf8315-e3e6-4e4a-a3f7-b38c42933af8 tempest-PortsAdminExtendedAttrsIpV6TestJSON-940486397 tempest-PortsAdminExtendedAttrsIpV6TestJSON-940486397-project-admin] Attempting to bind port 407e328f-c6b8-4839-b9b9-7b37fcf9e01c on host hv-neutron-8404 for vnic_type normal with profile {{(pid=105348) bind_port /opt/stack/neutron/neutron/plugins/ml2/managers.py:810}}
Oct 11 10:12:04.382523 dv-neutron-840419-41-hyperv neutron-server[105348]: DEBUG neutron.plugins.ml2.managers [None req-b0bf8315-e3e6-4e4a-a3f7-b38c42933af8 tempest-PortsAdminExtendedAttrsIpV6TestJSON-940486397 tempest-PortsAdminExtendedAttrsIpV6TestJSON-940486397-project-admin] Attempting to bind port 407e328f-c6b8-4839-b9b9-7b37fcf9e01c by drivers openvswitch,hyperv on host hv-neutron-8404 at level 0 using segments [{'id': '5349a11a-4104-4fc4-9b10-262375e130c1', 'network_type': 'vlan', 'physical_network': 'physnet1', 'segmentation_id': 390, 'network_id': 'f2215cae-0332-406c-8047-c830f3978e29'}] {{(pid=105348) _bind_port_level /opt/stack/neutron/neutron/plugins/ml2/managers.py:835}}
Oct 11 10:12:04.382860 dv-neutron-840419-41-hyperv neutron-server[105348]: DEBUG neutron.plugins.ml2.drivers.mech_agent [None req-b0bf8315-e3e6-4e4a-a3f7-b38c42933af8 tempest-PortsAdminExtendedAttrsIpV6TestJSON-940486397 tempest-PortsAdminExtendedAttrsIpV6TestJSON-940486397-project-admin] Attempting to bind port 407e328f-c6b8-4839-b9b9-7b37fcf9e01c on network f2215cae-0332-406c-8047-c830f3978e29 {{(pid=105348) bind_port /opt/stack/neutron/neutron/plugins/ml2/drivers/mech_agent.py:91}}
Oct 11 10:12:04.402385 dv-neutron-840419-41-hyperv neutron-server[105348]: DEBUG neutron_lib.callbacks.manager [None req-f7972861-e137-4987-b59f-bbf7149b6a63 tempest-RoutersIpV6AdminTest-1848408709 tempest-RoutersIpV6AdminTest-1848408709-project-admin] Publish callbacks [] for port (9af10134-ff27-489c-9d11-eec9abe41d1f), precommit_create {{(pid=105348) _notify_loop /usr/local/lib/python3.8/dist-packages/neutron_lib/callbacks/manager.py:176}}
Oct 11 10:12:04.404714 dv-neutron-840419-41-hyperv neutron-server[105348]: DEBUG neutron.plugins.ml2.drivers.mech_agent [None req-b0bf8315-e3e6-4e4a-a3f7-b38c42933af8 tempest-PortsAdminExtendedAttrsIpV6TestJSON-940486397 tempest-PortsAdminExtendedAttrsIpV6TestJSON-940486397-project-admin] Port 407e328f-c6b8-4839-b9b9-7b37fcf9e01c on network f2215cae-0332-406c-8047-c830f3978e29 not bound, no agent of type Open vSwitch agent registered on host hv-neutron-8404 {{(pid=105348) bind_port /opt/stack/neutron/neutron/plugins/ml2/drivers/mech_agent.py:120}}
Oct 11 10:12:04.405040 dv-neutron-840419-41-hyperv neutron-server[105348]: ERROR neutron.plugins.ml2.managers [None req-b0bf8315-e3e6-4e4a-a3f7-b38c42933af8 tempest-PortsAdminExtendedAttrsIpV6TestJSON-940486397 tempest-PortsAdminExtendedAttrsIpV6TestJSON-940486397-project-admin] Failed to bind port 407e328f-c6b8-4839-b9b9-7b37fcf9e01c on host hv-neutron-8404 for vnic_type normal using segments [{'id': '5349a11a-4104-4fc4-9b10-262375e130c1', 'network_type': 'vlan', 'physical_network': 'physnet1', 'segmentation_id': 390, 'network_id': 'f2215cae-0332-406c-8047-c830f3978e29'}]
Oct 11 10:12:04.408170 dv-neutron-840419-41-hyperv neutron-server[105348]: INFO neutron.plugins.ml2.plugin [None req-b0bf8315-e3e6-4e4a-a3f7-b38c42933af8 tempest-PortsAdminExtendedAttrsIpV6TestJSON-940486397 tempest-PortsAdminExtendedAttrsIpV6TestJSON-940486397-project-admin] Attempt 6 to bind port 407e328f-c6b8-4839-b9b9-7b37fcf9e01c
Oct 11 10:12:04.436126 dv-neutron-840419-41-hyperv neutron-server[105348]: DEBUG neutron.plugins.ml2.managers [None req-b0bf8315-e3e6-4e4a-a3f7-b38c42933af8 tempest-PortsAdminExtendedAttrsIpV6TestJSON-940486397 tempest-PortsAdminExtendedAttrsIpV6TestJSON-940486397-project-admin] Attempting to bind port 407e328f-c6b8-4839-b9b9-7b37fcf9e01c on host hv-neutron-8404 for vnic_type normal with profile {{(pid=105348) bind_port /opt/stack/neutron/neutron/plugins/ml2/managers.py:810}}
Oct 11 10:12:04.436457 dv-neutron-840419-41-hyperv neutron-server[105348]: DEBUG neutron.plugins.ml2.managers [None req-b0bf8315-e3e6-4e4a-a3f7-b38c42933af8 tempest-PortsAdminExtendedAttrsIpV6TestJSON-940486397 tempest-PortsAdminExtendedAttrsIpV6TestJSON-940486397-project-admin] Attempting to bind port 407e328f-c6b8-4839-b9b9-7b37fcf9e01c by drivers openvswitch,hyperv on host hv-neutron-8404 at level 0 using segments [{'id': '5349a11a-4104-4fc4-9b10-262375e130c1', 'network_type': 'vlan', 'physical_network': 'physnet1', 'segmentation_id': 390, 'network_id': 'f2215cae-0332-406c-8047-c830f3978e29'}] {{(pid=105348) _bind_port_level /opt/stack/neutron/neutron/plugins/ml2/managers.py:835}}
Oct 11 10:12:04.436793 dv-neutron-840419-41-hyperv neutron-server[105348]: DEBUG neutron.plugins.ml2.drivers.mech_agent [None req-b0bf8315-e3e6-4e4a-a3f7-b38c42933af8 tempest-PortsAdminExtendedAttrsIpV6TestJSON-940486397 tempest-PortsAdminExtendedAttrsIpV6TestJSON-940486397-project-admin] Attempting to bind port 407e328f-c6b8-4839-b9b9-7b37fcf9e01c on network f2215cae-0332-406c-8047-c830f3978e29 {{(pid=105348) bind_port /opt/stack/neutron/neutron/plugins/ml2/drivers/mech_agent.py:91}}
Oct 11 10:12:04.441709 dv-neutron-840419-41-hyperv neutron-server[105348]: DEBUG neutron.api.rpc.agentnotifiers.l3_rpc_agent_api [None req-d0af4d09-b9a6-43e9-8916-1c4ac7f583fe admin admin] Notify agent at l3_agent.dv-neutron-840419-41-hyperv the message routers_updated {{(pid=105348) _agent_notification /opt/stack/neutron/neutron/api/rpc/agentnotifiers/l3_rpc_agent_api.py:65}}
Oct 11 10:12:04.448855 dv-neutron-840419-41-hyperv neutron-server[105348]: INFO neutron.wsgi [None req-d0af4d09-b9a6-43e9-8916-1c4ac7f583fe admin admin] 10.222.0.17 "PUT /networking/v2.0/routers/5b9b5dac-c06b-4cc1-a119-e79473aa8473/add_router_interface HTTP/1.1" status: 200 len: 503 time: 5.3899791
Oct 11 10:12:04.451216 dv-neutron-840419-41-hyperv neutron-server[105348]: DEBUG neutron.plugins.ml2.drivers.mech_agent [None req-b0bf8315-e3e6-4e4a-a3f7-b38c42933af8 tempest-PortsAdminExtendedAttrsIpV6TestJSON-940486397 tempest-PortsAdminExtendedAttrsIpV6TestJSON-940486397-project-admin] Port 407e328f-c6b8-4839-b9b9-7b37fcf9e01c on network f2215cae-0332-406c-8047-c830f3978e29 not bound, no agent of type Open vSwitch agent registered on host hv-neutron-8404 {{(pid=105348) bind_port /opt/stack/neutron/neutron/plugins/ml2/drivers/mech_agent.py:120}}
Oct 11 10:12:04.451544 dv-neutron-840419-41-hyperv neutron-server[105348]: ERROR neutron.plugins.ml2.managers [None req-b0bf8315-e3e6-4e4a-a3f7-b38c42933af8 tempest-PortsAdminExtendedAttrsIpV6TestJSON-940486397 tempest-PortsAdminExtendedAttrsIpV6TestJSON-940486397-project-admin] Failed to bind port 407e328f-c6b8-4839-b9b9-7b37fcf9e01c on host hv-neutron-8404 for vnic_type normal using segments [{'id': '5349a11a-4104-4fc4-9b10-262375e130c1', 'network_type': 'vlan', 'physical_network': 'physnet1', 'segmentation_id': 390, 'network_id': 'f2215cae-0332-406c-8047-c830f3978e29'}]
Oct 11 10:12:04.451988 dv-neutron-840419-41-hyperv neutron-server[105348]: INFO neutron.plugins.ml2.plugin [None req-b0bf8315-e3e6-4e4a-a3f7-b38c42933af8 tempest-PortsAdminExtendedAttrsIpV6TestJSON-940486397 tempest-PortsAdminExtendedAttrsIpV6TestJSON-940486397-project-admin] Attempt 7 to bind port 407e328f-c6b8-4839-b9b9-7b37fcf9e01c
Oct 11 10:12:04.478007 dv-neutron-840419-41-hyperv neutron-server[105349]: DEBUG neutron_lib.callbacks.manager [None req-d7e99ca3-156a-4e05-b330-a766683f8aa3 tempest-ServersTestJSON-354518299 tempest-ServersTestJSON-354518299-project] Publish callbacks [] for security_group_rule (None), before_response {{(pid=105349) _notify_loop /usr/local/lib/python3.8/dist-packages/neutron_lib/callbacks/manager.py:176}}
Oct 11 10:12:04.478969 dv-neutron-840419-41-hyperv neutron-server[105350]: DEBUG neutron.plugins.ml2.plugin [None req-566c6824-b746-45f4-8ebf-fc6ce23be896 None None] Current status of the port 932f60e0-701d-424e-af7f-d66f0728506a is: DOWN; New status is: ACTIVE {{(pid=105350) _update_individual_port_db_status /opt/stack/neutron/neutron/plugins/ml2/plugin.py:2333}}
Oct 11 10:12:04.483884 dv-neutron-840419-41-hyperv neutron-server[105350]: DEBUG neutron_lib.callbacks.manager [None req-566c6824-b746-45f4-8ebf-fc6ce23be896 None None] Publish callbacks ['neutron.plugins.ml2.plugin.SecurityGroupDbMixin._ensure_default_security_group_handler-1736819'] for port (932f60e0-701d-424e-af7f-d66f0728506a), before_update {{(pid=105350) _notify_loop /usr/local/lib/python3.8/dist-packages/neutron_lib/callbacks/manager.py:176}}
Oct 11 10:12:04.483997 dv-neutron-840419-41-hyperv neutron-server[105349]: INFO neutron.wsgi [None req-d7e99ca3-156a-4e05-b330-a766683f8aa3 tempest-ServersTestJSON-354518299 tempest-ServersTestJSON-354518299-project] 10.222.0.17 "POST /networking/v2.0/security-group-rules HTTP/1.1" status: 201 len: 769 time: 1.0588293
Oct 11 10:12:04.488902 dv-neutron-840419-41-hyperv neutron-server[105348]: DEBUG neutron.plugins.ml2.managers [None req-b0bf8315-e3e6-4e4a-a3f7-b38c42933af8 tempest-PortsAdminExtendedAttrsIpV6TestJSON-940486397 tempest-PortsAdminExtendedAttrsIpV6TestJSON-940486397-project-admin] Attempting to bind port 407e328f-c6b8-4839-b9b9-7b37fcf9e01c on host hv-neutron-8404 for vnic_type normal with profile {{(pid=105348) bind_port /opt/stack/neutron/neutron/plugins/ml2/managers.py:810}}
Oct 11 10:12:04.489543 dv-neutron-840419-41-hyperv neutron-server[105348]: DEBUG neutron.plugins.ml2.managers [None req-b0bf8315-e3e6-4e4a-a3f7-b38c42933af8 tempest-PortsAdminExtendedAttrsIpV6TestJSON-940486397 tempest-PortsAdminExtendedAttrsIpV6TestJSON-940486397-project-admin] Attempting to bind port 407e328f-c6b8-4839-b9b9-7b37fcf9e01c by drivers openvswitch,hyperv on host hv-neutron-8404 at level 0 using segments [{'id': '5349a11a-4104-4fc4-9b10-262375e130c1', 'network_type': 'vlan', 'physical_network': 'physnet1', 'segmentation_id': 390, 'network_id': 'f2215cae-0332-406c-8047-c830f3978e29'}] {{(pid=105348) _bind_port_level /opt/stack/neutron/neutron/plugins/ml2/managers.py:835}}
Oct 11 10:12:04.490068 dv-neutron-840419-41-hyperv neutron-server[105348]: DEBUG neutron.plugins.ml2.drivers.mech_agent [None req-b0bf8315-e3e6-4e4a-a3f7-b38c42933af8 tempest-PortsAdminExtendedAttrsIpV6TestJSON-940486397 tempest-PortsAdminExtendedAttrsIpV6TestJSON-940486397-project-admin] Attempting to bind port 407e328f-c6b8-4839-b9b9-7b37fcf9e01c on network f2215cae-0332-406c-8047-c830f3978e29 {{(pid=105348) bind_port /opt/stack/neutron/neutron/plugins/ml2/drivers/mech_agent.py:91}}
Oct 11 10:12:04.490946 dv-neutron-840419-41-hyperv neutron-server[105349]: DEBUG neutron.wsgi [-] (105349) accepted ('10.222.0.17', 58448) {{(pid=105349) server /usr/local/lib/python3.8/dist-packages/eventlet/wsgi.py:1004}}
Oct 11 10:12:04.505662 dv-neutron-840419-41-hyperv neutron-server[105349]: DEBUG neutron.api.v2.base [None req-c28e115d-f367-48c5-a369-bd37a70db10d tempest-ServersTestJSON-354518299 tempest-ServersTestJSON-354518299-project] Request body: {'floatingip': {'floating_network_id': 'b726ad89-8537-43bd-a8a9-ebf97162fc44'}} {{(pid=105349) prepare_request_body /opt/stack/neutron/neutron/api/v2/base.py:730}}
Oct 11 10:12:04.507325 dv-neutron-840419-41-hyperv neutron-server[105348]: DEBUG neutron.plugins.ml2.drivers.mech_agent [None req-b0bf8315-e3e6-4e4a-a3f7-b38c42933af8 tempest-PortsAdminExtendedAttrsIpV6TestJSON-940486397 tempest-PortsAdminExtendedAttrsIpV6TestJSON-940486397-project-admin] Port 407e328f-c6b8-4839-b9b9-7b37fcf9e01c on network f2215cae-0332-406c-8047-c830f3978e29 not bound, no agent of type Open vSwitch agent registered on host hv-neutron-8404 {{(pid=105348) bind_port /opt/stack/neutron/neutron/plugins/ml2/drivers/mech_agent.py:120}}
Oct 11 10:12:04.507859 dv-neutron-840419-41-hyperv neutron-server[105348]: ERROR neutron.plugins.ml2.managers [None req-b0bf8315-e3e6-4e4a-a3f7-b38c42933af8 tempest-PortsAdminExtendedAttrsIpV6TestJSON-940486397 tempest-PortsAdminExtendedAttrsIpV6TestJSON-940486397-project-admin] Failed to bind port 407e328f-c6b8-4839-b9b9-7b37fcf9e01c on host hv-neutron-8404 for vnic_type normal using segments [{'id': '5349a11a-4104-4fc4-9b10-262375e130c1', 'network_type': 'vlan', 'physical_network': 'physnet1', 'segmentation_id': 390, 'network_id': 'f2215cae-0332-406c-8047-c830f3978e29'}]
Oct 11 10:12:04.509297 dv-neutron-840419-41-hyperv neutron-server[105348]: INFO neutron.plugins.ml2.plugin [None req-b0bf8315-e3e6-4e4a-a3f7-b38c42933af8 tempest-PortsAdminExtendedAttrsIpV6TestJSON-940486397 tempest-PortsAdminExtendedAttrsIpV6TestJSON-940486397-project-admin] Attempt 8 to bind port 407e328f-c6b8-4839-b9b9-7b37fcf9e01c
Oct 11 10:12:04.525052 dv-neutron-840419-41-hyperv neutron-server[105350]: DEBUG neutron.db.provisioning_blocks [None req-94ad32a6-b74e-4b8d-a110-9239fb380fa0 None None] Provisioning complete for port 78db5986-6906-47bf-867c-d2de0c3bace1 triggered by entity DHCP. {{(pid=105350) provisioning_complete /opt/stack/neutron/neutron/db/provisioning_blocks.py:144}}
Oct 11 10:12:04.527780 dv-neutron-840419-41-hyperv neutron-server[105350]: DEBUG neutron_lib.callbacks.manager [None req-94ad32a6-b74e-4b8d-a110-9239fb380fa0 None None] Publish callbacks ['neutron.plugins.ml2.plugin.Ml2Plugin._port_provisioned-1714883'] for port (78db5986-6906-47bf-867c-d2de0c3bace1), provisioning_complete {{(pid=105350) _notify_loop /usr/local/lib/python3.8/dist-packages/neutron_lib/callbacks/manager.py:176}}
Oct 11 10:12:04.528159 dv-neutron-840419-41-hyperv neutron-server[105350]: INFO neutron.plugins.ml2.plugin [None req-94ad32a6-b74e-4b8d-a110-9239fb380fa0 None None] Attempt 1 to provision port 78db5986-6906-47bf-867c-d2de0c3bace1
Oct 11 10:12:04.528278 dv-neutron-840419-41-hyperv neutron-server[105348]: DEBUG neutron_lib.callbacks.manager [None req-f7972861-e137-4987-b59f-bbf7149b6a63 tempest-RoutersIpV6AdminTest-1848408709 tempest-RoutersIpV6AdminTest-1848408709-project-admin] Publish callbacks ['neutron.plugins.ml2.plugin.SecurityGroupServerNotifierRpcMixin._notify_sg_on_port_change-1738412', 'neutron.plugins.ml2.ovo_rpc._ObjectChangeHandler.handle_event-938781', 'neutron.api.rpc.agentnotifiers.dhcp_rpc_agent_api.DhcpAgentNotifyAPI._native_event_send_dhcp_notification-773753', 'neutron.db.l3_dvrscheduler_db._notify_l3_agent_new_port-8738624875996'] for port (9af10134-ff27-489c-9d11-eec9abe41d1f), after_create {{(pid=105348) _notify_loop /usr/local/lib/python3.8/dist-packages/neutron_lib/callbacks/manager.py:176}}
Oct 11 10:12:04.569066 dv-neutron-840419-41-hyperv neutron-server[105348]: DEBUG neutron.plugins.ml2.managers [None req-b0bf8315-e3e6-4e4a-a3f7-b38c42933af8 tempest-PortsAdminExtendedAttrsIpV6TestJSON-940486397 tempest-PortsAdminExtendedAttrsIpV6TestJSON-940486397-project-admin] Attempting to bind port 407e328f-c6b8-4839-b9b9-7b37fcf9e01c on host hv-neutron-8404 for vnic_type normal with profile {{(pid=105348) bind_port /opt/stack/neutron/neutron/plugins/ml2/managers.py:810}}
Oct 11 10:12:04.569487 dv-neutron-840419-41-hyperv neutron-server[105348]: DEBUG neutron.plugins.ml2.managers [None req-b0bf8315-e3e6-4e4a-a3f7-b38c42933af8 tempest-PortsAdminExtendedAttrsIpV6TestJSON-940486397 tempest-PortsAdminExtendedAttrsIpV6TestJSON-940486397-project-admin] Attempting to bind port 407e328f-c6b8-4839-b9b9-7b37fcf9e01c by drivers openvswitch,hyperv on host hv-neutron-8404 at level 0 using segments [{'id': '5349a11a-4104-4fc4-9b10-262375e130c1', 'network_type': 'vlan', 'physical_network': 'physnet1', 'segmentation_id': 390, 'network_id': 'f2215cae-0332-406c-8047-c830f3978e29'}] {{(pid=105348) _bind_port_level /opt/stack/neutron/neutron/plugins/ml2/managers.py:835}}
Oct 11 10:12:04.569836 dv-neutron-840419-41-hyperv neutron-server[105348]: DEBUG neutron.plugins.ml2.drivers.mech_agent [None req-b0bf8315-e3e6-4e4a-a3f7-b38c42933af8 tempest-PortsAdminExtendedAttrsIpV6TestJSON-940486397 tempest-PortsAdminExtendedAttrsIpV6TestJSON-940486397-project-admin] Attempting to bind port 407e328f-c6b8-4839-b9b9-7b37fcf9e01c on network f2215cae-0332-406c-8047-c830f3978e29 {{(pid=105348) bind_port /opt/stack/neutron/neutron/plugins/ml2/drivers/mech_agent.py:91}}
Oct 11 10:12:04.577991 dv-neutron-840419-41-hyperv neutron-server[105349]: DEBUG neutron_lib.callbacks.manager [None req-6e41a6f9-cc33-4550-841b-4794d7ae4c5b admin admin] Publish callbacks ['neutron.services.l3_router.l3_router_plugin.L3_HA_NAT_db_mixin._after_router_create-599014', 'neutron.services.l3_router.l3_router_plugin.DVRResourceOperationHandler._create_snat_interfaces_after_change-599755'] for router (876bb1ee-f97a-44c9-a89d-d72a3fef4891), after_create {{(pid=105349) _notify_loop /usr/local/lib/python3.8/dist-packages/neutron_lib/callbacks/manager.py:176}}
Oct 11 10:12:04.591617 dv-neutron-840419-41-hyperv neutron-server[105348]: DEBUG neutron.plugins.ml2.drivers.mech_agent [None req-b0bf8315-e3e6-4e4a-a3f7-b38c42933af8 tempest-PortsAdminExtendedAttrsIpV6TestJSON-940486397 tempest-PortsAdminExtendedAttrsIpV6TestJSON-940486397-project-admin] Port 407e328f-c6b8-4839-b9b9-7b37fcf9e01c on network f2215cae-0332-406c-8047-c830f3978e29 not bound, no agent of type Open vSwitch agent registered on host hv-neutron-8404 {{(pid=105348) bind_port /opt/stack/neutron/neutron/plugins/ml2/drivers/mech_agent.py:120}}
Oct 11 10:12:04.591927 dv-neutron-840419-41-hyperv neutron-server[105348]: ERROR neutron.plugins.ml2.managers [None req-b0bf8315-e3e6-4e4a-a3f7-b38c42933af8 tempest-PortsAdminExtendedAttrsIpV6TestJSON-940486397 tempest-PortsAdminExtendedAttrsIpV6TestJSON-940486397-project-admin] Failed to bind port 407e328f-c6b8-4839-b9b9-7b37fcf9e01c on host hv-neutron-8404 for vnic_type normal using segments [{'id': '5349a11a-4104-4fc4-9b10-262375e130c1', 'network_type': 'vlan', 'physical_network': 'physnet1', 'segmentation_id': 390, 'network_id': 'f2215cae-0332-406c-8047-c830f3978e29'}]
Oct 11 10:12:04.593742 dv-neutron-840419-41-hyperv neutron-server[105348]: DEBUG neutron.scheduler.dhcp_agent_scheduler [None req-f7972861-e137-4987-b59f-bbf7149b6a63 tempest-RoutersIpV6AdminTest-1848408709 tempest-RoutersIpV6AdminTest-1848408709-project-admin] Network 5f9093c4-7ca5-4b78-851a-b3b20aae62aa is already hosted by enough agents. {{(pid=105348) _get_dhcp_agents_hosting_network /opt/stack/neutron/neutron/scheduler/dhcp_agent_scheduler.py:275}}
Oct 11 10:12:04.595999 dv-neutron-840419-41-hyperv neutron-server[105348]: INFO neutron.plugins.ml2.plugin [None req-b0bf8315-e3e6-4e4a-a3f7-b38c42933af8 tempest-PortsAdminExtendedAttrsIpV6TestJSON-940486397 tempest-PortsAdminExtendedAttrsIpV6TestJSON-940486397-project-admin] Attempt 9 to bind port 407e328f-c6b8-4839-b9b9-7b37fcf9e01c
Oct 11 10:12:04.609568 dv-neutron-840419-41-hyperv neutron-server[105348]: DEBUG neutron.scheduler.base_scheduler [None req-f7972861-e137-4987-b59f-bbf7149b6a63 tempest-RoutersIpV6AdminTest-1848408709 tempest-RoutersIpV6AdminTest-1848408709-project-admin] Resources bound (agent type, host, resource id): {{(pid=105348) schedule /opt/stack/neutron/neutron/scheduler/base_scheduler.py:57}}
Oct 11 10:12:04.616548 dv-neutron-840419-41-hyperv neutron-server[105348]: DEBUG neutron.db.l3_dvrscheduler_db [None req-f7972861-e137-4987-b59f-bbf7149b6a63 tempest-RoutersIpV6AdminTest-1848408709 tempest-RoutersIpV6AdminTest-1848408709-project-admin] Received port after_create {{(pid=105348) _notify_l3_agent_new_port /opt/stack/neutron/neutron/db/l3_dvrscheduler_db.py:541}}
Oct 11 10:12:04.617510 dv-neutron-840419-41-hyperv neutron-server[105348]: DEBUG neutron.pecan_wsgi.hooks.policy_enforcement [None req-f7972861-e137-4987-b59f-bbf7149b6a63 tempest-RoutersIpV6AdminTest-1848408709 tempest-RoutersIpV6AdminTest-1848408709-project-admin] Attributes excluded by policy engine: ['standard_attr_id', 'network'] {{(pid=105348) _exclude_attributes_by_policy /opt/stack/neutron/neutron/pecan_wsgi/hooks/policy_enforcement.py:259}}
Oct 11 10:12:04.618278 dv-neutron-840419-41-hyperv neutron-server[105348]: DEBUG neutron_lib.callbacks.manager [None req-f7972861-e137-4987-b59f-bbf7149b6a63 tempest-RoutersIpV6AdminTest-1848408709 tempest-RoutersIpV6AdminTest-1848408709-project-admin] Publish callbacks ['neutron.notifiers.nova.Notifier._send_nova_notification-29506', 'neutron.api.rpc.agentnotifiers.dhcp_rpc_agent_api.DhcpAgentNotifyAPI._send_dhcp_notification-773743'] for port (None), before_response {{(pid=105348) _notify_loop /usr/local/lib/python3.8/dist-packages/neutron_lib/callbacks/manager.py:176}}
Oct 11 10:12:04.629388 dv-neutron-840419-41-hyperv neutron-server[105348]: DEBUG neutron.plugins.ml2.managers [None req-b0bf8315-e3e6-4e4a-a3f7-b38c42933af8 tempest-PortsAdminExtendedAttrsIpV6TestJSON-940486397 tempest-PortsAdminExtendedAttrsIpV6TestJSON-940486397-project-admin] Attempting to bind port 407e328f-c6b8-4839-b9b9-7b37fcf9e01c on host hv-neutron-8404 for vnic_type normal with profile {{(pid=105348) bind_port /opt/stack/neutron/neutron/plugins/ml2/managers.py:810}}
Oct 11 10:12:04.629729 dv-neutron-840419-41-hyperv neutron-server[105348]: DEBUG neutron.plugins.ml2.managers [None req-b0bf8315-e3e6-4e4a-a3f7-b38c42933af8 tempest-PortsAdminExtendedAttrsIpV6TestJSON-940486397 tempest-PortsAdminExtendedAttrsIpV6TestJSON-940486397-project-admin] Attempting to bind port 407e328f-c6b8-4839-b9b9-7b37fcf9e01c by drivers openvswitch,hyperv on host hv-neutron-8404 at level 0 using segments [{'id': '5349a11a-4104-4fc4-9b10-262375e130c1', 'network_type': 'vlan', 'physical_network': 'physnet1', 'segmentation_id': 390, 'network_id': 'f2215cae-0332-406c-8047-c830f3978e29'}] {{(pid=105348) _bind_port_level /opt/stack/neutron/neutron/plugins/ml2/managers.py:835}}
Oct 11 10:12:04.630793 dv-neutron-840419-41-hyperv neutron-server[105348]: DEBUG neutron.plugins.ml2.drivers.mech_agent [None req-b0bf8315-e3e6-4e4a-a3f7-b38c42933af8 tempest-PortsAdminExtendedAttrsIpV6TestJSON-940486397 tempest-PortsAdminExtendedAttrsIpV6TestJSON-940486397-project-admin] Attempting to bind port 407e328f-c6b8-4839-b9b9-7b37fcf9e01c on network f2215cae-0332-406c-8047-c830f3978e29 {{(pid=105348) bind_port /opt/stack/neutron/neutron/plugins/ml2/drivers/mech_agent.py:91}}
Oct 11 10:12:04.642330 dv-neutron-840419-41-hyperv neutron-server[105348]: DEBUG neutron.api.rpc.handlers.resources_rpc [None req-f7972861-e137-4987-b59f-bbf7149b6a63 tempest-RoutersIpV6AdminTest-1848408709 tempest-RoutersIpV6AdminTest-1848408709-project-admin] Pushing event updated for resources: {'Port': ['ID=9af10134-ff27-489c-9d11-eec9abe41d1f,revision_number=1']} {{(pid=105348) push /opt/stack/neutron/neutron/api/rpc/handlers/resources_rpc.py:237}}
Oct 11 10:12:04.652151 dv-neutron-840419-41-hyperv neutron-server[105350]: DEBUG neutron.plugins.ml2.plugin [None req-94ad32a6-b74e-4b8d-a110-9239fb380fa0 None None] Port 78db5986-6906-47bf-867c-d2de0c3bace1 cannot update to ACTIVE because it is not bound. {{(pid=105350) _port_provisioned /opt/stack/neutron/neutron/plugins/ml2/plugin.py:359}}
Oct 11 10:12:04.659348 dv-neutron-840419-41-hyperv neutron-server[105348]: DEBUG neutron.plugins.ml2.drivers.mech_agent [None req-b0bf8315-e3e6-4e4a-a3f7-b38c42933af8 tempest-PortsAdminExtendedAttrsIpV6TestJSON-940486397 tempest-PortsAdminExtendedAttrsIpV6TestJSON-940486397-project-admin] Port 407e328f-c6b8-4839-b9b9-7b37fcf9e01c on network f2215cae-0332-406c-8047-c830f3978e29 not bound, no agent of type Open vSwitch agent registered on host hv-neutron-8404 {{(pid=105348) bind_port /opt/stack/neutron/neutron/plugins/ml2/drivers/mech_agent.py:120}}
Oct 11 10:12:04.659683 dv-neutron-840419-41-hyperv neutron-server[105348]: ERROR neutron.plugins.ml2.managers [None req-b0bf8315-e3e6-4e4a-a3f7-b38c42933af8 tempest-PortsAdminExtendedAttrsIpV6TestJSON-940486397 tempest-PortsAdminExtendedAttrsIpV6TestJSON-940486397-project-admin] Failed to bind port 407e328f-c6b8-4839-b9b9-7b37fcf9e01c on host hv-neutron-8404 for vnic_type normal using segments [{'id': '5349a11a-4104-4fc4-9b10-262375e130c1', 'network_type': 'vlan', 'physical_network': 'physnet1', 'segmentation_id': 390, 'network_id': 'f2215cae-0332-406c-8047-c830f3978e29'}]
Oct 11 10:12:04.660071 dv-neutron-840419-41-hyperv neutron-server[105348]: INFO neutron.plugins.ml2.plugin [None req-b0bf8315-e3e6-4e4a-a3f7-b38c42933af8 tempest-PortsAdminExtendedAttrsIpV6TestJSON-940486397 tempest-PortsAdminExtendedAttrsIpV6TestJSON-940486397-project-admin] Attempt 10 to bind port 407e328f-c6b8-4839-b9b9-7b37fcf9e01c
Oct 11 10:12:04.664095 dv-neutron-840419-41-hyperv neutron-server[105350]: DEBUG neutron.plugins.ml2.db [None req-566c6824-b746-45f4-8ebf-fc6ce23be896 None None] For port 932f60e0-701d-424e-af7f-d66f0728506a, host dv-neutron-840419-41-hyperv, got binding levels [PortBindingLevel(driver='openvswitch',host='dv-neutron-840419-41-hyperv',level=0,port_id=932f60e0-701d-424e-af7f-d66f0728506a,segment=NetworkSegment(47d4980e-ec27-4bbf-957d-d61cd47d8ff6),segment_id=47d4980e-ec27-4bbf-957d-d61cd47d8ff6)] {{(pid=105350) get_binding_level_objs /opt/stack/neutron/neutron/plugins/ml2/db.py:74}}
Oct 11 10:12:04.669344 dv-neutron-840419-41-hyperv neutron-server[105348]: INFO neutron.wsgi [None req-f7972861-e137-4987-b59f-bbf7149b6a63 tempest-RoutersIpV6AdminTest-1848408709 tempest-RoutersIpV6AdminTest-1848408709-project-admin] 10.222.0.17 "POST /networking/v2.0/ports HTTP/1.1" status: 201 len: 1029 time: 1.6642132
Oct 11 10:12:04.675375 dv-neutron-840419-41-hyperv neutron-server[105348]: DEBUG neutron.wsgi [-] (105348) accepted ('10.222.0.17', 58450) {{(pid=105348) server /usr/local/lib/python3.8/dist-packages/eventlet/wsgi.py:1004}}
Oct 11 10:12:04.676903 dv-neutron-840419-41-hyperv neutron-server[105350]: DEBUG neutron_lib.callbacks.manager [None req-566c6824-b746-45f4-8ebf-fc6ce23be896 None None] Publish callbacks ['neutron.plugins.ml2.plugin.SecurityGroupServerNotifierRpcMixin._notify_sg_on_port_change-1738412', 'neutron.plugins.ml2.ovo_rpc._ObjectChangeHandler.handle_event-938781', 'neutron.api.rpc.agentnotifiers.dhcp_rpc_agent_api.DhcpAgentNotifyAPI._native_event_send_dhcp_notification-773753', 'neutron.db.l3_db.L3RpcNotifierMixin._notify_gateway_port_ip_changed-8738625330881', 'neutron.db.l3_dvrscheduler_db._notify_l3_agent_port_update-8738624876014', 'neutron.db.l3_hascheduler_db._notify_l3_agent_ha_port_update-8738624877316'] for port (932f60e0-701d-424e-af7f-d66f0728506a), after_update {{(pid=105350) _notify_loop /usr/local/lib/python3.8/dist-packages/neutron_lib/callbacks/manager.py:176}}
Oct 11 10:12:04.677745 dv-neutron-840419-41-hyperv neutron-server[105350]: DEBUG neutron.plugins.ml2.rpc [None req-566c6824-b746-45f4-8ebf-fc6ce23be896 None None] Device 990c3475-1c38-46d3-bce3-65a2827a35de up at agent ovs-agent-dv-neutron-840419-41-hyperv {{(pid=105350) update_device_up /opt/stack/neutron/neutron/plugins/ml2/rpc.py:296}}
Oct 11 10:12:04.684997 dv-neutron-840419-41-hyperv neutron-server[105350]: DEBUG neutron.db.provisioning_blocks [None req-94ad32a6-b74e-4b8d-a110-9239fb380fa0 None None] Provisioning complete for port a131682a-3062-4cd4-a31a-2a7c49c3193a triggered by entity DHCP. {{(pid=105350) provisioning_complete /opt/stack/neutron/neutron/db/provisioning_blocks.py:144}}
Oct 11 10:12:04.684997 dv-neutron-840419-41-hyperv neutron-server[105350]: DEBUG neutron_lib.callbacks.manager [None req-94ad32a6-b74e-4b8d-a110-9239fb380fa0 None None] Publish callbacks ['neutron.plugins.ml2.plugin.Ml2Plugin._port_provisioned-1714883'] for port (a131682a-3062-4cd4-a31a-2a7c49c3193a), provisioning_complete {{(pid=105350) _notify_loop /usr/local/lib/python3.8/dist-packages/neutron_lib/callbacks/manager.py:176}}
Oct 11 10:12:04.684997 dv-neutron-840419-41-hyperv neutron-server[105350]: INFO neutron.plugins.ml2.plugin [None req-94ad32a6-b74e-4b8d-a110-9239fb380fa0 None None] Attempt 1 to provision port a131682a-3062-4cd4-a31a-2a7c49c3193a
Oct 11 10:12:04.704588 dv-neutron-840419-41-hyperv neutron-server[105348]: DEBUG neutron.plugins.ml2.managers [None req-b0bf8315-e3e6-4e4a-a3f7-b38c42933af8 tempest-PortsAdminExtendedAttrsIpV6TestJSON-940486397 tempest-PortsAdminExtendedAttrsIpV6TestJSON-940486397-project-admin] Attempting to bind port 407e328f-c6b8-4839-b9b9-7b37fcf9e01c on host hv-neutron-8404 for vnic_type normal with profile {{(pid=105348) bind_port /opt/stack/neutron/neutron/plugins/ml2/managers.py:810}}
Oct 11 10:12:04.704929 dv-neutron-840419-41-hyperv neutron-server[105348]: DEBUG neutron.plugins.ml2.managers [None req-b0bf8315-e3e6-4e4a-a3f7-b38c42933af8 tempest-PortsAdminExtendedAttrsIpV6TestJSON-940486397 tempest-PortsAdminExtendedAttrsIpV6TestJSON-940486397-project-admin] Attempting to bind port 407e328f-c6b8-4839-b9b9-7b37fcf9e01c by drivers openvswitch,hyperv on host hv-neutron-8404 at level 0 using segments [{'id': '5349a11a-4104-4fc4-9b10-262375e130c1', 'network_type': 'vlan', 'physical_network': 'physnet1', 'segmentation_id': 390, 'network_id': 'f2215cae-0332-406c-8047-c830f3978e29'}] {{(pid=105348) _bind_port_level /opt/stack/neutron/neutron/plugins/ml2/managers.py:835}}
Oct 11 10:12:04.705402 dv-neutron-840419-41-hyperv neutron-server[105348]: DEBUG neutron.plugins.ml2.drivers.mech_agent [None req-b0bf8315-e3e6-4e4a-a3f7-b38c42933af8 tempest-PortsAdminExtendedAttrsIpV6TestJSON-940486397 tempest-PortsAdminExtendedAttrsIpV6TestJSON-940486397-project-admin] Attempting to bind port 407e328f-c6b8-4839-b9b9-7b37fcf9e01c on network f2215cae-0332-406c-8047-c830f3978e29 {{(pid=105348) bind_port /opt/stack/neutron/neutron/plugins/ml2/drivers/mech_agent.py:91}}
Oct 11 10:12:04.737055 dv-neutron-840419-41-hyperv neutron-server[105348]: DEBUG neutron.plugins.ml2.drivers.mech_agent [None req-b0bf8315-e3e6-4e4a-a3f7-b38c42933af8 tempest-PortsAdminExtendedAttrsIpV6TestJSON-940486397 tempest-PortsAdminExtendedAttrsIpV6TestJSON-940486397-project-admin] Port 407e328f-c6b8-4839-b9b9-7b37fcf9e01c on network f2215cae-0332-406c-8047-c830f3978e29 not bound, no agent of type Open vSwitch agent registered on host hv-neutron-8404 {{(pid=105348) bind_port /opt/stack/neutron/neutron/plugins/ml2/drivers/mech_agent.py:120}}
Oct 11 10:12:04.737388 dv-neutron-840419-41-hyperv neutron-server[105348]: ERROR neutron.plugins.ml2.managers [None req-b0bf8315-e3e6-4e4a-a3f7-b38c42933af8 tempest-PortsAdminExtendedAttrsIpV6TestJSON-940486397 tempest-PortsAdminExtendedAttrsIpV6TestJSON-940486397-project-admin] Failed to bind port 407e328f-c6b8-4839-b9b9-7b37fcf9e01c on host hv-neutron-8404 for vnic_type normal using segments [{'id': '5349a11a-4104-4fc4-9b10-262375e130c1', 'network_type': 'vlan', 'physical_network': 'physnet1', 'segmentation_id': 390, 'network_id': 'f2215cae-0332-406c-8047-c830f3978e29'}]
Oct 11 10:12:04.737768 dv-neutron-840419-41-hyperv neutron-server[105348]: DEBUG neutron_lib.callbacks.manager [None req-b0bf8315-e3e6-4e4a-a3f7-b38c42933af8 tempest-PortsAdminExtendedAttrsIpV6TestJSON-940486397 tempest-PortsAdminExtendedAttrsIpV6TestJSON-940486397-project-admin] Publish callbacks ['neutron.plugins.ml2.plugin.SecurityGroupDbMixin._ensure_default_security_group_handler-1736819'] for port (407e328f-c6b8-4839-b9b9-7b37fcf9e01c), before_update {{(pid=105348) _notify_loop /usr/local/lib/python3.8/dist-packages/neutron_lib/callbacks/manager.py:176}}
Oct 11 10:12:04.769497 dv-neutron-840419-41-hyperv neutron-server[105349]: DEBUG neutron_lib.callbacks.manager [None req-c28e115d-f367-48c5-a369-bd37a70db10d tempest-ServersTestJSON-354518299 tempest-ServersTestJSON-354518299-project] Publish callbacks [] for floatingip (None), before_create {{(pid=105349) _notify_loop /usr/local/lib/python3.8/dist-packages/neutron_lib/callbacks/manager.py:176}}
Oct 11 10:12:04.778872 dv-neutron-840419-41-hyperv neutron-server[105349]: DEBUG neutron.plugins.ml2.plugin [None req-68fc2991-2b72-4de9-b494-b278dbf71a18 tempest-ExternalNetworksAdminNegativeTestJSON-1109954303 tempest-ExternalNetworksAdminNegativeTestJSON-1109954303-project-admin] Deleting port 4fadda71-dc8b-4fee-99bf-290b9ab2caf5 {{(pid=105349) _pre_delete_port /opt/stack/neutron/neutron/plugins/ml2/plugin.py:2068}}
Oct 11 10:12:04.779350 dv-neutron-840419-41-hyperv neutron-server[105349]: DEBUG neutron_lib.callbacks.manager [None req-68fc2991-2b72-4de9-b494-b278dbf71a18 tempest-ExternalNetworksAdminNegativeTestJSON-1109954303 tempest-ExternalNetworksAdminNegativeTestJSON-1109954303-project-admin] Publish callbacks ['neutron.db.l3_db.L3_NAT_dbonly_mixin._prevent_l3_port_delete_callback-8738625330728'] for port (4fadda71-dc8b-4fee-99bf-290b9ab2caf5), before_delete {{(pid=105349) _notify_loop /usr/local/lib/python3.8/dist-packages/neutron_lib/callbacks/manager.py:176}}
Oct 11 10:12:04.792120 dv-neutron-840419-41-hyperv neutron-server[105350]: DEBUG dbcounter [-] [105350] Writing DB stats neutron:SELECT=99,neutron:UPDATE=1 {{(pid=105350) stat_writer /usr/local/lib/python3.8/dist-packages/dbcounter.py:114}}
Oct 11 10:12:04.797123 dv-neutron-840419-41-hyperv neutron-server[105350]: DEBUG neutron.api.rpc.handlers.resources_rpc [None req-566c6824-b746-45f4-8ebf-fc6ce23be896 None None] Pushing event updated for resources: {'Port': ['ID=932f60e0-701d-424e-af7f-d66f0728506a,revision_number=5']} {{(pid=105350) push /opt/stack/neutron/neutron/api/rpc/handlers/resources_rpc.py:237}}
Oct 11 10:12:04.804938 dv-neutron-840419-41-hyperv neutron-server[105350]: DEBUG dbcounter [-] [105350] Writing DB stats neutron:SELECT=98,neutron:UPDATE=2 {{(pid=105350) stat_writer /usr/local/lib/python3.8/dist-packages/dbcounter.py:114}}
Oct 11 10:12:04.818115 dv-neutron-840419-41-hyperv neutron-server[105350]: DEBUG neutron.db.provisioning_blocks [None req-566c6824-b746-45f4-8ebf-fc6ce23be896 None None] Provisioning complete for port 990c3475-1c38-46d3-bce3-65a2827a35de triggered by entity L2. {{(pid=105350) provisioning_complete /opt/stack/neutron/neutron/db/provisioning_blocks.py:144}}
Oct 11 10:12:04.818533 dv-neutron-840419-41-hyperv neutron-server[105350]: DEBUG neutron_lib.callbacks.manager [None req-566c6824-b746-45f4-8ebf-fc6ce23be896 None None] Publish callbacks ['neutron.plugins.ml2.plugin.Ml2Plugin._port_provisioned-1714883'] for port (990c3475-1c38-46d3-bce3-65a2827a35de), provisioning_complete {{(pid=105350) _notify_loop /usr/local/lib/python3.8/dist-packages/neutron_lib/callbacks/manager.py:176}}
Oct 11 10:12:04.818878 dv-neutron-840419-41-hyperv neutron-server[105350]: INFO neutron.plugins.ml2.plugin [None req-566c6824-b746-45f4-8ebf-fc6ce23be896 None None] Attempt 1 to provision port 990c3475-1c38-46d3-bce3-65a2827a35de
Oct 11 10:12:04.848968 dv-neutron-840419-41-hyperv neutron-server[105348]: DEBUG neutron.plugins.ml2.plugin [None req-945971be-3a8f-488a-af6a-d775742f1c3a tempest-RoutersIpV6AdminTest-1848408709 tempest-RoutersIpV6AdminTest-1848408709-project-admin] Deleting port 9af10134-ff27-489c-9d11-eec9abe41d1f {{(pid=105348) _pre_delete_port /opt/stack/neutron/neutron/plugins/ml2/plugin.py:2068}}
Oct 11 10:12:04.849315 dv-neutron-840419-41-hyperv neutron-server[105348]: DEBUG neutron_lib.callbacks.manager [None req-945971be-3a8f-488a-af6a-d775742f1c3a tempest-RoutersIpV6AdminTest-1848408709 tempest-RoutersIpV6AdminTest-1848408709-project-admin] Publish callbacks ['neutron.db.l3_db.L3_NAT_dbonly_mixin._prevent_l3_port_delete_callback-8738625330728'] for port (9af10134-ff27-489c-9d11-eec9abe41d1f), before_delete {{(pid=105348) _notify_loop /usr/local/lib/python3.8/dist-packages/neutron_lib/callbacks/manager.py:176}}
Oct 11 10:12:04.870949 dv-neutron-840419-41-hyperv neutron-server[105348]: DEBUG dbcounter [-] [105348] Writing DB stats neutron:SELECT=100 {{(pid=105348) stat_writer /usr/local/lib/python3.8/dist-packages/dbcounter.py:114}}
Oct 11 10:12:04.894042 dv-neutron-840419-41-hyperv neutron-server[105349]: DEBUG dbcounter [-] [105349] Writing DB stats neutron:SELECT=87,neutron:INSERT=10,neutron:UPDATE=1,neutron:DELETE=2 {{(pid=105349) stat_writer /usr/local/lib/python3.8/dist-packages/dbcounter.py:114}}
Oct 11 10:12:04.894260 dv-neutron-840419-41-hyperv neutron-server[105350]: DEBUG neutron.plugins.ml2.plugin [None req-94ad32a6-b74e-4b8d-a110-9239fb380fa0 None None] Current status of the port a131682a-3062-4cd4-a31a-2a7c49c3193a is: ACTIVE; New status is: ACTIVE {{(pid=105350) _update_individual_port_db_status /opt/stack/neutron/neutron/plugins/ml2/plugin.py:2333}}
Oct 11 10:12:04.903824 dv-neutron-840419-41-hyperv neutron-server[105348]: DEBUG neutron.plugins.ml2.db [None req-b0bf8315-e3e6-4e4a-a3f7-b38c42933af8 tempest-PortsAdminExtendedAttrsIpV6TestJSON-940486397 tempest-PortsAdminExtendedAttrsIpV6TestJSON-940486397-project-admin] For port 407e328f-c6b8-4839-b9b9-7b37fcf9e01c, host hv-neutron-8404, cleared binding levels {{(pid=105348) clear_binding_levels /opt/stack/neutron/neutron/plugins/ml2/db.py:87}}
Oct 11 10:12:04.904279 dv-neutron-840419-41-hyperv neutron-server[105348]: DEBUG neutron.plugins.ml2.db [None req-b0bf8315-e3e6-4e4a-a3f7-b38c42933af8 tempest-PortsAdminExtendedAttrsIpV6TestJSON-940486397 tempest-PortsAdminExtendedAttrsIpV6TestJSON-940486397-project-admin] Attempted to set empty binding levels {{(pid=105348) set_binding_levels /opt/stack/neutron/neutron/plugins/ml2/db.py:65}}
Oct 11 10:12:04.913809 dv-neutron-840419-41-hyperv neutron-server[105348]: DEBUG neutron_lib.callbacks.manager [None req-b0bf8315-e3e6-4e4a-a3f7-b38c42933af8 tempest-PortsAdminExtendedAttrsIpV6TestJSON-940486397 tempest-PortsAdminExtendedAttrsIpV6TestJSON-940486397-project-admin] Publish callbacks ['neutron.plugins.ml2.plugin.SecurityGroupServerNotifierRpcMixin._notify_sg_on_port_change-1738412', 'neutron.plugins.ml2.ovo_rpc._ObjectChangeHandler.handle_event-938781', 'neutron.api.rpc.agentnotifiers.dhcp_rpc_agent_api.DhcpAgentNotifyAPI._native_event_send_dhcp_notification-773753', 'neutron.db.l3_db.L3RpcNotifierMixin._notify_gateway_port_ip_changed-8738625330881', 'neutron.db.l3_dvrscheduler_db._notify_l3_agent_port_update-8738624876014', 'neutron.db.l3_hascheduler_db._notify_l3_agent_ha_port_update-8738624877316'] for port (407e328f-c6b8-4839-b9b9-7b37fcf9e01c), after_update {{(pid=105348) _notify_loop /usr/local/lib/python3.8/dist-packages/neutron_lib/callbacks/manager.py:176}}
Oct 11 10:12:04.914993 dv-neutron-840419-41-hyperv neutron-server[105348]: DEBUG neutron.pecan_wsgi.hooks.policy_enforcement [None req-b0bf8315-e3e6-4e4a-a3f7-b38c42933af8 tempest-PortsAdminExtendedAttrsIpV6TestJSON-940486397 tempest-PortsAdminExtendedAttrsIpV6TestJSON-940486397-project-admin] Attributes excluded by policy engine: ['standard_attr_id'] {{(pid=105348) _exclude_attributes_by_policy /opt/stack/neutron/neutron/pecan_wsgi/hooks/policy_enforcement.py:259}}
Oct 11 10:12:04.916511 dv-neutron-840419-41-hyperv neutron-server[105348]: DEBUG neutron_lib.callbacks.manager [None req-b0bf8315-e3e6-4e4a-a3f7-b38c42933af8 tempest-PortsAdminExtendedAttrsIpV6TestJSON-940486397 tempest-PortsAdminExtendedAttrsIpV6TestJSON-940486397-project-admin] Publish callbacks ['neutron.notifiers.nova.Notifier._send_nova_notification-29506', 'neutron.api.rpc.agentnotifiers.dhcp_rpc_agent_api.DhcpAgentNotifyAPI._send_dhcp_notification-773743'] for port (None), before_response {{(pid=105348) _notify_loop /usr/local/lib/python3.8/dist-packages/neutron_lib/callbacks/manager.py:176}}
Oct 11 10:12:04.944087 dv-neutron-840419-41-hyperv neutron-server[105349]: DEBUG neutron_lib.callbacks.manager [None req-5f8e72a3-9bd7-4ef8-9062-b0da3b3a07f0 admin admin] Publish callbacks [] for security_group (25bed204-f413-427c-8cff-911987182627), precommit_create {{(pid=105349) _notify_loop /usr/local/lib/python3.8/dist-packages/neutron_lib/callbacks/manager.py:176}}
Oct 11 10:12:04.958435 dv-neutron-840419-41-hyperv neutron-server[105350]: DEBUG neutron.plugins.ml2.plugin [None req-566c6824-b746-45f4-8ebf-fc6ce23be896 None None] Current status of the port 990c3475-1c38-46d3-bce3-65a2827a35de is: ACTIVE; New status is: ACTIVE {{(pid=105350) _update_individual_port_db_status /opt/stack/neutron/neutron/plugins/ml2/plugin.py:2333}}
Oct 11 10:12:04.959667 dv-neutron-840419-41-hyperv neutron-server[105350]: DEBUG neutron.plugins.ml2.rpc [None req-566c6824-b746-45f4-8ebf-fc6ce23be896 None None] Device 73aa325d-1292-4087-b337-1b7d7c46ec9b up at agent ovs-agent-dv-neutron-840419-41-hyperv {{(pid=105350) update_device_up /opt/stack/neutron/neutron/plugins/ml2/rpc.py:296}}
Oct 11 10:12:05.040815 dv-neutron-840419-41-hyperv neutron-server[105350]: DEBUG neutron.db.provisioning_blocks [None req-566c6824-b746-45f4-8ebf-fc6ce23be896 None None] Provisioning complete for port 73aa325d-1292-4087-b337-1b7d7c46ec9b triggered by entity L2. {{(pid=105350) provisioning_complete /opt/stack/neutron/neutron/db/provisioning_blocks.py:144}}
Oct 11 10:12:05.041451 dv-neutron-840419-41-hyperv neutron-server[105350]: DEBUG neutron_lib.callbacks.manager [None req-566c6824-b746-45f4-8ebf-fc6ce23be896 None None] Publish callbacks ['neutron.plugins.ml2.plugin.Ml2Plugin._port_provisioned-1714883'] for port (73aa325d-1292-4087-b337-1b7d7c46ec9b), provisioning_complete {{(pid=105350) _notify_loop /usr/local/lib/python3.8/dist-packages/neutron_lib/callbacks/manager.py:176}}
Oct 11 10:12:05.042031 dv-neutron-840419-41-hyperv neutron-server[105350]: INFO neutron.plugins.ml2.plugin [None req-566c6824-b746-45f4-8ebf-fc6ce23be896 None None] Attempt 1 to provision port 73aa325d-1292-4087-b337-1b7d7c46ec9b
Oct 11 10:12:05.064155 dv-neutron-840419-41-hyperv neutron-server[105348]: INFO neutron.wsgi [None req-b0bf8315-e3e6-4e4a-a3f7-b38c42933af8 tempest-PortsAdminExtendedAttrsIpV6TestJSON-940486397 tempest-PortsAdminExtendedAttrsIpV6TestJSON-940486397-project-admin] 10.222.0.17 "POST /networking/v2.0/ports HTTP/1.1" status: 201 len: 986 time: 4.6484618
Oct 11 10:12:05.081037 dv-neutron-840419-41-hyperv neutron-server[105348]: DEBUG neutron.wsgi [-] (105348) accepted ('10.222.0.17', 58456) {{(pid=105348) server /usr/local/lib/python3.8/dist-packages/eventlet/wsgi.py:1004}}
Oct 11 10:12:05.081788 dv-neutron-840419-41-hyperv neutron-server[105348]: DEBUG neutron.api.rpc.handlers.resources_rpc [None req-b0bf8315-e3e6-4e4a-a3f7-b38c42933af8 tempest-PortsAdminExtendedAttrsIpV6TestJSON-940486397 tempest-PortsAdminExtendedAttrsIpV6TestJSON-940486397-project-admin] Pushing event updated for resources: {'Port': ['ID=407e328f-c6b8-4839-b9b9-7b37fcf9e01c,revision_number=2']} {{(pid=105348) push /opt/stack/neutron/neutron/api/rpc/handlers/resources_rpc.py:237}}
Oct 11 10:12:05.095685 dv-neutron-840419-41-hyperv neutron-server[105348]: DEBUG neutron_lib.callbacks.manager [None req-945971be-3a8f-488a-af6a-d775742f1c3a tempest-RoutersIpV6AdminTest-1848408709 tempest-RoutersIpV6AdminTest-1848408709-project-admin] Publish callbacks ['neutron.services.l3_router.l3_router_plugin.L3_NAT_dbonly_mixin._precommit_delete_port_callback-618355'] for port (9af10134-ff27-489c-9d11-eec9abe41d1f), precommit_delete {{(pid=105348) _notify_loop /usr/local/lib/python3.8/dist-packages/neutron_lib/callbacks/manager.py:176}}
Oct 11 10:12:05.134777 dv-neutron-840419-41-hyperv neutron-server[105348]: DEBUG neutron.plugins.ml2.plugin [None req-945971be-3a8f-488a-af6a-d775742f1c3a tempest-RoutersIpV6AdminTest-1848408709 tempest-RoutersIpV6AdminTest-1848408709-project-admin] Calling delete_port for 9af10134-ff27-489c-9d11-eec9abe41d1f owned by {{(pid=105348) delete_port /opt/stack/neutron/neutron/plugins/ml2/plugin.py:2157}}
Oct 11 10:12:05.157743 dv-neutron-840419-41-hyperv neutron-server[105350]: DEBUG neutron.plugins.ml2.plugin [None req-566c6824-b746-45f4-8ebf-fc6ce23be896 None None] Current status of the port 73aa325d-1292-4087-b337-1b7d7c46ec9b is: DOWN; New status is: ACTIVE {{(pid=105350) _update_individual_port_db_status /opt/stack/neutron/neutron/plugins/ml2/plugin.py:2333}}
Oct 11 10:12:05.158679 dv-neutron-840419-41-hyperv neutron-server[105350]: DEBUG neutron_lib.callbacks.manager [None req-566c6824-b746-45f4-8ebf-fc6ce23be896 None None] Publish callbacks ['neutron.plugins.ml2.plugin.SecurityGroupDbMixin._ensure_default_security_group_handler-1736819'] for port (73aa325d-1292-4087-b337-1b7d7c46ec9b), before_update {{(pid=105350) _notify_loop /usr/local/lib/python3.8/dist-packages/neutron_lib/callbacks/manager.py:176}}
Oct 11 10:12:05.165416 dv-neutron-840419-41-hyperv neutron-server[105348]: DEBUG neutron.wsgi [-] (105348) accepted ('10.222.0.17', 58460) {{(pid=105348) server /usr/local/lib/python3.8/dist-packages/eventlet/wsgi.py:1004}}
Oct 11 10:12:05.181650 dv-neutron-840419-41-hyperv neutron-server[105350]: DEBUG neutron.plugins.ml2.db [None req-566c6824-b746-45f4-8ebf-fc6ce23be896 None None] For port 73aa325d-1292-4087-b337-1b7d7c46ec9b, host dv-neutron-840419-41-hyperv, got binding levels [PortBindingLevel(driver='openvswitch',host='dv-neutron-840419-41-hyperv',level=0,port_id=73aa325d-1292-4087-b337-1b7d7c46ec9b,segment=NetworkSegment(ac12a7d9-813c-4075-a867-4dd6582e623b),segment_id=ac12a7d9-813c-4075-a867-4dd6582e623b)] {{(pid=105350) get_binding_level_objs /opt/stack/neutron/neutron/plugins/ml2/db.py:74}}
Oct 11 10:12:05.187689 dv-neutron-840419-41-hyperv neutron-server[105350]: DEBUG neutron_lib.callbacks.manager [None req-566c6824-b746-45f4-8ebf-fc6ce23be896 None None] Publish callbacks ['neutron.plugins.ml2.plugin.SecurityGroupServerNotifierRpcMixin._notify_sg_on_port_change-1738412', 'neutron.plugins.ml2.ovo_rpc._ObjectChangeHandler.handle_event-938781', 'neutron.api.rpc.agentnotifiers.dhcp_rpc_agent_api.DhcpAgentNotifyAPI._native_event_send_dhcp_notification-773753', 'neutron.db.l3_db.L3RpcNotifierMixin._notify_gateway_port_ip_changed-8738625330881', 'neutron.db.l3_dvrscheduler_db._notify_l3_agent_port_update-8738624876014', 'neutron.db.l3_hascheduler_db._notify_l3_agent_ha_port_update-8738624877316'] for port (73aa325d-1292-4087-b337-1b7d7c46ec9b), after_update {{(pid=105350) _notify_loop /usr/local/lib/python3.8/dist-packages/neutron_lib/callbacks/manager.py:176}}
Oct 11 10:12:05.207847 dv-neutron-840419-41-hyperv neutron-server[105348]: DEBUG neutron.api.v2.base [None req-f1b89478-8dda-4d58-94df-ae8c8b2dfd0f tempest-ServerActionsTestJSON-1268889173 tempest-ServerActionsTestJSON-1268889173-project] Request body: {'security_group': {'name': 'tempest-securitygroup--322971001', 'description': 'tempest-description--525167698'}} {{(pid=105348) prepare_request_body /opt/stack/neutron/neutron/api/v2/base.py:730}}
Oct 11 10:12:05.233052 dv-neutron-840419-41-hyperv neutron-server[105349]: DEBUG neutron_lib.callbacks.manager [None req-c42f4886-0ab1-4c7c-b13b-c00bd4dd105e tempest-QuotasNegativeTest-2004864387 tempest-QuotasNegativeTest-2004864387-project-admin] Publish callbacks ['neutron.plugins.ml2.plugin.Ml2Plugin._network_delete_precommit_handler-1713258', 'neutron.services.segments.db._delete_segments_for_network-8738625340636'] for network (871dea25-6672-4081-bed4-ff6aaf3b1780), precommit_delete {{(pid=105349) _notify_loop /usr/local/lib/python3.8/dist-packages/neutron_lib/callbacks/manager.py:176}}
Oct 11 10:12:05.265589 dv-neutron-840419-41-hyperv neutron-server[105349]: DEBUG neutron_lib.callbacks.manager [None req-5f8e72a3-9bd7-4ef8-9062-b0da3b3a07f0 admin admin] Publish callbacks ['neutron.plugins.ml2.ovo_rpc._ObjectChangeHandler.handle_event-599078'] for security_group (25bed204-f413-427c-8cff-911987182627), after_create {{(pid=105349) _notify_loop /usr/local/lib/python3.8/dist-packages/neutron_lib/callbacks/manager.py:176}}
Oct 11 10:12:05.295758 dv-neutron-840419-41-hyperv neutron-server[105348]: DEBUG dbcounter [-] [105348] Writing DB stats neutron:SELECT=93,neutron:INSERT=2,neutron:DELETE=3,neutron:UPDATE=2 {{(pid=105348) stat_writer /usr/local/lib/python3.8/dist-packages/dbcounter.py:114}}
Oct 11 10:12:05.304751 dv-neutron-840419-41-hyperv neutron-server[105348]: DEBUG neutron.plugins.ml2.plugin [None req-b4cd8bd5-b1c5-49ff-a7ba-b1c9d082a298 tempest-PortsAdminExtendedAttrsIpV6TestJSON-940486397 tempest-PortsAdminExtendedAttrsIpV6TestJSON-940486397-project-admin] Deleting port 407e328f-c6b8-4839-b9b9-7b37fcf9e01c {{(pid=105348) _pre_delete_port /opt/stack/neutron/neutron/plugins/ml2/plugin.py:2068}}
Oct 11 10:12:05.305096 dv-neutron-840419-41-hyperv neutron-server[105348]: DEBUG neutron_lib.callbacks.manager [None req-b4cd8bd5-b1c5-49ff-a7ba-b1c9d082a298 tempest-PortsAdminExtendedAttrsIpV6TestJSON-940486397 tempest-PortsAdminExtendedAttrsIpV6TestJSON-940486397-project-admin] Publish callbacks ['neutron.db.l3_db.L3_NAT_dbonly_mixin._prevent_l3_port_delete_callback-8738625330728'] for port (407e328f-c6b8-4839-b9b9-7b37fcf9e01c), before_delete {{(pid=105348) _notify_loop /usr/local/lib/python3.8/dist-packages/neutron_lib/callbacks/manager.py:176}}
Oct 11 10:12:05.326982 dv-neutron-840419-41-hyperv neutron-server[105348]: DEBUG neutron_lib.callbacks.manager [None req-f1b89478-8dda-4d58-94df-ae8c8b2dfd0f tempest-ServerActionsTestJSON-1268889173 tempest-ServerActionsTestJSON-1268889173-project] Publish callbacks [] for security_group (None), before_create {{(pid=105348) _notify_loop /usr/local/lib/python3.8/dist-packages/neutron_lib/callbacks/manager.py:176}}
