Sep 02 20:42:35.197092 dv-neutron-840419-31-hyperv devstack@keystone.service[81860]: DEBUG keystone.auth.core [None req-273f6eef-b720-4a29-b3f2-654fed2077f1 None None] MFA Rules not processed for user `4949ad570ef447638569adcb9bd5a518`. Rule list: `[]` (Enabled: `True`). {{(pid=81860) check_auth_methods_against_rules /opt/stack/keystone/keystone/auth/core.py:438}}
Sep 02 20:42:35.198457 dv-neutron-840419-31-hyperv devstack@keystone.service[81860]: DEBUG keystone.common.fernet_utils [None req-273f6eef-b720-4a29-b3f2-654fed2077f1 None None] Loaded 2 Fernet keys from /etc/keystone/fernet-keys/, but `[fernet_tokens] max_active_keys = 3`; perhaps there have not been enough key rotations to reach `max_active_keys` yet? {{(pid=81860) load_keys /opt/stack/keystone/keystone/common/fernet_utils.py:286}}
Sep 02 20:42:35.268719 dv-neutron-840419-31-hyperv devstack@keystone.service[81861]: DEBUG dbcounter [-] [81861] Writing DB stats keystone:SELECT=100 {{(pid=81861) stat_writer /usr/local/lib/python3.8/dist-packages/dbcounter.py:114}}
Sep 02 20:42:35.282520 dv-neutron-840419-31-hyperv devstack@keystone.service[81860]: [pid: 81860|app: 0|req: 178/362] 10.222.0.45 () {58 vars in 1024 bytes} [Fri Sep 2 20:42:35 2022] POST /identity/v3/auth/tokens => generated 799 bytes in 108 msecs (HTTP/1.1 201) 6 headers in 363 bytes (1 switches on core 0)
Sep 02 20:42:35.283573 dv-neutron-840419-31-hyperv devstack@keystone.service[81860]: DEBUG keystone.server.flask.request_processing.middleware.auth_context [None req-273f6eef-b720-4a29-b3f2-654fed2077f1 None None] Authenticating user token {{(pid=81860) process_request /usr/local/lib/python3.8/dist-packages/keystonemiddleware/auth_token/__init__.py:407}}
Sep 02 20:42:35.292437 dv-neutron-840419-31-hyperv devstack@keystone.service[81861]: DEBUG keystone.server.flask.request_processing.middleware.auth_context [None req-ebf7a758-9cb3-417f-9c74-8a7f8cf6e132 None admin] Validating token access rules against request {{(pid=81861) validate_allowed_request /usr/local/lib/python3.8/dist-packages/keystonemiddleware/auth_token/__init__.py:545}}
Sep 02 20:42:35.332996 dv-neutron-840419-31-hyperv devstack@keystone.service[81861]: DEBUG keystone.server.flask.request_processing.middleware.auth_context [None req-cd786f4a-99b9-451b-82dc-3bbcf96ff0da None admin] RBAC: auth_context: {'token': , 'domain_id': None, 'trust_id': None, 'trustor_id': None, 'trustee_id': None, 'domain_name': None, 'group_ids': [], 'user_id': '4949ad570ef447638569adcb9bd5a518', 'user_domain_id': 'default', 'system_scope': 'all', 'project_id': None, 'project_domain_id': None, 'roles': ['admin', 'member', 'reader'], 'is_admin_project': True, 'service_user_id': None, 'service_user_domain_id': None, 'service_project_id': None, 'service_project_domain_id': None, 'service_roles': []} {{(pid=81861) fill_context /opt/stack/keystone/keystone/server/flask/request_processing/middleware/auth_context.py:478}}
Sep 02 20:42:35.334002 dv-neutron-840419-31-hyperv devstack@keystone.service[81861]: DEBUG keystone.server.flask.request_processing.req_logging [None req-cd786f4a-99b9-451b-82dc-3bbcf96ff0da None admin] REQUEST_METHOD: `GET` {{(pid=81861) log_request_info /opt/stack/keystone/keystone/server/flask/request_processing/req_logging.py:27}}
Sep 02 20:42:35.334453 dv-neutron-840419-31-hyperv devstack@keystone.service[81861]: DEBUG keystone.server.flask.request_processing.req_logging [None req-cd786f4a-99b9-451b-82dc-3bbcf96ff0da None admin] SCRIPT_NAME: `/identity` {{(pid=81861) log_request_info /opt/stack/keystone/keystone/server/flask/request_processing/req_logging.py:28}}
Sep 02 20:42:35.335115 dv-neutron-840419-31-hyperv devstack@keystone.service[81861]: DEBUG keystone.server.flask.request_processing.req_logging [None req-cd786f4a-99b9-451b-82dc-3bbcf96ff0da None admin] PATH_INFO: `/v3/auth/tokens` {{(pid=81861) log_request_info /opt/stack/keystone/keystone/server/flask/request_processing/req_logging.py:29}}
Sep 02 20:42:35.397871 dv-neutron-840419-31-hyperv devstack@keystone.service[81860]: DEBUG dbcounter [-] [81860] Writing DB stats keystone:SELECT=100 {{(pid=81860) stat_writer /usr/local/lib/python3.8/dist-packages/dbcounter.py:114}}
Sep 02 20:42:35.411065 dv-neutron-840419-31-hyperv devstack@keystone.service[81860]: DEBUG keystone.server.flask.request_processing.middleware.auth_context [None req-273f6eef-b720-4a29-b3f2-654fed2077f1 None None] Validating token access rules against request {{(pid=81860) validate_allowed_request /usr/local/lib/python3.8/dist-packages/keystonemiddleware/auth_token/__init__.py:545}}
Sep 02 20:42:35.433553 dv-neutron-840419-31-hyperv devstack@keystone.service[81861]: DEBUG keystone.common.rbac_enforcer.enforcer [None req-cd786f4a-99b9-451b-82dc-3bbcf96ff0da None admin] RBAC: Authorizing `identity:validate_token()` {{(pid=81861) enforce_call /opt/stack/keystone/keystone/common/rbac_enforcer/enforcer.py:449}}
Sep 02 20:42:35.435189 dv-neutron-840419-31-hyperv devstack@keystone.service[81861]: DEBUG keystone.common.rbac_enforcer.enforcer [None req-cd786f4a-99b9-451b-82dc-3bbcf96ff0da None admin] RBAC: Authorization granted {{(pid=81861) enforce_call /opt/stack/keystone/keystone/common/rbac_enforcer/enforcer.py:457}}
Sep 02 20:42:35.460808 dv-neutron-840419-31-hyperv devstack@keystone.service[81860]: DEBUG keystone.server.flask.request_processing.middleware.auth_context [None req-3b2eee73-e84d-4d5f-af5e-48955a0ca4c4 None admin] RBAC: auth_context: {'token': , 'domain_id': None, 'trust_id': None, 'trustor_id': None, 'trustee_id': None, 'domain_name': None, 'group_ids': [], 'user_id': '4949ad570ef447638569adcb9bd5a518', 'user_domain_id': 'default', 'system_scope': 'all', 'project_id': None, 'project_domain_id': None, 'roles': ['admin', 'member', 'reader'], 'is_admin_project': True, 'service_user_id': None, 'service_user_domain_id': None, 'service_project_id': None, 'service_project_domain_id': None, 'service_roles': []} {{(pid=81860) fill_context /opt/stack/keystone/keystone/server/flask/request_processing/middleware/auth_context.py:478}}
Sep 02 20:42:35.461462 dv-neutron-840419-31-hyperv devstack@keystone.service[81860]: DEBUG keystone.server.flask.request_processing.req_logging [None req-3b2eee73-e84d-4d5f-af5e-48955a0ca4c4 None admin] REQUEST_METHOD: `GET` {{(pid=81860) log_request_info /opt/stack/keystone/keystone/server/flask/request_processing/req_logging.py:27}}
Sep 02 20:42:35.461992 dv-neutron-840419-31-hyperv devstack@keystone.service[81860]: DEBUG keystone.server.flask.request_processing.req_logging [None req-3b2eee73-e84d-4d5f-af5e-48955a0ca4c4 None admin] SCRIPT_NAME: `/identity` {{(pid=81860) log_request_info /opt/stack/keystone/keystone/server/flask/request_processing/req_logging.py:28}}
Sep 02 20:42:35.462272 dv-neutron-840419-31-hyperv devstack@keystone.service[81860]: DEBUG keystone.server.flask.request_processing.req_logging [None req-3b2eee73-e84d-4d5f-af5e-48955a0ca4c4 None admin] PATH_INFO: `/v3/roles` {{(pid=81860) log_request_info /opt/stack/keystone/keystone/server/flask/request_processing/req_logging.py:29}}
Sep 02 20:42:35.463373 dv-neutron-840419-31-hyperv devstack@keystone.service[81860]: DEBUG keystone.common.rbac_enforcer.enforcer [None req-3b2eee73-e84d-4d5f-af5e-48955a0ca4c4 None admin] RBAC: Adding query filter params (name=reader) {{(pid=81860) _extract_filter_values /opt/stack/keystone/keystone/common/rbac_enforcer/enforcer.py:167}}
Sep 02 20:42:35.463978 dv-neutron-840419-31-hyperv devstack@keystone.service[81860]: DEBUG keystone.common.rbac_enforcer.enforcer [None req-3b2eee73-e84d-4d5f-af5e-48955a0ca4c4 None admin] RBAC: Authorizing `identity:list_roles()` {{(pid=81860) enforce_call /opt/stack/keystone/keystone/common/rbac_enforcer/enforcer.py:449}}
Sep 02 20:42:35.466158 dv-neutron-840419-31-hyperv devstack@keystone.service[81860]: DEBUG keystone.common.rbac_enforcer.enforcer [None req-3b2eee73-e84d-4d5f-af5e-48955a0ca4c4 None admin] RBAC: Authorization granted {{(pid=81860) enforce_call /opt/stack/keystone/keystone/common/rbac_enforcer/enforcer.py:457}}
Sep 02 20:42:35.476872 dv-neutron-840419-31-hyperv devstack@keystone.service[81860]: [pid: 81860|app: 0|req: 179/363] 10.222.0.45 () {56 vars in 1101 bytes} [Fri Sep 2 20:42:35 2022] GET /identity/v3/roles?name=reader => generated 341 bytes in 194 msecs (HTTP/1.1 200) 5 headers in 177 bytes (1 switches on core 0)
Sep 02 20:42:35.477726 dv-neutron-840419-31-hyperv devstack@keystone.service[81860]: DEBUG keystone.server.flask.request_processing.middleware.auth_context [None req-3b2eee73-e84d-4d5f-af5e-48955a0ca4c4 None admin] Authenticating user token {{(pid=81860) process_request /usr/local/lib/python3.8/dist-packages/keystonemiddleware/auth_token/__init__.py:407}}
Sep 02 20:42:35.536244 dv-neutron-840419-31-hyperv devstack@keystone.service[81861]: DEBUG dbcounter [-] [81861] Writing DB stats keystone:SELECT=100 {{(pid=81861) stat_writer /usr/local/lib/python3.8/dist-packages/dbcounter.py:114}}
Sep 02 20:42:35.560140 dv-neutron-840419-31-hyperv devstack@keystone.service[81861]: [pid: 81861|app: 0|req: 185/364] 10.222.0.45 () {58 vars in 1282 bytes} [Fri Sep 2 20:42:35 2022] GET /identity/v3/auth/tokens => generated 799 bytes in 402 msecs (HTTP/1.1 200) 6 headers in 358 bytes (1 switches on core 0)
Sep 02 20:42:35.560996 dv-neutron-840419-31-hyperv devstack@keystone.service[81861]: DEBUG keystone.server.flask.request_processing.middleware.auth_context [None req-cd786f4a-99b9-451b-82dc-3bbcf96ff0da None admin] Authenticating user token {{(pid=81861) process_request /usr/local/lib/python3.8/dist-packages/keystonemiddleware/auth_token/__init__.py:407}}
Sep 02 20:42:35.609627 dv-neutron-840419-31-hyperv devstack@keystone.service[81860]: DEBUG keystone.server.flask.request_processing.middleware.auth_context [None req-3b2eee73-e84d-4d5f-af5e-48955a0ca4c4 None admin] Validating token access rules against request {{(pid=81860) validate_allowed_request /usr/local/lib/python3.8/dist-packages/keystonemiddleware/auth_token/__init__.py:545}}
Sep 02 20:42:35.657332 dv-neutron-840419-31-hyperv devstack@keystone.service[81860]: DEBUG keystone.server.flask.request_processing.middleware.auth_context [None req-096a87d7-a0e2-4473-9389-dc0c73cc69d7 None admin] RBAC: auth_context: {'token': , 'domain_id': None, 'trust_id': None, 'trustor_id': None, 'trustee_id': None, 'domain_name': None, 'group_ids': [], 'user_id': '4949ad570ef447638569adcb9bd5a518', 'user_domain_id': 'default', 'system_scope': 'all', 'project_id': None, 'project_domain_id': None, 'roles': ['admin', 'member', 'reader'], 'is_admin_project': True, 'service_user_id': None, 'service_user_domain_id': None, 'service_project_id': None, 'service_project_domain_id': None, 'service_roles': []} {{(pid=81860) fill_context /opt/stack/keystone/keystone/server/flask/request_processing/middleware/auth_context.py:478}}
Sep 02 20:42:35.657962 dv-neutron-840419-31-hyperv devstack@keystone.service[81860]: DEBUG keystone.server.flask.request_processing.req_logging [None req-096a87d7-a0e2-4473-9389-dc0c73cc69d7 None admin] REQUEST_METHOD: `GET` {{(pid=81860) log_request_info /opt/stack/keystone/keystone/server/flask/request_processing/req_logging.py:27}}
Sep 02 20:42:35.658230 dv-neutron-840419-31-hyperv devstack@keystone.service[81860]: DEBUG keystone.server.flask.request_processing.req_logging [None req-096a87d7-a0e2-4473-9389-dc0c73cc69d7 None admin] SCRIPT_NAME: `/identity` {{(pid=81860) log_request_info /opt/stack/keystone/keystone/server/flask/request_processing/req_logging.py:28}}
Sep 02 20:42:35.658492 dv-neutron-840419-31-hyperv devstack@keystone.service[81860]: DEBUG keystone.server.flask.request_processing.req_logging [None req-096a87d7-a0e2-4473-9389-dc0c73cc69d7 None admin] PATH_INFO: `/v3/projects/59e57cf5fef3427aae6a225947f3abb7` {{(pid=81860) log_request_info /opt/stack/keystone/keystone/server/flask/request_processing/req_logging.py:29}}
Sep 02 20:42:35.659623 dv-neutron-840419-31-hyperv devstack@keystone.service[81860]: DEBUG keystone.common.rbac_enforcer.enforcer [None req-096a87d7-a0e2-4473-9389-dc0c73cc69d7 None admin] RBAC: Authorizing `identity:get_project(project_id=59e57cf5fef3427aae6a225947f3abb7)` {{(pid=81860) enforce_call /opt/stack/keystone/keystone/common/rbac_enforcer/enforcer.py:449}}
Sep 02 20:42:35.661065 dv-neutron-840419-31-hyperv devstack@keystone.service[81860]: DEBUG keystone.common.rbac_enforcer.enforcer [None req-096a87d7-a0e2-4473-9389-dc0c73cc69d7 None admin] RBAC: Authorization granted {{(pid=81860) enforce_call /opt/stack/keystone/keystone/common/rbac_enforcer/enforcer.py:457}}
Sep 02 20:42:35.662716 dv-neutron-840419-31-hyperv devstack@keystone.service[81860]: [pid: 81860|app: 0|req: 180/365] 10.222.0.45 () {56 vars in 1186 bytes} [Fri Sep 2 20:42:35 2022] GET /identity/v3/projects/59e57cf5fef3427aae6a225947f3abb7 => generated 302 bytes in 185 msecs (HTTP/1.1 200) 5 headers in 177 bytes (1 switches on core 0)
Sep 02 20:42:35.663475 dv-neutron-840419-31-hyperv devstack@keystone.service[81860]: DEBUG keystone.server.flask.request_processing.middleware.auth_context [None req-096a87d7-a0e2-4473-9389-dc0c73cc69d7 None admin] Authenticating user token {{(pid=81860) process_request /usr/local/lib/python3.8/dist-packages/keystonemiddleware/auth_token/__init__.py:407}}
Sep 02 20:42:35.676492 dv-neutron-840419-31-hyperv devstack@keystone.service[81861]: DEBUG keystone.server.flask.request_processing.middleware.auth_context [None req-cd786f4a-99b9-451b-82dc-3bbcf96ff0da None admin] Validating token access rules against request {{(pid=81861) validate_allowed_request /usr/local/lib/python3.8/dist-packages/keystonemiddleware/auth_token/__init__.py:545}}
Sep 02 20:42:35.695908 dv-neutron-840419-31-hyperv devstack@keystone.service[81860]: DEBUG dbcounter [-] [81860] Writing DB stats keystone:SELECT=100 {{(pid=81860) stat_writer /usr/local/lib/python3.8/dist-packages/dbcounter.py:114}}
Sep 02 20:42:35.719884 dv-neutron-840419-31-hyperv devstack@keystone.service[81861]: DEBUG keystone.server.flask.request_processing.middleware.auth_context [None req-77b4617c-9fe3-4bb4-8d2f-99e65b4ada04 None admin] RBAC: auth_context: {'token': , 'domain_id': None, 'trust_id': None, 'trustor_id': None, 'trustee_id': None, 'domain_name': None, 'group_ids': [], 'user_id': '4949ad570ef447638569adcb9bd5a518', 'user_domain_id': 'default', 'system_scope': 'all', 'project_id': None, 'project_domain_id': None, 'roles': ['admin', 'member', 'reader'], 'is_admin_project': True, 'service_user_id': None, 'service_user_domain_id': None, 'service_project_id': None, 'service_project_domain_id': None, 'service_roles': []} {{(pid=81861) fill_context /opt/stack/keystone/keystone/server/flask/request_processing/middleware/auth_context.py:478}}
Sep 02 20:42:35.720630 dv-neutron-840419-31-hyperv devstack@keystone.service[81861]: DEBUG keystone.server.flask.request_processing.req_logging [None req-77b4617c-9fe3-4bb4-8d2f-99e65b4ada04 None admin] REQUEST_METHOD: `GET` {{(pid=81861) log_request_info /opt/stack/keystone/keystone/server/flask/request_processing/req_logging.py:27}}
Sep 02 20:42:35.720970 dv-neutron-840419-31-hyperv devstack@keystone.service[81861]: DEBUG keystone.server.flask.request_processing.req_logging [None req-77b4617c-9fe3-4bb4-8d2f-99e65b4ada04 None admin] SCRIPT_NAME: `/identity` {{(pid=81861) log_request_info /opt/stack/keystone/keystone/server/flask/request_processing/req_logging.py:28}}
Sep 02 20:42:35.722113 dv-neutron-840419-31-hyperv devstack@keystone.service[81861]: DEBUG keystone.server.flask.request_processing.req_logging [None req-77b4617c-9fe3-4bb4-8d2f-99e65b4ada04 None admin] PATH_INFO: `/v3/groups/2f3bd0b3feb14cf4ae4371e7fd8afc1e` {{(pid=81861) log_request_info /opt/stack/keystone/keystone/server/flask/request_processing/req_logging.py:29}}
Sep 02 20:42:35.723255 dv-neutron-840419-31-hyperv devstack@keystone.service[81861]: DEBUG keystone.common.rbac_enforcer.enforcer [None req-77b4617c-9fe3-4bb4-8d2f-99e65b4ada04 None admin] RBAC: Authorizing `identity:get_group(group_id=2f3bd0b3feb14cf4ae4371e7fd8afc1e)` {{(pid=81861) enforce_call /opt/stack/keystone/keystone/common/rbac_enforcer/enforcer.py:449}}
Sep 02 20:42:35.725457 dv-neutron-840419-31-hyperv devstack@keystone.service[81861]: DEBUG keystone.common.rbac_enforcer.enforcer [None req-77b4617c-9fe3-4bb4-8d2f-99e65b4ada04 None admin] RBAC: Authorization granted {{(pid=81861) enforce_call /opt/stack/keystone/keystone/common/rbac_enforcer/enforcer.py:457}}
Sep 02 20:42:35.728737 dv-neutron-840419-31-hyperv devstack@keystone.service[81861]: [pid: 81861|app: 0|req: 186/366] 10.222.0.45 () {56 vars in 1180 bytes} [Fri Sep 2 20:42:35 2022] GET /identity/v3/groups/2f3bd0b3feb14cf4ae4371e7fd8afc1e => generated 226 bytes in 168 msecs (HTTP/1.1 200) 5 headers in 177 bytes (1 switches on core 0)
Sep 02 20:42:35.730394 dv-neutron-840419-31-hyperv devstack@keystone.service[81861]: DEBUG keystone.server.flask.request_processing.middleware.auth_context [None req-77b4617c-9fe3-4bb4-8d2f-99e65b4ada04 None admin] Authenticating user token {{(pid=81861) process_request /usr/local/lib/python3.8/dist-packages/keystonemiddleware/auth_token/__init__.py:407}}
Sep 02 20:42:35.781428 dv-neutron-840419-31-hyperv devstack@keystone.service[81860]: DEBUG keystone.server.flask.request_processing.middleware.auth_context [None req-096a87d7-a0e2-4473-9389-dc0c73cc69d7 None admin] Validating token access rules against request {{(pid=81860) validate_allowed_request /usr/local/lib/python3.8/dist-packages/keystonemiddleware/auth_token/__init__.py:545}}
Sep 02 20:42:35.796676 dv-neutron-840419-31-hyperv devstack@keystone.service[81861]: DEBUG dbcounter [-] [81861] Writing DB stats keystone:SELECT=100 {{(pid=81861) stat_writer /usr/local/lib/python3.8/dist-packages/dbcounter.py:114}}
Sep 02 20:42:35.831970 dv-neutron-840419-31-hyperv devstack@keystone.service[81860]: DEBUG keystone.server.flask.request_processing.middleware.auth_context [None req-1ef37313-02c1-4f12-95e7-b4fe87c100c8 None admin] RBAC: auth_context: {'token': , 'domain_id': None, 'trust_id': None, 'trustor_id': None, 'trustee_id': None, 'domain_name': None, 'group_ids': [], 'user_id': '4949ad570ef447638569adcb9bd5a518', 'user_domain_id': 'default', 'system_scope': 'all', 'project_id': None, 'project_domain_id': None, 'roles': ['admin', 'member', 'reader'], 'is_admin_project': True, 'service_user_id': None, 'service_user_domain_id': None, 'service_project_id': None, 'service_project_domain_id': None, 'service_roles': []} {{(pid=81860) fill_context /opt/stack/keystone/keystone/server/flask/request_processing/middleware/auth_context.py:478}}
Sep 02 20:42:35.832168 dv-neutron-840419-31-hyperv devstack@keystone.service[81860]: DEBUG keystone.server.flask.request_processing.req_logging [None req-1ef37313-02c1-4f12-95e7-b4fe87c100c8 None admin] REQUEST_METHOD: `GET` {{(pid=81860) log_request_info /opt/stack/keystone/keystone/server/flask/request_processing/req_logging.py:27}}
Sep 02 20:42:35.832672 dv-neutron-840419-31-hyperv devstack@keystone.service[81860]: DEBUG keystone.server.flask.request_processing.req_logging [None req-1ef37313-02c1-4f12-95e7-b4fe87c100c8 None admin] SCRIPT_NAME: `/identity` {{(pid=81860) log_request_info /opt/stack/keystone/keystone/server/flask/request_processing/req_logging.py:28}}
Sep 02 20:42:35.832867 dv-neutron-840419-31-hyperv devstack@keystone.service[81860]: DEBUG keystone.server.flask.request_processing.req_logging [None req-1ef37313-02c1-4f12-95e7-b4fe87c100c8 None admin] PATH_INFO: `/v3/users/b0260e9b4ef44d13bb38fcd416b180b2` {{(pid=81860) log_request_info /opt/stack/keystone/keystone/server/flask/request_processing/req_logging.py:29}}
Sep 02 20:42:35.837368 dv-neutron-840419-31-hyperv devstack@keystone.service[81860]: DEBUG keystone.common.rbac_enforcer.enforcer [None req-1ef37313-02c1-4f12-95e7-b4fe87c100c8 None admin] RBAC: Authorizing `identity:get_user(user_id=b0260e9b4ef44d13bb38fcd416b180b2)` {{(pid=81860) enforce_call /opt/stack/keystone/keystone/common/rbac_enforcer/enforcer.py:449}}
Sep 02 20:42:35.839184 dv-neutron-840419-31-hyperv devstack@keystone.service[81860]: DEBUG keystone.common.rbac_enforcer.enforcer [None req-1ef37313-02c1-4f12-95e7-b4fe87c100c8 None admin] RBAC: Authorization granted {{(pid=81860) enforce_call /opt/stack/keystone/keystone/common/rbac_enforcer/enforcer.py:457}}
Sep 02 20:42:35.841016 dv-neutron-840419-31-hyperv devstack@keystone.service[81860]: [pid: 81860|app: 0|req: 181/367] 10.222.0.45 () {56 vars in 1177 bytes} [Fri Sep 2 20:42:35 2022] GET /identity/v3/users/b0260e9b4ef44d13bb38fcd416b180b2 => generated 293 bytes in 178 msecs (HTTP/1.1 200) 5 headers in 177 bytes (1 switches on core 0)
Sep 02 20:42:35.841892 dv-neutron-840419-31-hyperv devstack@keystone.service[81860]: DEBUG keystone.server.flask.request_processing.middleware.auth_context [None req-1ef37313-02c1-4f12-95e7-b4fe87c100c8 None admin] Authenticating user token {{(pid=81860) process_request /usr/local/lib/python3.8/dist-packages/keystonemiddleware/auth_token/__init__.py:407}}
Sep 02 20:42:35.872069 dv-neutron-840419-31-hyperv devstack@keystone.service[81861]: DEBUG keystone.server.flask.request_processing.middleware.auth_context [None req-77b4617c-9fe3-4bb4-8d2f-99e65b4ada04 None admin] Validating token access rules against request {{(pid=81861) validate_allowed_request /usr/local/lib/python3.8/dist-packages/keystonemiddleware/auth_token/__init__.py:545}}
Sep 02 20:42:35.917638 dv-neutron-840419-31-hyperv devstack@keystone.service[81861]: DEBUG keystone.server.flask.request_processing.middleware.auth_context [None req-d61f7026-9e33-4431-93d4-043f8ff33d66 None admin] RBAC: auth_context: {'token': , 'domain_id': None, 'trust_id': None, 'trustor_id': None, 'trustee_id': None, 'domain_name': None, 'group_ids': [], 'user_id': '4949ad570ef447638569adcb9bd5a518', 'user_domain_id': 'default', 'system_scope': 'all', 'project_id': None, 'project_domain_id': None, 'roles': ['admin', 'member', 'reader'], 'is_admin_project': True, 'service_user_id': None, 'service_user_domain_id': None, 'service_project_id': None, 'service_project_domain_id': None, 'service_roles': []} {{(pid=81861) fill_context /opt/stack/keystone/keystone/server/flask/request_processing/middleware/auth_context.py:478}}
Sep 02 20:42:35.918270 dv-neutron-840419-31-hyperv devstack@keystone.service[81861]: DEBUG keystone.server.flask.request_processing.req_logging [None req-d61f7026-9e33-4431-93d4-043f8ff33d66 None admin] REQUEST_METHOD: `GET` {{(pid=81861) log_request_info /opt/stack/keystone/keystone/server/flask/request_processing/req_logging.py:27}}
Sep 02 20:42:35.918547 dv-neutron-840419-31-hyperv devstack@keystone.service[81861]: DEBUG keystone.server.flask.request_processing.req_logging [None req-d61f7026-9e33-4431-93d4-043f8ff33d66 None admin] SCRIPT_NAME: `/identity` {{(pid=81861) log_request_info /opt/stack/keystone/keystone/server/flask/request_processing/req_logging.py:28}}
Sep 02 20:42:35.918839 dv-neutron-840419-31-hyperv devstack@keystone.service[81861]: DEBUG keystone.server.flask.request_processing.req_logging [None req-d61f7026-9e33-4431-93d4-043f8ff33d66 None admin] PATH_INFO: `/v3/projects/59e57cf5fef3427aae6a225947f3abb7` {{(pid=81861) log_request_info /opt/stack/keystone/keystone/server/flask/request_processing/req_logging.py:29}}
Sep 02 20:42:35.919997 dv-neutron-840419-31-hyperv devstack@keystone.service[81861]: DEBUG keystone.common.rbac_enforcer.enforcer [None req-d61f7026-9e33-4431-93d4-043f8ff33d66 None admin] RBAC: Authorizing `identity:get_project(project_id=59e57cf5fef3427aae6a225947f3abb7)` {{(pid=81861) enforce_call /opt/stack/keystone/keystone/common/rbac_enforcer/enforcer.py:449}}
Sep 02 20:42:35.922568 dv-neutron-840419-31-hyperv devstack@keystone.service[81861]: DEBUG keystone.common.rbac_enforcer.enforcer [None req-d61f7026-9e33-4431-93d4-043f8ff33d66 None admin] RBAC: Authorization granted {{(pid=81861) enforce_call /opt/stack/keystone/keystone/common/rbac_enforcer/enforcer.py:457}}
Sep 02 20:42:35.924295 dv-neutron-840419-31-hyperv devstack@keystone.service[81861]: [pid: 81861|app: 0|req: 187/368] 10.222.0.45 () {56 vars in 1186 bytes} [Fri Sep 2 20:42:35 2022] GET /identity/v3/projects/59e57cf5fef3427aae6a225947f3abb7 => generated 302 bytes in 195 msecs (HTTP/1.1 200) 5 headers in 177 bytes (1 switches on core 0)
Sep 02 20:42:35.925250 dv-neutron-840419-31-hyperv devstack@keystone.service[81861]: DEBUG keystone.server.flask.request_processing.middleware.auth_context [None req-d61f7026-9e33-4431-93d4-043f8ff33d66 None admin] Authenticating user token {{(pid=81861) process_request /usr/local/lib/python3.8/dist-packages/keystonemiddleware/auth_token/__init__.py:407}}
Sep 02 20:42:35.963122 dv-neutron-840419-31-hyperv devstack@keystone.service[81860]: DEBUG dbcounter [-] [81860] Writing DB stats keystone:SELECT=100 {{(pid=81860) stat_writer /usr/local/lib/python3.8/dist-packages/dbcounter.py:114}}
Sep 02 20:42:35.977291 dv-neutron-840419-31-hyperv devstack@keystone.service[81860]: DEBUG keystone.server.flask.request_processing.middleware.auth_context [None req-1ef37313-02c1-4f12-95e7-b4fe87c100c8 None admin] Validating token access rules against request {{(pid=81860) validate_allowed_request /usr/local/lib/python3.8/dist-packages/keystonemiddleware/auth_token/__init__.py:545}}
Sep 02 20:42:36.013659 dv-neutron-840419-31-hyperv devstack@keystone.service[81860]: DEBUG keystone.server.flask.request_processing.middleware.auth_context [None req-43cbc854-61fe-4161-9b89-ed6685d358ab None admin] RBAC: auth_context: {'token': , 'domain_id': None, 'trust_id': None, 'trustor_id': None, 'trustee_id': None, 'domain_name': None, 'group_ids': [], 'user_id': '4949ad570ef447638569adcb9bd5a518', 'user_domain_id': 'default', 'system_scope': 'all', 'project_id': None, 'project_domain_id': None, 'roles': ['admin', 'member', 'reader'], 'is_admin_project': True, 'service_user_id': None, 'service_user_domain_id': None, 'service_project_id': None, 'service_project_domain_id': None, 'service_roles': []} {{(pid=81860) fill_context /opt/stack/keystone/keystone/server/flask/request_processing/middleware/auth_context.py:478}}
Sep 02 20:42:36.014298 dv-neutron-840419-31-hyperv devstack@keystone.service[81860]: DEBUG keystone.server.flask.request_processing.req_logging [None req-43cbc854-61fe-4161-9b89-ed6685d358ab None admin] REQUEST_METHOD: `GET` {{(pid=81860) log_request_info /opt/stack/keystone/keystone/server/flask/request_processing/req_logging.py:27}}
Sep 02 20:42:36.014578 dv-neutron-840419-31-hyperv devstack@keystone.service[81860]: DEBUG keystone.server.flask.request_processing.req_logging [None req-43cbc854-61fe-4161-9b89-ed6685d358ab None admin] SCRIPT_NAME: `/identity` {{(pid=81860) log_request_info /opt/stack/keystone/keystone/server/flask/request_processing/req_logging.py:28}}
Sep 02 20:42:36.014845 dv-neutron-840419-31-hyperv devstack@keystone.service[81860]: DEBUG keystone.server.flask.request_processing.req_logging [None req-43cbc854-61fe-4161-9b89-ed6685d358ab None admin] PATH_INFO: `/v3/roles/admin` {{(pid=81860) log_request_info /opt/stack/keystone/keystone/server/flask/request_processing/req_logging.py:29}}
Sep 02 20:42:36.025513 dv-neutron-840419-31-hyperv devstack@keystone.service[81860]: DEBUG keystone.common.rbac_enforcer.enforcer [None req-43cbc854-61fe-4161-9b89-ed6685d358ab None admin] Extracting inferred target data resulted in "NOT FOUND (404)". {{(pid=81860) enforce_call /opt/stack/keystone/keystone/common/rbac_enforcer/enforcer.py:409}}
Sep 02 20:42:36.030540 dv-neutron-840419-31-hyperv devstack@keystone.service[81861]: DEBUG keystone.server.flask.request_processing.middleware.auth_context [None req-d61f7026-9e33-4431-93d4-043f8ff33d66 None admin] Validating token access rules against request {{(pid=81861) validate_allowed_request /usr/local/lib/python3.8/dist-packages/keystonemiddleware/auth_token/__init__.py:545}}
Sep 02 20:42:36.030956 dv-neutron-840419-31-hyperv devstack@keystone.service[81860]: ERROR keystone.server.flask.application [None req-43cbc854-61fe-4161-9b89-ed6685d358ab None admin] Could not find role: admin.: keystone.exception.RoleNotFound: Could not find role: admin.
Sep 02 20:42:36.030956 dv-neutron-840419-31-hyperv devstack@keystone.service[81860]: ERROR keystone.server.flask.application
Traceback (most recent call last):
Sep 02 20:42:36.030956 dv-neutron-840419-31-hyperv devstack@keystone.service[81860]: ERROR keystone.server.flask.application
File "/usr/local/lib/python3.8/dist-packages/flask/app.py", line 1820, in full_dispatch_request
Sep 02 20:42:36.030956 dv-neutron-840419-31-hyperv devstack@keystone.service[81860]: ERROR keystone.server.flask.application rv = self.dispatch_request()
Sep 02 20:42:36.030956 dv-neutron-840419-31-hyperv devstack@keystone.service[81860]: ERROR keystone.server.flask.application
File "/usr/local/lib/python3.8/dist-packages/flask/app.py", line 1796, in dispatch_request
Sep 02 20:42:36.030956 dv-neutron-840419-31-hyperv devstack@keystone.service[81860]: ERROR keystone.server.flask.application return self.ensure_sync(self.view_functions[rule.endpoint])(**view_args)
Sep 02 20:42:36.030956 dv-neutron-840419-31-hyperv devstack@keystone.service[81860]: ERROR keystone.server.flask.application
File "/usr/local/lib/python3.8/dist-packages/flask_restful/__init__.py", line 467, in wrapper
Sep 02 20:42:36.030956 dv-neutron-840419-31-hyperv devstack@keystone.service[81860]: ERROR keystone.server.flask.application resp = resource(*args, **kwargs)
Sep 02 20:42:36.030956 dv-neutron-840419-31-hyperv devstack@keystone.service[81860]: ERROR keystone.server.flask.application
File "/usr/local/lib/python3.8/dist-packages/flask/views.py", line 107, in view
Sep 02 20:42:36.030956 dv-neutron-840419-31-hyperv devstack@keystone.service[81860]: ERROR keystone.server.flask.application return current_app.ensure_sync(self.dispatch_request)(**kwargs)
Sep 02 20:42:36.030956 dv-neutron-840419-31-hyperv devstack@keystone.service[81860]: ERROR keystone.server.flask.application
File "/usr/local/lib/python3.8/dist-packages/flask_restful/__init__.py", line 582, in dispatch_request
Sep 02 20:42:36.030956 dv-neutron-840419-31-hyperv devstack@keystone.service[81860]: ERROR keystone.server.flask.application resp = meth(*args, **kwargs)
Sep 02 20:42:36.030956 dv-neutron-840419-31-hyperv devstack@keystone.service[81860]: ERROR keystone.server.flask.application
File "/opt/stack/keystone/keystone/api/roles.py", line 50, in get
Sep 02 20:42:36.030956 dv-neutron-840419-31-hyperv devstack@keystone.service[81860]: ERROR keystone.server.flask.application return self._get_role(role_id)
Sep 02 20:42:36.030956 dv-neutron-840419-31-hyperv devstack@keystone.service[81860]: ERROR keystone.server.flask.application
File "/opt/stack/keystone/keystone/api/roles.py", line 70, in _get_role
Sep 02 20:42:36.030956 dv-neutron-840419-31-hyperv devstack@keystone.service[81860]: ERROR keystone.server.flask.application ENFORCER.enforce_call(action='identity:get_role')
Sep 02 20:42:36.031789 dv-neutron-840419-31-hyperv devstack@keystone.service[81860]: ERROR keystone.server.flask.application
File "/opt/stack/keystone/keystone/common/rbac_enforcer/enforcer.py", line 402, in enforce_call
Sep 02 20:42:36.031789 dv-neutron-840419-31-hyperv devstack@keystone.service[81860]: ERROR keystone.server.flask.application policy_dict.update(cls._extract_member_target_data(
Sep 02 20:42:36.031789 dv-neutron-840419-31-hyperv devstack@keystone.service[81860]: ERROR keystone.server.flask.application
File "/opt/stack/keystone/keystone/common/rbac_enforcer/enforcer.py", line 234, in _extract_member_target_data
Sep 02 20:42:36.031789 dv-neutron-840419-31-hyperv devstack@keystone.service[81860]: ERROR keystone.server.flask.application member_name: func(flask.request.view_args[key])
Sep 02 20:42:36.031789 dv-neutron-840419-31-hyperv devstack@keystone.service[81860]: ERROR keystone.server.flask.application
File "/opt/stack/keystone/keystone/common/manager.py", line 115, in wrapped
Sep 02 20:42:36.031789 dv-neutron-840419-31-hyperv devstack@keystone.service[81860]: ERROR keystone.server.flask.application __ret_val = __f(*args, **kwargs)
Sep 02 20:42:36.031789 dv-neutron-840419-31-hyperv devstack@keystone.service[81860]: ERROR keystone.server.flask.application
File "/usr/local/lib/python3.8/dist-packages/decorator.py", line 232, in fun
Sep 02 20:42:36.031789 dv-neutron-840419-31-hyperv devstack@keystone.service[81860]: ERROR keystone.server.flask.application return caller(func, *(extras + args), **kw)
Sep 02 20:42:36.031789 dv-neutron-840419-31-hyperv devstack@keystone.service[81860]: ERROR keystone.server.flask.application
File "/usr/local/lib/python3.8/dist-packages/dogpile/cache/region.py", line 1577, in get_or_create_for_user_func
Sep 02 20:42:36.031789 dv-neutron-840419-31-hyperv devstack@keystone.service[81860]: ERROR keystone.server.flask.application return self.get_or_create(
Sep 02 20:42:36.031789 dv-neutron-840419-31-hyperv devstack@keystone.service[81860]: ERROR keystone.server.flask.application
File "/usr/local/lib/python3.8/dist-packages/dogpile/cache/region.py", line 1042, in get_or_create
Sep 02 20:42:36.031789 dv-neutron-840419-31-hyperv devstack@keystone.service[81860]: ERROR keystone.server.flask.application with Lock(
Sep 02 20:42:36.031789 dv-neutron-840419-31-hyperv devstack@keystone.service[81860]: ERROR keystone.server.flask.application
File "/usr/local/lib/python3.8/dist-packages/dogpile/lock.py", line 185, in __enter__
Sep 02 20:42:36.031789 dv-neutron-840419-31-hyperv devstack@keystone.service[81860]: ERROR keystone.server.flask.application return self._enter()
Sep 02 20:42:36.031789 dv-neutron-840419-31-hyperv devstack@keystone.service[81860]: ERROR keystone.server.flask.application
File "/usr/local/lib/python3.8/dist-packages/dogpile/lock.py", line 94, in _enter
Sep 02 20:42:36.031789 dv-neutron-840419-31-hyperv devstack@keystone.service[81860]: ERROR keystone.server.flask.application generated = self._enter_create(value, createdtime)
Sep 02 20:42:36.032559 dv-neutron-840419-31-hyperv devstack@keystone.service[81860]: ERROR keystone.server.flask.application
File "/usr/local/lib/python3.8/dist-packages/dogpile/lock.py", line 178, in _enter_create
Sep 02 20:42:36.032559 dv-neutron-840419-31-hyperv devstack@keystone.service[81860]: ERROR keystone.server.flask.application return self.creator()
Sep 02 20:42:36.032559 dv-neutron-840419-31-hyperv devstack@keystone.service[81860]: ERROR keystone.server.flask.application
File "/usr/local/lib/python3.8/dist-packages/dogpile/cache/region.py", line 995, in gen_value
Sep 02 20:42:36.032559 dv-neutron-840419-31-hyperv devstack@keystone.service[81860]: ERROR keystone.server.flask.application created_value = creator(
Sep 02 20:42:36.032559 dv-neutron-840419-31-hyperv devstack@keystone.service[81860]: ERROR keystone.server.flask.application
File "/opt/stack/keystone/keystone/assignment/core.py", line 1276, in get_role
Sep 02 20:42:36.032559 dv-neutron-840419-31-hyperv devstack@keystone.service[81860]: ERROR keystone.server.flask.application return self.driver.get_role(role_id)
Sep 02 20:42:36.032559 dv-neutron-840419-31-hyperv devstack@keystone.service[81860]: ERROR keystone.server.flask.application
File "/opt/stack/keystone/keystone/assignment/role_backends/sql.py", line 70, in get_role
Sep 02 20:42:36.032559 dv-neutron-840419-31-hyperv devstack@keystone.service[81860]: ERROR keystone.server.flask.application return self._get_role(session, role_id).to_dict()
Sep 02 20:42:36.032559 dv-neutron-840419-31-hyperv devstack@keystone.service[81860]: ERROR keystone.server.flask.application
File "/opt/stack/keystone/keystone/assignment/role_backends/sql.py", line 65, in _get_role
Sep 02 20:42:36.032559 dv-neutron-840419-31-hyperv devstack@keystone.service[81860]: ERROR keystone.server.flask.application raise exception.RoleNotFound(role_id=role_id)
Sep 02 20:42:36.032559 dv-neutron-840419-31-hyperv devstack@keystone.service[81860]: ERROR keystone.server.flask.application keystone.exception.RoleNotFound: Could not find role: admin.
Sep 02 20:42:36.032559 dv-neutron-840419-31-hyperv devstack@keystone.service[81860]: ERROR keystone.server.flask.application
Sep 02 20:42:36.032559 dv-neutron-840419-31-hyperv devstack@keystone.service[81860]: [pid: 81860|app: 0|req: 182/369] 10.222.0.45 () {56 vars in 1096 bytes} [Fri Sep 2 20:42:35 2022] GET /identity/v3/roles/admin => generated 83 bytes in 191 msecs (HTTP/1.1 404) 5 headers in 183 bytes (1 switches on core 0)
Sep 02 20:42:36.033913 dv-neutron-840419-31-hyperv devstack@keystone.service[81860]: DEBUG keystone.server.flask.request_processing.middleware.auth_context [None req-43cbc854-61fe-4161-9b89-ed6685d358ab None admin] Authenticating user token {{(pid=81860) process_request /usr/local/lib/python3.8/dist-packages/keystonemiddleware/auth_token/__init__.py:407}}
Sep 02 20:42:36.056223 dv-neutron-840419-31-hyperv devstack@keystone.service[81861]: DEBUG dbcounter [-] [81861] Writing DB stats keystone:SELECT=100 {{(pid=81861) stat_writer /usr/local/lib/python3.8/dist-packages/dbcounter.py:114}}
Sep 02 20:42:36.075965 dv-neutron-840419-31-hyperv devstack@keystone.service[81861]: DEBUG keystone.server.flask.request_processing.middleware.auth_context [None req-a3fdd8dd-7380-4fb6-acc5-3673dac954f8 None admin] RBAC: auth_context: {'token': , 'domain_id': None, 'trust_id': None, 'trustor_id': None, 'trustee_id': None, 'domain_name': None, 'group_ids': [], 'user_id': '4949ad570ef447638569adcb9bd5a518', 'user_domain_id': 'default', 'system_scope': 'all', 'project_id': None, 'project_domain_id': None, 'roles': ['admin', 'member', 'reader'], 'is_admin_project': True, 'service_user_id': None, 'service_user_domain_id': None, 'service_project_id': None, 'service_project_domain_id': None, 'service_roles': []} {{(pid=81861) fill_context /opt/stack/keystone/keystone/server/flask/request_processing/middleware/auth_context.py:478}}
Sep 02 20:42:36.077008 dv-neutron-840419-31-hyperv devstack@keystone.service[81861]: DEBUG keystone.server.flask.request_processing.req_logging [None req-a3fdd8dd-7380-4fb6-acc5-3673dac954f8 None admin] REQUEST_METHOD: `GET` {{(pid=81861) log_request_info /opt/stack/keystone/keystone/server/flask/request_processing/req_logging.py:27}}
Sep 02 20:42:36.077312 dv-neutron-840419-31-hyperv devstack@keystone.service[81861]: DEBUG keystone.server.flask.request_processing.req_logging [None req-a3fdd8dd-7380-4fb6-acc5-3673dac954f8 None admin] SCRIPT_NAME: `/identity` {{(pid=81861) log_request_info /opt/stack/keystone/keystone/server/flask/request_processing/req_logging.py:28}}
Sep 02 20:42:36.077580 dv-neutron-840419-31-hyperv devstack@keystone.service[81861]: DEBUG keystone.server.flask.request_processing.req_logging [None req-a3fdd8dd-7380-4fb6-acc5-3673dac954f8 None admin] PATH_INFO: `/v3/groups/2f3bd0b3feb14cf4ae4371e7fd8afc1e` {{(pid=81861) log_request_info /opt/stack/keystone/keystone/server/flask/request_processing/req_logging.py:29}}
Sep 02 20:42:36.078958 dv-neutron-840419-31-hyperv devstack@keystone.service[81861]: DEBUG keystone.common.rbac_enforcer.enforcer [None req-a3fdd8dd-7380-4fb6-acc5-3673dac954f8 None admin] RBAC: Authorizing `identity:get_group(group_id=2f3bd0b3feb14cf4ae4371e7fd8afc1e)` {{(pid=81861) enforce_call /opt/stack/keystone/keystone/common/rbac_enforcer/enforcer.py:449}}
Sep 02 20:42:36.080724 dv-neutron-840419-31-hyperv devstack@keystone.service[81861]: DEBUG keystone.common.rbac_enforcer.enforcer [None req-a3fdd8dd-7380-4fb6-acc5-3673dac954f8 None admin] RBAC: Authorization granted {{(pid=81861) enforce_call /opt/stack/keystone/keystone/common/rbac_enforcer/enforcer.py:457}}
Sep 02 20:42:36.086969 dv-neutron-840419-31-hyperv devstack@keystone.service[81861]: [pid: 81861|app: 0|req: 188/370] 10.222.0.45 () {56 vars in 1180 bytes} [Fri Sep 2 20:42:35 2022] GET /identity/v3/groups/2f3bd0b3feb14cf4ae4371e7fd8afc1e => generated 226 bytes in 158 msecs (HTTP/1.1 200) 5 headers in 177 bytes (1 switches on core 0)
Sep 02 20:42:36.086969 dv-neutron-840419-31-hyperv devstack@keystone.service[81861]: DEBUG keystone.server.flask.request_processing.middleware.auth_context [None req-a3fdd8dd-7380-4fb6-acc5-3673dac954f8 None admin] Authenticating user token {{(pid=81861) process_request /usr/local/lib/python3.8/dist-packages/keystonemiddleware/auth_token/__init__.py:407}}
Sep 02 20:42:36.147231 dv-neutron-840419-31-hyperv devstack@keystone.service[81860]: DEBUG keystone.server.flask.request_processing.middleware.auth_context [None req-43cbc854-61fe-4161-9b89-ed6685d358ab None admin] Validating token access rules against request {{(pid=81860) validate_allowed_request /usr/local/lib/python3.8/dist-packages/keystonemiddleware/auth_token/__init__.py:545}}
Sep 02 20:42:36.181527 dv-neutron-840419-31-hyperv devstack@keystone.service[81860]: DEBUG keystone.server.flask.request_processing.middleware.auth_context [None req-953e9ea5-3682-4952-a61a-7d0dba4345d1 None admin] RBAC: auth_context: {'token': , 'domain_id': None, 'trust_id': None, 'trustor_id': None, 'trustee_id': None, 'domain_name': None, 'group_ids': [], 'user_id': '4949ad570ef447638569adcb9bd5a518', 'user_domain_id': 'default', 'system_scope': 'all', 'project_id': None, 'project_domain_id': None, 'roles': ['admin', 'member', 'reader'], 'is_admin_project': True, 'service_user_id': None, 'service_user_domain_id': None, 'service_project_id': None, 'service_project_domain_id': None, 'service_roles': []} {{(pid=81860) fill_context /opt/stack/keystone/keystone/server/flask/request_processing/middleware/auth_context.py:478}}
Sep 02 20:42:36.182189 dv-neutron-840419-31-hyperv devstack@keystone.service[81860]: DEBUG keystone.server.flask.request_processing.req_logging [None req-953e9ea5-3682-4952-a61a-7d0dba4345d1 None admin] REQUEST_METHOD: `GET` {{(pid=81860) log_request_info /opt/stack/keystone/keystone/server/flask/request_processing/req_logging.py:27}}
Sep 02 20:42:36.182512 dv-neutron-840419-31-hyperv devstack@keystone.service[81860]: DEBUG keystone.server.flask.request_processing.req_logging [None req-953e9ea5-3682-4952-a61a-7d0dba4345d1 None admin] SCRIPT_NAME: `/identity` {{(pid=81860) log_request_info /opt/stack/keystone/keystone/server/flask/request_processing/req_logging.py:28}}
Sep 02 20:42:36.182787 dv-neutron-840419-31-hyperv devstack@keystone.service[81860]: DEBUG keystone.server.flask.request_processing.req_logging [None req-953e9ea5-3682-4952-a61a-7d0dba4345d1 None admin] PATH_INFO: `/v3/role_assignments` {{(pid=81860) log_request_info /opt/stack/keystone/keystone/server/flask/request_processing/req_logging.py:29}}
Sep 02 20:42:36.183506 dv-neutron-840419-31-hyperv devstack@keystone.service[81860]: DEBUG keystone.common.rbac_enforcer.enforcer [None req-953e9ea5-3682-4952-a61a-7d0dba4345d1 None admin] RBAC: Adding query filter params (group.id=2f3bd0b3feb14cf4ae4371e7fd8afc1e, role.id=7ccc05d3a47d45dfb39b26bba83d6262, scope.project.id=ee11334fe57945bb9dff39ac6d1e7041) {{(pid=81860) _extract_filter_values /opt/stack/keystone/keystone/common/rbac_enforcer/enforcer.py:167}}
Sep 02 20:42:36.183814 dv-neutron-840419-31-hyperv devstack@keystone.service[81860]: DEBUG keystone.common.rbac_enforcer.enforcer [None req-953e9ea5-3682-4952-a61a-7d0dba4345d1 None admin] RBAC: Authorizing `identity:list_role_assignments()` {{(pid=81860) enforce_call /opt/stack/keystone/keystone/common/rbac_enforcer/enforcer.py:449}}
Sep 02 20:42:36.185272 dv-neutron-840419-31-hyperv devstack@keystone.service[81860]: DEBUG keystone.common.rbac_enforcer.enforcer [None req-953e9ea5-3682-4952-a61a-7d0dba4345d1 None admin] RBAC: Authorization granted {{(pid=81860) enforce_call /opt/stack/keystone/keystone/common/rbac_enforcer/enforcer.py:457}}
Sep 02 20:42:36.190507 dv-neutron-840419-31-hyperv devstack@keystone.service[81860]: [pid: 81860|app: 0|req: 183/371] 10.222.0.45 () {56 vars in 1376 bytes} [Fri Sep 2 20:42:36 2022] GET /identity/v3/role_assignments?group.id=2f3bd0b3feb14cf4ae4371e7fd8afc1e&scope.project.id=ee11334fe57945bb9dff39ac6d1e7041&role.id=7ccc05d3a47d45dfb39b26bba83d6262 => generated 260 bytes in 158 msecs (HTTP/1.1 200) 5 headers in 177 bytes (1 switches on core 0)
Sep 02 20:42:36.191276 dv-neutron-840419-31-hyperv devstack@keystone.service[81860]: DEBUG keystone.server.flask.request_processing.middleware.auth_context [None req-953e9ea5-3682-4952-a61a-7d0dba4345d1 None admin] Authenticating user token {{(pid=81860) process_request /usr/local/lib/python3.8/dist-packages/keystonemiddleware/auth_token/__init__.py:407}}
Sep 02 20:42:36.212907 dv-neutron-840419-31-hyperv devstack@keystone.service[81861]: DEBUG keystone.server.flask.request_processing.middleware.auth_context [None req-a3fdd8dd-7380-4fb6-acc5-3673dac954f8 None admin] Validating token access rules against request {{(pid=81861) validate_allowed_request /usr/local/lib/python3.8/dist-packages/keystonemiddleware/auth_token/__init__.py:545}}
Sep 02 20:42:36.218469 dv-neutron-840419-31-hyperv devstack@keystone.service[81860]: DEBUG dbcounter [-] [81860] Writing DB stats keystone:SELECT=100 {{(pid=81860) stat_writer /usr/local/lib/python3.8/dist-packages/dbcounter.py:114}}
Sep 02 20:42:36.257399 dv-neutron-840419-31-hyperv devstack@keystone.service[81861]: DEBUG keystone.server.flask.request_processing.middleware.auth_context [None req-a62508de-f604-46db-8b65-3eb47c58de41 None admin] RBAC: auth_context: {'token': , 'domain_id': None, 'trust_id': None, 'trustor_id': None, 'trustee_id': None, 'domain_name': None, 'group_ids': [], 'user_id': '4949ad570ef447638569adcb9bd5a518', 'user_domain_id': 'default', 'system_scope': 'all', 'project_id': None, 'project_domain_id': None, 'roles': ['admin', 'member', 'reader'], 'is_admin_project': True, 'service_user_id': None, 'service_user_domain_id': None, 'service_project_id': None, 'service_project_domain_id': None, 'service_roles': []} {{(pid=81861) fill_context /opt/stack/keystone/keystone/server/flask/request_processing/middleware/auth_context.py:478}}
Sep 02 20:42:36.258012 dv-neutron-840419-31-hyperv devstack@keystone.service[81861]: DEBUG keystone.server.flask.request_processing.req_logging [None req-a62508de-f604-46db-8b65-3eb47c58de41 None admin] REQUEST_METHOD: `GET` {{(pid=81861) log_request_info /opt/stack/keystone/keystone/server/flask/request_processing/req_logging.py:27}}
Sep 02 20:42:36.258287 dv-neutron-840419-31-hyperv devstack@keystone.service[81861]: DEBUG keystone.server.flask.request_processing.req_logging [None req-a62508de-f604-46db-8b65-3eb47c58de41 None admin] SCRIPT_NAME: `/identity` {{(pid=81861) log_request_info /opt/stack/keystone/keystone/server/flask/request_processing/req_logging.py:28}}
Sep 02 20:42:36.258554 dv-neutron-840419-31-hyperv devstack@keystone.service[81861]: DEBUG keystone.server.flask.request_processing.req_logging [None req-a62508de-f604-46db-8b65-3eb47c58de41 None admin] PATH_INFO: `/v3/role_assignments` {{(pid=81861) log_request_info /opt/stack/keystone/keystone/server/flask/request_processing/req_logging.py:29}}
Sep 02 20:42:36.259848 dv-neutron-840419-31-hyperv devstack@keystone.service[81861]: DEBUG keystone.common.rbac_enforcer.enforcer [None req-a62508de-f604-46db-8b65-3eb47c58de41 None admin] RBAC: Adding query filter params (role.id=cb4b94edfa46470b9a5919d3be4e6f99, user.id=b0260e9b4ef44d13bb38fcd416b180b2, scope.system=all) {{(pid=81861) _extract_filter_values /opt/stack/keystone/keystone/common/rbac_enforcer/enforcer.py:167}}
Sep 02 20:42:36.259848 dv-neutron-840419-31-hyperv devstack@keystone.service[81861]: DEBUG keystone.common.rbac_enforcer.enforcer [None req-a62508de-f604-46db-8b65-3eb47c58de41 None admin] RBAC: Authorizing `identity:list_role_assignments()` {{(pid=81861) enforce_call /opt/stack/keystone/keystone/common/rbac_enforcer/enforcer.py:449}}
Sep 02 20:42:36.261070 dv-neutron-840419-31-hyperv devstack@keystone.service[81861]: DEBUG keystone.common.rbac_enforcer.enforcer [None req-a62508de-f604-46db-8b65-3eb47c58de41 None admin] RBAC: Authorization granted {{(pid=81861) enforce_call /opt/stack/keystone/keystone/common/rbac_enforcer/enforcer.py:457}}
Sep 02 20:42:36.275176 dv-neutron-840419-31-hyperv devstack@keystone.service[81861]: [pid: 81861|app: 0|req: 189/372] 10.222.0.45 () {56 vars in 1308 bytes} [Fri Sep 2 20:42:36 2022] GET /identity/v3/role_assignments?user.id=b0260e9b4ef44d13bb38fcd416b180b2&scope.system=all&role.id=cb4b94edfa46470b9a5919d3be4e6f99 => generated 510 bytes in 192 msecs (HTTP/1.1 200) 5 headers in 177 bytes (1 switches on core 0)
Sep 02 20:42:36.276512 dv-neutron-840419-31-hyperv devstack@keystone.service[81861]: DEBUG keystone.server.flask.request_processing.middleware.auth_context [None req-a62508de-f604-46db-8b65-3eb47c58de41 None admin] Authenticating user token {{(pid=81861) process_request /usr/local/lib/python3.8/dist-packages/keystonemiddleware/auth_token/__init__.py:407}}
Sep 02 20:42:36.335376 dv-neutron-840419-31-hyperv devstack@keystone.service[81861]: DEBUG dbcounter [-] [81861] Writing DB stats keystone:SELECT=100 {{(pid=81861) stat_writer /usr/local/lib/python3.8/dist-packages/dbcounter.py:114}}
Sep 02 20:42:36.381530 dv-neutron-840419-31-hyperv devstack@keystone.service[81860]: DEBUG keystone.server.flask.request_processing.middleware.auth_context [None req-953e9ea5-3682-4952-a61a-7d0dba4345d1 None admin] Validating token access rules against request {{(pid=81860) validate_allowed_request /usr/local/lib/python3.8/dist-packages/keystonemiddleware/auth_token/__init__.py:545}}
