Jul 18 10:56:56.268843 dv-neutron-840419-16-hyperv neutron-server[111724]: DEBUG neutron_lib.callbacks.manager [None req-35bdaffe-8770-415f-96c6-af40f76fd606 tempest-ExternalNetworksTestJSON-1561926837 tempest-ExternalNetworksTestJSON-1561926837-project-admin] Publish callbacks ['neutron.api.rpc.agentnotifiers.dhcp_rpc_agent_api.DhcpAgentNotifyAPI._send_dhcp_notification-594883'] for network (None), before_response {{(pid=111724) _notify_loop /usr/local/lib/python3.8/dist-packages/neutron_lib/callbacks/manager.py:176}}
Jul 18 10:56:56.342940 dv-neutron-840419-16-hyperv neutron-server[111725]: DEBUG neutron.db.provisioning_blocks [None req-21d9d155-6e44-4496-ae6c-bd2de4deb080 None None] Provisioning complete for port 221e8855-b6e5-4c29-a924-2ebcf63583fc triggered by entity DHCP. {{(pid=111725) provisioning_complete /opt/stack/neutron/neutron/db/provisioning_blocks.py:145}}
Jul 18 10:56:56.343535 dv-neutron-840419-16-hyperv neutron-server[111725]: DEBUG neutron_lib.callbacks.manager [None req-21d9d155-6e44-4496-ae6c-bd2de4deb080 None None] Publish callbacks ['neutron.plugins.ml2.plugin.Ml2Plugin._port_provisioned-7690792'] for port (221e8855-b6e5-4c29-a924-2ebcf63583fc), provisioning_complete {{(pid=111725) _notify_loop /usr/local/lib/python3.8/dist-packages/neutron_lib/callbacks/manager.py:176}}
Jul 18 10:56:56.418951 dv-neutron-840419-16-hyperv neutron-server[111725]: DEBUG neutron.plugins.ml2.plugin [None req-21d9d155-6e44-4496-ae6c-bd2de4deb080 None None] Port 221e8855-b6e5-4c29-a924-2ebcf63583fc cannot update to ACTIVE because it is not bound. {{(pid=111725) _port_provisioned /opt/stack/neutron/neutron/plugins/ml2/plugin.py:348}}
Jul 18 10:56:56.451372 dv-neutron-840419-16-hyperv neutron-server[111724]: INFO neutron.wsgi [None req-35bdaffe-8770-415f-96c6-af40f76fd606 tempest-ExternalNetworksTestJSON-1561926837 tempest-ExternalNetworksTestJSON-1561926837-project-admin] 10.222.0.75 "POST /v2.0/networks HTTP/1.1" status: 201 len: 844 time: 0.8131731
Jul 18 10:56:56.452871 dv-neutron-840419-16-hyperv neutron-server[111724]: DEBUG neutron.wsgi [-] (111724) accepted ('10.222.0.75', 38030) {{(pid=111724) server /usr/local/lib/python3.8/dist-packages/eventlet/wsgi.py:1004}}
Jul 18 10:56:56.463846 dv-neutron-840419-16-hyperv neutron-server[111723]: INFO neutron.wsgi [None req-c0386e41-1b27-4535-96ba-a93550f28de7 tempest-RoutersTestDVR-691332212 tempest-RoutersTestDVR-691332212-project] 10.222.0.75 "GET /v2.0/routers/8913f6e9-385b-46c3-b5ca-3896ee2259d0 HTTP/1.1" status: 200 len: 682 time: 0.7666247
Jul 18 10:56:56.468967 dv-neutron-840419-16-hyperv neutron-server[111723]: DEBUG neutron.wsgi [-] (111723) accepted ('10.222.0.75', 38032) {{(pid=111723) server /usr/local/lib/python3.8/dist-packages/eventlet/wsgi.py:1004}}
Jul 18 10:56:56.478349 dv-neutron-840419-16-hyperv neutron-server[111723]: DEBUG neutron.api.rpc.handlers.resources_rpc [None req-0672ad54-a518-40fd-9acf-a63eed984343 tempest-PortsAdminExtendedAttrsTestJSON-1429405186 tempest-PortsAdminExtendedAttrsTestJSON-1429405186-project-admin] Pushing event updated for resources: {'SecurityGroup': ['ID=911afa78-fffa-4b91-abb0-ba44c7854b9e,revision_number=1']} {{(pid=111723) push /opt/stack/neutron/neutron/api/rpc/handlers/resources_rpc.py:237}}
Jul 18 10:56:56.526480 dv-neutron-840419-16-hyperv neutron-server[111724]: DEBUG neutron.api.v2.base [None req-f59e6a8d-fc2a-42e5-bfcd-fed6b7cb5429 tempest-ExternalNetworksTestJSON-1561926837 tempest-ExternalNetworksTestJSON-1561926837-project-admin] Request body: {'network': {'router:external': True}} {{(pid=111724) prepare_request_body /opt/stack/neutron/neutron/api/v2/base.py:730}}
Jul 18 10:56:56.552487 dv-neutron-840419-16-hyperv neutron-server[111724]: INFO neutron.wsgi [req-5dc4d76d-913f-44fd-b220-07cb8bcb9884 req-f037b3fe-c416-4600-a77e-370121928ebb tempest-ServersTestManualDisk-1181924321 tempest-ServersTestManualDisk-1181924321-project] 10.222.0.75 "GET /v2.0/ports?device_id=89d11159-0cc4-4d9d-929a-8a7eb13a58f2 HTTP/1.1" status: 200 len: 210 time: 0.2318025
Jul 18 10:56:56.568470 dv-neutron-840419-16-hyperv neutron-server[111723]: DEBUG dbcounter [-] [111723] Writing DB stats neutron:SELECT=76,neutron:DELETE=15,neutron:UPDATE=3,neutron:INSERT=6 {{(pid=111723) stat_writer /usr/local/lib/python3.8/dist-packages/dbcounter.py:114}}
Jul 18 10:56:56.594349 dv-neutron-840419-16-hyperv neutron-server[111723]: DEBUG neutron_lib.callbacks.manager [None req-80c60999-13e5-44b0-8858-8f5891d92c7d tempest-RoutersIpV6AdminTest-701875443 tempest-RoutersIpV6AdminTest-701875443-project] Publish callbacks [] for router_controller (95f0158a-1b90-4447-afb7-bc7f154eb55c), precommit_add_association {{(pid=111723) _notify_loop /usr/local/lib/python3.8/dist-packages/neutron_lib/callbacks/manager.py:176}}
Jul 18 10:56:56.602432 dv-neutron-840419-16-hyperv neutron-server[111724]: DEBUG neutron.api.rpc.handlers.resources_rpc [None req-35bdaffe-8770-415f-96c6-af40f76fd606 tempest-ExternalNetworksTestJSON-1561926837 tempest-ExternalNetworksTestJSON-1561926837-project-admin] Pushing event updated for resources: {'Network': ['ID=a2807aad-aaf2-4994-84ea-3938a995aa6f,revision_number=1']} {{(pid=111724) push /opt/stack/neutron/neutron/api/rpc/handlers/resources_rpc.py:237}}
Jul 18 10:56:56.613971 dv-neutron-840419-16-hyperv neutron-server[111725]: DEBUG neutron.plugins.ml2.rpc [None req-91e339d0-b6a7-4f04-adf8-03ed719a9c7e None None] Network a2807aad-aaf2-4994-84ea-3938a995aa6f details requested by agent ovs-agent-dv-neutron-840419-16-hyperv with host dv-neutron-840419-16-hyperv {{(pid=111725) get_network_details /opt/stack/neutron/neutron/plugins/ml2/rpc.py:248}}
Jul 18 10:56:56.626736 dv-neutron-840419-16-hyperv neutron-server[111723]: DEBUG neutron_lib.callbacks.manager [None req-66f302dd-f6bf-4505-88d9-c990149eb708 tempest-RoutersTestDVR-529579041 tempest-RoutersTestDVR-529579041-project-admin] Publish callbacks [] for router (8913f6e9-385b-46c3-b5ca-3896ee2259d0), before_delete {{(pid=111723) _notify_loop /usr/local/lib/python3.8/dist-packages/neutron_lib/callbacks/manager.py:176}}
Jul 18 10:56:56.944435 dv-neutron-840419-16-hyperv neutron-server[111724]: DEBUG neutron.api.rpc.agentnotifiers.l3_rpc_agent_api [None req-dfda1ad2-f3d1-40dc-85ab-2ec92013c009 tempest-FloatingIPAdminTestJSON-533875441 tempest-FloatingIPAdminTestJSON-533875441-project] Notify agent at l3_agent.dv-neutron-840419-16-hyperv the message routers_updated {{(pid=111724) _agent_notification /opt/stack/neutron/neutron/api/rpc/agentnotifiers/l3_rpc_agent_api.py:65}}
Jul 18 10:56:56.960016 dv-neutron-840419-16-hyperv neutron-server[111726]: DEBUG neutron.api.rpc.handlers.l3_rpc [None req-3deb1940-fda7-406c-87db-24a95b5c93d4 None None] Sync routers for ids ['1229467d-4e77-4658-8ee0-66b0aec700c0'] in dv-neutron-840419-16-hyperv {{(pid=111726) sync_routers /opt/stack/neutron/neutron/api/rpc/handlers/l3_rpc.py:125}}
Jul 18 10:56:56.968808 dv-neutron-840419-16-hyperv neutron-server[111724]: INFO neutron.wsgi [None req-dfda1ad2-f3d1-40dc-85ab-2ec92013c009 tempest-FloatingIPAdminTestJSON-533875441 tempest-FloatingIPAdminTestJSON-533875441-project] 10.222.0.75 "PUT /v2.0/routers/1229467d-4e77-4658-8ee0-66b0aec700c0/add_router_interface HTTP/1.1" status: 200 len: 503 time: 6.9687748
Jul 18 10:56:56.973900 dv-neutron-840419-16-hyperv neutron-server[111724]: DEBUG neutron.wsgi [-] (111724) accepted ('10.222.0.75', 38052) {{(pid=111724) server /usr/local/lib/python3.8/dist-packages/eventlet/wsgi.py:1004}}
Jul 18 10:56:56.979954 dv-neutron-840419-16-hyperv neutron-server[111726]: DEBUG neutron.db.l3_dvrscheduler_db [None req-3deb1940-fda7-406c-87db-24a95b5c93d4 None None] Routers {'1229467d-4e77-4658-8ee0-66b0aec700c0'} bound to L3 agent in host dv-neutron-840419-16-hyperv {{(pid=111726) _get_router_ids_for_agent /opt/stack/neutron/neutron/db/l3_dvrscheduler_db.py:426}}
Jul 18 10:56:56.981253 dv-neutron-840419-16-hyperv neutron-server[111726]: DEBUG neutron.db.l3_hamode_db [None req-3deb1940-fda7-406c-87db-24a95b5c93d4 None None] neutron.services.l3_router.l3_router_plugin.L3RouterPlugin method get_ha_sync_data_for_host called with arguments (, 'dv-neutron-840419-16-hyperv', Agent(admin_state_up=True,agent_type='L3 agent',availability_zone='nova',binary='neutron-l3-agent',configurations={"agent_mode": "legacy", "ex_gw_ports": 3, "extensions": [], "floating_ips": 0, "handle_internal_only_routers": true, "interface_driver": "openvswitch", "interfaces": 1, "log_agent_heartbeats": false, "routers": 3},created_at=2022-07-18T10:48:10Z,description=,heartbeat_timestamp=2022-07-18T10:56:40Z,host='dv-neutron-840419-16-hyperv',id=b1d4488f-91a9-41b4-811d-e98dd9af9681,load=0,resource_versions=,resources_synced=,started_at=2022-07-18T10:48:11Z,topic='l3_agent')) {'router_ids': ['1229467d-4e77-4658-8ee0-66b0aec700c0'], 'active': True} {{(pid=111726) wrapper /usr/local/lib/python3.8/dist-packages/oslo_log/helpers.py:65}}
Jul 18 10:56:57.004322 dv-neutron-840419-16-hyperv neutron-server[111723]: DEBUG neutron_lib.callbacks.manager [None req-80c60999-13e5-44b0-8858-8f5891d92c7d tempest-RoutersIpV6AdminTest-701875443 tempest-RoutersIpV6AdminTest-701875443-project] Publish callbacks [] for router_gateway (95f0158a-1b90-4447-afb7-bc7f154eb55c), precommit_update {{(pid=111723) _notify_loop /usr/local/lib/python3.8/dist-packages/neutron_lib/callbacks/manager.py:176}}
Jul 18 10:56:57.021634 dv-neutron-840419-16-hyperv neutron-server[111724]: DEBUG neutron.api.v2.base [None req-33d0273d-fe10-4c5d-9202-10c0dee3f332 tempest-FloatingIPAdminTestJSON-533875441 tempest-FloatingIPAdminTestJSON-533875441-project] Request body: {'port': {'network_id': '25df610f-3ef4-46fb-abce-2340fc334785', 'name': 'tempest-FloatingIPAdminTestJSON-1008373230'}} {{(pid=111724) prepare_request_body /opt/stack/neutron/neutron/api/v2/base.py:730}}
Jul 18 10:56:57.033584 dv-neutron-840419-16-hyperv neutron-server[111723]: DEBUG neutron_lib.callbacks.manager [None req-66f302dd-f6bf-4505-88d9-c990149eb708 tempest-RoutersTestDVR-529579041 tempest-RoutersTestDVR-529579041-project-admin] Publish callbacks ['neutron.services.l3_router.l3_router_plugin.L3_HA_NAT_db_mixin._release_router_vr_id-485453', 'neutron.services.l3_router.service_providers.driver_controller.DriverController._clear_router_provider-752'] for router (8913f6e9-385b-46c3-b5ca-3896ee2259d0), precommit_delete {{(pid=111723) _notify_loop /usr/local/lib/python3.8/dist-packages/neutron_lib/callbacks/manager.py:176}}
Jul 18 10:56:57.037783 dv-neutron-840419-16-hyperv neutron-server[111723]: DEBUG neutron_lib.callbacks.manager [None req-66f302dd-f6bf-4505-88d9-c990149eb708 tempest-RoutersTestDVR-529579041 tempest-RoutersTestDVR-529579041-project-admin] Publish callbacks [] for router_controller (8913f6e9-385b-46c3-b5ca-3896ee2259d0), precommit_delete_associations {{(pid=111723) _notify_loop /usr/local/lib/python3.8/dist-packages/neutron_lib/callbacks/manager.py:176}}
Jul 18 10:56:57.070399 dv-neutron-840419-16-hyperv neutron-server[111726]: DEBUG neutron.db.l3_hamode_db [None req-3deb1940-fda7-406c-87db-24a95b5c93d4 None None] neutron.services.l3_router.l3_router_plugin.L3RouterPlugin method _process_sync_ha_data called with arguments (, [], 'dv-neutron-840419-16-hyperv', False) {} {{(pid=111726) wrapper /usr/local/lib/python3.8/dist-packages/oslo_log/helpers.py:65}}
Jul 18 10:56:57.085085 dv-neutron-840419-16-hyperv neutron-server[111723]: DEBUG neutron.notifiers.nova [None req-0672ad54-a518-40fd-9acf-a63eed984343 tempest-PortsAdminExtendedAttrsTestJSON-1429405186 tempest-PortsAdminExtendedAttrsTestJSON-1429405186-project-admin] device_id is not set on port d754a808-c64e-44ef-b578-ab8d0e99d285 yet. {{(pid=111723) _can_notify /opt/stack/neutron/neutron/notifiers/nova.py:199}}
Jul 18 10:56:57.093243 dv-neutron-840419-16-hyperv neutron-server[111726]: DEBUG neutron.db.l3_dvrscheduler_db [None req-3deb1940-fda7-406c-87db-24a95b5c93d4 None None] Routers {'1229467d-4e77-4658-8ee0-66b0aec700c0'} bound to L3 agent in host dv-neutron-840419-16-hyperv {{(pid=111726) _get_router_ids_for_agent /opt/stack/neutron/neutron/db/l3_dvrscheduler_db.py:426}}
Jul 18 10:56:57.094248 dv-neutron-840419-16-hyperv neutron-server[111726]: DEBUG neutron.db.l3_hamode_db [None req-3deb1940-fda7-406c-87db-24a95b5c93d4 None None] neutron.services.l3_router.l3_router_plugin.L3RouterPlugin method get_ha_sync_data_for_host called with arguments (, 'dv-neutron-840419-16-hyperv', Agent(admin_state_up=True,agent_type='L3 agent',availability_zone='nova',binary='neutron-l3-agent',configurations={"agent_mode": "legacy", "ex_gw_ports": 3, "extensions": [], "floating_ips": 0, "handle_internal_only_routers": true, "interface_driver": "openvswitch", "interfaces": 1, "log_agent_heartbeats": false, "routers": 3},created_at=2022-07-18T10:48:10Z,description=,heartbeat_timestamp=2022-07-18T10:56:40Z,host='dv-neutron-840419-16-hyperv',id=b1d4488f-91a9-41b4-811d-e98dd9af9681,load=0,resource_versions=,resources_synced=,started_at=2022-07-18T10:48:11Z,topic='l3_agent')) {'router_ids': ['1229467d-4e77-4658-8ee0-66b0aec700c0'], 'active': True} {{(pid=111726) wrapper /usr/local/lib/python3.8/dist-packages/oslo_log/helpers.py:65}}
Jul 18 10:56:57.098467 dv-neutron-840419-16-hyperv neutron-server[111723]: DEBUG neutron_lib.callbacks.manager [None req-0672ad54-a518-40fd-9acf-a63eed984343 tempest-PortsAdminExtendedAttrsTestJSON-1429405186 tempest-PortsAdminExtendedAttrsTestJSON-1429405186-project-admin] Publish callbacks [] for port (d754a808-c64e-44ef-b578-ab8d0e99d285), precommit_create {{(pid=111723) _notify_loop /usr/local/lib/python3.8/dist-packages/neutron_lib/callbacks/manager.py:176}}
Jul 18 10:56:57.120789 dv-neutron-840419-16-hyperv neutron-server[111724]: INFO neutron.wsgi [req-9a49a177-8404-4520-ae66-2b6c8b48e3f6 req-f72d1502-6935-4b30-82cd-73141110e2a3 tempest-ServersTestJSON-1168141329 tempest-ServersTestJSON-1168141329-project] 10.222.0.75 "GET /v2.0/ports?device_id=f4c0f63d-0a47-43b9-b5d2-f4261056669f HTTP/1.1" status: 200 len: 210 time: 0.1778114
Jul 18 10:56:57.132757 dv-neutron-840419-16-hyperv neutron-server[111726]: DEBUG neutron.db.l3_hamode_db [None req-3deb1940-fda7-406c-87db-24a95b5c93d4 None None] neutron.services.l3_router.l3_router_plugin.L3RouterPlugin method _process_sync_ha_data called with arguments (, [], 'dv-neutron-840419-16-hyperv', False) {} {{(pid=111726) wrapper /usr/local/lib/python3.8/dist-packages/oslo_log/helpers.py:65}}
Jul 18 10:56:57.133564 dv-neutron-840419-16-hyperv neutron-server[111726]: DEBUG neutron.api.rpc.handlers.l3_rpc [None req-3deb1940-fda7-406c-87db-24a95b5c93d4 None None] The sync data for ids ['1229467d-4e77-4658-8ee0-66b0aec700c0'] in dv-neutron-840419-16-hyperv is: [] {{(pid=111726) sync_routers /opt/stack/neutron/neutron/api/rpc/handlers/l3_rpc.py:137}}
Jul 18 10:56:57.181853 dv-neutron-840419-16-hyperv neutron-server[111724]: DEBUG neutron.wsgi [-] (111724) accepted ('10.222.0.75', 38056) {{(pid=111724) server /usr/local/lib/python3.8/dist-packages/eventlet/wsgi.py:1004}}
Jul 18 10:56:57.208092 dv-neutron-840419-16-hyperv neutron-server[111724]: DEBUG neutron_lib.callbacks.manager [None req-f59e6a8d-fc2a-42e5-bfcd-fed6b7cb5429 tempest-ExternalNetworksTestJSON-1561926837 tempest-ExternalNetworksTestJSON-1561926837-project-admin] Publish callbacks ['neutron.services.auto_allocate.db._ensure_external_network_default_value_callback-8787858597425'] for network (a2807aad-aaf2-4994-84ea-3938a995aa6f), precommit_update {{(pid=111724) _notify_loop /usr/local/lib/python3.8/dist-packages/neutron_lib/callbacks/manager.py:176}}
Jul 18 10:56:57.213227 dv-neutron-840419-16-hyperv neutron-server[111723]: DEBUG neutron_lib.callbacks.manager [None req-66f302dd-f6bf-4505-88d9-c990149eb708 tempest-RoutersTestDVR-529579041 tempest-RoutersTestDVR-529579041-project-admin] Publish callbacks ['neutron.services.l3_router.l3_router_plugin.L3_HA_NAT_db_mixin._cleanup_ha_network_handler-485585'] for router (8913f6e9-385b-46c3-b5ca-3896ee2259d0), after_delete {{(pid=111723) _notify_loop /usr/local/lib/python3.8/dist-packages/neutron_lib/callbacks/manager.py:176}}
Jul 18 10:56:57.223577 dv-neutron-840419-16-hyperv neutron-server[111723]: DEBUG neutron.api.rpc.agentnotifiers.l3_rpc_agent_api [None req-66f302dd-f6bf-4505-88d9-c990149eb708 tempest-RoutersTestDVR-529579041 tempest-RoutersTestDVR-529579041-project-admin] Fanout notify agent at l3_agent the message router_deleted on router 8913f6e9-385b-46c3-b5ca-3896ee2259d0 {{(pid=111723) _notification_fanout /opt/stack/neutron/neutron/api/rpc/agentnotifiers/l3_rpc_agent_api.py:114}}
Jul 18 10:56:57.223577 dv-neutron-840419-16-hyperv neutron-server[111723]: DEBUG neutron_lib.callbacks.manager [None req-0672ad54-a518-40fd-9acf-a63eed984343 tempest-PortsAdminExtendedAttrsTestJSON-1429405186 tempest-PortsAdminExtendedAttrsTestJSON-1429405186-project-admin] Publish callbacks ['neutron.plugins.ml2.plugin.SecurityGroupServerNotifierRpcMixin._notify_sg_on_port_change-7752939', 'neutron.plugins.ml2.ovo_rpc._ObjectChangeHandler.handle_event-969481', 'neutron.api.rpc.agentnotifiers.dhcp_rpc_agent_api.DhcpAgentNotifyAPI._native_event_send_dhcp_notification-594897', 'neutron.db.l3_dvrscheduler_db._notify_l3_agent_new_port-8787858579694', 'neutron.services.segments.plugin.NovaSegmentNotifier._notify_port_created_or_deleted-3541375'] for port (d754a808-c64e-44ef-b578-ab8d0e99d285), after_create {{(pid=111723) _notify_loop /usr/local/lib/python3.8/dist-packages/neutron_lib/callbacks/manager.py:176}}
Jul 18 10:56:57.226831 dv-neutron-840419-16-hyperv neutron-server[111723]: DEBUG neutron_lib.callbacks.manager [None req-66f302dd-f6bf-4505-88d9-c990149eb708 tempest-RoutersTestDVR-529579041 tempest-RoutersTestDVR-529579041-project-admin] Publish callbacks [] for router (None), before_response {{(pid=111723) _notify_loop /usr/local/lib/python3.8/dist-packages/neutron_lib/callbacks/manager.py:176}}
Jul 18 10:56:57.228138 dv-neutron-840419-16-hyperv neutron-server[111723]: INFO neutron.wsgi [None req-66f302dd-f6bf-4505-88d9-c990149eb708 tempest-RoutersTestDVR-529579041 tempest-RoutersTestDVR-529579041-project-admin] 10.222.0.75 "DELETE /v2.0/routers/8913f6e9-385b-46c3-b5ca-3896ee2259d0 HTTP/1.1" status: 204 len: 168 time: 0.7507286
Jul 18 10:56:57.234542 dv-neutron-840419-16-hyperv neutron-server[111724]: DEBUG neutron.wsgi [-] (111724) accepted ('10.222.0.75', 38060) {{(pid=111724) server /usr/local/lib/python3.8/dist-packages/eventlet/wsgi.py:1004}}
Jul 18 10:56:57.240404 dv-neutron-840419-16-hyperv neutron-server[111724]: DEBUG neutron.api.v2.base [None req-c6d5dca5-c617-4888-bc26-50a0361a7f73 tempest-RoutersTestDVR-529579041 tempest-RoutersTestDVR-529579041-project-admin] Request body: {'router': {'name': 'tempest-router-1818831902', 'distributed': True}} {{(pid=111724) prepare_request_body /opt/stack/neutron/neutron/api/v2/base.py:730}}
Jul 18 10:56:57.315912 dv-neutron-840419-16-hyperv neutron-server[111723]: DEBUG neutron.api.rpc.handlers.resources_rpc [None req-0672ad54-a518-40fd-9acf-a63eed984343 tempest-PortsAdminExtendedAttrsTestJSON-1429405186 tempest-PortsAdminExtendedAttrsTestJSON-1429405186-project-admin] Pushing event updated for resources: {'Port': ['ID=d754a808-c64e-44ef-b578-ab8d0e99d285,revision_number=1']} {{(pid=111723) push /opt/stack/neutron/neutron/api/rpc/handlers/resources_rpc.py:237}}
Jul 18 10:56:57.355568 dv-neutron-840419-16-hyperv neutron-server[111724]: DEBUG neutron_lib.callbacks.manager [None req-f59e6a8d-fc2a-42e5-bfcd-fed6b7cb5429 tempest-ExternalNetworksTestJSON-1561926837 tempest-ExternalNetworksTestJSON-1561926837-project-admin] Publish callbacks ['neutron.plugins.ml2.ovo_rpc._ObjectChangeHandler.handle_event-624387', 'neutron.api.rpc.agentnotifiers.dhcp_rpc_agent_api.DhcpAgentNotifyAPI._native_event_send_dhcp_notification-594897'] for network (a2807aad-aaf2-4994-84ea-3938a995aa6f), after_update {{(pid=111724) _notify_loop /usr/local/lib/python3.8/dist-packages/neutron_lib/callbacks/manager.py:176}}
Jul 18 10:56:57.359339 dv-neutron-840419-16-hyperv neutron-server[111724]: DEBUG neutron.pecan_wsgi.hooks.quota_enforcement [None req-33d0273d-fe10-4c5d-9202-10c0dee3f332 tempest-FloatingIPAdminTestJSON-533875441 tempest-FloatingIPAdminTestJSON-533875441-project] Made reservation on behalf of 16ab8b6fb4ee4273956a89e7a32282db for: {'port': 1} {{(pid=111724) before /opt/stack/neutron/neutron/pecan_wsgi/hooks/quota_enforcement.py:53}}
Jul 18 10:56:57.364402 dv-neutron-840419-16-hyperv neutron-server[111724]: DEBUG neutron_lib.callbacks.manager [None req-33d0273d-fe10-4c5d-9202-10c0dee3f332 tempest-FloatingIPAdminTestJSON-533875441 tempest-FloatingIPAdminTestJSON-533875441-project] Publish callbacks ['neutron.plugins.ml2.plugin.SecurityGroupDbMixin._ensure_default_security_group_handler-7753000'] for port (None), before_create {{(pid=111724) _notify_loop /usr/local/lib/python3.8/dist-packages/neutron_lib/callbacks/manager.py:176}}
Jul 18 10:56:57.391505 dv-neutron-840419-16-hyperv neutron-server[111724]: DEBUG neutron.api.rpc.agentnotifiers.dhcp_rpc_agent_api [None req-f59e6a8d-fc2a-42e5-bfcd-fed6b7cb5429 tempest-ExternalNetworksTestJSON-1561926837 tempest-ExternalNetworksTestJSON-1561926837-project-admin] Network a2807aad-aaf2-4994-84ea-3938a995aa6f is not hosted by any dhcp agent {{(pid=111724) _notify_agents /opt/stack/neutron/neutron/api/rpc/agentnotifiers/dhcp_rpc_agent_api.py:225}}
Jul 18 10:56:57.391808 dv-neutron-840419-16-hyperv neutron-server[111723]: DEBUG neutron.plugins.ml2.drivers.mech_agent [None req-0672ad54-a518-40fd-9acf-a63eed984343 tempest-PortsAdminExtendedAttrsTestJSON-1429405186 tempest-PortsAdminExtendedAttrsTestJSON-1429405186-project-admin] Checking segment: {'id': '424b735a-a4d7-4cb8-98b6-2c4efa4ebff0', 'network_type': 'vlan', 'physical_network': 'physnet1', 'segmentation_id': 819, 'network_id': '43727a3e-c283-4d4b-814c-fcfdfbcd319f'} for mappings: {'physnet1': 'br-data'} with network types: ['local', 'flat', 'vlan'] {{(pid=111723) check_segment_for_agent /opt/stack/neutron/neutron/plugins/ml2/drivers/mech_agent.py:373}}
Jul 18 10:56:57.392170 dv-neutron-840419-16-hyperv neutron-server[111724]: DEBUG neutron.pecan_wsgi.hooks.policy_enforcement [None req-f59e6a8d-fc2a-42e5-bfcd-fed6b7cb5429 tempest-ExternalNetworksTestJSON-1561926837 tempest-ExternalNetworksTestJSON-1561926837-project-admin] Attributes excluded by policy engine: ['standard_attr_id', 'vlan_transparent'] {{(pid=111724) _exclude_attributes_by_policy /opt/stack/neutron/neutron/pecan_wsgi/hooks/policy_enforcement.py:259}}
Jul 18 10:56:57.392360 dv-neutron-840419-16-hyperv neutron-server[111723]: DEBUG neutron.scheduler.dhcp_agent_scheduler [None req-0672ad54-a518-40fd-9acf-a63eed984343 tempest-PortsAdminExtendedAttrsTestJSON-1429405186 tempest-PortsAdminExtendedAttrsTestJSON-1429405186-project-admin] Network hostable DHCP agents. Network: 43727a3e-c283-4d4b-814c-fcfdfbcd319f, hostable agents: ['6d2edc7f-8e9b-4b5a-8beb-b7f14246e248'], hosted agents: [] {{(pid=111723) _get_network_hostable_dhcp_agents /opt/stack/neutron/neutron/scheduler/dhcp_agent_scheduler.py:329}}
Jul 18 10:56:57.392753 dv-neutron-840419-16-hyperv neutron-server[111724]: DEBUG neutron_lib.callbacks.manager [None req-f59e6a8d-fc2a-42e5-bfcd-fed6b7cb5429 tempest-ExternalNetworksTestJSON-1561926837 tempest-ExternalNetworksTestJSON-1561926837-project-admin] Publish callbacks [] for network (None), before_response {{(pid=111724) _notify_loop /usr/local/lib/python3.8/dist-packages/neutron_lib/callbacks/manager.py:176}}
Jul 18 10:56:57.396929 dv-neutron-840419-16-hyperv neutron-server[111724]: INFO neutron.wsgi [None req-f59e6a8d-fc2a-42e5-bfcd-fed6b7cb5429 tempest-ExternalNetworksTestJSON-1561926837 tempest-ExternalNetworksTestJSON-1561926837-project-admin] 10.222.0.75 "PUT /v2.0/networks/a2807aad-aaf2-4994-84ea-3938a995aa6f HTTP/1.1" status: 200 len: 857 time: 0.8816307
Jul 18 10:56:57.397448 dv-neutron-840419-16-hyperv neutron-server[111723]: DEBUG neutron.wsgi [-] (111723) accepted ('10.222.0.75', 38064) {{(pid=111723) server /usr/local/lib/python3.8/dist-packages/eventlet/wsgi.py:1004}}
Jul 18 10:56:57.458721 dv-neutron-840419-16-hyperv neutron-server[111724]: DEBUG neutron.api.v2.base [None req-c3543024-969e-49fa-a275-4ea43d7ae536 tempest-PortsAdminExtendedAttrsIpV6TestJSON-1983009055 tempest-PortsAdminExtendedAttrsIpV6TestJSON-1983009055-project] Request body: {'network': {'name': 'tempest-PortsAdminExtendedAttrsIpV6TestJSON-test-network-1346988865'}} {{(pid=111724) prepare_request_body /opt/stack/neutron/neutron/api/v2/base.py:730}}
Jul 18 10:56:57.463166 dv-neutron-840419-16-hyperv neutron-server[111724]: DEBUG neutron_lib.callbacks.manager [None req-c6d5dca5-c617-4888-bc26-50a0361a7f73 tempest-RoutersTestDVR-529579041 tempest-RoutersTestDVR-529579041-project-admin] Publish callbacks ['neutron.services.l3_router.l3_router_plugin.L3_HA_NAT_db_mixin._before_router_create_handler-486874', 'neutron.services.l3_router.service_providers.driver_controller.DriverController._check_router_request-734'] for router (b249fe3f-94a4-4d3c-8377-f92af6a2cd6a), before_create {{(pid=111724) _notify_loop /usr/local/lib/python3.8/dist-packages/neutron_lib/callbacks/manager.py:176}}
Jul 18 10:56:57.464213 dv-neutron-840419-16-hyperv neutron-server[111724]: DEBUG neutron_lib.callbacks.manager [None req-c6d5dca5-c617-4888-bc26-50a0361a7f73 tempest-RoutersTestDVR-529579041 tempest-RoutersTestDVR-529579041-project-admin] Publish callbacks ['neutron.services.l3_router.l3_router_plugin.L3_HA_NAT_db_mixin._precommit_router_create-486774', 'neutron.services.l3_router.l3_router_plugin.DVRResourceOperationHandler._set_distributed_flag-490089', 'neutron.services.l3_router.l3_router_plugin.RouterAvailabilityZoneMixin._process_az_request-380812', 'neutron.services.l3_router.service_providers.driver_controller.DriverController._set_router_provider-745'] for router (b249fe3f-94a4-4d3c-8377-f92af6a2cd6a), precommit_create {{(pid=111724) _notify_loop /usr/local/lib/python3.8/dist-packages/neutron_lib/callbacks/manager.py:176}}
Jul 18 10:56:57.468235 dv-neutron-840419-16-hyperv neutron-server[111724]: DEBUG neutron.notifiers.nova [None req-33d0273d-fe10-4c5d-9202-10c0dee3f332 tempest-FloatingIPAdminTestJSON-533875441 tempest-FloatingIPAdminTestJSON-533875441-project] device_id is not set on port 3b275c71-fb36-486e-a6f0-3ceb5a6cc6ec yet. {{(pid=111724) _can_notify /opt/stack/neutron/neutron/notifiers/nova.py:199}}
Jul 18 10:56:57.479348 dv-neutron-840419-16-hyperv neutron-server[111724]: DEBUG neutron.api.rpc.handlers.resources_rpc [None req-f59e6a8d-fc2a-42e5-bfcd-fed6b7cb5429 tempest-ExternalNetworksTestJSON-1561926837 tempest-ExternalNetworksTestJSON-1561926837-project-admin] Pushing event updated for resources: {'Network': ['ID=a2807aad-aaf2-4994-84ea-3938a995aa6f,revision_number=2']} {{(pid=111724) push /opt/stack/neutron/neutron/api/rpc/handlers/resources_rpc.py:237}}
Jul 18 10:56:57.498589 dv-neutron-840419-16-hyperv neutron-server[111723]: DEBUG neutron_lib.callbacks.manager [None req-80c60999-13e5-44b0-8858-8f5891d92c7d tempest-RoutersIpV6AdminTest-701875443 tempest-RoutersIpV6AdminTest-701875443-project] Publish callbacks [] for router_gateway (95f0158a-1b90-4447-afb7-bc7f154eb55c), before_create {{(pid=111723) _notify_loop /usr/local/lib/python3.8/dist-packages/neutron_lib/callbacks/manager.py:176}}
Jul 18 10:56:57.507521 dv-neutron-840419-16-hyperv neutron-server[111723]: DEBUG neutron_lib.callbacks.manager [None req-20f26c54-335b-471b-9417-526554ebc04b tempest-ExternalNetworksTestJSON-1561926837 tempest-ExternalNetworksTestJSON-1561926837-project-admin] Publish callbacks ['neutron.plugins.ml2.plugin.External_net_db_mixin._before_network_delete_handler-7817051'] for network (a2807aad-aaf2-4994-84ea-3938a995aa6f), before_delete {{(pid=111723) _notify_loop /usr/local/lib/python3.8/dist-packages/neutron_lib/callbacks/manager.py:176}}
Jul 18 10:56:57.530981 dv-neutron-840419-16-hyperv neutron-server[111723]: DEBUG neutron_lib.callbacks.manager [None req-80c60999-13e5-44b0-8858-8f5891d92c7d tempest-RoutersIpV6AdminTest-701875443 tempest-RoutersIpV6AdminTest-701875443-project] Publish callbacks ['neutron.plugins.ml2.plugin.SecurityGroupDbMixin._ensure_default_security_group_handler-7753000'] for port (None), before_create {{(pid=111723) _notify_loop /usr/local/lib/python3.8/dist-packages/neutron_lib/callbacks/manager.py:176}}
Jul 18 10:56:57.576932 dv-neutron-840419-16-hyperv neutron-server[111724]: DEBUG dbcounter [-] [111724] Writing DB stats neutron:UPDATE=1,neutron:SELECT=97,neutron:INSERT=1,neutron:DELETE=1 {{(pid=111724) stat_writer /usr/local/lib/python3.8/dist-packages/dbcounter.py:114}}
Jul 18 10:56:57.596289 dv-neutron-840419-16-hyperv neutron-server[111724]: DEBUG neutron_lib.callbacks.manager [None req-c6d5dca5-c617-4888-bc26-50a0361a7f73 tempest-RoutersTestDVR-529579041 tempest-RoutersTestDVR-529579041-project-admin] Publish callbacks [] for router_controller (b249fe3f-94a4-4d3c-8377-f92af6a2cd6a), precommit_add_association {{(pid=111724) _notify_loop /usr/local/lib/python3.8/dist-packages/neutron_lib/callbacks/manager.py:176}}
Jul 18 10:56:57.670737 dv-neutron-840419-16-hyperv neutron-server[111724]: DEBUG neutron.pecan_wsgi.hooks.quota_enforcement [None req-c3543024-969e-49fa-a275-4ea43d7ae536 tempest-PortsAdminExtendedAttrsIpV6TestJSON-1983009055 tempest-PortsAdminExtendedAttrsIpV6TestJSON-1983009055-project] Made reservation on behalf of 2cb1c1ca535d4200aaa6d50a4436a1a7 for: {'network': 1} {{(pid=111724) before /opt/stack/neutron/neutron/pecan_wsgi/hooks/quota_enforcement.py:53}}
Jul 18 10:56:57.676445 dv-neutron-840419-16-hyperv neutron-server[111724]: DEBUG neutron_lib.callbacks.manager [None req-c3543024-969e-49fa-a275-4ea43d7ae536 tempest-PortsAdminExtendedAttrsIpV6TestJSON-1983009055 tempest-PortsAdminExtendedAttrsIpV6TestJSON-1983009055-project] Publish callbacks ['neutron.plugins.ml2.plugin.SecurityGroupDbMixin._ensure_default_security_group_handler-7753000'] for network (None), before_create {{(pid=111724) _notify_loop /usr/local/lib/python3.8/dist-packages/neutron_lib/callbacks/manager.py:176}}
Jul 18 10:56:57.683466 dv-neutron-840419-16-hyperv neutron-server[111724]: DEBUG neutron.db.db_base_plugin_common [None req-33d0273d-fe10-4c5d-9202-10c0dee3f332 tempest-FloatingIPAdminTestJSON-533875441 tempest-FloatingIPAdminTestJSON-533875441-project] Allocated IP 172.20.0.14 (25df610f-3ef4-46fb-abce-2340fc334785/ff21f81d-a426-4fd5-a7ab-c2d481a1264e/3b275c71-fb36-486e-a6f0-3ceb5a6cc6ec) {{(pid=111724) _store_ip_allocation /opt/stack/neutron/neutron/db/db_base_plugin_common.py:131}}
Jul 18 10:56:57.696125 dv-neutron-840419-16-hyperv neutron-server[111724]: DEBUG neutron_lib.callbacks.manager [None req-c3543024-969e-49fa-a275-4ea43d7ae536 tempest-PortsAdminExtendedAttrsIpV6TestJSON-1983009055 tempest-PortsAdminExtendedAttrsIpV6TestJSON-1983009055-project] Publish callbacks [] for security_group (None), before_create {{(pid=111724) _notify_loop /usr/local/lib/python3.8/dist-packages/neutron_lib/callbacks/manager.py:176}}
Jul 18 10:56:57.746112 dv-neutron-840419-16-hyperv neutron-server[111724]: DEBUG neutron_lib.callbacks.manager [None req-c6d5dca5-c617-4888-bc26-50a0361a7f73 tempest-RoutersTestDVR-529579041 tempest-RoutersTestDVR-529579041-project-admin] Publish callbacks ['neutron.services.l3_router.l3_router_plugin.L3_HA_NAT_db_mixin._after_router_create-486733', 'neutron.services.l3_router.l3_router_plugin.DVRResourceOperationHandler._create_snat_interfaces_after_change-490237'] for router (b249fe3f-94a4-4d3c-8377-f92af6a2cd6a), after_create {{(pid=111724) _notify_loop /usr/local/lib/python3.8/dist-packages/neutron_lib/callbacks/manager.py:176}}
Jul 18 10:56:57.761428 dv-neutron-840419-16-hyperv neutron-server[111724]: INFO neutron.wsgi [req-bc31a54f-8d55-4b58-94ed-11667612108c req-097d1dce-c2cd-431e-97f7-56687bd06698 tempest-ServersTestManualDisk-1181924321 tempest-ServersTestManualDisk-1181924321-project] 10.222.0.75 "GET /v2.0/ports?device_id=89d11159-0cc4-4d9d-929a-8a7eb13a58f2 HTTP/1.1" status: 200 len: 210 time: 0.0595865
Jul 18 10:56:57.790987 dv-neutron-840419-16-hyperv neutron-server[111723]: DEBUG neutron.scheduler.dhcp_agent_scheduler [None req-0672ad54-a518-40fd-9acf-a63eed984343 tempest-PortsAdminExtendedAttrsTestJSON-1429405186 tempest-PortsAdminExtendedAttrsTestJSON-1429405186-project-admin] Network 43727a3e-c283-4d4b-814c-fcfdfbcd319f is scheduled to be hosted by DHCP agent 6d2edc7f-8e9b-4b5a-8beb-b7f14246e248 with binding_index 1 {{(pid=111723) bind /opt/stack/neutron/neutron/scheduler/dhcp_agent_scheduler.py:227}}
Jul 18 10:56:57.813480 dv-neutron-840419-16-hyperv neutron-server[111723]: DEBUG dbcounter [-] [111723] Writing DB stats neutron:INSERT=9,neutron:SELECT=84,neutron:UPDATE=4,neutron:DELETE=3 {{(pid=111723) stat_writer /usr/local/lib/python3.8/dist-packages/dbcounter.py:114}}
Jul 18 10:56:57.916321 dv-neutron-840419-16-hyperv neutron-server[111724]: DEBUG neutron_lib.callbacks.manager [None req-c6d5dca5-c617-4888-bc26-50a0361a7f73 tempest-RoutersTestDVR-529579041 tempest-RoutersTestDVR-529579041-project-admin] Publish callbacks [] for router (None), before_response {{(pid=111724) _notify_loop /usr/local/lib/python3.8/dist-packages/neutron_lib/callbacks/manager.py:176}}
Jul 18 10:56:57.920155 dv-neutron-840419-16-hyperv neutron-server[111724]: INFO neutron.wsgi [None req-c6d5dca5-c617-4888-bc26-50a0361a7f73 tempest-RoutersTestDVR-529579041 tempest-RoutersTestDVR-529579041-project-admin] 10.222.0.75 "POST /v2.0/routers HTTP/1.1" status: 201 len: 721 time: 0.6816669
Jul 18 10:56:57.920367 dv-neutron-840419-16-hyperv neutron-server[111723]: DEBUG neutron_lib.callbacks.manager [None req-20f26c54-335b-471b-9417-526554ebc04b tempest-ExternalNetworksTestJSON-1561926837 tempest-ExternalNetworksTestJSON-1561926837-project-admin] Publish callbacks ['neutron.plugins.ml2.plugin.Ml2Plugin._network_delete_precommit_handler-7688845', 'neutron.services.segments.db._delete_segments_for_network-8787859062038'] for network (a2807aad-aaf2-4994-84ea-3938a995aa6f), precommit_delete {{(pid=111723) _notify_loop /usr/local/lib/python3.8/dist-packages/neutron_lib/callbacks/manager.py:176}}
Jul 18 10:56:57.922912 dv-neutron-840419-16-hyperv neutron-server[111724]: DEBUG neutron.wsgi [-] (111724) accepted ('10.222.0.75', 38070) {{(pid=111724) server /usr/local/lib/python3.8/dist-packages/eventlet/wsgi.py:1004}}
Jul 18 10:56:57.952266 dv-neutron-840419-16-hyperv neutron-server[111723]: DEBUG neutron.services.segments.db [None req-20f26c54-335b-471b-9417-526554ebc04b tempest-ExternalNetworksTestJSON-1561926837 tempest-ExternalNetworksTestJSON-1561926837-project-admin] neutron.services.segments.plugin.Plugin method get_segments called with arguments (,) {'filters': {'network_id': ['a2807aad-aaf2-4994-84ea-3938a995aa6f']}} {{(pid=111723) wrapper /usr/local/lib/python3.8/dist-packages/oslo_log/helpers.py:65}}
Jul 18 10:56:57.962476 dv-neutron-840419-16-hyperv neutron-server[111723]: DEBUG neutron.scheduler.base_scheduler [None req-0672ad54-a518-40fd-9acf-a63eed984343 tempest-PortsAdminExtendedAttrsTestJSON-1429405186 tempest-PortsAdminExtendedAttrsTestJSON-1429405186-project-admin] Resources bound (agent type, host, resource id): (DHCP agent, dv-neutron-840419-16-hyperv, 43727a3e-c283-4d4b-814c-fcfdfbcd319f) {{(pid=111723) schedule /opt/stack/neutron/neutron/scheduler/base_scheduler.py:57}}
Jul 18 10:56:57.968262 dv-neutron-840419-16-hyperv neutron-server[111723]: DEBUG neutron.db.l3_dvrscheduler_db [None req-0672ad54-a518-40fd-9acf-a63eed984343 tempest-PortsAdminExtendedAttrsTestJSON-1429405186 tempest-PortsAdminExtendedAttrsTestJSON-1429405186-project-admin] Received port after_create {{(pid=111723) _notify_l3_agent_new_port /opt/stack/neutron/neutron/db/l3_dvrscheduler_db.py:542}}
Jul 18 10:56:57.983915 dv-neutron-840419-16-hyperv neutron-server[111725]: DEBUG neutron.api.rpc.handlers.dhcp_rpc [None req-45ac33dc-df2a-410f-ad6e-459b833104bc None None] Network 43727a3e-c283-4d4b-814c-fcfdfbcd319f requested from dv-neutron-840419-16-hyperv {{(pid=111725) get_network_info /opt/stack/neutron/neutron/api/rpc/handlers/dhcp_rpc.py:191}}
Jul 18 10:56:57.987260 dv-neutron-840419-16-hyperv neutron-server[111723]: DEBUG neutron.plugins.ml2.managers [None req-0672ad54-a518-40fd-9acf-a63eed984343 tempest-PortsAdminExtendedAttrsTestJSON-1429405186 tempest-PortsAdminExtendedAttrsTestJSON-1429405186-project-admin] Attempting to bind port d754a808-c64e-44ef-b578-ab8d0e99d285 on host hv-neutron-8404 for vnic_type normal with profile {{(pid=111723) bind_port /opt/stack/neutron/neutron/plugins/ml2/managers.py:810}}
Jul 18 10:56:57.987802 dv-neutron-840419-16-hyperv neutron-server[111723]: DEBUG neutron.plugins.ml2.managers [None req-0672ad54-a518-40fd-9acf-a63eed984343 tempest-PortsAdminExtendedAttrsTestJSON-1429405186 tempest-PortsAdminExtendedAttrsTestJSON-1429405186-project-admin] Attempting to bind port d754a808-c64e-44ef-b578-ab8d0e99d285 by drivers openvswitch,hyperv on host hv-neutron-8404 at level 0 using segments [{'id': '424b735a-a4d7-4cb8-98b6-2c4efa4ebff0', 'network_type': 'vlan', 'physical_network': 'physnet1', 'segmentation_id': 819, 'network_id': '43727a3e-c283-4d4b-814c-fcfdfbcd319f'}] {{(pid=111723) _bind_port_level /opt/stack/neutron/neutron/plugins/ml2/managers.py:835}}
Jul 18 10:56:57.988250 dv-neutron-840419-16-hyperv neutron-server[111723]: DEBUG neutron.plugins.ml2.drivers.mech_agent [None req-0672ad54-a518-40fd-9acf-a63eed984343 tempest-PortsAdminExtendedAttrsTestJSON-1429405186 tempest-PortsAdminExtendedAttrsTestJSON-1429405186-project-admin] Attempting to bind port d754a808-c64e-44ef-b578-ab8d0e99d285 on network 43727a3e-c283-4d4b-814c-fcfdfbcd319f {{(pid=111723) bind_port /opt/stack/neutron/neutron/plugins/ml2/drivers/mech_agent.py:91}}
Jul 18 10:56:57.994485 dv-neutron-840419-16-hyperv neutron-server[111723]: DEBUG neutron.services.segments.db [None req-20f26c54-335b-471b-9417-526554ebc04b tempest-ExternalNetworksTestJSON-1561926837 tempest-ExternalNetworksTestJSON-1561926837-project-admin] neutron.services.segments.plugin.Plugin method delete_segment called with arguments (, '2a40c873-267d-4683-a417-07d858768036') {'for_net_delete': True} {{(pid=111723) wrapper /usr/local/lib/python3.8/dist-packages/oslo_log/helpers.py:65}}
Jul 18 10:56:57.994863 dv-neutron-840419-16-hyperv neutron-server[111723]: DEBUG neutron.services.segments.db [None req-20f26c54-335b-471b-9417-526554ebc04b tempest-ExternalNetworksTestJSON-1561926837 tempest-ExternalNetworksTestJSON-1561926837-project-admin] neutron.services.segments.plugin.Plugin method get_segment called with arguments (, '2a40c873-267d-4683-a417-07d858768036') {} {{(pid=111723) wrapper /usr/local/lib/python3.8/dist-packages/oslo_log/helpers.py:65}}
Jul 18 10:56:58.011897 dv-neutron-840419-16-hyperv neutron-server[111723]: DEBUG neutron.db.db_base_plugin_common [None req-80c60999-13e5-44b0-8858-8f5891d92c7d tempest-RoutersIpV6AdminTest-701875443 tempest-RoutersIpV6AdminTest-701875443-project] Allocated IP 172.26.2.248 (4f0b1e7c-386a-46c2-a3b1-e35abf73dafe/cbb90cca-995f-4587-8459-6688419a0e43/949be8a5-3d87-416c-9cf8-821aaefff023) {{(pid=111723) _store_ip_allocation /opt/stack/neutron/neutron/db/db_base_plugin_common.py:131}}
Jul 18 10:56:58.018170 dv-neutron-840419-16-hyperv neutron-server[111724]: DEBUG dbcounter [-] [111724] Writing DB stats neutron:DELETE=3,neutron:SELECT=97 {{(pid=111724) stat_writer /usr/local/lib/python3.8/dist-packages/dbcounter.py:114}}
Jul 18 10:56:58.018380 dv-neutron-840419-16-hyperv neutron-server[111723]: DEBUG neutron.plugins.ml2.drivers.mech_agent [None req-0672ad54-a518-40fd-9acf-a63eed984343 tempest-PortsAdminExtendedAttrsTestJSON-1429405186 tempest-PortsAdminExtendedAttrsTestJSON-1429405186-project-admin] Port d754a808-c64e-44ef-b578-ab8d0e99d285 on network 43727a3e-c283-4d4b-814c-fcfdfbcd319f not bound, no agent of type Open vSwitch agent registered on host hv-neutron-8404 {{(pid=111723) bind_port /opt/stack/neutron/neutron/plugins/ml2/drivers/mech_agent.py:103}}
Jul 18 10:56:58.018787 dv-neutron-840419-16-hyperv neutron-server[111723]: ERROR neutron.plugins.ml2.managers [None req-0672ad54-a518-40fd-9acf-a63eed984343 tempest-PortsAdminExtendedAttrsTestJSON-1429405186 tempest-PortsAdminExtendedAttrsTestJSON-1429405186-project-admin] Failed to bind port d754a808-c64e-44ef-b578-ab8d0e99d285 on host hv-neutron-8404 for vnic_type normal using segments [{'id': '424b735a-a4d7-4cb8-98b6-2c4efa4ebff0', 'network_type': 'vlan', 'physical_network': 'physnet1', 'segmentation_id': 819, 'network_id': '43727a3e-c283-4d4b-814c-fcfdfbcd319f'}]
Jul 18 10:56:58.020515 dv-neutron-840419-16-hyperv neutron-server[111724]: DEBUG neutron_lib.callbacks.manager [None req-c3543024-969e-49fa-a275-4ea43d7ae536 tempest-PortsAdminExtendedAttrsIpV6TestJSON-1983009055 tempest-PortsAdminExtendedAttrsIpV6TestJSON-1983009055-project] Publish callbacks [] for security_group (046c5631-285b-4063-a025-66d54b32c2d7), precommit_create {{(pid=111724) _notify_loop /usr/local/lib/python3.8/dist-packages/neutron_lib/callbacks/manager.py:176}}
Jul 18 10:56:58.021618 dv-neutron-840419-16-hyperv neutron-server[111723]: DEBUG neutron_lib.callbacks.manager [None req-20f26c54-335b-471b-9417-526554ebc04b tempest-ExternalNetworksTestJSON-1561926837 tempest-ExternalNetworksTestJSON-1561926837-project-admin] Publish callbacks ['neutron.plugins.ml2.db._prevent_segment_delete_with_port_bound-8787859063583', 'neutron.services.segments.plugin.Plugin._prevent_segment_delete_with_subnet_associated-3270919'] for segment (2a40c873-267d-4683-a417-07d858768036), before_delete {{(pid=111723) _notify_loop /usr/local/lib/python3.8/dist-packages/neutron_lib/callbacks/manager.py:176}}
Jul 18 10:56:58.024831 dv-neutron-840419-16-hyperv neutron-server[111723]: INFO neutron.plugins.ml2.plugin [None req-0672ad54-a518-40fd-9acf-a63eed984343 tempest-PortsAdminExtendedAttrsTestJSON-1429405186 tempest-PortsAdminExtendedAttrsTestJSON-1429405186-project-admin] Attempt 2 to bind port d754a808-c64e-44ef-b578-ab8d0e99d285
Jul 18 10:56:58.054691 dv-neutron-840419-16-hyperv neutron-server[111723]: DEBUG neutron.plugins.ml2.managers [None req-0672ad54-a518-40fd-9acf-a63eed984343 tempest-PortsAdminExtendedAttrsTestJSON-1429405186 tempest-PortsAdminExtendedAttrsTestJSON-1429405186-project-admin] Attempting to bind port d754a808-c64e-44ef-b578-ab8d0e99d285 on host hv-neutron-8404 for vnic_type normal with profile {{(pid=111723) bind_port /opt/stack/neutron/neutron/plugins/ml2/managers.py:810}}
Jul 18 10:56:58.055053 dv-neutron-840419-16-hyperv neutron-server[111723]: DEBUG neutron.plugins.ml2.managers [None req-0672ad54-a518-40fd-9acf-a63eed984343 tempest-PortsAdminExtendedAttrsTestJSON-1429405186 tempest-PortsAdminExtendedAttrsTestJSON-1429405186-project-admin] Attempting to bind port d754a808-c64e-44ef-b578-ab8d0e99d285 by drivers openvswitch,hyperv on host hv-neutron-8404 at level 0 using segments [{'id': '424b735a-a4d7-4cb8-98b6-2c4efa4ebff0', 'network_type': 'vlan', 'physical_network': 'physnet1', 'segmentation_id': 819, 'network_id': '43727a3e-c283-4d4b-814c-fcfdfbcd319f'}] {{(pid=111723) _bind_port_level /opt/stack/neutron/neutron/plugins/ml2/managers.py:835}}
Jul 18 10:56:58.055389 dv-neutron-840419-16-hyperv neutron-server[111723]: DEBUG neutron.plugins.ml2.drivers.mech_agent [None req-0672ad54-a518-40fd-9acf-a63eed984343 tempest-PortsAdminExtendedAttrsTestJSON-1429405186 tempest-PortsAdminExtendedAttrsTestJSON-1429405186-project-admin] Attempting to bind port d754a808-c64e-44ef-b578-ab8d0e99d285 on network 43727a3e-c283-4d4b-814c-fcfdfbcd319f {{(pid=111723) bind_port /opt/stack/neutron/neutron/plugins/ml2/drivers/mech_agent.py:91}}
Jul 18 10:56:58.058043 dv-neutron-840419-16-hyperv neutron-server[111723]: DEBUG neutron_lib.callbacks.manager [None req-20f26c54-335b-471b-9417-526554ebc04b tempest-ExternalNetworksTestJSON-1561926837 tempest-ExternalNetworksTestJSON-1561926837-project-admin] Publish callbacks ['neutron.plugins.ml2.plugin.Ml2Plugin._handle_segment_change-7889425'] for segment (2a40c873-267d-4683-a417-07d858768036), precommit_delete {{(pid=111723) _notify_loop /usr/local/lib/python3.8/dist-packages/neutron_lib/callbacks/manager.py:176}}
Jul 18 10:56:58.074637 dv-neutron-840419-16-hyperv neutron-server[111724]: DEBUG neutron_lib.callbacks.manager [None req-87378ecc-b247-4f45-ae5d-18bbdda287fb tempest-RoutersTestDVR-529579041 tempest-RoutersTestDVR-529579041-project-admin] Publish callbacks [] for router (b249fe3f-94a4-4d3c-8377-f92af6a2cd6a), before_delete {{(pid=111724) _notify_loop /usr/local/lib/python3.8/dist-packages/neutron_lib/callbacks/manager.py:176}}
Jul 18 10:56:58.080130 dv-neutron-840419-16-hyperv neutron-server[111723]: DEBUG neutron.plugins.ml2.drivers.type_vlan [None req-20f26c54-335b-471b-9417-526554ebc04b tempest-ExternalNetworksTestJSON-1561926837 tempest-ExternalNetworksTestJSON-1561926837-project-admin] Releasing vlan 803 on physical network physnet1 to pool {{(pid=111723) release_segment /opt/stack/neutron/neutron/plugins/ml2/drivers/type_vlan.py:304}}
Jul 18 10:56:58.080539 dv-neutron-840419-16-hyperv neutron-server[111723]: DEBUG neutron_lib.callbacks.manager [None req-20f26c54-335b-471b-9417-526554ebc04b tempest-ExternalNetworksTestJSON-1561926837 tempest-ExternalNetworksTestJSON-1561926837-project-admin] Publish callbacks ['neutron.plugins.ml2.plugin.Ml2Plugin._handle_segment_change-7889425', 'neutron.services.segments.plugin.NovaSegmentNotifier._notify_segment_deleted-3541920'] for segment (2a40c873-267d-4683-a417-07d858768036), after_delete {{(pid=111723) _notify_loop /usr/local/lib/python3.8/dist-packages/neutron_lib/callbacks/manager.py:176}}
Jul 18 10:56:58.082591 dv-neutron-840419-16-hyperv neutron-server[111723]: DEBUG neutron.plugins.ml2.drivers.mech_agent [None req-0672ad54-a518-40fd-9acf-a63eed984343 tempest-PortsAdminExtendedAttrsTestJSON-1429405186 tempest-PortsAdminExtendedAttrsTestJSON-1429405186-project-admin] Port d754a808-c64e-44ef-b578-ab8d0e99d285 on network 43727a3e-c283-4d4b-814c-fcfdfbcd319f not bound, no agent of type Open vSwitch agent registered on host hv-neutron-8404 {{(pid=111723) bind_port /opt/stack/neutron/neutron/plugins/ml2/drivers/mech_agent.py:103}}
Jul 18 10:56:58.082976 dv-neutron-840419-16-hyperv neutron-server[111723]: ERROR neutron.plugins.ml2.managers [None req-0672ad54-a518-40fd-9acf-a63eed984343 tempest-PortsAdminExtendedAttrsTestJSON-1429405186 tempest-PortsAdminExtendedAttrsTestJSON-1429405186-project-admin] Failed to bind port d754a808-c64e-44ef-b578-ab8d0e99d285 on host hv-neutron-8404 for vnic_type normal using segments [{'id': '424b735a-a4d7-4cb8-98b6-2c4efa4ebff0', 'network_type': 'vlan', 'physical_network': 'physnet1', 'segmentation_id': 819, 'network_id': '43727a3e-c283-4d4b-814c-fcfdfbcd319f'}]
Jul 18 10:56:58.105112 dv-neutron-840419-16-hyperv neutron-server[111723]: INFO neutron.plugins.ml2.plugin [None req-0672ad54-a518-40fd-9acf-a63eed984343 tempest-PortsAdminExtendedAttrsTestJSON-1429405186 tempest-PortsAdminExtendedAttrsTestJSON-1429405186-project-admin] Attempt 3 to bind port d754a808-c64e-44ef-b578-ab8d0e99d285
Jul 18 10:56:58.128844 dv-neutron-840419-16-hyperv neutron-server[111723]: INFO neutron.services.segments.plugin [-] Segment 2a40c873-267d-4683-a417-07d858768036 resource provider aggregate not found
Jul 18 10:56:58.159943 dv-neutron-840419-16-hyperv neutron-server[111724]: DEBUG neutron_lib.callbacks.manager [None req-c3543024-969e-49fa-a275-4ea43d7ae536 tempest-PortsAdminExtendedAttrsIpV6TestJSON-1983009055 tempest-PortsAdminExtendedAttrsIpV6TestJSON-1983009055-project] Publish callbacks ['neutron.plugins.ml2.ovo_rpc._ObjectChangeHandler.handle_event-624564'] for security_group (046c5631-285b-4063-a025-66d54b32c2d7), after_create {{(pid=111724) _notify_loop /usr/local/lib/python3.8/dist-packages/neutron_lib/callbacks/manager.py:176}}
Jul 18 10:56:58.193267 dv-neutron-840419-16-hyperv neutron-server[111724]: DEBUG neutron_lib.callbacks.manager [None req-33d0273d-fe10-4c5d-9202-10c0dee3f332 tempest-FloatingIPAdminTestJSON-533875441 tempest-FloatingIPAdminTestJSON-533875441-project] Publish callbacks [] for port (3b275c71-fb36-486e-a6f0-3ceb5a6cc6ec), precommit_create {{(pid=111724) _notify_loop /usr/local/lib/python3.8/dist-packages/neutron_lib/callbacks/manager.py:176}}
Jul 18 10:56:58.197001 dv-neutron-840419-16-hyperv neutron-server[111723]: INFO neutron.services.segments.plugin [-] Segment 2a40c873-267d-4683-a417-07d858768036 resource provider not found; error: Placement Client Error (4xx): {"errors": [{"status": 404, "title": "Not Found", "detail": "The resource could not be found.\n\n No resource provider with uuid 2a40c873-267d-4683-a417-07d858768036 found for delete ", "request_id": "req-fdf1f451-f3fe-42f7-8f08-4fe3ca67fb12"}]}
Jul 18 10:56:58.201253 dv-neutron-840419-16-hyperv neutron-server[111723]: DEBUG neutron.plugins.ml2.managers [None req-0672ad54-a518-40fd-9acf-a63eed984343 tempest-PortsAdminExtendedAttrsTestJSON-1429405186 tempest-PortsAdminExtendedAttrsTestJSON-1429405186-project-admin] Attempting to bind port d754a808-c64e-44ef-b578-ab8d0e99d285 on host hv-neutron-8404 for vnic_type normal with profile {{(pid=111723) bind_port /opt/stack/neutron/neutron/plugins/ml2/managers.py:810}}
Jul 18 10:56:58.201659 dv-neutron-840419-16-hyperv neutron-server[111723]: DEBUG neutron.plugins.ml2.managers [None req-0672ad54-a518-40fd-9acf-a63eed984343 tempest-PortsAdminExtendedAttrsTestJSON-1429405186 tempest-PortsAdminExtendedAttrsTestJSON-1429405186-project-admin] Attempting to bind port d754a808-c64e-44ef-b578-ab8d0e99d285 by drivers openvswitch,hyperv on host hv-neutron-8404 at level 0 using segments [{'id': '424b735a-a4d7-4cb8-98b6-2c4efa4ebff0', 'network_type': 'vlan', 'physical_network': 'physnet1', 'segmentation_id': 819, 'network_id': '43727a3e-c283-4d4b-814c-fcfdfbcd319f'}] {{(pid=111723) _bind_port_level /opt/stack/neutron/neutron/plugins/ml2/managers.py:835}}
