Jul 11 13:25:00.359706 dv-neutron-840419-14-hyperv devstack@keystone.service[80503]: DEBUG keystone.server.flask.request_processing.middleware.auth_context [None req-46cd1394-02de-4162-b92f-44a48e9ce410 None admin] Validating token access rules against request {{(pid=80503) validate_allowed_request /usr/local/lib/python3.8/dist-packages/keystonemiddleware/auth_token/__init__.py:545}}
Jul 11 13:25:00.411998 dv-neutron-840419-14-hyperv devstack@keystone.service[80503]: DEBUG keystone.server.flask.request_processing.middleware.auth_context [None req-791429e1-bb9e-4292-b70b-9b472fe110e0 None admin] RBAC: auth_context: {'token': , 'domain_id': None, 'trust_id': None, 'trustor_id': None, 'trustee_id': None, 'domain_name': None, 'group_ids': [], 'user_id': '9867fe219a1241c8b1bdc35377e6d00c', 'user_domain_id': 'default', 'system_scope': 'all', 'project_id': None, 'project_domain_id': None, 'roles': ['admin', 'member', 'reader'], 'is_admin_project': True, 'service_user_id': None, 'service_user_domain_id': None, 'service_project_id': None, 'service_project_domain_id': None, 'service_roles': []} {{(pid=80503) fill_context /opt/stack/keystone/keystone/server/flask/request_processing/middleware/auth_context.py:478}}
Jul 11 13:25:00.412697 dv-neutron-840419-14-hyperv devstack@keystone.service[80503]: DEBUG keystone.server.flask.request_processing.req_logging [None req-791429e1-bb9e-4292-b70b-9b472fe110e0 None admin] REQUEST_METHOD: `GET` {{(pid=80503) log_request_info /opt/stack/keystone/keystone/server/flask/request_processing/req_logging.py:27}}
Jul 11 13:25:00.412982 dv-neutron-840419-14-hyperv devstack@keystone.service[80503]: DEBUG keystone.server.flask.request_processing.req_logging [None req-791429e1-bb9e-4292-b70b-9b472fe110e0 None admin] SCRIPT_NAME: `/identity` {{(pid=80503) log_request_info /opt/stack/keystone/keystone/server/flask/request_processing/req_logging.py:28}}
Jul 11 13:25:00.413260 dv-neutron-840419-14-hyperv devstack@keystone.service[80503]: DEBUG keystone.server.flask.request_processing.req_logging [None req-791429e1-bb9e-4292-b70b-9b472fe110e0 None admin] PATH_INFO: `/v3/roles` {{(pid=80503) log_request_info /opt/stack/keystone/keystone/server/flask/request_processing/req_logging.py:29}}
Jul 11 13:25:00.414569 dv-neutron-840419-14-hyperv devstack@keystone.service[80503]: DEBUG keystone.common.rbac_enforcer.enforcer [None req-791429e1-bb9e-4292-b70b-9b472fe110e0 None admin] RBAC: Adding query filter params (name=admin) {{(pid=80503) _extract_filter_values /opt/stack/keystone/keystone/common/rbac_enforcer/enforcer.py:167}}
Jul 11 13:25:00.415020 dv-neutron-840419-14-hyperv devstack@keystone.service[80503]: DEBUG keystone.common.rbac_enforcer.enforcer [None req-791429e1-bb9e-4292-b70b-9b472fe110e0 None admin] RBAC: Authorizing `identity:list_roles()` {{(pid=80503) enforce_call /opt/stack/keystone/keystone/common/rbac_enforcer/enforcer.py:449}}
Jul 11 13:25:00.416442 dv-neutron-840419-14-hyperv devstack@keystone.service[80503]: DEBUG keystone.common.rbac_enforcer.enforcer [None req-791429e1-bb9e-4292-b70b-9b472fe110e0 None admin] RBAC: Authorization granted {{(pid=80503) enforce_call /opt/stack/keystone/keystone/common/rbac_enforcer/enforcer.py:457}}
Jul 11 13:25:00.430733 dv-neutron-840419-14-hyperv devstack@keystone.service[80503]: [pid: 80503|app: 0|req: 131/257] 10.222.0.52 () {56 vars in 1099 bytes} [Mon Jul 11 13:25:00 2022] GET /identity/v3/roles?name=admin => generated 339 bytes in 245 msecs (HTTP/1.1 200) 5 headers in 177 bytes (1 switches on core 0)
Jul 11 13:25:00.436527 dv-neutron-840419-14-hyperv devstack@keystone.service[80504]: DEBUG keystone.server.flask.request_processing.middleware.auth_context [None req-8979963a-5b47-4997-a6be-b1261922f90e None admin] Authenticating user token {{(pid=80504) process_request /usr/local/lib/python3.8/dist-packages/keystonemiddleware/auth_token/__init__.py:407}}
Jul 11 13:25:00.660182 dv-neutron-840419-14-hyperv devstack@keystone.service[80504]: DEBUG keystone.server.flask.request_processing.middleware.auth_context [None req-8979963a-5b47-4997-a6be-b1261922f90e None admin] Validating token access rules against request {{(pid=80504) validate_allowed_request /usr/local/lib/python3.8/dist-packages/keystonemiddleware/auth_token/__init__.py:545}}
Jul 11 13:25:00.708844 dv-neutron-840419-14-hyperv devstack@keystone.service[80504]: DEBUG keystone.server.flask.request_processing.middleware.auth_context [None req-13e455bd-a6a0-4e0f-b82e-2dbc2b883f63 None admin] RBAC: auth_context: {'token': , 'domain_id': None, 'trust_id': None, 'trustor_id': None, 'trustee_id': None, 'domain_name': None, 'group_ids': [], 'user_id': '9867fe219a1241c8b1bdc35377e6d00c', 'user_domain_id': 'default', 'system_scope': 'all', 'project_id': None, 'project_domain_id': None, 'roles': ['admin', 'member', 'reader'], 'is_admin_project': True, 'service_user_id': None, 'service_user_domain_id': None, 'service_project_id': None, 'service_project_domain_id': None, 'service_roles': []} {{(pid=80504) fill_context /opt/stack/keystone/keystone/server/flask/request_processing/middleware/auth_context.py:478}}
Jul 11 13:25:00.709647 dv-neutron-840419-14-hyperv devstack@keystone.service[80504]: DEBUG keystone.server.flask.request_processing.req_logging [None req-13e455bd-a6a0-4e0f-b82e-2dbc2b883f63 None admin] REQUEST_METHOD: `GET` {{(pid=80504) log_request_info /opt/stack/keystone/keystone/server/flask/request_processing/req_logging.py:27}}
Jul 11 13:25:00.709931 dv-neutron-840419-14-hyperv devstack@keystone.service[80504]: DEBUG keystone.server.flask.request_processing.req_logging [None req-13e455bd-a6a0-4e0f-b82e-2dbc2b883f63 None admin] SCRIPT_NAME: `/identity` {{(pid=80504) log_request_info /opt/stack/keystone/keystone/server/flask/request_processing/req_logging.py:28}}
Jul 11 13:25:00.710206 dv-neutron-840419-14-hyperv devstack@keystone.service[80504]: DEBUG keystone.server.flask.request_processing.req_logging [None req-13e455bd-a6a0-4e0f-b82e-2dbc2b883f63 None admin] PATH_INFO: `/v3/users/c75748847a224a56a96fd962500f3141` {{(pid=80504) log_request_info /opt/stack/keystone/keystone/server/flask/request_processing/req_logging.py:29}}
Jul 11 13:25:00.715381 dv-neutron-840419-14-hyperv devstack@keystone.service[80504]: DEBUG keystone.common.rbac_enforcer.enforcer [None req-13e455bd-a6a0-4e0f-b82e-2dbc2b883f63 None admin] RBAC: Authorizing `identity:get_user(user_id=c75748847a224a56a96fd962500f3141)` {{(pid=80504) enforce_call /opt/stack/keystone/keystone/common/rbac_enforcer/enforcer.py:449}}
Jul 11 13:25:00.716830 dv-neutron-840419-14-hyperv devstack@keystone.service[80504]: DEBUG keystone.common.rbac_enforcer.enforcer [None req-13e455bd-a6a0-4e0f-b82e-2dbc2b883f63 None admin] RBAC: Authorization granted {{(pid=80504) enforce_call /opt/stack/keystone/keystone/common/rbac_enforcer/enforcer.py:457}}
Jul 11 13:25:00.718485 dv-neutron-840419-14-hyperv devstack@keystone.service[80504]: [pid: 80504|app: 0|req: 127/258] 10.222.0.52 () {56 vars in 1177 bytes} [Mon Jul 11 13:25:00 2022] GET /identity/v3/users/c75748847a224a56a96fd962500f3141 => generated 283 bytes in 282 msecs (HTTP/1.1 200) 5 headers in 177 bytes (1 switches on core 0)
Jul 11 13:25:00.724347 dv-neutron-840419-14-hyperv devstack@keystone.service[80503]: DEBUG keystone.server.flask.request_processing.middleware.auth_context [None req-791429e1-bb9e-4292-b70b-9b472fe110e0 None admin] Authenticating user token {{(pid=80503) process_request /usr/local/lib/python3.8/dist-packages/keystonemiddleware/auth_token/__init__.py:407}}
Jul 11 13:25:00.821191 dv-neutron-840419-14-hyperv devstack@keystone.service[80504]: DEBUG keystone.server.flask.request_processing.req_logging [None req-91c6f4c0-ab8c-49f5-b052-2f9120e03aa4 None None] REQUEST_METHOD: `GET` {{(pid=80504) log_request_info /opt/stack/keystone/keystone/server/flask/request_processing/req_logging.py:27}}
Jul 11 13:25:00.821475 dv-neutron-840419-14-hyperv devstack@keystone.service[80504]: DEBUG keystone.server.flask.request_processing.req_logging [None req-91c6f4c0-ab8c-49f5-b052-2f9120e03aa4 None None] SCRIPT_NAME: `/identity` {{(pid=80504) log_request_info /opt/stack/keystone/keystone/server/flask/request_processing/req_logging.py:28}}
Jul 11 13:25:00.821918 dv-neutron-840419-14-hyperv devstack@keystone.service[80504]: DEBUG keystone.server.flask.request_processing.req_logging [None req-91c6f4c0-ab8c-49f5-b052-2f9120e03aa4 None None] PATH_INFO: `/` {{(pid=80504) log_request_info /opt/stack/keystone/keystone/server/flask/request_processing/req_logging.py:29}}
Jul 11 13:25:00.823889 dv-neutron-840419-14-hyperv devstack@keystone.service[80504]: [pid: 80504|app: 0|req: 128/259] 10.222.0.52 () {54 vars in 926 bytes} [Mon Jul 11 13:25:00 2022] GET /identity => generated 270 bytes in 4 msecs (HTTP/1.1 300) 6 headers in 234 bytes (1 switches on core 0)
Jul 11 13:25:00.825130 dv-neutron-840419-14-hyperv devstack@keystone.service[80503]: DEBUG dbcounter [-] [80503] Writing DB stats keystone:SELECT=100 {{(pid=80503) stat_writer /usr/local/lib/python3.8/dist-packages/dbcounter.py:114}}
Jul 11 13:25:00.829775 dv-neutron-840419-14-hyperv devstack@keystone.service[80504]: DEBUG keystone.server.flask.request_processing.req_logging [None req-0c9376f6-193d-4615-859b-431e310eb092 None None] REQUEST_METHOD: `POST` {{(pid=80504) log_request_info /opt/stack/keystone/keystone/server/flask/request_processing/req_logging.py:27}}
Jul 11 13:25:00.830212 dv-neutron-840419-14-hyperv devstack@keystone.service[80504]: DEBUG keystone.server.flask.request_processing.req_logging [None req-0c9376f6-193d-4615-859b-431e310eb092 None None] SCRIPT_NAME: `/identity` {{(pid=80504) log_request_info /opt/stack/keystone/keystone/server/flask/request_processing/req_logging.py:28}}
Jul 11 13:25:00.830342 dv-neutron-840419-14-hyperv devstack@keystone.service[80504]: DEBUG keystone.server.flask.request_processing.req_logging [None req-0c9376f6-193d-4615-859b-431e310eb092 None None] PATH_INFO: `/v3/auth/tokens` {{(pid=80504) log_request_info /opt/stack/keystone/keystone/server/flask/request_processing/req_logging.py:29}}
Jul 11 13:25:00.852662 dv-neutron-840419-14-hyperv devstack@keystone.service[80504]: DEBUG keystone.auth.core [None req-0c9376f6-193d-4615-859b-431e310eb092 None None] MFA Rules not processed for user `9867fe219a1241c8b1bdc35377e6d00c`. Rule list: `[]` (Enabled: `True`). {{(pid=80504) check_auth_methods_against_rules /opt/stack/keystone/keystone/auth/core.py:438}}
Jul 11 13:25:00.854165 dv-neutron-840419-14-hyperv devstack@keystone.service[80504]: DEBUG keystone.common.fernet_utils [None req-0c9376f6-193d-4615-859b-431e310eb092 None None] Loaded 2 Fernet keys from /etc/keystone/fernet-keys/, but `[fernet_tokens] max_active_keys = 3`; perhaps there have not been enough key rotations to reach `max_active_keys` yet? {{(pid=80504) load_keys /opt/stack/keystone/keystone/common/fernet_utils.py:286}}
Jul 11 13:25:00.874207 dv-neutron-840419-14-hyperv devstack@keystone.service[80504]: DEBUG dbcounter [-] [80504] Writing DB stats keystone:SELECT=100 {{(pid=80504) stat_writer /usr/local/lib/python3.8/dist-packages/dbcounter.py:114}}
Jul 11 13:25:00.904895 dv-neutron-840419-14-hyperv devstack@keystone.service[80503]: DEBUG keystone.server.flask.request_processing.middleware.auth_context [None req-791429e1-bb9e-4292-b70b-9b472fe110e0 None admin] Validating token access rules against request {{(pid=80503) validate_allowed_request /usr/local/lib/python3.8/dist-packages/keystonemiddleware/auth_token/__init__.py:545}}
Jul 11 13:25:00.940441 dv-neutron-840419-14-hyperv devstack@keystone.service[80504]: [pid: 80504|app: 0|req: 129/260] 10.222.0.52 () {58 vars in 1023 bytes} [Mon Jul 11 13:25:00 2022] POST /identity/v3/auth/tokens => generated 799 bytes in 111 msecs (HTTP/1.1 201) 6 headers in 363 bytes (1 switches on core 0)
Jul 11 13:25:00.966914 dv-neutron-840419-14-hyperv devstack@keystone.service[80504]: DEBUG keystone.server.flask.request_processing.middleware.auth_context [None req-0c9376f6-193d-4615-859b-431e310eb092 None None] Authenticating user token {{(pid=80504) process_request /usr/local/lib/python3.8/dist-packages/keystonemiddleware/auth_token/__init__.py:407}}
Jul 11 13:25:00.994079 dv-neutron-840419-14-hyperv devstack@keystone.service[80503]: DEBUG keystone.server.flask.request_processing.middleware.auth_context [None req-ce8e60bd-7147-49e2-aabc-5fd10cc34bbb None admin] RBAC: auth_context: {'token': , 'domain_id': None, 'trust_id': None, 'trustor_id': None, 'trustee_id': None, 'domain_name': None, 'group_ids': [], 'user_id': '9867fe219a1241c8b1bdc35377e6d00c', 'user_domain_id': 'default', 'system_scope': 'all', 'project_id': None, 'project_domain_id': None, 'roles': ['admin', 'member', 'reader'], 'is_admin_project': True, 'service_user_id': None, 'service_user_domain_id': None, 'service_project_id': None, 'service_project_domain_id': None, 'service_roles': []} {{(pid=80503) fill_context /opt/stack/keystone/keystone/server/flask/request_processing/middleware/auth_context.py:478}}
Jul 11 13:25:00.994999 dv-neutron-840419-14-hyperv devstack@keystone.service[80503]: DEBUG keystone.server.flask.request_processing.req_logging [None req-ce8e60bd-7147-49e2-aabc-5fd10cc34bbb None admin] REQUEST_METHOD: `GET` {{(pid=80503) log_request_info /opt/stack/keystone/keystone/server/flask/request_processing/req_logging.py:27}}
Jul 11 13:25:00.995452 dv-neutron-840419-14-hyperv devstack@keystone.service[80503]: DEBUG keystone.server.flask.request_processing.req_logging [None req-ce8e60bd-7147-49e2-aabc-5fd10cc34bbb None admin] SCRIPT_NAME: `/identity` {{(pid=80503) log_request_info /opt/stack/keystone/keystone/server/flask/request_processing/req_logging.py:28}}
Jul 11 13:25:00.995865 dv-neutron-840419-14-hyperv devstack@keystone.service[80503]: DEBUG keystone.server.flask.request_processing.req_logging [None req-ce8e60bd-7147-49e2-aabc-5fd10cc34bbb None admin] PATH_INFO: `/v3/auth/tokens` {{(pid=80503) log_request_info /opt/stack/keystone/keystone/server/flask/request_processing/req_logging.py:29}}
Jul 11 13:25:01.119496 dv-neutron-840419-14-hyperv devstack@keystone.service[80503]: DEBUG keystone.common.rbac_enforcer.enforcer [None req-ce8e60bd-7147-49e2-aabc-5fd10cc34bbb None admin] RBAC: Authorizing `identity:validate_token()` {{(pid=80503) enforce_call /opt/stack/keystone/keystone/common/rbac_enforcer/enforcer.py:449}}
Jul 11 13:25:01.121072 dv-neutron-840419-14-hyperv devstack@keystone.service[80503]: DEBUG keystone.common.rbac_enforcer.enforcer [None req-ce8e60bd-7147-49e2-aabc-5fd10cc34bbb None admin] RBAC: Authorization granted {{(pid=80503) enforce_call /opt/stack/keystone/keystone/common/rbac_enforcer/enforcer.py:457}}
Jul 11 13:25:01.141737 dv-neutron-840419-14-hyperv devstack@keystone.service[80504]: DEBUG keystone.server.flask.request_processing.middleware.auth_context [None req-0c9376f6-193d-4615-859b-431e310eb092 None None] Validating token access rules against request {{(pid=80504) validate_allowed_request /usr/local/lib/python3.8/dist-packages/keystonemiddleware/auth_token/__init__.py:545}}
Jul 11 13:25:01.187260 dv-neutron-840419-14-hyperv devstack@keystone.service[80504]: DEBUG keystone.server.flask.request_processing.middleware.auth_context [None req-d3b008b5-4e2b-49e4-ba80-d56bcab8eecc None admin] RBAC: auth_context: {'token': , 'domain_id': None, 'trust_id': None, 'trustor_id': None, 'trustee_id': None, 'domain_name': None, 'group_ids': [], 'user_id': '9867fe219a1241c8b1bdc35377e6d00c', 'user_domain_id': 'default', 'system_scope': 'all', 'project_id': None, 'project_domain_id': None, 'roles': ['admin', 'member', 'reader'], 'is_admin_project': True, 'service_user_id': None, 'service_user_domain_id': None, 'service_project_id': None, 'service_project_domain_id': None, 'service_roles': []} {{(pid=80504) fill_context /opt/stack/keystone/keystone/server/flask/request_processing/middleware/auth_context.py:478}}
Jul 11 13:25:01.188078 dv-neutron-840419-14-hyperv devstack@keystone.service[80504]: DEBUG keystone.server.flask.request_processing.req_logging [None req-d3b008b5-4e2b-49e4-ba80-d56bcab8eecc None admin] REQUEST_METHOD: `GET` {{(pid=80504) log_request_info /opt/stack/keystone/keystone/server/flask/request_processing/req_logging.py:27}}
Jul 11 13:25:01.188361 dv-neutron-840419-14-hyperv devstack@keystone.service[80504]: DEBUG keystone.server.flask.request_processing.req_logging [None req-d3b008b5-4e2b-49e4-ba80-d56bcab8eecc None admin] SCRIPT_NAME: `/identity` {{(pid=80504) log_request_info /opt/stack/keystone/keystone/server/flask/request_processing/req_logging.py:28}}
Jul 11 13:25:01.188637 dv-neutron-840419-14-hyperv devstack@keystone.service[80504]: DEBUG keystone.server.flask.request_processing.req_logging [None req-d3b008b5-4e2b-49e4-ba80-d56bcab8eecc None admin] PATH_INFO: `/v3/roles/anotherrole` {{(pid=80504) log_request_info /opt/stack/keystone/keystone/server/flask/request_processing/req_logging.py:29}}
Jul 11 13:25:01.211644 dv-neutron-840419-14-hyperv devstack@keystone.service[80504]: DEBUG keystone.common.rbac_enforcer.enforcer [None req-d3b008b5-4e2b-49e4-ba80-d56bcab8eecc None admin] Extracting inferred target data resulted in "NOT FOUND (404)". {{(pid=80504) enforce_call /opt/stack/keystone/keystone/common/rbac_enforcer/enforcer.py:409}}
Jul 11 13:25:01.223966 dv-neutron-840419-14-hyperv devstack@keystone.service[80504]: ERROR keystone.server.flask.application [None req-d3b008b5-4e2b-49e4-ba80-d56bcab8eecc None admin] Could not find role: anotherrole.: keystone.exception.RoleNotFound: Could not find role: anotherrole.
Jul 11 13:25:01.223966 dv-neutron-840419-14-hyperv devstack@keystone.service[80504]: ERROR keystone.server.flask.application
Traceback (most recent call last):
Jul 11 13:25:01.223966 dv-neutron-840419-14-hyperv devstack@keystone.service[80504]: ERROR keystone.server.flask.application
File "/usr/local/lib/python3.8/dist-packages/flask/app.py", line 1523, in full_dispatch_request
Jul 11 13:25:01.223966 dv-neutron-840419-14-hyperv devstack@keystone.service[80504]: ERROR keystone.server.flask.application rv = self.dispatch_request()
Jul 11 13:25:01.223966 dv-neutron-840419-14-hyperv devstack@keystone.service[80504]: ERROR keystone.server.flask.application
File "/usr/local/lib/python3.8/dist-packages/flask/app.py", line 1509, in dispatch_request
Jul 11 13:25:01.223966 dv-neutron-840419-14-hyperv devstack@keystone.service[80504]: ERROR keystone.server.flask.application return self.ensure_sync(self.view_functions[rule.endpoint])(**req.view_args)
Jul 11 13:25:01.223966 dv-neutron-840419-14-hyperv devstack@keystone.service[80504]: ERROR keystone.server.flask.application
File "/usr/local/lib/python3.8/dist-packages/flask_restful/__init__.py", line 467, in wrapper
Jul 11 13:25:01.223966 dv-neutron-840419-14-hyperv devstack@keystone.service[80504]: ERROR keystone.server.flask.application resp = resource(*args, **kwargs)
Jul 11 13:25:01.223966 dv-neutron-840419-14-hyperv devstack@keystone.service[80504]: ERROR keystone.server.flask.application
File "/usr/local/lib/python3.8/dist-packages/flask/views.py", line 84, in view
Jul 11 13:25:01.223966 dv-neutron-840419-14-hyperv devstack@keystone.service[80504]: ERROR keystone.server.flask.application return current_app.ensure_sync(self.dispatch_request)(*args, **kwargs)
Jul 11 13:25:01.223966 dv-neutron-840419-14-hyperv devstack@keystone.service[80504]: ERROR keystone.server.flask.application
File "/usr/local/lib/python3.8/dist-packages/flask_restful/__init__.py", line 582, in dispatch_request
Jul 11 13:25:01.223966 dv-neutron-840419-14-hyperv devstack@keystone.service[80504]: ERROR keystone.server.flask.application resp = meth(*args, **kwargs)
Jul 11 13:25:01.223966 dv-neutron-840419-14-hyperv devstack@keystone.service[80504]: ERROR keystone.server.flask.application
File "/opt/stack/keystone/keystone/api/roles.py", line 50, in get
Jul 11 13:25:01.223966 dv-neutron-840419-14-hyperv devstack@keystone.service[80504]: ERROR keystone.server.flask.application return self._get_role(role_id)
Jul 11 13:25:01.223966 dv-neutron-840419-14-hyperv devstack@keystone.service[80504]: ERROR keystone.server.flask.application
File "/opt/stack/keystone/keystone/api/roles.py", line 70, in _get_role
Jul 11 13:25:01.223966 dv-neutron-840419-14-hyperv devstack@keystone.service[80504]: ERROR keystone.server.flask.application ENFORCER.enforce_call(action='identity:get_role')
Jul 11 13:25:01.224834 dv-neutron-840419-14-hyperv devstack@keystone.service[80504]: ERROR keystone.server.flask.application
File "/opt/stack/keystone/keystone/common/rbac_enforcer/enforcer.py", line 402, in enforce_call
Jul 11 13:25:01.224834 dv-neutron-840419-14-hyperv devstack@keystone.service[80504]: ERROR keystone.server.flask.application policy_dict.update(cls._extract_member_target_data(
Jul 11 13:25:01.224834 dv-neutron-840419-14-hyperv devstack@keystone.service[80504]: ERROR keystone.server.flask.application
File "/opt/stack/keystone/keystone/common/rbac_enforcer/enforcer.py", line 234, in _extract_member_target_data
Jul 11 13:25:01.224834 dv-neutron-840419-14-hyperv devstack@keystone.service[80504]: ERROR keystone.server.flask.application member_name: func(flask.request.view_args[key])
Jul 11 13:25:01.224834 dv-neutron-840419-14-hyperv devstack@keystone.service[80504]: ERROR keystone.server.flask.application
File "/opt/stack/keystone/keystone/common/manager.py", line 115, in wrapped
Jul 11 13:25:01.224834 dv-neutron-840419-14-hyperv devstack@keystone.service[80504]: ERROR keystone.server.flask.application __ret_val = __f(*args, **kwargs)
Jul 11 13:25:01.224834 dv-neutron-840419-14-hyperv devstack@keystone.service[80504]: ERROR keystone.server.flask.application
File "/usr/local/lib/python3.8/dist-packages/decorator.py", line 232, in fun
Jul 11 13:25:01.224834 dv-neutron-840419-14-hyperv devstack@keystone.service[80504]: ERROR keystone.server.flask.application return caller(func, *(extras + args), **kw)
Jul 11 13:25:01.224834 dv-neutron-840419-14-hyperv devstack@keystone.service[80504]: ERROR keystone.server.flask.application
File "/usr/local/lib/python3.8/dist-packages/dogpile/cache/region.py", line 1577, in get_or_create_for_user_func
Jul 11 13:25:01.224834 dv-neutron-840419-14-hyperv devstack@keystone.service[80504]: ERROR keystone.server.flask.application return self.get_or_create(
Jul 11 13:25:01.224834 dv-neutron-840419-14-hyperv devstack@keystone.service[80504]: ERROR keystone.server.flask.application
File "/usr/local/lib/python3.8/dist-packages/dogpile/cache/region.py", line 1042, in get_or_create
Jul 11 13:25:01.224834 dv-neutron-840419-14-hyperv devstack@keystone.service[80504]: ERROR keystone.server.flask.application with Lock(
Jul 11 13:25:01.224834 dv-neutron-840419-14-hyperv devstack@keystone.service[80504]: ERROR keystone.server.flask.application
File "/usr/local/lib/python3.8/dist-packages/dogpile/lock.py", line 185, in __enter__
Jul 11 13:25:01.224834 dv-neutron-840419-14-hyperv devstack@keystone.service[80504]: ERROR keystone.server.flask.application return self._enter()
Jul 11 13:25:01.224834 dv-neutron-840419-14-hyperv devstack@keystone.service[80504]: ERROR keystone.server.flask.application
File "/usr/local/lib/python3.8/dist-packages/dogpile/lock.py", line 94, in _enter
Jul 11 13:25:01.224834 dv-neutron-840419-14-hyperv devstack@keystone.service[80504]: ERROR keystone.server.flask.application generated = self._enter_create(value, createdtime)
Jul 11 13:25:01.225640 dv-neutron-840419-14-hyperv devstack@keystone.service[80504]: ERROR keystone.server.flask.application
File "/usr/local/lib/python3.8/dist-packages/dogpile/lock.py", line 178, in _enter_create
Jul 11 13:25:01.225640 dv-neutron-840419-14-hyperv devstack@keystone.service[80504]: ERROR keystone.server.flask.application return self.creator()
Jul 11 13:25:01.225640 dv-neutron-840419-14-hyperv devstack@keystone.service[80504]: ERROR keystone.server.flask.application
File "/usr/local/lib/python3.8/dist-packages/dogpile/cache/region.py", line 995, in gen_value
Jul 11 13:25:01.225640 dv-neutron-840419-14-hyperv devstack@keystone.service[80504]: ERROR keystone.server.flask.application created_value = creator(
Jul 11 13:25:01.225640 dv-neutron-840419-14-hyperv devstack@keystone.service[80504]: ERROR keystone.server.flask.application
File "/opt/stack/keystone/keystone/assignment/core.py", line 1276, in get_role
Jul 11 13:25:01.225640 dv-neutron-840419-14-hyperv devstack@keystone.service[80504]: ERROR keystone.server.flask.application return self.driver.get_role(role_id)
Jul 11 13:25:01.225640 dv-neutron-840419-14-hyperv devstack@keystone.service[80504]: ERROR keystone.server.flask.application
File "/opt/stack/keystone/keystone/assignment/role_backends/sql.py", line 70, in get_role
Jul 11 13:25:01.225640 dv-neutron-840419-14-hyperv devstack@keystone.service[80504]: ERROR keystone.server.flask.application return self._get_role(session, role_id).to_dict()
Jul 11 13:25:01.225640 dv-neutron-840419-14-hyperv devstack@keystone.service[80504]: ERROR keystone.server.flask.application
File "/opt/stack/keystone/keystone/assignment/role_backends/sql.py", line 65, in _get_role
Jul 11 13:25:01.225640 dv-neutron-840419-14-hyperv devstack@keystone.service[80504]: ERROR keystone.server.flask.application raise exception.RoleNotFound(role_id=role_id)
Jul 11 13:25:01.225640 dv-neutron-840419-14-hyperv devstack@keystone.service[80504]: ERROR keystone.server.flask.application keystone.exception.RoleNotFound: Could not find role: anotherrole.
Jul 11 13:25:01.225640 dv-neutron-840419-14-hyperv devstack@keystone.service[80504]: ERROR keystone.server.flask.application
Jul 11 13:25:01.225640 dv-neutron-840419-14-hyperv devstack@keystone.service[80504]: [pid: 80504|app: 0|req: 130/261] 10.222.0.52 () {56 vars in 1114 bytes} [Mon Jul 11 13:25:00 2022] GET /identity/v3/roles/anotherrole => generated 89 bytes in 259 msecs (HTTP/1.1 404) 5 headers in 183 bytes (2 switches on core 0)
Jul 11 13:25:01.233295 dv-neutron-840419-14-hyperv devstack@keystone.service[80504]: DEBUG keystone.server.flask.request_processing.middleware.auth_context [None req-d3b008b5-4e2b-49e4-ba80-d56bcab8eecc None admin] Authenticating user token {{(pid=80504) process_request /usr/local/lib/python3.8/dist-packages/keystonemiddleware/auth_token/__init__.py:407}}
Jul 11 13:25:01.248539 dv-neutron-840419-14-hyperv devstack@keystone.service[80503]: DEBUG dbcounter [-] [80503] Writing DB stats keystone:SELECT=100 {{(pid=80503) stat_writer /usr/local/lib/python3.8/dist-packages/dbcounter.py:114}}
Jul 11 13:25:01.271168 dv-neutron-840419-14-hyperv devstack@keystone.service[80504]: DEBUG dbcounter [-] [80504] Writing DB stats keystone:SELECT=100 {{(pid=80504) stat_writer /usr/local/lib/python3.8/dist-packages/dbcounter.py:114}}
Jul 11 13:25:01.358975 dv-neutron-840419-14-hyperv devstack@keystone.service[80503]: [pid: 80503|app: 0|req: 132/262] 10.222.0.52 () {58 vars in 1282 bytes} [Mon Jul 11 13:25:00 2022] GET /identity/v3/auth/tokens => generated 799 bytes in 635 msecs (HTTP/1.1 200) 6 headers in 358 bytes (1 switches on core 0)
Jul 11 13:25:01.371767 dv-neutron-840419-14-hyperv devstack@keystone.service[80503]: DEBUG keystone.server.flask.request_processing.middleware.auth_context [None req-ce8e60bd-7147-49e2-aabc-5fd10cc34bbb None admin] Authenticating user token {{(pid=80503) process_request /usr/local/lib/python3.8/dist-packages/keystonemiddleware/auth_token/__init__.py:407}}
Jul 11 13:25:01.378007 dv-neutron-840419-14-hyperv devstack@keystone.service[80504]: DEBUG keystone.server.flask.request_processing.middleware.auth_context [None req-d3b008b5-4e2b-49e4-ba80-d56bcab8eecc None admin] Validating token access rules against request {{(pid=80504) validate_allowed_request /usr/local/lib/python3.8/dist-packages/keystonemiddleware/auth_token/__init__.py:545}}
Jul 11 13:25:01.435903 dv-neutron-840419-14-hyperv devstack@keystone.service[80504]: DEBUG keystone.server.flask.request_processing.middleware.auth_context [None req-d28307f4-8fbc-4b88-871d-d8ad224a3399 None admin] RBAC: auth_context: {'token': , 'domain_id': None, 'trust_id': None, 'trustor_id': None, 'trustee_id': None, 'domain_name': None, 'group_ids': [], 'user_id': '9867fe219a1241c8b1bdc35377e6d00c', 'user_domain_id': 'default', 'system_scope': 'all', 'project_id': None, 'project_domain_id': None, 'roles': ['admin', 'member', 'reader'], 'is_admin_project': True, 'service_user_id': None, 'service_user_domain_id': None, 'service_project_id': None, 'service_project_domain_id': None, 'service_roles': []} {{(pid=80504) fill_context /opt/stack/keystone/keystone/server/flask/request_processing/middleware/auth_context.py:478}}
Jul 11 13:25:01.436825 dv-neutron-840419-14-hyperv devstack@keystone.service[80504]: DEBUG keystone.server.flask.request_processing.req_logging [None req-d28307f4-8fbc-4b88-871d-d8ad224a3399 None admin] REQUEST_METHOD: `GET` {{(pid=80504) log_request_info /opt/stack/keystone/keystone/server/flask/request_processing/req_logging.py:27}}
Jul 11 13:25:01.437773 dv-neutron-840419-14-hyperv devstack@keystone.service[80504]: DEBUG keystone.server.flask.request_processing.req_logging [None req-d28307f4-8fbc-4b88-871d-d8ad224a3399 None admin] SCRIPT_NAME: `/identity` {{(pid=80504) log_request_info /opt/stack/keystone/keystone/server/flask/request_processing/req_logging.py:28}}
Jul 11 13:25:01.438251 dv-neutron-840419-14-hyperv devstack@keystone.service[80504]: DEBUG keystone.server.flask.request_processing.req_logging [None req-d28307f4-8fbc-4b88-871d-d8ad224a3399 None admin] PATH_INFO: `/v3/roles` {{(pid=80504) log_request_info /opt/stack/keystone/keystone/server/flask/request_processing/req_logging.py:29}}
Jul 11 13:25:01.439230 dv-neutron-840419-14-hyperv devstack@keystone.service[80504]: DEBUG keystone.common.rbac_enforcer.enforcer [None req-d28307f4-8fbc-4b88-871d-d8ad224a3399 None admin] RBAC: Adding query filter params (name=anotherrole) {{(pid=80504) _extract_filter_values /opt/stack/keystone/keystone/common/rbac_enforcer/enforcer.py:167}}
Jul 11 13:25:01.439760 dv-neutron-840419-14-hyperv devstack@keystone.service[80504]: DEBUG keystone.common.rbac_enforcer.enforcer [None req-d28307f4-8fbc-4b88-871d-d8ad224a3399 None admin] RBAC: Authorizing `identity:list_roles()` {{(pid=80504) enforce_call /opt/stack/keystone/keystone/common/rbac_enforcer/enforcer.py:449}}
Jul 11 13:25:01.441342 dv-neutron-840419-14-hyperv devstack@keystone.service[80504]: DEBUG keystone.common.rbac_enforcer.enforcer [None req-d28307f4-8fbc-4b88-871d-d8ad224a3399 None admin] RBAC: Authorization granted {{(pid=80504) enforce_call /opt/stack/keystone/keystone/common/rbac_enforcer/enforcer.py:457}}
Jul 11 13:25:01.459275 dv-neutron-840419-14-hyperv devstack@keystone.service[80504]: [pid: 80504|app: 0|req: 131/263] 10.222.0.52 () {56 vars in 1111 bytes} [Mon Jul 11 13:25:01 2022] GET /identity/v3/roles?name=anotherrole => generated 334 bytes in 226 msecs (HTTP/1.1 200) 5 headers in 177 bytes (1 switches on core 0)
Jul 11 13:25:01.464951 dv-neutron-840419-14-hyperv devstack@keystone.service[80504]: DEBUG keystone.server.flask.request_processing.middleware.auth_context [None req-d28307f4-8fbc-4b88-871d-d8ad224a3399 None admin] Authenticating user token {{(pid=80504) process_request /usr/local/lib/python3.8/dist-packages/keystonemiddleware/auth_token/__init__.py:407}}
Jul 11 13:25:01.579114 dv-neutron-840419-14-hyperv devstack@keystone.service[80504]: DEBUG dbcounter [-] [80504] Writing DB stats keystone:SELECT=100 {{(pid=80504) stat_writer /usr/local/lib/python3.8/dist-packages/dbcounter.py:114}}
Jul 11 13:25:01.598627 dv-neutron-840419-14-hyperv devstack@keystone.service[80504]: DEBUG keystone.server.flask.request_processing.middleware.auth_context [None req-d28307f4-8fbc-4b88-871d-d8ad224a3399 None admin] Validating token access rules against request {{(pid=80504) validate_allowed_request /usr/local/lib/python3.8/dist-packages/keystonemiddleware/auth_token/__init__.py:545}}
Jul 11 13:25:01.600883 dv-neutron-840419-14-hyperv devstack@keystone.service[80503]: DEBUG keystone.server.flask.request_processing.middleware.auth_context [None req-ce8e60bd-7147-49e2-aabc-5fd10cc34bbb None admin] Validating token access rules against request {{(pid=80503) validate_allowed_request /usr/local/lib/python3.8/dist-packages/keystonemiddleware/auth_token/__init__.py:545}}
Jul 11 13:25:01.634362 dv-neutron-840419-14-hyperv devstack@keystone.service[80504]: DEBUG keystone.server.flask.request_processing.middleware.auth_context [None req-caf96abf-5694-4477-a285-aa1bb34b26d2 None admin] RBAC: auth_context: {'token': , 'domain_id': None, 'trust_id': None, 'trustor_id': None, 'trustee_id': None, 'domain_name': None, 'group_ids': [], 'user_id': '9867fe219a1241c8b1bdc35377e6d00c', 'user_domain_id': 'default', 'system_scope': 'all', 'project_id': None, 'project_domain_id': None, 'roles': ['admin', 'member', 'reader'], 'is_admin_project': True, 'service_user_id': None, 'service_user_domain_id': None, 'service_project_id': None, 'service_project_domain_id': None, 'service_roles': []} {{(pid=80504) fill_context /opt/stack/keystone/keystone/server/flask/request_processing/middleware/auth_context.py:478}}
Jul 11 13:25:01.635610 dv-neutron-840419-14-hyperv devstack@keystone.service[80504]: DEBUG keystone.server.flask.request_processing.req_logging [None req-caf96abf-5694-4477-a285-aa1bb34b26d2 None admin] REQUEST_METHOD: `GET` {{(pid=80504) log_request_info /opt/stack/keystone/keystone/server/flask/request_processing/req_logging.py:27}}
Jul 11 13:25:01.636116 dv-neutron-840419-14-hyperv devstack@keystone.service[80504]: DEBUG keystone.server.flask.request_processing.req_logging [None req-caf96abf-5694-4477-a285-aa1bb34b26d2 None admin] SCRIPT_NAME: `/identity` {{(pid=80504) log_request_info /opt/stack/keystone/keystone/server/flask/request_processing/req_logging.py:28}}
Jul 11 13:25:01.636587 dv-neutron-840419-14-hyperv devstack@keystone.service[80504]: DEBUG keystone.server.flask.request_processing.req_logging [None req-caf96abf-5694-4477-a285-aa1bb34b26d2 None admin] PATH_INFO: `/v3/users/c75748847a224a56a96fd962500f3141` {{(pid=80504) log_request_info /opt/stack/keystone/keystone/server/flask/request_processing/req_logging.py:29}}
Jul 11 13:25:01.637996 dv-neutron-840419-14-hyperv devstack@keystone.service[80504]: DEBUG keystone.common.rbac_enforcer.enforcer [None req-caf96abf-5694-4477-a285-aa1bb34b26d2 None admin] RBAC: Authorizing `identity:get_user(user_id=c75748847a224a56a96fd962500f3141)` {{(pid=80504) enforce_call /opt/stack/keystone/keystone/common/rbac_enforcer/enforcer.py:449}}
Jul 11 13:25:01.639684 dv-neutron-840419-14-hyperv devstack@keystone.service[80504]: DEBUG keystone.common.rbac_enforcer.enforcer [None req-caf96abf-5694-4477-a285-aa1bb34b26d2 None admin] RBAC: Authorization granted {{(pid=80504) enforce_call /opt/stack/keystone/keystone/common/rbac_enforcer/enforcer.py:457}}
Jul 11 13:25:01.641545 dv-neutron-840419-14-hyperv devstack@keystone.service[80504]: [pid: 80504|app: 0|req: 132/264] 10.222.0.52 () {56 vars in 1177 bytes} [Mon Jul 11 13:25:01 2022] GET /identity/v3/users/c75748847a224a56a96fd962500f3141 => generated 283 bytes in 177 msecs (HTTP/1.1 200) 5 headers in 177 bytes (2 switches on core 0)
Jul 11 13:25:01.651621 dv-neutron-840419-14-hyperv devstack@keystone.service[80504]: DEBUG keystone.server.flask.request_processing.middleware.auth_context [None req-caf96abf-5694-4477-a285-aa1bb34b26d2 None admin] Authenticating user token {{(pid=80504) process_request /usr/local/lib/python3.8/dist-packages/keystonemiddleware/auth_token/__init__.py:407}}
Jul 11 13:25:01.680669 dv-neutron-840419-14-hyperv devstack@keystone.service[80503]: DEBUG keystone.server.flask.request_processing.middleware.auth_context [None req-bb0a59ec-2c97-40d3-802f-22b56c6932f7 None admin] RBAC: auth_context: {'token': , 'domain_id': None, 'trust_id': None, 'trustor_id': None, 'trustee_id': None, 'domain_name': None, 'group_ids': [], 'user_id': '9867fe219a1241c8b1bdc35377e6d00c', 'user_domain_id': 'default', 'system_scope': 'all', 'project_id': None, 'project_domain_id': None, 'roles': ['admin', 'member', 'reader'], 'is_admin_project': True, 'service_user_id': None, 'service_user_domain_id': None, 'service_project_id': None, 'service_project_domain_id': None, 'service_roles': []} {{(pid=80503) fill_context /opt/stack/keystone/keystone/server/flask/request_processing/middleware/auth_context.py:478}}
Jul 11 13:25:01.681866 dv-neutron-840419-14-hyperv devstack@keystone.service[80503]: DEBUG keystone.server.flask.request_processing.req_logging [None req-bb0a59ec-2c97-40d3-802f-22b56c6932f7 None admin] REQUEST_METHOD: `GET` {{(pid=80503) log_request_info /opt/stack/keystone/keystone/server/flask/request_processing/req_logging.py:27}}
Jul 11 13:25:01.682387 dv-neutron-840419-14-hyperv devstack@keystone.service[80503]: DEBUG keystone.server.flask.request_processing.req_logging [None req-bb0a59ec-2c97-40d3-802f-22b56c6932f7 None admin] SCRIPT_NAME: `/identity` {{(pid=80503) log_request_info /opt/stack/keystone/keystone/server/flask/request_processing/req_logging.py:28}}
Jul 11 13:25:01.682882 dv-neutron-840419-14-hyperv devstack@keystone.service[80503]: DEBUG keystone.server.flask.request_processing.req_logging [None req-bb0a59ec-2c97-40d3-802f-22b56c6932f7 None admin] PATH_INFO: `/v3/projects/29aa65538ebb4311866162f6caa5984e` {{(pid=80503) log_request_info /opt/stack/keystone/keystone/server/flask/request_processing/req_logging.py:29}}
Jul 11 13:25:01.685065 dv-neutron-840419-14-hyperv devstack@keystone.service[80503]: DEBUG keystone.common.rbac_enforcer.enforcer [None req-bb0a59ec-2c97-40d3-802f-22b56c6932f7 None admin] RBAC: Authorizing `identity:get_project(project_id=29aa65538ebb4311866162f6caa5984e)` {{(pid=80503) enforce_call /opt/stack/keystone/keystone/common/rbac_enforcer/enforcer.py:449}}
Jul 11 13:25:01.686727 dv-neutron-840419-14-hyperv devstack@keystone.service[80503]: DEBUG keystone.common.rbac_enforcer.enforcer [None req-bb0a59ec-2c97-40d3-802f-22b56c6932f7 None admin] RBAC: Authorization granted {{(pid=80503) enforce_call /opt/stack/keystone/keystone/common/rbac_enforcer/enforcer.py:457}}
Jul 11 13:25:01.690835 dv-neutron-840419-14-hyperv devstack@keystone.service[80503]: [pid: 80503|app: 0|req: 133/265] 10.222.0.52 () {56 vars in 1186 bytes} [Mon Jul 11 13:25:01 2022] GET /identity/v3/projects/29aa65538ebb4311866162f6caa5984e => generated 302 bytes in 320 msecs (HTTP/1.1 200) 5 headers in 177 bytes (1 switches on core 0)
Jul 11 13:25:01.696186 dv-neutron-840419-14-hyperv devstack@keystone.service[80503]: DEBUG keystone.server.flask.request_processing.middleware.auth_context [None req-bb0a59ec-2c97-40d3-802f-22b56c6932f7 None admin] Authenticating user token {{(pid=80503) process_request /usr/local/lib/python3.8/dist-packages/keystonemiddleware/auth_token/__init__.py:407}}
Jul 11 13:25:01.737298 dv-neutron-840419-14-hyperv devstack@keystone.service[80503]: DEBUG dbcounter [-] [80503] Writing DB stats keystone:SELECT=100 {{(pid=80503) stat_writer /usr/local/lib/python3.8/dist-packages/dbcounter.py:114}}
Jul 11 13:25:01.777034 dv-neutron-840419-14-hyperv devstack@keystone.service[80504]: DEBUG keystone.server.flask.request_processing.middleware.auth_context [None req-caf96abf-5694-4477-a285-aa1bb34b26d2 None admin] Validating token access rules against request {{(pid=80504) validate_allowed_request /usr/local/lib/python3.8/dist-packages/keystonemiddleware/auth_token/__init__.py:545}}
Jul 11 13:25:01.824223 dv-neutron-840419-14-hyperv devstack@keystone.service[80504]: DEBUG keystone.server.flask.request_processing.middleware.auth_context [None req-f402b08d-cf53-4d03-a6d6-50e724a8560a None admin] RBAC: auth_context: {'token': , 'domain_id': None, 'trust_id': None, 'trustor_id': None, 'trustee_id': None, 'domain_name': None, 'group_ids': [], 'user_id': '9867fe219a1241c8b1bdc35377e6d00c', 'user_domain_id': 'default', 'system_scope': 'all', 'project_id': None, 'project_domain_id': None, 'roles': ['admin', 'member', 'reader'], 'is_admin_project': True, 'service_user_id': None, 'service_user_domain_id': None, 'service_project_id': None, 'service_project_domain_id': None, 'service_roles': []} {{(pid=80504) fill_context /opt/stack/keystone/keystone/server/flask/request_processing/middleware/auth_context.py:478}}
Jul 11 13:25:01.825242 dv-neutron-840419-14-hyperv devstack@keystone.service[80504]: DEBUG keystone.server.flask.request_processing.req_logging [None req-f402b08d-cf53-4d03-a6d6-50e724a8560a None admin] REQUEST_METHOD: `GET` {{(pid=80504) log_request_info /opt/stack/keystone/keystone/server/flask/request_processing/req_logging.py:27}}
Jul 11 13:25:01.825753 dv-neutron-840419-14-hyperv devstack@keystone.service[80504]: DEBUG keystone.server.flask.request_processing.req_logging [None req-f402b08d-cf53-4d03-a6d6-50e724a8560a None admin] SCRIPT_NAME: `/identity` {{(pid=80504) log_request_info /opt/stack/keystone/keystone/server/flask/request_processing/req_logging.py:28}}
Jul 11 13:25:01.826208 dv-neutron-840419-14-hyperv devstack@keystone.service[80504]: DEBUG keystone.server.flask.request_processing.req_logging [None req-f402b08d-cf53-4d03-a6d6-50e724a8560a None admin] PATH_INFO: `/v3/auth/tokens` {{(pid=80504) log_request_info /opt/stack/keystone/keystone/server/flask/request_processing/req_logging.py:29}}
Jul 11 13:25:01.834794 dv-neutron-840419-14-hyperv devstack@keystone.service[80503]: DEBUG keystone.server.flask.request_processing.middleware.auth_context [None req-bb0a59ec-2c97-40d3-802f-22b56c6932f7 None admin] Validating token access rules against request {{(pid=80503) validate_allowed_request /usr/local/lib/python3.8/dist-packages/keystonemiddleware/auth_token/__init__.py:545}}
Jul 11 13:25:01.850514 dv-neutron-840419-14-hyperv devstack@keystone.service[80504]: DEBUG dbcounter [-] [80504] Writing DB stats keystone:SELECT=100 {{(pid=80504) stat_writer /usr/local/lib/python3.8/dist-packages/dbcounter.py:114}}
Jul 11 13:25:01.876985 dv-neutron-840419-14-hyperv devstack@keystone.service[80503]: DEBUG keystone.server.flask.request_processing.middleware.auth_context [None req-6d02b78d-a10e-44ea-b2e0-ecbd38aac2c8 None admin] RBAC: auth_context: {'token': , 'domain_id': None, 'trust_id': None, 'trustor_id': None, 'trustee_id': None, 'domain_name': None, 'group_ids': [], 'user_id': '9867fe219a1241c8b1bdc35377e6d00c', 'user_domain_id': 'default', 'system_scope': 'all', 'project_id': None, 'project_domain_id': None, 'roles': ['admin', 'member', 'reader'], 'is_admin_project': True, 'service_user_id': None, 'service_user_domain_id': None, 'service_project_id': None, 'service_project_domain_id': None, 'service_roles': []} {{(pid=80503) fill_context /opt/stack/keystone/keystone/server/flask/request_processing/middleware/auth_context.py:478}}
Jul 11 13:25:01.878465 dv-neutron-840419-14-hyperv devstack@keystone.service[80503]: DEBUG keystone.server.flask.request_processing.req_logging [None req-6d02b78d-a10e-44ea-b2e0-ecbd38aac2c8 None admin] REQUEST_METHOD: `GET` {{(pid=80503) log_request_info /opt/stack/keystone/keystone/server/flask/request_processing/req_logging.py:27}}
Jul 11 13:25:01.878997 dv-neutron-840419-14-hyperv devstack@keystone.service[80503]: DEBUG keystone.server.flask.request_processing.req_logging [None req-6d02b78d-a10e-44ea-b2e0-ecbd38aac2c8 None admin] SCRIPT_NAME: `/identity` {{(pid=80503) log_request_info /opt/stack/keystone/keystone/server/flask/request_processing/req_logging.py:28}}
Jul 11 13:25:01.879519 dv-neutron-840419-14-hyperv devstack@keystone.service[80503]: DEBUG keystone.server.flask.request_processing.req_logging [None req-6d02b78d-a10e-44ea-b2e0-ecbd38aac2c8 None admin] PATH_INFO: `/v3/role_assignments` {{(pid=80503) log_request_info /opt/stack/keystone/keystone/server/flask/request_processing/req_logging.py:29}}
Jul 11 13:25:01.880662 dv-neutron-840419-14-hyperv devstack@keystone.service[80503]: DEBUG keystone.common.rbac_enforcer.enforcer [None req-6d02b78d-a10e-44ea-b2e0-ecbd38aac2c8 None admin] RBAC: Adding query filter params (role.id=aa86f3aaaf354b37a3deabd44022887b, scope.project.id=29aa65538ebb4311866162f6caa5984e, user.id=c75748847a224a56a96fd962500f3141) {{(pid=80503) _extract_filter_values /opt/stack/keystone/keystone/common/rbac_enforcer/enforcer.py:167}}
Jul 11 13:25:01.881168 dv-neutron-840419-14-hyperv devstack@keystone.service[80503]: DEBUG keystone.common.rbac_enforcer.enforcer [None req-6d02b78d-a10e-44ea-b2e0-ecbd38aac2c8 None admin] RBAC: Authorizing `identity:list_role_assignments()` {{(pid=80503) enforce_call /opt/stack/keystone/keystone/common/rbac_enforcer/enforcer.py:449}}
Jul 11 13:25:01.883500 dv-neutron-840419-14-hyperv devstack@keystone.service[80503]: DEBUG keystone.common.rbac_enforcer.enforcer [None req-6d02b78d-a10e-44ea-b2e0-ecbd38aac2c8 None admin] RBAC: Authorization granted {{(pid=80503) enforce_call /opt/stack/keystone/keystone/common/rbac_enforcer/enforcer.py:457}}
Jul 11 13:25:01.890404 dv-neutron-840419-14-hyperv devstack@keystone.service[80503]: [pid: 80503|app: 0|req: 134/266] 10.222.0.52 () {56 vars in 1374 bytes} [Mon Jul 11 13:25:01 2022] GET /identity/v3/role_assignments?user.id=c75748847a224a56a96fd962500f3141&scope.project.id=29aa65538ebb4311866162f6caa5984e&role.id=aa86f3aaaf354b37a3deabd44022887b => generated 608 bytes in 195 msecs (HTTP/1.1 200) 5 headers in 177 bytes (2 switches on core 0)
Jul 11 13:25:01.943179 dv-neutron-840419-14-hyperv devstack@keystone.service[80504]: DEBUG keystone.common.rbac_enforcer.enforcer [None req-f402b08d-cf53-4d03-a6d6-50e724a8560a None admin] RBAC: Authorizing `identity:validate_token()` {{(pid=80504) enforce_call /opt/stack/keystone/keystone/common/rbac_enforcer/enforcer.py:449}}
Jul 11 13:25:01.944727 dv-neutron-840419-14-hyperv devstack@keystone.service[80504]: DEBUG keystone.common.rbac_enforcer.enforcer [None req-f402b08d-cf53-4d03-a6d6-50e724a8560a None admin] RBAC: Authorization granted {{(pid=80504) enforce_call /opt/stack/keystone/keystone/common/rbac_enforcer/enforcer.py:457}}
Jul 11 13:25:02.064348 dv-neutron-840419-14-hyperv devstack@keystone.service[80504]: [pid: 80504|app: 0|req: 133/267] 10.222.0.52 () {58 vars in 1282 bytes} [Mon Jul 11 13:25:01 2022] GET /identity/v3/auth/tokens => generated 799 bytes in 413 msecs (HTTP/1.1 200) 6 headers in 358 bytes (1 switches on core 0)
Jul 11 13:25:02.071155 dv-neutron-840419-14-hyperv devstack@keystone.service[80503]: DEBUG keystone.server.flask.request_processing.middleware.auth_context [None req-6d02b78d-a10e-44ea-b2e0-ecbd38aac2c8 None admin] Authenticating user token {{(pid=80503) process_request /usr/local/lib/python3.8/dist-packages/keystonemiddleware/auth_token/__init__.py:407}}
Jul 11 13:25:02.192712 dv-neutron-840419-14-hyperv devstack@keystone.service[80503]: DEBUG dbcounter [-] [80503] Writing DB stats keystone:SELECT=100 {{(pid=80503) stat_writer /usr/local/lib/python3.8/dist-packages/dbcounter.py:114}}
Jul 11 13:25:02.209302 dv-neutron-840419-14-hyperv devstack@keystone.service[80503]: DEBUG keystone.server.flask.request_processing.middleware.auth_context [None req-6d02b78d-a10e-44ea-b2e0-ecbd38aac2c8 None admin] Validating token access rules against request {{(pid=80503) validate_allowed_request /usr/local/lib/python3.8/dist-packages/keystonemiddleware/auth_token/__init__.py:545}}
Jul 11 13:25:02.252165 dv-neutron-840419-14-hyperv devstack@keystone.service[80504]: DEBUG keystone.server.flask.request_processing.req_logging [None req-d118ddfc-0dda-49f4-af42-4137b43896d0 None None] REQUEST_METHOD: `GET` {{(pid=80504) log_request_info /opt/stack/keystone/keystone/server/flask/request_processing/req_logging.py:27}}
Jul 11 13:25:02.252475 dv-neutron-840419-14-hyperv devstack@keystone.service[80504]: DEBUG keystone.server.flask.request_processing.req_logging [None req-d118ddfc-0dda-49f4-af42-4137b43896d0 None None] SCRIPT_NAME: `/identity` {{(pid=80504) log_request_info /opt/stack/keystone/keystone/server/flask/request_processing/req_logging.py:28}}
Jul 11 13:25:02.252716 dv-neutron-840419-14-hyperv devstack@keystone.service[80504]: DEBUG keystone.server.flask.request_processing.req_logging [None req-d118ddfc-0dda-49f4-af42-4137b43896d0 None None] PATH_INFO: `/` {{(pid=80504) log_request_info /opt/stack/keystone/keystone/server/flask/request_processing/req_logging.py:29}}
Jul 11 13:25:02.254116 dv-neutron-840419-14-hyperv devstack@keystone.service[80504]: [pid: 80504|app: 0|req: 134/268] 10.222.0.52 () {54 vars in 926 bytes} [Mon Jul 11 13:25:02 2022] GET /identity => generated 270 bytes in 3 msecs (HTTP/1.1 300) 6 headers in 234 bytes (2 switches on core 0)
Jul 11 13:25:02.261911 dv-neutron-840419-14-hyperv devstack@keystone.service[80503]: DEBUG keystone.server.flask.request_processing.middleware.auth_context [None req-efc5976f-d612-4a62-bd40-3a0715ff74da None admin] RBAC: auth_context: {'token': , 'domain_id': None, 'trust_id': None, 'trustor_id': None, 'trustee_id': None, 'domain_name': None, 'group_ids': [], 'user_id': '9867fe219a1241c8b1bdc35377e6d00c', 'user_domain_id': 'default', 'system_scope': 'all', 'project_id': None, 'project_domain_id': None, 'roles': ['admin', 'member', 'reader'], 'is_admin_project': True, 'service_user_id': None, 'service_user_domain_id': None, 'service_project_id': None, 'service_project_domain_id': None, 'service_roles': []} {{(pid=80503) fill_context /opt/stack/keystone/keystone/server/flask/request_processing/middleware/auth_context.py:478}}
Jul 11 13:25:02.262096 dv-neutron-840419-14-hyperv devstack@keystone.service[80504]: DEBUG keystone.server.flask.request_processing.req_logging [None req-bdaf04ef-989d-4b86-8fe5-645b34b260d7 None None] REQUEST_METHOD: `POST` {{(pid=80504) log_request_info /opt/stack/keystone/keystone/server/flask/request_processing/req_logging.py:27}}
