Jul 19 21:09:10.837658 dv-neutron-840418-18-hyperv neutron-server[104864]: DEBUG neutron.plugins.ml2.db [None req-0f8c6f14-a4a0-41dc-b1f7-5ecb653710dd tempest-PortsAdminExtendedAttrsIpV6TestJSON-834804219 tempest-PortsAdminExtendedAttrsIpV6TestJSON-834804219-project-admin] Attempted to set empty binding levels {{(pid=104864) set_binding_levels /opt/stack/neutron/neutron/plugins/ml2/db.py:65}}
Jul 19 21:09:10.857322 dv-neutron-840418-18-hyperv neutron-server[104865]: DEBUG neutron.plugins.ml2.plugin [None req-74219447-bad8-4264-acf1-e3a67ee915cf None None] Port a59dd703-fea2-4784-97d4-798bbec5979c cannot update to ACTIVE because it is not bound. {{(pid=104865) _port_provisioned /opt/stack/neutron/neutron/plugins/ml2/plugin.py:348}}
Jul 19 21:09:10.867075 dv-neutron-840418-18-hyperv neutron-server[104864]: DEBUG neutron_lib.callbacks.manager [None req-0f8c6f14-a4a0-41dc-b1f7-5ecb653710dd tempest-PortsAdminExtendedAttrsIpV6TestJSON-834804219 tempest-PortsAdminExtendedAttrsIpV6TestJSON-834804219-project-admin] Publish callbacks ['neutron.plugins.ml2.plugin.SecurityGroupServerNotifierRpcMixin._notify_sg_on_port_change-668300', 'neutron.plugins.ml2.ovo_rpc._ObjectChangeHandler.handle_event-1574', 'neutron.api.rpc.agentnotifiers.dhcp_rpc_agent_api.DhcpAgentNotifyAPI._native_event_send_dhcp_notification-8327916', 'neutron.db.l3_db.L3RpcNotifierMixin._notify_gateway_port_ip_changed-8788178451460', 'neutron.db.l3_dvrscheduler_db._notify_l3_agent_port_update-8788178103821', 'neutron.db.l3_hascheduler_db._notify_l3_agent_ha_port_update-8788178103839', 'neutron.services.segments.plugin.NovaSegmentNotifier._notify_port_updated-6303276'] for port (cdd1741c-5797-4a93-8a10-4bd7c5799a67), after_update {{(pid=104864) _notify_loop /usr/local/lib/python3.8/dist-packages/neutron_lib/callbacks/manager.py:176}}
Jul 19 21:09:10.873984 dv-neutron-840418-18-hyperv neutron-server[104864]: DEBUG dbcounter [-] [104864] Writing DB stats neutron:SELECT=96,neutron:DELETE=2,neutron:UPDATE=2 {{(pid=104864) stat_writer /usr/local/lib/python3.8/dist-packages/dbcounter.py:114}}
Jul 19 21:09:10.890603 dv-neutron-840418-18-hyperv neutron-server[104865]: DEBUG neutron.db.provisioning_blocks [None req-74219447-bad8-4264-acf1-e3a67ee915cf None None] Provisioning complete for port 5a439e71-e294-4999-9100-2dbcbae47ae1 triggered by entity DHCP. {{(pid=104865) provisioning_complete /opt/stack/neutron/neutron/db/provisioning_blocks.py:145}}
Jul 19 21:09:10.890986 dv-neutron-840418-18-hyperv neutron-server[104865]: DEBUG neutron_lib.callbacks.manager [None req-74219447-bad8-4264-acf1-e3a67ee915cf None None] Publish callbacks ['neutron.plugins.ml2.plugin.Ml2Plugin._port_provisioned-678302'] for port (5a439e71-e294-4999-9100-2dbcbae47ae1), provisioning_complete {{(pid=104865) _notify_loop /usr/local/lib/python3.8/dist-packages/neutron_lib/callbacks/manager.py:176}}
Jul 19 21:09:10.899196 dv-neutron-840418-18-hyperv neutron-server[104863]: DEBUG dbcounter [-] [104863] Writing DB stats neutron:SELECT=88,neutron:INSERT=11,neutron:DELETE=1 {{(pid=104863) stat_writer /usr/local/lib/python3.8/dist-packages/dbcounter.py:114}}
Jul 19 21:09:10.909973 dv-neutron-840418-18-hyperv neutron-server[104863]: DEBUG dbcounter [-] [104863] Writing DB stats neutron:SELECT=82,neutron:DELETE=3,neutron:INSERT=12,neutron:UPDATE=3 {{(pid=104863) stat_writer /usr/local/lib/python3.8/dist-packages/dbcounter.py:114}}
Jul 19 21:09:10.946146 dv-neutron-840418-18-hyperv neutron-server[104864]: INFO neutron.wsgi [req-b64bc46b-a233-42ac-b5db-d5f5144330c6 req-0a4d23dd-9245-4ab0-94c0-0f74b99dd86e tempest-ServerActionsTestJSON-90771421 tempest-ServerActionsTestJSON-90771421-project] 10.222.0.113 "GET /v2.0/security-groups?name=tempest-securitygroup--801391023&fields=id&tenant_id=51fb5218d3bf4f2b829fe9db079550a8 HTTP/1.1" status: 200 len: 267 time: 0.2354546
Jul 19 21:09:10.957938 dv-neutron-840418-18-hyperv neutron-server[104864]: DEBUG neutron.pecan_wsgi.hooks.policy_enforcement [None req-0f8c6f14-a4a0-41dc-b1f7-5ecb653710dd tempest-PortsAdminExtendedAttrsIpV6TestJSON-834804219 tempest-PortsAdminExtendedAttrsIpV6TestJSON-834804219-project-admin] Attributes excluded by policy engine: ['standard_attr_id'] {{(pid=104864) _exclude_attributes_by_policy /opt/stack/neutron/neutron/pecan_wsgi/hooks/policy_enforcement.py:259}}
Jul 19 21:09:10.960586 dv-neutron-840418-18-hyperv neutron-server[104863]: DEBUG neutron_lib.callbacks.manager [None req-469444f1-ad44-48b4-82d2-112eb5ce4422 tempest-ExtraDHCPOptionsIpV6TestJSON-962122773 tempest-ExtraDHCPOptionsIpV6TestJSON-962122773-project] Publish callbacks ['neutron.services.l3_router.l3_router_plugin.L3_NAT_dbonly_mixin._precommit_delete_port_callback-8023932'] for port (a59dd703-fea2-4784-97d4-798bbec5979c), precommit_delete {{(pid=104863) _notify_loop /usr/local/lib/python3.8/dist-packages/neutron_lib/callbacks/manager.py:176}}
Jul 19 21:09:10.961616 dv-neutron-840418-18-hyperv neutron-server[104864]: DEBUG neutron_lib.callbacks.manager [None req-0f8c6f14-a4a0-41dc-b1f7-5ecb653710dd tempest-PortsAdminExtendedAttrsIpV6TestJSON-834804219 tempest-PortsAdminExtendedAttrsIpV6TestJSON-834804219-project-admin] Publish callbacks ['neutron.notifiers.nova.Notifier._send_nova_notification-128054'] for port (None), before_response {{(pid=104864) _notify_loop /usr/local/lib/python3.8/dist-packages/neutron_lib/callbacks/manager.py:176}}
Jul 19 21:09:10.977843 dv-neutron-840418-18-hyperv neutron-server[104863]: DEBUG neutron.plugins.ml2.plugin [None req-469444f1-ad44-48b4-82d2-112eb5ce4422 tempest-ExtraDHCPOptionsIpV6TestJSON-962122773 tempest-ExtraDHCPOptionsIpV6TestJSON-962122773-project] Calling delete_port for a59dd703-fea2-4784-97d4-798bbec5979c owned by {{(pid=104863) delete_port /opt/stack/neutron/neutron/plugins/ml2/plugin.py:2116}}
Jul 19 21:09:10.982061 dv-neutron-840418-18-hyperv neutron-server[104865]: DEBUG neutron.plugins.ml2.plugin [None req-74219447-bad8-4264-acf1-e3a67ee915cf None None] Port 5a439e71-e294-4999-9100-2dbcbae47ae1 cannot update to ACTIVE because it is not bound. {{(pid=104865) _port_provisioned /opt/stack/neutron/neutron/plugins/ml2/plugin.py:348}}
Jul 19 21:09:10.991941 dv-neutron-840418-18-hyperv neutron-server[104865]: DEBUG neutron.plugins.ml2.rpc [None req-3c8a090c-0f5b-455d-b028-55b9f003e3a4 None None] Device 30711115-aec3-4318-8879-59f0bde52090 up at agent ovs-agent-dv-neutron-840418-18-hyperv {{(pid=104865) update_device_up /opt/stack/neutron/neutron/plugins/ml2/rpc.py:296}}
Jul 19 21:09:11.068169 dv-neutron-840418-18-hyperv neutron-server[104865]: DEBUG neutron.db.provisioning_blocks [None req-3c8a090c-0f5b-455d-b028-55b9f003e3a4 None None] Provisioning complete for port 30711115-aec3-4318-8879-59f0bde52090 triggered by entity L2. {{(pid=104865) provisioning_complete /opt/stack/neutron/neutron/db/provisioning_blocks.py:145}}
Jul 19 21:09:11.069326 dv-neutron-840418-18-hyperv neutron-server[104865]: DEBUG neutron_lib.callbacks.manager [None req-3c8a090c-0f5b-455d-b028-55b9f003e3a4 None None] Publish callbacks ['neutron.plugins.ml2.plugin.Ml2Plugin._port_provisioned-678302'] for port (30711115-aec3-4318-8879-59f0bde52090), provisioning_complete {{(pid=104865) _notify_loop /usr/local/lib/python3.8/dist-packages/neutron_lib/callbacks/manager.py:176}}
Jul 19 21:09:11.128727 dv-neutron-840418-18-hyperv neutron-server[104865]: DEBUG dbcounter [-] [104865] Writing DB stats neutron:SELECT=99,neutron:UPDATE=1 {{(pid=104865) stat_writer /usr/local/lib/python3.8/dist-packages/dbcounter.py:114}}
Jul 19 21:09:11.166948 dv-neutron-840418-18-hyperv neutron-server[104864]: INFO neutron.wsgi [None req-0f8c6f14-a4a0-41dc-b1f7-5ecb653710dd tempest-PortsAdminExtendedAttrsIpV6TestJSON-834804219 tempest-PortsAdminExtendedAttrsIpV6TestJSON-834804219-project-admin] 10.222.0.113 "POST /v2.0/ports HTTP/1.1" status: 201 len: 986 time: 6.7580686
Jul 19 21:09:11.169676 dv-neutron-840418-18-hyperv neutron-server[104863]: DEBUG neutron_lib.callbacks.manager [None req-469444f1-ad44-48b4-82d2-112eb5ce4422 tempest-ExtraDHCPOptionsIpV6TestJSON-962122773 tempest-ExtraDHCPOptionsIpV6TestJSON-962122773-project] Publish callbacks ['neutron.plugins.ml2.plugin.SecurityGroupServerNotifierRpcMixin._notify_sg_on_port_change-668300', 'neutron.plugins.ml2.ovo_rpc._ObjectChangeHandler.handle_event-1574', 'neutron.api.rpc.agentnotifiers.dhcp_rpc_agent_api.DhcpAgentNotifyAPI._native_event_send_dhcp_notification-8327916', 'neutron.db.l3_db.L3RpcNotifierMixin._notify_routers_callback-8788178451514', 'neutron.db.l3_dvrscheduler_db._notify_port_delete-8788178103812', 'neutron.services.segments.plugin.NovaSegmentNotifier._notify_port_created_or_deleted-5196470'] for port (a59dd703-fea2-4784-97d4-798bbec5979c), after_delete {{(pid=104863) _notify_loop /usr/local/lib/python3.8/dist-packages/neutron_lib/callbacks/manager.py:176}}
Jul 19 21:09:11.170809 dv-neutron-840418-18-hyperv neutron-server[104864]: DEBUG neutron.api.rpc.handlers.resources_rpc [None req-0f8c6f14-a4a0-41dc-b1f7-5ecb653710dd tempest-PortsAdminExtendedAttrsIpV6TestJSON-834804219 tempest-PortsAdminExtendedAttrsIpV6TestJSON-834804219-project-admin] Pushing event updated for resources: {'Port': ['ID=cdd1741c-5797-4a93-8a10-4bd7c5799a67,revision_number=2']} {{(pid=104864) push /opt/stack/neutron/neutron/api/rpc/handlers/resources_rpc.py:237}}
Jul 19 21:09:11.184376 dv-neutron-840418-18-hyperv neutron-server[104864]: DEBUG neutron.wsgi [-] (104864) accepted ('10.222.0.113', 38308) {{(pid=104864) server /usr/local/lib/python3.8/dist-packages/eventlet/wsgi.py:1004}}
Jul 19 21:09:11.213421 dv-neutron-840418-18-hyperv neutron-server[104865]: DEBUG neutron.plugins.ml2.plugin [None req-3c8a090c-0f5b-455d-b028-55b9f003e3a4 None None] Current status of the port 30711115-aec3-4318-8879-59f0bde52090 is: ACTIVE; New status is: ACTIVE {{(pid=104865) _update_individual_port_db_status /opt/stack/neutron/neutron/plugins/ml2/plugin.py:2292}}
Jul 19 21:09:11.356931 dv-neutron-840418-18-hyperv neutron-server[104863]: DEBUG neutron_lib.callbacks.manager [None req-652a4930-58b6-4103-8d11-3eea01f56833 tempest-FloatingIPTestJSON-1656308632 tempest-FloatingIPTestJSON-1656308632-project] Publish callbacks [] for router_gateway (5ade4eef-53d4-45fc-8fac-08f445fcf9d5), precommit_update {{(pid=104863) _notify_loop /usr/local/lib/python3.8/dist-packages/neutron_lib/callbacks/manager.py:176}}
Jul 19 21:09:11.360352 dv-neutron-840418-18-hyperv neutron-server[104864]: INFO neutron.wsgi [req-2bf18d64-6961-48f5-93f3-17404ea6fc1c req-5010f6e5-5b6f-4905-857c-8050a22cac69 tempest-ServersTestManualDisk-764127082 tempest-ServersTestManualDisk-764127082-project] 10.222.0.113 "GET /v2.0/ports?device_id=2cd6dc3c-2d1e-4abc-8dbf-25e314e09200 HTTP/1.1" status: 200 len: 210 time: 0.1568003
Jul 19 21:09:11.360671 dv-neutron-840418-18-hyperv neutron-server[104863]: DEBUG neutron.api.rpc.handlers.resources_rpc [None req-469444f1-ad44-48b4-82d2-112eb5ce4422 tempest-ExtraDHCPOptionsIpV6TestJSON-962122773 tempest-ExtraDHCPOptionsIpV6TestJSON-962122773-project] Pushing event deleted for resources: {'Port': ['ID=a59dd703-fea2-4784-97d4-798bbec5979c,revision_number=None']} {{(pid=104863) push /opt/stack/neutron/neutron/api/rpc/handlers/resources_rpc.py:237}}
Jul 19 21:09:11.366075 dv-neutron-840418-18-hyperv neutron-server[104863]: DEBUG neutron_lib.callbacks.manager [None req-a25b9624-643b-4dbc-ab30-39b63d48e16a admin admin] Publish callbacks [] for security_group (783a83e3-9e68-457f-bf15-75668e957b35), precommit_create {{(pid=104863) _notify_loop /usr/local/lib/python3.8/dist-packages/neutron_lib/callbacks/manager.py:176}}
Jul 19 21:09:11.464659 dv-neutron-840418-18-hyperv neutron-server[104863]: DEBUG neutron_lib.callbacks.manager [None req-a25b9624-643b-4dbc-ab30-39b63d48e16a admin admin] Publish callbacks ['neutron.plugins.ml2.ovo_rpc._ObjectChangeHandler.handle_event-8317252'] for security_group (783a83e3-9e68-457f-bf15-75668e957b35), after_create {{(pid=104863) _notify_loop /usr/local/lib/python3.8/dist-packages/neutron_lib/callbacks/manager.py:176}}
Jul 19 21:09:11.465205 dv-neutron-840418-18-hyperv neutron-server[104864]: DEBUG neutron.pecan_wsgi.hooks.policy_enforcement [req-b64bc46b-a233-42ac-b5db-d5f5144330c6 req-4f17b075-c922-4e31-8ce0-c7aa3ec6776b tempest-ServerActionsTestJSON-90771421 tempest-ServerActionsTestJSON-90771421-project] Attributes excluded by policy engine: ['standard_attr_id', 'vlan_transparent', 'provider:network_type', 'provider:physical_network', 'provider:segmentation_id'] {{(pid=104864) _exclude_attributes_by_policy /opt/stack/neutron/neutron/pecan_wsgi/hooks/policy_enforcement.py:259}}
Jul 19 21:09:11.472595 dv-neutron-840418-18-hyperv neutron-server[104864]: INFO neutron.wsgi [req-b64bc46b-a233-42ac-b5db-d5f5144330c6 req-4f17b075-c922-4e31-8ce0-c7aa3ec6776b tempest-ServerActionsTestJSON-90771421 tempest-ServerActionsTestJSON-90771421-project] 10.222.0.113 "GET /v2.0/networks?id=90b7d8ed-d246-4c09-9dbe-44dc5e0b8e82 HTTP/1.1" status: 200 len: 811 time: 0.5079534
Jul 19 21:09:11.502403 dv-neutron-840418-18-hyperv neutron-server[104864]: INFO neutron.wsgi [req-b64bc46b-a233-42ac-b5db-d5f5144330c6 req-9d359706-6f01-4c9a-9619-5dc290ac8005 tempest-ServerActionsTestJSON-90771421 tempest-ServerActionsTestJSON-90771421-project] 10.222.0.113 "GET /v2.0/quotas/51fb5218d3bf4f2b829fe9db079550a8 HTTP/1.1" status: 200 len: 375 time: 0.0283866
Jul 19 21:09:11.524255 dv-neutron-840418-18-hyperv neutron-server[104864]: DEBUG neutron.plugins.ml2.plugin [None req-6e006ade-4179-4d0f-ad5b-84b547ec48e3 tempest-PortsAdminExtendedAttrsIpV6TestJSON-834804219 tempest-PortsAdminExtendedAttrsIpV6TestJSON-834804219-project-admin] Deleting port cdd1741c-5797-4a93-8a10-4bd7c5799a67 {{(pid=104864) _pre_delete_port /opt/stack/neutron/neutron/plugins/ml2/plugin.py:2037}}
Jul 19 21:09:11.524700 dv-neutron-840418-18-hyperv neutron-server[104864]: DEBUG neutron_lib.callbacks.manager [None req-6e006ade-4179-4d0f-ad5b-84b547ec48e3 tempest-PortsAdminExtendedAttrsIpV6TestJSON-834804219 tempest-PortsAdminExtendedAttrsIpV6TestJSON-834804219-project-admin] Publish callbacks ['neutron.db.l3_db.L3_NAT_dbonly_mixin._prevent_l3_port_delete_callback-8788178444005'] for port (cdd1741c-5797-4a93-8a10-4bd7c5799a67), before_delete {{(pid=104864) _notify_loop /usr/local/lib/python3.8/dist-packages/neutron_lib/callbacks/manager.py:176}}
Jul 19 21:09:11.583354 dv-neutron-840418-18-hyperv neutron-server[104864]: DEBUG neutron.wsgi [-] (104864) accepted ('10.222.0.113', 38330) {{(pid=104864) server /usr/local/lib/python3.8/dist-packages/eventlet/wsgi.py:1004}}
Jul 19 21:09:11.587447 dv-neutron-840418-18-hyperv neutron-server[104863]: DEBUG neutron_lib.callbacks.manager [None req-469444f1-ad44-48b4-82d2-112eb5ce4422 tempest-ExtraDHCPOptionsIpV6TestJSON-962122773 tempest-ExtraDHCPOptionsIpV6TestJSON-962122773-project] Publish callbacks ['neutron.notifiers.nova.Notifier._send_nova_notification-128054'] for port (None), before_response {{(pid=104863) _notify_loop /usr/local/lib/python3.8/dist-packages/neutron_lib/callbacks/manager.py:176}}
Jul 19 21:09:11.598560 dv-neutron-840418-18-hyperv neutron-server[104863]: INFO neutron.wsgi [None req-469444f1-ad44-48b4-82d2-112eb5ce4422 tempest-ExtraDHCPOptionsIpV6TestJSON-962122773 tempest-ExtraDHCPOptionsIpV6TestJSON-962122773-project] 10.222.0.113 "DELETE /v2.0/ports/a59dd703-fea2-4784-97d4-798bbec5979c HTTP/1.1" status: 204 len: 168 time: 1.7497923
Jul 19 21:09:11.604683 dv-neutron-840418-18-hyperv neutron-server[104863]: DEBUG neutron.wsgi [-] (104863) accepted ('10.222.0.113', 38332) {{(pid=104863) server /usr/local/lib/python3.8/dist-packages/eventlet/wsgi.py:1004}}
Jul 19 21:09:11.643577 dv-neutron-840418-18-hyperv neutron-server[104864]: DEBUG dbcounter [-] [104864] Writing DB stats neutron:SELECT=95,neutron:DELETE=5 {{(pid=104864) stat_writer /usr/local/lib/python3.8/dist-packages/dbcounter.py:114}}
Jul 19 21:09:11.748982 dv-neutron-840418-18-hyperv neutron-server[104863]: DEBUG neutron.api.v2.base [None req-3c968bdb-6e3f-45b4-9b30-8e531d97bf27 tempest-ExtraDHCPOptionsIpV6TestJSON-962122773 tempest-ExtraDHCPOptionsIpV6TestJSON-962122773-project] Request body: {'port': {'name': 'tempest-new-port-name-1113347133', 'extra_dhcp_opts': [{'opt_value': 'pxelinux.0', 'opt_name': 'bootfile-name'}, {'opt_value': '2015::dead', 'opt_name': 'tftp-server'}, {'opt_value': '2015::badd', 'opt_name': 'server-ip-address'}]}} {{(pid=104863) prepare_request_body /opt/stack/neutron/neutron/api/v2/base.py:730}}
Jul 19 21:09:11.749391 dv-neutron-840418-18-hyperv neutron-server[104863]: DEBUG neutron_lib.api.validators [None req-3c968bdb-6e3f-45b4-9b30-8e531d97bf27 tempest-ExtraDHCPOptionsIpV6TestJSON-962122773 tempest-ExtraDHCPOptionsIpV6TestJSON-962122773-project] bootfile-name is not in valid_values {{(pid=104863) validate_values /usr/local/lib/python3.8/dist-packages/neutron_lib/api/validators/__init__.py:165}}
Jul 19 21:09:11.749784 dv-neutron-840418-18-hyperv neutron-server[104863]: DEBUG neutron_lib.api.validators [None req-3c968bdb-6e3f-45b4-9b30-8e531d97bf27 tempest-ExtraDHCPOptionsIpV6TestJSON-962122773 tempest-ExtraDHCPOptionsIpV6TestJSON-962122773-project] tftp-server is not in valid_values {{(pid=104863) validate_values /usr/local/lib/python3.8/dist-packages/neutron_lib/api/validators/__init__.py:165}}
Jul 19 21:09:11.750174 dv-neutron-840418-18-hyperv neutron-server[104863]: DEBUG neutron_lib.api.validators [None req-3c968bdb-6e3f-45b4-9b30-8e531d97bf27 tempest-ExtraDHCPOptionsIpV6TestJSON-962122773 tempest-ExtraDHCPOptionsIpV6TestJSON-962122773-project] server-ip-address is not in valid_values {{(pid=104863) validate_values /usr/local/lib/python3.8/dist-packages/neutron_lib/api/validators/__init__.py:165}}
Jul 19 21:09:11.815539 dv-neutron-840418-18-hyperv neutron-server[104864]: INFO neutron.wsgi [req-b64bc46b-a233-42ac-b5db-d5f5144330c6 req-15426f08-1e03-4a17-b9db-a3e1edd7bab4 tempest-ServerActionsTestJSON-90771421 tempest-ServerActionsTestJSON-90771421-project] 10.222.0.113 "GET /v2.0/ports?tenant_id=51fb5218d3bf4f2b829fe9db079550a8&fields=id HTTP/1.1" status: 200 len: 302 time: 0.3043010
Jul 19 21:09:11.861308 dv-neutron-840418-18-hyperv neutron-server[104864]: DEBUG neutron.plugins.ml2.db [None req-6e006ade-4179-4d0f-ad5b-84b547ec48e3 tempest-PortsAdminExtendedAttrsIpV6TestJSON-834804219 tempest-PortsAdminExtendedAttrsIpV6TestJSON-834804219-project-admin] For port cdd1741c-5797-4a93-8a10-4bd7c5799a67, host hv-neutron-8404, got binding levels [] {{(pid=104864) get_binding_level_objs /opt/stack/neutron/neutron/plugins/ml2/db.py:74}}
Jul 19 21:09:11.861666 dv-neutron-840418-18-hyperv neutron-server[104864]: DEBUG neutron_lib.callbacks.manager [None req-6e006ade-4179-4d0f-ad5b-84b547ec48e3 tempest-PortsAdminExtendedAttrsIpV6TestJSON-834804219 tempest-PortsAdminExtendedAttrsIpV6TestJSON-834804219-project-admin] Publish callbacks ['neutron.services.l3_router.l3_router_plugin.L3_NAT_dbonly_mixin._precommit_delete_port_callback-8023932'] for port (cdd1741c-5797-4a93-8a10-4bd7c5799a67), precommit_delete {{(pid=104864) _notify_loop /usr/local/lib/python3.8/dist-packages/neutron_lib/callbacks/manager.py:176}}
Jul 19 21:09:11.891205 dv-neutron-840418-18-hyperv neutron-server[104864]: INFO neutron.wsgi [req-12cc201a-e980-4f5d-a349-a1208eacb5ab req-b91a4ea3-7cfe-4586-8f15-0797c3cd3798 tempest-ServersTestJSON-1635506843 tempest-ServersTestJSON-1635506843-project] 10.222.0.113 "GET /v2.0/ports?device_id=0236823f-47c3-44e5-abe2-50023409246c HTTP/1.1" status: 200 len: 210 time: 0.1642509
Jul 19 21:09:11.914424 dv-neutron-840418-18-hyperv neutron-server[104864]: INFO neutron.wsgi [None req-ecdba48b-e5a3-47f4-b226-1b2f19cc1eaf admin admin] 10.222.0.113 "GET /v2.0/security-groups?tenant_id=ac98f012614e46febda4c7530b923216&name=default HTTP/1.1" status: 200 len: 2996 time: 0.3285456
Jul 19 21:09:11.916506 dv-neutron-840418-18-hyperv neutron-server[104864]: DEBUG neutron.plugins.ml2.plugin [None req-6e006ade-4179-4d0f-ad5b-84b547ec48e3 tempest-PortsAdminExtendedAttrsIpV6TestJSON-834804219 tempest-PortsAdminExtendedAttrsIpV6TestJSON-834804219-project-admin] Calling delete_port for cdd1741c-5797-4a93-8a10-4bd7c5799a67 owned by {{(pid=104864) delete_port /opt/stack/neutron/neutron/plugins/ml2/plugin.py:2116}}
Jul 19 21:09:11.921342 dv-neutron-840418-18-hyperv neutron-server[104864]: DEBUG neutron.wsgi [-] (104864) accepted ('10.222.0.113', 38350) {{(pid=104864) server /usr/local/lib/python3.8/dist-packages/eventlet/wsgi.py:1004}}
Jul 19 21:09:11.969198 dv-neutron-840418-18-hyperv neutron-server[104863]: DEBUG neutron.api.rpc.handlers.resources_rpc [None req-a25b9624-643b-4dbc-ab30-39b63d48e16a admin admin] Pushing event updated for resources: {'SecurityGroup': ['ID=783a83e3-9e68-457f-bf15-75668e957b35,revision_number=1']} {{(pid=104863) push /opt/stack/neutron/neutron/api/rpc/handlers/resources_rpc.py:237}}
Jul 19 21:09:11.976906 dv-neutron-840418-18-hyperv neutron-server[104863]: DEBUG neutron_lib.callbacks.manager [None req-652a4930-58b6-4103-8d11-3eea01f56833 tempest-FloatingIPTestJSON-1656308632 tempest-FloatingIPTestJSON-1656308632-project] Publish callbacks [] for router_gateway (5ade4eef-53d4-45fc-8fac-08f445fcf9d5), before_create {{(pid=104863) _notify_loop /usr/local/lib/python3.8/dist-packages/neutron_lib/callbacks/manager.py:176}}
Jul 19 21:09:11.987339 dv-neutron-840418-18-hyperv neutron-server[104863]: INFO neutron.wsgi [None req-a25b9624-643b-4dbc-ab30-39b63d48e16a admin admin] 10.222.0.113 "GET /v2.0/security-groups?tenant_id=ef66b8f738514507b061cfd2aa1d7c58&name=default HTTP/1.1" status: 200 len: 2996 time: 2.3769112
Jul 19 21:09:11.998854 dv-neutron-840418-18-hyperv neutron-server[104864]: DEBUG neutron.wsgi [-] (104864) accepted ('10.222.0.113', 38352) {{(pid=104864) server /usr/local/lib/python3.8/dist-packages/eventlet/wsgi.py:1004}}
Jul 19 21:09:12.020099 dv-neutron-840418-18-hyperv neutron-server[104863]: DEBUG dbcounter [-] [104863] Writing DB stats neutron:SELECT=90,neutron:DELETE=8,neutron:INSERT=1,neutron:UPDATE=1 {{(pid=104863) stat_writer /usr/local/lib/python3.8/dist-packages/dbcounter.py:114}}
Jul 19 21:09:12.021928 dv-neutron-840418-18-hyperv neutron-server[104863]: DEBUG neutron_lib.callbacks.manager [None req-652a4930-58b6-4103-8d11-3eea01f56833 tempest-FloatingIPTestJSON-1656308632 tempest-FloatingIPTestJSON-1656308632-project] Publish callbacks ['neutron.plugins.ml2.plugin.SecurityGroupDbMixin._ensure_default_security_group_handler-667721'] for port (None), before_create {{(pid=104863) _notify_loop /usr/local/lib/python3.8/dist-packages/neutron_lib/callbacks/manager.py:176}}
Jul 19 21:09:12.097104 dv-neutron-840418-18-hyperv neutron-server[104863]: DEBUG neutron_lib.callbacks.manager [None req-3c968bdb-6e3f-45b4-9b30-8e531d97bf27 tempest-ExtraDHCPOptionsIpV6TestJSON-962122773 tempest-ExtraDHCPOptionsIpV6TestJSON-962122773-project] Publish callbacks ['neutron.plugins.ml2.plugin.SecurityGroupDbMixin._ensure_default_security_group_handler-667721'] for port (5a439e71-e294-4999-9100-2dbcbae47ae1), before_update {{(pid=104863) _notify_loop /usr/local/lib/python3.8/dist-packages/neutron_lib/callbacks/manager.py:176}}
Jul 19 21:09:12.138267 dv-neutron-840418-18-hyperv neutron-server[104864]: DEBUG neutron_lib.callbacks.manager [None req-ef0d3bc5-fbc6-477a-bbb6-96470c2c2258 admin admin] Publish callbacks [] for security_group (3edae142-6729-48c9-9cc8-adf8439f400a), before_delete {{(pid=104864) _notify_loop /usr/local/lib/python3.8/dist-packages/neutron_lib/callbacks/manager.py:176}}
Jul 19 21:09:12.178715 dv-neutron-840418-18-hyperv neutron-server[104864]: INFO neutron.wsgi [req-b64bc46b-a233-42ac-b5db-d5f5144330c6 req-c0e0f47e-8d34-48f9-a34a-f8d105ddc3e2 service neutron] 10.222.0.113 "GET /v2.0/networks/90b7d8ed-d246-4c09-9dbe-44dc5e0b8e82?fields=segments HTTP/1.1" status: 200 len: 212 time: 0.3628070
Jul 19 21:09:12.191477 dv-neutron-840418-18-hyperv neutron-server[104864]: DEBUG neutron_lib.callbacks.manager [None req-90094d21-bb99-4504-a2f1-e1f27e9af8de admin admin] Publish callbacks [] for security_group (783a83e3-9e68-457f-bf15-75668e957b35), before_delete {{(pid=104864) _notify_loop /usr/local/lib/python3.8/dist-packages/neutron_lib/callbacks/manager.py:176}}
Jul 19 21:09:12.204340 dv-neutron-840418-18-hyperv neutron-server[104864]: DEBUG neutron_lib.callbacks.manager [None req-ef0d3bc5-fbc6-477a-bbb6-96470c2c2258 admin admin] Publish callbacks [] for security_group (3edae142-6729-48c9-9cc8-adf8439f400a), precommit_delete {{(pid=104864) _notify_loop /usr/local/lib/python3.8/dist-packages/neutron_lib/callbacks/manager.py:176}}
Jul 19 21:09:12.271802 dv-neutron-840418-18-hyperv neutron-server[104864]: DEBUG neutron_lib.callbacks.manager [None req-90094d21-bb99-4504-a2f1-e1f27e9af8de admin admin] Publish callbacks [] for security_group (783a83e3-9e68-457f-bf15-75668e957b35), precommit_delete {{(pid=104864) _notify_loop /usr/local/lib/python3.8/dist-packages/neutron_lib/callbacks/manager.py:176}}
Jul 19 21:09:12.273901 dv-neutron-840418-18-hyperv neutron-server[104864]: DEBUG neutron_lib.callbacks.manager [None req-6e006ade-4179-4d0f-ad5b-84b547ec48e3 tempest-PortsAdminExtendedAttrsIpV6TestJSON-834804219 tempest-PortsAdminExtendedAttrsIpV6TestJSON-834804219-project-admin] Publish callbacks ['neutron.plugins.ml2.plugin.SecurityGroupServerNotifierRpcMixin._notify_sg_on_port_change-668300', 'neutron.plugins.ml2.ovo_rpc._ObjectChangeHandler.handle_event-1574', 'neutron.api.rpc.agentnotifiers.dhcp_rpc_agent_api.DhcpAgentNotifyAPI._native_event_send_dhcp_notification-8327916', 'neutron.db.l3_db.L3RpcNotifierMixin._notify_routers_callback-8788178451514', 'neutron.db.l3_dvrscheduler_db._notify_port_delete-8788178103812', 'neutron.services.segments.plugin.NovaSegmentNotifier._notify_port_created_or_deleted-6303259'] for port (cdd1741c-5797-4a93-8a10-4bd7c5799a67), after_delete {{(pid=104864) _notify_loop /usr/local/lib/python3.8/dist-packages/neutron_lib/callbacks/manager.py:176}}
Jul 19 21:09:12.298423 dv-neutron-840418-18-hyperv neutron-server[104863]: DEBUG neutron.db.db_base_plugin_common [None req-652a4930-58b6-4103-8d11-3eea01f56833 tempest-FloatingIPTestJSON-1656308632 tempest-FloatingIPTestJSON-1656308632-project] Allocated IP 172.26.6.83 (5805b845-1051-4dcd-9ba5-d70ddbbc4a89/b8dadd23-5f82-476b-b744-5182415f4945/42ee3cff-110c-48b4-b532-a2bf85e60389) {{(pid=104863) _store_ip_allocation /opt/stack/neutron/neutron/db/db_base_plugin_common.py:131}}
Jul 19 21:09:12.363801 dv-neutron-840418-18-hyperv neutron-server[104864]: DEBUG dbcounter [-] [104864] Writing DB stats neutron:SELECT=97,neutron:DELETE=3 {{(pid=104864) stat_writer /usr/local/lib/python3.8/dist-packages/dbcounter.py:114}}
Jul 19 21:09:12.374137 dv-neutron-840418-18-hyperv neutron-server[104864]: DEBUG neutron.api.rpc.handlers.resources_rpc [None req-6e006ade-4179-4d0f-ad5b-84b547ec48e3 tempest-PortsAdminExtendedAttrsIpV6TestJSON-834804219 tempest-PortsAdminExtendedAttrsIpV6TestJSON-834804219-project-admin] Pushing event deleted for resources: {'Port': ['ID=cdd1741c-5797-4a93-8a10-4bd7c5799a67,revision_number=None']} {{(pid=104864) push /opt/stack/neutron/neutron/api/rpc/handlers/resources_rpc.py:237}}
Jul 19 21:09:12.412094 dv-neutron-840418-18-hyperv neutron-server[104864]: DEBUG neutron_lib.callbacks.manager [None req-6e006ade-4179-4d0f-ad5b-84b547ec48e3 tempest-PortsAdminExtendedAttrsIpV6TestJSON-834804219 tempest-PortsAdminExtendedAttrsIpV6TestJSON-834804219-project-admin] Publish callbacks ['neutron.notifiers.nova.Notifier._send_nova_notification-128054'] for port (None), before_response {{(pid=104864) _notify_loop /usr/local/lib/python3.8/dist-packages/neutron_lib/callbacks/manager.py:176}}
Jul 19 21:09:12.418574 dv-neutron-840418-18-hyperv neutron-server[104864]: INFO neutron.wsgi [None req-6e006ade-4179-4d0f-ad5b-84b547ec48e3 tempest-PortsAdminExtendedAttrsIpV6TestJSON-834804219 tempest-PortsAdminExtendedAttrsIpV6TestJSON-834804219-project-admin] 10.222.0.113 "DELETE /v2.0/ports/cdd1741c-5797-4a93-8a10-4bd7c5799a67 HTTP/1.1" status: 204 len: 168 time: 1.2330284
Jul 19 21:09:12.424226 dv-neutron-840418-18-hyperv neutron-server[104864]: DEBUG neutron.wsgi [-] (104864) accepted ('10.222.0.113', 38366) {{(pid=104864) server /usr/local/lib/python3.8/dist-packages/eventlet/wsgi.py:1004}}
Jul 19 21:09:12.494478 dv-neutron-840418-18-hyperv neutron-server[104863]: DEBUG dbcounter [-] [104863] Writing DB stats neutron:SELECT=90,neutron:INSERT=6,neutron:UPDATE=4 {{(pid=104863) stat_writer /usr/local/lib/python3.8/dist-packages/dbcounter.py:114}}
Jul 19 21:09:12.495067 dv-neutron-840418-18-hyperv neutron-server[104864]: INFO neutron.pecan_wsgi.hooks.translation [None req-775e2b17-dc31-4f09-9157-ad1505e63bf4 tempest-PortsAdminExtendedAttrsIpV6TestJSON-834804219 tempest-PortsAdminExtendedAttrsIpV6TestJSON-834804219-project-admin] GET failed (client error): The resource could not be found.
Jul 19 21:09:12.496796 dv-neutron-840418-18-hyperv neutron-server[104864]: INFO neutron.wsgi [None req-775e2b17-dc31-4f09-9157-ad1505e63bf4 tempest-PortsAdminExtendedAttrsIpV6TestJSON-834804219 tempest-PortsAdminExtendedAttrsIpV6TestJSON-834804219-project-admin] 10.222.0.113 "GET /v2.0/ports/cdd1741c-5797-4a93-8a10-4bd7c5799a67 HTTP/1.1" status: 404 len: 333 time: 0.0711896
Jul 19 21:09:12.501593 dv-neutron-840418-18-hyperv neutron-server[104863]: DEBUG neutron.wsgi [-] (104863) accepted ('10.222.0.113', 38368) {{(pid=104863) server /usr/local/lib/python3.8/dist-packages/eventlet/wsgi.py:1004}}
Jul 19 21:09:12.513138 dv-neutron-840418-18-hyperv neutron-server[104863]: DEBUG neutron.api.v2.base [None req-cd234616-dc17-4e18-b22f-dceccb4322bd tempest-PortsAdminExtendedAttrsIpV6TestJSON-834804219 tempest-PortsAdminExtendedAttrsIpV6TestJSON-834804219-project-admin] Request body: {'port': {'network_id': '4864821d-e669-44dd-91b3-826b23e777d9', 'name': 'tempest-PortsAdminExtendedAttrsIpV6TestJSON-27482639'}} {{(pid=104863) prepare_request_body /opt/stack/neutron/neutron/api/v2/base.py:730}}
Jul 19 21:09:12.525877 dv-neutron-840418-18-hyperv neutron-server[104863]: DEBUG neutron_lib.callbacks.manager [None req-3c968bdb-6e3f-45b4-9b30-8e531d97bf27 tempest-ExtraDHCPOptionsIpV6TestJSON-962122773 tempest-ExtraDHCPOptionsIpV6TestJSON-962122773-project] Publish callbacks [] for port (5a439e71-e294-4999-9100-2dbcbae47ae1), precommit_update {{(pid=104863) _notify_loop /usr/local/lib/python3.8/dist-packages/neutron_lib/callbacks/manager.py:176}}
Jul 19 21:09:12.530903 dv-neutron-840418-18-hyperv neutron-server[104864]: INFO neutron.wsgi [req-b64bc46b-a233-42ac-b5db-d5f5144330c6 req-85b1ded9-6fa1-49db-bde9-f4b76c591dbc service neutron] 10.222.0.113 "GET /v2.0/networks/90b7d8ed-d246-4c09-9dbe-44dc5e0b8e82?fields=provider%3Aphysical_network&fields=provider%3Anetwork_type HTTP/1.1" status: 200 len: 281 time: 0.3363619
Jul 19 21:09:12.540910 dv-neutron-840418-18-hyperv neutron-server[104863]: DEBUG neutron_lib.callbacks.manager [None req-3c968bdb-6e3f-45b4-9b30-8e531d97bf27 tempest-ExtraDHCPOptionsIpV6TestJSON-962122773 tempest-ExtraDHCPOptionsIpV6TestJSON-962122773-project] Publish callbacks ['neutron.plugins.ml2.plugin.SecurityGroupServerNotifierRpcMixin._notify_sg_on_port_change-668300', 'neutron.plugins.ml2.ovo_rpc._ObjectChangeHandler.handle_event-1574', 'neutron.api.rpc.agentnotifiers.dhcp_rpc_agent_api.DhcpAgentNotifyAPI._native_event_send_dhcp_notification-8327916', 'neutron.db.l3_db.L3RpcNotifierMixin._notify_gateway_port_ip_changed-8788178451460', 'neutron.db.l3_dvrscheduler_db._notify_l3_agent_port_update-8788178103821', 'neutron.db.l3_hascheduler_db._notify_l3_agent_ha_port_update-8788178103839', 'neutron.services.segments.plugin.NovaSegmentNotifier._notify_port_updated-5196417'] for port (5a439e71-e294-4999-9100-2dbcbae47ae1), after_update {{(pid=104863) _notify_loop /usr/local/lib/python3.8/dist-packages/neutron_lib/callbacks/manager.py:176}}
Jul 19 21:09:12.553278 dv-neutron-840418-18-hyperv neutron-server[104864]: INFO neutron.wsgi [req-2dd10814-529d-4cc3-9d3f-a76ec0384913 req-8c78dc6b-e632-41b6-9d45-5cbde60bb032 tempest-ServersTestManualDisk-764127082 tempest-ServersTestManualDisk-764127082-project] 10.222.0.113 "GET /v2.0/ports?device_id=2cd6dc3c-2d1e-4abc-8dbf-25e314e09200 HTTP/1.1" status: 200 len: 210 time: 0.1068242
Jul 19 21:09:12.553790 dv-neutron-840418-18-hyperv neutron-server[104864]: DEBUG neutron_lib.callbacks.manager [None req-ef0d3bc5-fbc6-477a-bbb6-96470c2c2258 admin admin] Publish callbacks ['neutron.plugins.ml2.ovo_rpc._ObjectChangeHandler.handle_event-8317252'] for security_group (3edae142-6729-48c9-9cc8-adf8439f400a), after_delete {{(pid=104864) _notify_loop /usr/local/lib/python3.8/dist-packages/neutron_lib/callbacks/manager.py:176}}
Jul 19 21:09:12.556677 dv-neutron-840418-18-hyperv neutron-server[104864]: DEBUG neutron_lib.callbacks.manager [None req-ef0d3bc5-fbc6-477a-bbb6-96470c2c2258 admin admin] Publish callbacks [] for security_group (None), before_response {{(pid=104864) _notify_loop /usr/local/lib/python3.8/dist-packages/neutron_lib/callbacks/manager.py:176}}
Jul 19 21:09:12.557932 dv-neutron-840418-18-hyperv neutron-server[104864]: INFO neutron.wsgi [None req-ef0d3bc5-fbc6-477a-bbb6-96470c2c2258 admin admin] 10.222.0.113 "DELETE /v2.0/security-groups/3edae142-6729-48c9-9cc8-adf8439f400a HTTP/1.1" status: 204 len: 168 time: 0.6356263
Jul 19 21:09:12.558715 dv-neutron-840418-18-hyperv neutron-server[104864]: DEBUG neutron_lib.callbacks.manager [None req-90094d21-bb99-4504-a2f1-e1f27e9af8de admin admin] Publish callbacks ['neutron.plugins.ml2.ovo_rpc._ObjectChangeHandler.handle_event-8317252'] for security_group (783a83e3-9e68-457f-bf15-75668e957b35), after_delete {{(pid=104864) _notify_loop /usr/local/lib/python3.8/dist-packages/neutron_lib/callbacks/manager.py:176}}
Jul 19 21:09:12.561594 dv-neutron-840418-18-hyperv neutron-server[104864]: DEBUG neutron_lib.callbacks.manager [None req-90094d21-bb99-4504-a2f1-e1f27e9af8de admin admin] Publish callbacks [] for security_group (None), before_response {{(pid=104864) _notify_loop /usr/local/lib/python3.8/dist-packages/neutron_lib/callbacks/manager.py:176}}
Jul 19 21:09:12.565573 dv-neutron-840418-18-hyperv neutron-server[104864]: INFO neutron.wsgi [None req-90094d21-bb99-4504-a2f1-e1f27e9af8de admin admin] 10.222.0.113 "DELETE /v2.0/security-groups/783a83e3-9e68-457f-bf15-75668e957b35 HTTP/1.1" status: 204 len: 168 time: 0.5627611
Jul 19 21:09:12.575042 dv-neutron-840418-18-hyperv neutron-server[104864]: DEBUG neutron.api.rpc.handlers.resources_rpc [None req-ef0d3bc5-fbc6-477a-bbb6-96470c2c2258 admin admin] Pushing event deleted for resources: {'SecurityGroup': ['ID=3edae142-6729-48c9-9cc8-adf8439f400a,revision_number=None']} {{(pid=104864) push /opt/stack/neutron/neutron/api/rpc/handlers/resources_rpc.py:237}}
Jul 19 21:09:12.611511 dv-neutron-840418-18-hyperv neutron-server[104863]: DEBUG neutron_lib.callbacks.manager [None req-652a4930-58b6-4103-8d11-3eea01f56833 tempest-FloatingIPTestJSON-1656308632 tempest-FloatingIPTestJSON-1656308632-project] Publish callbacks [] for port (42ee3cff-110c-48b4-b532-a2bf85e60389), precommit_create {{(pid=104863) _notify_loop /usr/local/lib/python3.8/dist-packages/neutron_lib/callbacks/manager.py:176}}
Jul 19 21:09:12.650423 dv-neutron-840418-18-hyperv neutron-server[104864]: DEBUG neutron.api.rpc.handlers.resources_rpc [None req-90094d21-bb99-4504-a2f1-e1f27e9af8de admin admin] Pushing event deleted for resources: {'SecurityGroup': ['ID=783a83e3-9e68-457f-bf15-75668e957b35,revision_number=None']} {{(pid=104864) push /opt/stack/neutron/neutron/api/rpc/handlers/resources_rpc.py:237}}
Jul 19 21:09:12.663706 dv-neutron-840418-18-hyperv neutron-server[104863]: DEBUG neutron.plugins.ml2.plugin [None req-3c968bdb-6e3f-45b4-9b30-8e531d97bf27 tempest-ExtraDHCPOptionsIpV6TestJSON-962122773 tempest-ExtraDHCPOptionsIpV6TestJSON-962122773-project] In _notify_port_updated(), no bound segment for port 5a439e71-e294-4999-9100-2dbcbae47ae1 on network 8badba81-81d8-43d3-b264-72c35fc0b49d {{(pid=104863) _notify_port_updated /opt/stack/neutron/neutron/plugins/ml2/plugin.py:931}}
Jul 19 21:09:12.669754 dv-neutron-840418-18-hyperv neutron-server[104863]: DEBUG neutron.pecan_wsgi.hooks.policy_enforcement [None req-3c968bdb-6e3f-45b4-9b30-8e531d97bf27 tempest-ExtraDHCPOptionsIpV6TestJSON-962122773 tempest-ExtraDHCPOptionsIpV6TestJSON-962122773-project] Attributes excluded by policy engine: ['standard_attr_id', 'binding:profile', 'binding:host_id', 'binding:vif_type', 'binding:vif_details'] {{(pid=104863) _exclude_attributes_by_policy /opt/stack/neutron/neutron/pecan_wsgi/hooks/policy_enforcement.py:259}}
Jul 19 21:09:12.670547 dv-neutron-840418-18-hyperv neutron-server[104863]: DEBUG neutron_lib.callbacks.manager [None req-3c968bdb-6e3f-45b4-9b30-8e531d97bf27 tempest-ExtraDHCPOptionsIpV6TestJSON-962122773 tempest-ExtraDHCPOptionsIpV6TestJSON-962122773-project] Publish callbacks ['neutron.notifiers.nova.Notifier._send_nova_notification-128054'] for port (None), before_response {{(pid=104863) _notify_loop /usr/local/lib/python3.8/dist-packages/neutron_lib/callbacks/manager.py:176}}
Jul 19 21:09:12.671969 dv-neutron-840418-18-hyperv neutron-server[104863]: INFO neutron.wsgi [None req-3c968bdb-6e3f-45b4-9b30-8e531d97bf27 tempest-ExtraDHCPOptionsIpV6TestJSON-962122773 tempest-ExtraDHCPOptionsIpV6TestJSON-962122773-project] 10.222.0.113 "PUT /v2.0/ports/5a439e71-e294-4999-9100-2dbcbae47ae1 HTTP/1.1" status: 200 len: 1130 time: 1.0343645
Jul 19 21:09:12.675187 dv-neutron-840418-18-hyperv neutron-server[104863]: DEBUG neutron.pecan_wsgi.hooks.quota_enforcement [None req-cd234616-dc17-4e18-b22f-dceccb4322bd tempest-PortsAdminExtendedAttrsIpV6TestJSON-834804219 tempest-PortsAdminExtendedAttrsIpV6TestJSON-834804219-project-admin] Made reservation on behalf of e7dd8d1888c245158ebf78a75d25f9e7 for: {'port': 1} {{(pid=104863) before /opt/stack/neutron/neutron/pecan_wsgi/hooks/quota_enforcement.py:53}}
Jul 19 21:09:12.676146 dv-neutron-840418-18-hyperv neutron-server[104864]: DEBUG neutron.wsgi [-] (104864) accepted ('10.222.0.113', 38376) {{(pid=104864) server /usr/local/lib/python3.8/dist-packages/eventlet/wsgi.py:1004}}
Jul 19 21:09:12.678912 dv-neutron-840418-18-hyperv neutron-server[104863]: DEBUG neutron_lib.callbacks.manager [None req-cd234616-dc17-4e18-b22f-dceccb4322bd tempest-PortsAdminExtendedAttrsIpV6TestJSON-834804219 tempest-PortsAdminExtendedAttrsIpV6TestJSON-834804219-project-admin] Publish callbacks ['neutron.plugins.ml2.plugin.SecurityGroupDbMixin._ensure_default_security_group_handler-667721'] for port (None), before_create {{(pid=104863) _notify_loop /usr/local/lib/python3.8/dist-packages/neutron_lib/callbacks/manager.py:176}}
Jul 19 21:09:12.706692 dv-neutron-840418-18-hyperv neutron-server[104863]: DEBUG neutron.api.rpc.handlers.resources_rpc [None req-3c968bdb-6e3f-45b4-9b30-8e531d97bf27 tempest-ExtraDHCPOptionsIpV6TestJSON-962122773 tempest-ExtraDHCPOptionsIpV6TestJSON-962122773-project] Pushing event updated for resources: {'Port': ['ID=5a439e71-e294-4999-9100-2dbcbae47ae1,revision_number=2']} {{(pid=104863) push /opt/stack/neutron/neutron/api/rpc/handlers/resources_rpc.py:237}}
Jul 19 21:09:12.724906 dv-neutron-840418-18-hyperv neutron-server[104863]: DEBUG neutron.notifiers.nova [None req-cd234616-dc17-4e18-b22f-dceccb4322bd tempest-PortsAdminExtendedAttrsIpV6TestJSON-834804219 tempest-PortsAdminExtendedAttrsIpV6TestJSON-834804219-project-admin] device_id is not set on port 5ec9ead0-3c59-42c9-afff-b6ca52d0c2ef yet. {{(pid=104863) _can_notify /opt/stack/neutron/neutron/notifiers/nova.py:199}}
Jul 19 21:09:13.040499 dv-neutron-840418-18-hyperv neutron-server[104863]: DEBUG neutron_lib.callbacks.manager [None req-cd234616-dc17-4e18-b22f-dceccb4322bd tempest-PortsAdminExtendedAttrsIpV6TestJSON-834804219 tempest-PortsAdminExtendedAttrsIpV6TestJSON-834804219-project-admin] Publish callbacks [] for port (5ec9ead0-3c59-42c9-afff-b6ca52d0c2ef), precommit_create {{(pid=104863) _notify_loop /usr/local/lib/python3.8/dist-packages/neutron_lib/callbacks/manager.py:176}}
Jul 19 21:09:13.124383 dv-neutron-840418-18-hyperv neutron-server[104863]: DEBUG dbcounter [-] [104863] Writing DB stats neutron:SELECT=87,neutron:UPDATE=4,neutron:INSERT=9 {{(pid=104863) stat_writer /usr/local/lib/python3.8/dist-packages/dbcounter.py:114}}
Jul 19 21:09:13.135989 dv-neutron-840418-18-hyperv neutron-server[104863]: DEBUG neutron_lib.callbacks.manager [None req-cd234616-dc17-4e18-b22f-dceccb4322bd tempest-PortsAdminExtendedAttrsIpV6TestJSON-834804219 tempest-PortsAdminExtendedAttrsIpV6TestJSON-834804219-project-admin] Publish callbacks ['neutron.plugins.ml2.plugin.SecurityGroupServerNotifierRpcMixin._notify_sg_on_port_change-668300', 'neutron.plugins.ml2.ovo_rpc._ObjectChangeHandler.handle_event-1574', 'neutron.api.rpc.agentnotifiers.dhcp_rpc_agent_api.DhcpAgentNotifyAPI._native_event_send_dhcp_notification-8327916', 'neutron.db.l3_dvrscheduler_db._notify_l3_agent_new_port-8788178103287', 'neutron.services.segments.plugin.NovaSegmentNotifier._notify_port_created_or_deleted-5196470'] for port (5ec9ead0-3c59-42c9-afff-b6ca52d0c2ef), after_create {{(pid=104863) _notify_loop /usr/local/lib/python3.8/dist-packages/neutron_lib/callbacks/manager.py:176}}
Jul 19 21:09:13.219824 dv-neutron-840418-18-hyperv neutron-server[104864]: INFO neutron.wsgi [req-35dfedef-2dd7-4373-9606-db5bbce3c257 req-eb22b012-94a3-46c1-b0aa-7d38af261571 tempest-ServerActionsTestJSON-90771421 tempest-ServerActionsTestJSON-90771421-project] 10.222.0.113 "GET /v2.0/ports?device_id=8f74ad81-dfb6-46a4-9550-54d7ceae1806 HTTP/1.1" status: 200 len: 210 time: 0.0780632
Jul 19 21:09:13.237538 dv-neutron-840418-18-hyperv neutron-server[104863]: DEBUG neutron_lib.callbacks.manager [None req-652a4930-58b6-4103-8d11-3eea01f56833 tempest-FloatingIPTestJSON-1656308632 tempest-FloatingIPTestJSON-1656308632-project] Publish callbacks ['neutron.plugins.ml2.plugin.SecurityGroupServerNotifierRpcMixin._notify_sg_on_port_change-668300', 'neutron.plugins.ml2.ovo_rpc._ObjectChangeHandler.handle_event-1574', 'neutron.api.rpc.agentnotifiers.dhcp_rpc_agent_api.DhcpAgentNotifyAPI._native_event_send_dhcp_notification-8327916', 'neutron.db.l3_dvrscheduler_db._notify_l3_agent_new_port-8788178103287', 'neutron.services.segments.plugin.NovaSegmentNotifier._notify_port_created_or_deleted-5196470'] for port (42ee3cff-110c-48b4-b532-a2bf85e60389), after_create {{(pid=104863) _notify_loop /usr/local/lib/python3.8/dist-packages/neutron_lib/callbacks/manager.py:176}}
Jul 19 21:09:13.254817 dv-neutron-840418-18-hyperv neutron-server[104865]: DEBUG neutron.db.provisioning_blocks [None req-0e810421-c36a-4f0d-9ace-b6ca3b29fc92 None None] Provisioning complete for port 5a439e71-e294-4999-9100-2dbcbae47ae1 triggered by entity DHCP. {{(pid=104865) provisioning_complete /opt/stack/neutron/neutron/db/provisioning_blocks.py:145}}
Jul 19 21:09:13.255913 dv-neutron-840418-18-hyperv neutron-server[104865]: DEBUG neutron_lib.callbacks.manager [None req-0e810421-c36a-4f0d-9ace-b6ca3b29fc92 None None] Publish callbacks ['neutron.plugins.ml2.plugin.Ml2Plugin._port_provisioned-678302'] for port (5a439e71-e294-4999-9100-2dbcbae47ae1), provisioning_complete {{(pid=104865) _notify_loop /usr/local/lib/python3.8/dist-packages/neutron_lib/callbacks/manager.py:176}}
Jul 19 21:09:13.267341 dv-neutron-840418-18-hyperv neutron-server[104863]: DEBUG neutron.scheduler.dhcp_agent_scheduler [None req-cd234616-dc17-4e18-b22f-dceccb4322bd tempest-PortsAdminExtendedAttrsIpV6TestJSON-834804219 tempest-PortsAdminExtendedAttrsIpV6TestJSON-834804219-project-admin] Network 4864821d-e669-44dd-91b3-826b23e777d9 is already hosted by enough agents. {{(pid=104863) _get_dhcp_agents_hosting_network /opt/stack/neutron/neutron/scheduler/dhcp_agent_scheduler.py:275}}
Jul 19 21:09:13.270646 dv-neutron-840418-18-hyperv neutron-server[104863]: DEBUG neutron.api.rpc.handlers.resources_rpc [None req-cd234616-dc17-4e18-b22f-dceccb4322bd tempest-PortsAdminExtendedAttrsIpV6TestJSON-834804219 tempest-PortsAdminExtendedAttrsIpV6TestJSON-834804219-project-admin] Pushing event updated for resources: {'Port': ['ID=5ec9ead0-3c59-42c9-afff-b6ca52d0c2ef,revision_number=1']} {{(pid=104863) push /opt/stack/neutron/neutron/api/rpc/handlers/resources_rpc.py:237}}
Jul 19 21:09:13.278290 dv-neutron-840418-18-hyperv neutron-server[104863]: DEBUG neutron.scheduler.base_scheduler [None req-cd234616-dc17-4e18-b22f-dceccb4322bd tempest-PortsAdminExtendedAttrsIpV6TestJSON-834804219 tempest-PortsAdminExtendedAttrsIpV6TestJSON-834804219-project-admin] Resources bound (agent type, host, resource id): {{(pid=104863) schedule /opt/stack/neutron/neutron/scheduler/base_scheduler.py:57}}
Jul 19 21:09:13.296925 dv-neutron-840418-18-hyperv neutron-server[104863]: DEBUG neutron.scheduler.dhcp_agent_scheduler [None req-652a4930-58b6-4103-8d11-3eea01f56833 tempest-FloatingIPTestJSON-1656308632 tempest-FloatingIPTestJSON-1656308632-project] Network 5805b845-1051-4dcd-9ba5-d70ddbbc4a89 is already hosted by enough agents. {{(pid=104863) _get_dhcp_agents_hosting_network /opt/stack/neutron/neutron/scheduler/dhcp_agent_scheduler.py:275}}
Jul 19 21:09:13.366520 dv-neutron-840418-18-hyperv neutron-server[104864]: INFO neutron.wsgi [req-c2e2f080-369e-4e19-b63b-8b5421bac21d req-dc790482-7e6c-421a-824e-eaed26a620fa tempest-ServersTestJSON-1635506843 tempest-ServersTestJSON-1635506843-project] 10.222.0.113 "GET /v2.0/ports?device_id=0236823f-47c3-44e5-abe2-50023409246c HTTP/1.1" status: 200 len: 210 time: 0.1194477
Jul 19 21:09:13.398697 dv-neutron-840418-18-hyperv neutron-server[104865]: DEBUG neutron.plugins.ml2.plugin [None req-0e810421-c36a-4f0d-9ace-b6ca3b29fc92 None None] Port 5a439e71-e294-4999-9100-2dbcbae47ae1 cannot update to ACTIVE because it is not bound. {{(pid=104865) _port_provisioned /opt/stack/neutron/neutron/plugins/ml2/plugin.py:348}}
Jul 19 21:09:13.401164 dv-neutron-840418-18-hyperv neutron-server[104864]: DEBUG neutron.pecan_wsgi.hooks.policy_enforcement [None req-df37e45c-7c94-4f60-82e8-12e60dcc9c91 tempest-ExtraDHCPOptionsIpV6TestJSON-962122773 tempest-ExtraDHCPOptionsIpV6TestJSON-962122773-project] Attributes excluded by policy engine: ['standard_attr_id', 'binding:profile', 'binding:host_id', 'binding:vif_type', 'binding:vif_details'] {{(pid=104864) _exclude_attributes_by_policy /opt/stack/neutron/neutron/pecan_wsgi/hooks/policy_enforcement.py:259}}
Jul 19 21:09:13.404991 dv-neutron-840418-18-hyperv neutron-server[104863]: DEBUG neutron.api.rpc.handlers.resources_rpc [None req-652a4930-58b6-4103-8d11-3eea01f56833 tempest-FloatingIPTestJSON-1656308632 tempest-FloatingIPTestJSON-1656308632-project] Pushing event updated for resources: {'Port': ['ID=42ee3cff-110c-48b4-b532-a2bf85e60389,revision_number=1']} {{(pid=104863) push /opt/stack/neutron/neutron/api/rpc/handlers/resources_rpc.py:237}}
Jul 19 21:09:13.406084 dv-neutron-840418-18-hyperv neutron-server[104864]: INFO neutron.wsgi [None req-df37e45c-7c94-4f60-82e8-12e60dcc9c91 tempest-ExtraDHCPOptionsIpV6TestJSON-962122773 tempest-ExtraDHCPOptionsIpV6TestJSON-962122773-project] 10.222.0.113 "GET /v2.0/ports/5a439e71-e294-4999-9100-2dbcbae47ae1 HTTP/1.1" status: 200 len: 1130 time: 0.7259142
Jul 19 21:09:13.406899 dv-neutron-840418-18-hyperv neutron-server[104864]: DEBUG neutron.wsgi [-] (104864) accepted ('10.222.0.113', 38402) {{(pid=104864) server /usr/local/lib/python3.8/dist-packages/eventlet/wsgi.py:1004}}
Jul 19 21:09:13.407508 dv-neutron-840418-18-hyperv neutron-server[104863]: DEBUG neutron.db.l3_dvrscheduler_db [None req-cd234616-dc17-4e18-b22f-dceccb4322bd tempest-PortsAdminExtendedAttrsIpV6TestJSON-834804219 tempest-PortsAdminExtendedAttrsIpV6TestJSON-834804219-project-admin] Received port after_create {{(pid=104863) _notify_l3_agent_new_port /opt/stack/neutron/neutron/db/l3_dvrscheduler_db.py:542}}
Jul 19 21:09:13.408593 dv-neutron-840418-18-hyperv neutron-server[104863]: DEBUG neutron.pecan_wsgi.hooks.policy_enforcement [None req-cd234616-dc17-4e18-b22f-dceccb4322bd tempest-PortsAdminExtendedAttrsIpV6TestJSON-834804219 tempest-PortsAdminExtendedAttrsIpV6TestJSON-834804219-project-admin] Attributes excluded by policy engine: ['standard_attr_id', 'network'] {{(pid=104863) _exclude_attributes_by_policy /opt/stack/neutron/neutron/pecan_wsgi/hooks/policy_enforcement.py:259}}
Jul 19 21:09:13.409220 dv-neutron-840418-18-hyperv neutron-server[104863]: DEBUG neutron_lib.callbacks.manager [None req-cd234616-dc17-4e18-b22f-dceccb4322bd tempest-PortsAdminExtendedAttrsIpV6TestJSON-834804219 tempest-PortsAdminExtendedAttrsIpV6TestJSON-834804219-project-admin] Publish callbacks ['neutron.notifiers.nova.Notifier._send_nova_notification-128054'] for port (None), before_response {{(pid=104863) _notify_loop /usr/local/lib/python3.8/dist-packages/neutron_lib/callbacks/manager.py:176}}
Jul 19 21:09:13.413673 dv-neutron-840418-18-hyperv neutron-server[104863]: DEBUG neutron.scheduler.base_scheduler [None req-652a4930-58b6-4103-8d11-3eea01f56833 tempest-FloatingIPTestJSON-1656308632 tempest-FloatingIPTestJSON-1656308632-project] Resources bound (agent type, host, resource id): {{(pid=104863) schedule /opt/stack/neutron/neutron/scheduler/base_scheduler.py:57}}
Jul 19 21:09:13.418217 dv-neutron-840418-18-hyperv neutron-server[104863]: DEBUG neutron.db.l3_dvrscheduler_db [None req-652a4930-58b6-4103-8d11-3eea01f56833 tempest-FloatingIPTestJSON-1656308632 tempest-FloatingIPTestJSON-1656308632-project] Received port after_create {{(pid=104863) _notify_l3_agent_new_port /opt/stack/neutron/neutron/db/l3_dvrscheduler_db.py:542}}
Jul 19 21:09:13.457356 dv-neutron-840418-18-hyperv neutron-server[104864]: DEBUG dbcounter [-] [104864] Writing DB stats neutron:SELECT=90,neutron:DELETE=10 {{(pid=104864) stat_writer /usr/local/lib/python3.8/dist-packages/dbcounter.py:114}}
