Jun 30 20:51:50.955533 dv-neutron-840418-10-hyperv devstack@g-api.service[114055]: DEBUG glance.api.middleware.version_negotiation [None req-811649ff-4f19-478f-8299-60c638cfe787 tempest-ServerActionsTestJSON-503466171 tempest-ServerActionsTestJSON-503466171-project] Determining version of request: GET /v2/schemas/image Accept: */* {{(pid=114055) process_request /opt/stack/glance/glance/api/middleware/version_negotiation.py:44}}
Jun 30 20:51:50.955996 dv-neutron-840418-10-hyperv devstack@g-api.service[114055]: DEBUG glance.api.middleware.version_negotiation [None req-811649ff-4f19-478f-8299-60c638cfe787 tempest-ServerActionsTestJSON-503466171 tempest-ServerActionsTestJSON-503466171-project] Using url versioning {{(pid=114055) process_request /opt/stack/glance/glance/api/middleware/version_negotiation.py:57}}
Jun 30 20:51:50.956188 dv-neutron-840418-10-hyperv devstack@g-api.service[114055]: DEBUG glance.api.middleware.version_negotiation [None req-811649ff-4f19-478f-8299-60c638cfe787 tempest-ServerActionsTestJSON-503466171 tempest-ServerActionsTestJSON-503466171-project] Matched version: v2 {{(pid=114055) process_request /opt/stack/glance/glance/api/middleware/version_negotiation.py:69}}
Jun 30 20:51:50.956472 dv-neutron-840418-10-hyperv devstack@g-api.service[114055]: DEBUG glance.api.middleware.version_negotiation [None req-811649ff-4f19-478f-8299-60c638cfe787 tempest-ServerActionsTestJSON-503466171 tempest-ServerActionsTestJSON-503466171-project] new path /v2/schemas/image {{(pid=114055) process_request /opt/stack/glance/glance/api/middleware/version_negotiation.py:70}}
Jun 30 20:51:50.960871 dv-neutron-840418-10-hyperv devstack@g-api.service[114055]: [pid: 114055|app: 0|req: 81/160] 127.0.0.1 () {42 vars in 1006 bytes} [Thu Jun 30 20:51:50 2022] GET /v2/schemas/image => generated 6083 bytes in 6 msecs (HTTP/1.1 200) 4 headers in 158 bytes (1 switches on core 0)
Jun 30 20:51:54.071751 dv-neutron-840418-10-hyperv devstack@g-api.service[114056]: DEBUG glance.api.middleware.version_negotiation [None req-e88bde1b-58c9-41c5-ad55-fc6a6bd55355 tempest-ServersNegativeTestJSON-1173700243 tempest-ServersNegativeTestJSON-1173700243-project] Determining version of request: GET /v2/images/75317f1f-45e6-4d33-9255-6174a506c9ec Accept: */* {{(pid=114056) process_request /opt/stack/glance/glance/api/middleware/version_negotiation.py:44}}
Jun 30 20:51:54.072271 dv-neutron-840418-10-hyperv devstack@g-api.service[114056]: DEBUG glance.api.middleware.version_negotiation [None req-e88bde1b-58c9-41c5-ad55-fc6a6bd55355 tempest-ServersNegativeTestJSON-1173700243 tempest-ServersNegativeTestJSON-1173700243-project] Using url versioning {{(pid=114056) process_request /opt/stack/glance/glance/api/middleware/version_negotiation.py:57}}
Jun 30 20:51:54.072581 dv-neutron-840418-10-hyperv devstack@g-api.service[114056]: DEBUG glance.api.middleware.version_negotiation [None req-e88bde1b-58c9-41c5-ad55-fc6a6bd55355 tempest-ServersNegativeTestJSON-1173700243 tempest-ServersNegativeTestJSON-1173700243-project] Matched version: v2 {{(pid=114056) process_request /opt/stack/glance/glance/api/middleware/version_negotiation.py:69}}
Jun 30 20:51:54.072677 dv-neutron-840418-10-hyperv devstack@g-api.service[114056]: DEBUG glance.api.middleware.version_negotiation [None req-e88bde1b-58c9-41c5-ad55-fc6a6bd55355 tempest-ServersNegativeTestJSON-1173700243 tempest-ServersNegativeTestJSON-1173700243-project] new path /v2/images/75317f1f-45e6-4d33-9255-6174a506c9ec {{(pid=114056) process_request /opt/stack/glance/glance/api/middleware/version_negotiation.py:70}}
Jun 30 20:51:54.088898 dv-neutron-840418-10-hyperv devstack@g-api.service[114056]: [pid: 114056|app: 0|req: 80/161] 127.0.0.1 () {40 vars in 859 bytes} [Thu Jun 30 20:51:54 2022] GET /v2/images/75317f1f-45e6-4d33-9255-6174a506c9ec => generated 946 bytes in 18 msecs (HTTP/1.1 200) 4 headers in 157 bytes (1 switches on core 0)
Jun 30 20:51:54.094342 dv-neutron-840418-10-hyperv devstack@g-api.service[114055]: DEBUG glance.api.middleware.version_negotiation [None req-e88bde1b-58c9-41c5-ad55-fc6a6bd55355 tempest-ServersNegativeTestJSON-1173700243 tempest-ServersNegativeTestJSON-1173700243-project] Determining version of request: GET /v2/schemas/image Accept: */* {{(pid=114055) process_request /opt/stack/glance/glance/api/middleware/version_negotiation.py:44}}
Jun 30 20:51:54.094829 dv-neutron-840418-10-hyperv devstack@g-api.service[114055]: DEBUG glance.api.middleware.version_negotiation [None req-e88bde1b-58c9-41c5-ad55-fc6a6bd55355 tempest-ServersNegativeTestJSON-1173700243 tempest-ServersNegativeTestJSON-1173700243-project] Using url versioning {{(pid=114055) process_request /opt/stack/glance/glance/api/middleware/version_negotiation.py:57}}
Jun 30 20:51:54.094992 dv-neutron-840418-10-hyperv devstack@g-api.service[114055]: DEBUG glance.api.middleware.version_negotiation [None req-e88bde1b-58c9-41c5-ad55-fc6a6bd55355 tempest-ServersNegativeTestJSON-1173700243 tempest-ServersNegativeTestJSON-1173700243-project] Matched version: v2 {{(pid=114055) process_request /opt/stack/glance/glance/api/middleware/version_negotiation.py:69}}
Jun 30 20:51:54.095334 dv-neutron-840418-10-hyperv devstack@g-api.service[114055]: DEBUG glance.api.middleware.version_negotiation [None req-e88bde1b-58c9-41c5-ad55-fc6a6bd55355 tempest-ServersNegativeTestJSON-1173700243 tempest-ServersNegativeTestJSON-1173700243-project] new path /v2/schemas/image {{(pid=114055) process_request /opt/stack/glance/glance/api/middleware/version_negotiation.py:70}}
Jun 30 20:51:54.099461 dv-neutron-840418-10-hyperv devstack@g-api.service[114055]: [pid: 114055|app: 0|req: 82/162] 127.0.0.1 () {40 vars in 799 bytes} [Thu Jun 30 20:51:54 2022] GET /v2/schemas/image => generated 6083 bytes in 5 msecs (HTTP/1.1 200) 4 headers in 158 bytes (1 switches on core 0)
Jun 30 20:52:03.421547 dv-neutron-840418-10-hyperv devstack@g-api.service[114056]: DEBUG glance.api.middleware.version_negotiation [None req-e88bde1b-58c9-41c5-ad55-fc6a6bd55355 tempest-ServersNegativeTestJSON-1173700243 tempest-ServersNegativeTestJSON-1173700243-project] Determining version of request: GET /v2/images/75317f1f-45e6-4d33-9255-6174a506c9ec Accept: */* {{(pid=114056) process_request /opt/stack/glance/glance/api/middleware/version_negotiation.py:44}}
Jun 30 20:52:03.421961 dv-neutron-840418-10-hyperv devstack@g-api.service[114056]: DEBUG glance.api.middleware.version_negotiation [None req-e88bde1b-58c9-41c5-ad55-fc6a6bd55355 tempest-ServersNegativeTestJSON-1173700243 tempest-ServersNegativeTestJSON-1173700243-project] Using url versioning {{(pid=114056) process_request /opt/stack/glance/glance/api/middleware/version_negotiation.py:57}}
Jun 30 20:52:03.422237 dv-neutron-840418-10-hyperv devstack@g-api.service[114056]: DEBUG glance.api.middleware.version_negotiation [None req-e88bde1b-58c9-41c5-ad55-fc6a6bd55355 tempest-ServersNegativeTestJSON-1173700243 tempest-ServersNegativeTestJSON-1173700243-project] Matched version: v2 {{(pid=114056) process_request /opt/stack/glance/glance/api/middleware/version_negotiation.py:69}}
Jun 30 20:52:03.422549 dv-neutron-840418-10-hyperv devstack@g-api.service[114056]: DEBUG glance.api.middleware.version_negotiation [None req-e88bde1b-58c9-41c5-ad55-fc6a6bd55355 tempest-ServersNegativeTestJSON-1173700243 tempest-ServersNegativeTestJSON-1173700243-project] new path /v2/images/75317f1f-45e6-4d33-9255-6174a506c9ec {{(pid=114056) process_request /opt/stack/glance/glance/api/middleware/version_negotiation.py:70}}
Jun 30 20:52:03.439682 dv-neutron-840418-10-hyperv devstack@g-api.service[114056]: [pid: 114056|app: 0|req: 81/163] 127.0.0.1 () {42 vars in 1066 bytes} [Thu Jun 30 20:52:03 2022] GET /v2/images/75317f1f-45e6-4d33-9255-6174a506c9ec => generated 946 bytes in 18 msecs (HTTP/1.1 200) 4 headers in 157 bytes (1 switches on core 0)
Jun 30 20:52:03.444750 dv-neutron-840418-10-hyperv devstack@g-api.service[114055]: DEBUG glance.api.middleware.version_negotiation [None req-e88bde1b-58c9-41c5-ad55-fc6a6bd55355 tempest-ServersNegativeTestJSON-1173700243 tempest-ServersNegativeTestJSON-1173700243-project] Determining version of request: GET /v2/schemas/image Accept: */* {{(pid=114055) process_request /opt/stack/glance/glance/api/middleware/version_negotiation.py:44}}
Jun 30 20:52:03.445201 dv-neutron-840418-10-hyperv devstack@g-api.service[114055]: DEBUG glance.api.middleware.version_negotiation [None req-e88bde1b-58c9-41c5-ad55-fc6a6bd55355 tempest-ServersNegativeTestJSON-1173700243 tempest-ServersNegativeTestJSON-1173700243-project] Using url versioning {{(pid=114055) process_request /opt/stack/glance/glance/api/middleware/version_negotiation.py:57}}
Jun 30 20:52:03.445424 dv-neutron-840418-10-hyperv devstack@g-api.service[114055]: DEBUG glance.api.middleware.version_negotiation [None req-e88bde1b-58c9-41c5-ad55-fc6a6bd55355 tempest-ServersNegativeTestJSON-1173700243 tempest-ServersNegativeTestJSON-1173700243-project] Matched version: v2 {{(pid=114055) process_request /opt/stack/glance/glance/api/middleware/version_negotiation.py:69}}
Jun 30 20:52:03.445782 dv-neutron-840418-10-hyperv devstack@g-api.service[114055]: DEBUG glance.api.middleware.version_negotiation [None req-e88bde1b-58c9-41c5-ad55-fc6a6bd55355 tempest-ServersNegativeTestJSON-1173700243 tempest-ServersNegativeTestJSON-1173700243-project] new path /v2/schemas/image {{(pid=114055) process_request /opt/stack/glance/glance/api/middleware/version_negotiation.py:70}}
Jun 30 20:52:03.450207 dv-neutron-840418-10-hyperv devstack@g-api.service[114055]: [pid: 114055|app: 0|req: 83/164] 127.0.0.1 () {42 vars in 1006 bytes} [Thu Jun 30 20:52:03 2022] GET /v2/schemas/image => generated 6083 bytes in 6 msecs (HTTP/1.1 200) 4 headers in 158 bytes (1 switches on core 0)
Jun 30 20:52:06.271555 dv-neutron-840418-10-hyperv devstack@g-api.service[114056]: DEBUG glance.api.middleware.version_negotiation [None req-fa7a4a7d-efa7-4d95-954d-d610a1cb17e1 tempest-ServersNegativeTestJSON-1173700243 tempest-ServersNegativeTestJSON-1173700243-project] Determining version of request: GET /v2/images/75317f1f-45e6-4d33-9255-6174a506c9ec Accept: */* {{(pid=114056) process_request /opt/stack/glance/glance/api/middleware/version_negotiation.py:44}}
Jun 30 20:52:06.272203 dv-neutron-840418-10-hyperv devstack@g-api.service[114056]: DEBUG glance.api.middleware.version_negotiation [None req-fa7a4a7d-efa7-4d95-954d-d610a1cb17e1 tempest-ServersNegativeTestJSON-1173700243 tempest-ServersNegativeTestJSON-1173700243-project] Using url versioning {{(pid=114056) process_request /opt/stack/glance/glance/api/middleware/version_negotiation.py:57}}
Jun 30 20:52:06.273056 dv-neutron-840418-10-hyperv devstack@g-api.service[114056]: DEBUG glance.api.middleware.version_negotiation [None req-fa7a4a7d-efa7-4d95-954d-d610a1cb17e1 tempest-ServersNegativeTestJSON-1173700243 tempest-ServersNegativeTestJSON-1173700243-project] Matched version: v2 {{(pid=114056) process_request /opt/stack/glance/glance/api/middleware/version_negotiation.py:69}}
Jun 30 20:52:06.273344 dv-neutron-840418-10-hyperv devstack@g-api.service[114056]: DEBUG glance.api.middleware.version_negotiation [None req-fa7a4a7d-efa7-4d95-954d-d610a1cb17e1 tempest-ServersNegativeTestJSON-1173700243 tempest-ServersNegativeTestJSON-1173700243-project] new path /v2/images/75317f1f-45e6-4d33-9255-6174a506c9ec {{(pid=114056) process_request /opt/stack/glance/glance/api/middleware/version_negotiation.py:70}}
Jun 30 20:52:06.288843 dv-neutron-840418-10-hyperv devstack@g-api.service[114056]: [pid: 114056|app: 0|req: 82/165] 127.0.0.1 () {40 vars in 859 bytes} [Thu Jun 30 20:52:06 2022] GET /v2/images/75317f1f-45e6-4d33-9255-6174a506c9ec => generated 946 bytes in 18 msecs (HTTP/1.1 200) 4 headers in 157 bytes (1 switches on core 0)
Jun 30 20:52:06.294394 dv-neutron-840418-10-hyperv devstack@g-api.service[114055]: DEBUG glance.api.middleware.version_negotiation [None req-fa7a4a7d-efa7-4d95-954d-d610a1cb17e1 tempest-ServersNegativeTestJSON-1173700243 tempest-ServersNegativeTestJSON-1173700243-project] Determining version of request: GET /v2/schemas/image Accept: */* {{(pid=114055) process_request /opt/stack/glance/glance/api/middleware/version_negotiation.py:44}}
Jun 30 20:52:06.294866 dv-neutron-840418-10-hyperv devstack@g-api.service[114055]: DEBUG glance.api.middleware.version_negotiation [None req-fa7a4a7d-efa7-4d95-954d-d610a1cb17e1 tempest-ServersNegativeTestJSON-1173700243 tempest-ServersNegativeTestJSON-1173700243-project] Using url versioning {{(pid=114055) process_request /opt/stack/glance/glance/api/middleware/version_negotiation.py:57}}
Jun 30 20:52:06.295105 dv-neutron-840418-10-hyperv devstack@g-api.service[114055]: DEBUG glance.api.middleware.version_negotiation [None req-fa7a4a7d-efa7-4d95-954d-d610a1cb17e1 tempest-ServersNegativeTestJSON-1173700243 tempest-ServersNegativeTestJSON-1173700243-project] Matched version: v2 {{(pid=114055) process_request /opt/stack/glance/glance/api/middleware/version_negotiation.py:69}}
Jun 30 20:52:06.295548 dv-neutron-840418-10-hyperv devstack@g-api.service[114055]: DEBUG glance.api.middleware.version_negotiation [None req-fa7a4a7d-efa7-4d95-954d-d610a1cb17e1 tempest-ServersNegativeTestJSON-1173700243 tempest-ServersNegativeTestJSON-1173700243-project] new path /v2/schemas/image {{(pid=114055) process_request /opt/stack/glance/glance/api/middleware/version_negotiation.py:70}}
Jun 30 20:52:06.299544 dv-neutron-840418-10-hyperv devstack@g-api.service[114055]: [pid: 114055|app: 0|req: 84/166] 127.0.0.1 () {40 vars in 799 bytes} [Thu Jun 30 20:52:06 2022] GET /v2/schemas/image => generated 6083 bytes in 5 msecs (HTTP/1.1 200) 4 headers in 158 bytes (1 switches on core 0)
Jun 30 20:52:16.285531 dv-neutron-840418-10-hyperv devstack@g-api.service[114056]: DEBUG dbcounter [-] [114056] Writing DB stats glance:SELECT=16 {{(pid=114056) stat_writer /usr/local/lib/python3.8/dist-packages/dbcounter.py:114}}
Jun 30 20:52:47.409685 dv-neutron-840418-10-hyperv devstack@g-api.service[114055]: DEBUG oslo_concurrency.lockutils [-] Acquired lock "glance-cache" {{(pid=114055) lock /usr/local/lib/python3.8/dist-packages/oslo_concurrency/lockutils.py:294}}
Jun 30 20:52:47.410216 dv-neutron-840418-10-hyperv devstack@g-api.service[114055]: DEBUG oslo_concurrency.lockutils [-] Acquired external semaphore "glance-cache" {{(pid=114055) lock /usr/local/lib/python3.8/dist-packages/oslo_concurrency/lockutils.py:302}}
Jun 30 20:52:47.410353 dv-neutron-840418-10-hyperv devstack@g-api.service[114055]: DEBUG glance.image_cache.prefetcher [-] Nothing to prefetch. {{(pid=114055) run /opt/stack/glance/glance/image_cache/prefetcher.py:79}}
Jun 30 20:52:47.410571 dv-neutron-840418-10-hyperv devstack@g-api.service[114055]: DEBUG oslo_concurrency.lockutils [-] Releasing lock "glance-cache" {{(pid=114055) lock /usr/local/lib/python3.8/dist-packages/oslo_concurrency/lockutils.py:312}}
Jun 30 20:52:47.509169 dv-neutron-840418-10-hyperv devstack@g-api.service[114056]: DEBUG oslo_concurrency.lockutils [-] Acquired lock "glance-cache" {{(pid=114056) lock /usr/local/lib/python3.8/dist-packages/oslo_concurrency/lockutils.py:294}}
Jun 30 20:52:47.509762 dv-neutron-840418-10-hyperv devstack@g-api.service[114056]: DEBUG oslo_concurrency.lockutils [-] Acquired external semaphore "glance-cache" {{(pid=114056) lock /usr/local/lib/python3.8/dist-packages/oslo_concurrency/lockutils.py:302}}
Jun 30 20:52:47.509977 dv-neutron-840418-10-hyperv devstack@g-api.service[114056]: DEBUG glance.image_cache.prefetcher [-] Nothing to prefetch. {{(pid=114056) run /opt/stack/glance/glance/image_cache/prefetcher.py:79}}
Jun 30 20:52:47.510210 dv-neutron-840418-10-hyperv devstack@g-api.service[114056]: DEBUG oslo_concurrency.lockutils [-] Releasing lock "glance-cache" {{(pid=114056) lock /usr/local/lib/python3.8/dist-packages/oslo_concurrency/lockutils.py:312}}
Jun 30 20:53:12.221790 dv-neutron-840418-10-hyperv devstack@g-api.service[114056]: DEBUG glance.api.middleware.version_negotiation [None req-fa7a4a7d-efa7-4d95-954d-d610a1cb17e1 tempest-ServersNegativeTestJSON-1173700243 tempest-ServersNegativeTestJSON-1173700243-project] Determining version of request: GET /v2/images/75317f1f-45e6-4d33-9255-6174a506c9ec Accept: */* {{(pid=114056) process_request /opt/stack/glance/glance/api/middleware/version_negotiation.py:44}}
Jun 30 20:53:12.221790 dv-neutron-840418-10-hyperv devstack@g-api.service[114056]: DEBUG glance.api.middleware.version_negotiation [None req-fa7a4a7d-efa7-4d95-954d-d610a1cb17e1 tempest-ServersNegativeTestJSON-1173700243 tempest-ServersNegativeTestJSON-1173700243-project] Using url versioning {{(pid=114056) process_request /opt/stack/glance/glance/api/middleware/version_negotiation.py:57}}
Jun 30 20:53:12.221790 dv-neutron-840418-10-hyperv devstack@g-api.service[114056]: DEBUG glance.api.middleware.version_negotiation [None req-fa7a4a7d-efa7-4d95-954d-d610a1cb17e1 tempest-ServersNegativeTestJSON-1173700243 tempest-ServersNegativeTestJSON-1173700243-project] Matched version: v2 {{(pid=114056) process_request /opt/stack/glance/glance/api/middleware/version_negotiation.py:69}}
Jun 30 20:53:12.221790 dv-neutron-840418-10-hyperv devstack@g-api.service[114056]: DEBUG glance.api.middleware.version_negotiation [None req-fa7a4a7d-efa7-4d95-954d-d610a1cb17e1 tempest-ServersNegativeTestJSON-1173700243 tempest-ServersNegativeTestJSON-1173700243-project] new path /v2/images/75317f1f-45e6-4d33-9255-6174a506c9ec {{(pid=114056) process_request /opt/stack/glance/glance/api/middleware/version_negotiation.py:70}}
Jun 30 20:53:12.237417 dv-neutron-840418-10-hyperv devstack@g-api.service[114056]: [pid: 114056|app: 0|req: 83/167] 127.0.0.1 () {42 vars in 1066 bytes} [Thu Jun 30 20:53:12 2022] GET /v2/images/75317f1f-45e6-4d33-9255-6174a506c9ec => generated 946 bytes in 22 msecs (HTTP/1.1 200) 4 headers in 157 bytes (1 switches on core 0)
Jun 30 20:53:12.243965 dv-neutron-840418-10-hyperv devstack@g-api.service[114055]: DEBUG glance.api.middleware.version_negotiation [None req-fa7a4a7d-efa7-4d95-954d-d610a1cb17e1 tempest-ServersNegativeTestJSON-1173700243 tempest-ServersNegativeTestJSON-1173700243-project] Determining version of request: GET /v2/schemas/image Accept: */* {{(pid=114055) process_request /opt/stack/glance/glance/api/middleware/version_negotiation.py:44}}
Jun 30 20:53:12.244928 dv-neutron-840418-10-hyperv devstack@g-api.service[114055]: DEBUG glance.api.middleware.version_negotiation [None req-fa7a4a7d-efa7-4d95-954d-d610a1cb17e1 tempest-ServersNegativeTestJSON-1173700243 tempest-ServersNegativeTestJSON-1173700243-project] Using url versioning {{(pid=114055) process_request /opt/stack/glance/glance/api/middleware/version_negotiation.py:57}}
Jun 30 20:53:12.245505 dv-neutron-840418-10-hyperv devstack@g-api.service[114055]: DEBUG glance.api.middleware.version_negotiation [None req-fa7a4a7d-efa7-4d95-954d-d610a1cb17e1 tempest-ServersNegativeTestJSON-1173700243 tempest-ServersNegativeTestJSON-1173700243-project] Matched version: v2 {{(pid=114055) process_request /opt/stack/glance/glance/api/middleware/version_negotiation.py:69}}
Jun 30 20:53:12.245809 dv-neutron-840418-10-hyperv devstack@g-api.service[114055]: DEBUG glance.api.middleware.version_negotiation [None req-fa7a4a7d-efa7-4d95-954d-d610a1cb17e1 tempest-ServersNegativeTestJSON-1173700243 tempest-ServersNegativeTestJSON-1173700243-project] new path /v2/schemas/image {{(pid=114055) process_request /opt/stack/glance/glance/api/middleware/version_negotiation.py:70}}
Jun 30 20:53:12.251795 dv-neutron-840418-10-hyperv devstack@g-api.service[114055]: [pid: 114055|app: 0|req: 85/168] 127.0.0.1 () {42 vars in 1006 bytes} [Thu Jun 30 20:53:12 2022] GET /v2/schemas/image => generated 6083 bytes in 8 msecs (HTTP/1.1 200) 4 headers in 158 bytes (1 switches on core 0)
Jun 30 20:53:16.311025 dv-neutron-840418-10-hyperv devstack@g-api.service[114056]: DEBUG glance.api.middleware.version_negotiation [None req-12b907b1-2737-45b7-aecd-2a6de188134a tempest-TestEncryptedCinderVolumes-1065255012 tempest-TestEncryptedCinderVolumes-1065255012-project] Determining version of request: GET /v2/images/75317f1f-45e6-4d33-9255-6174a506c9ec Accept: */* {{(pid=114056) process_request /opt/stack/glance/glance/api/middleware/version_negotiation.py:44}}
Jun 30 20:53:16.311637 dv-neutron-840418-10-hyperv devstack@g-api.service[114056]: DEBUG glance.api.middleware.version_negotiation [None req-12b907b1-2737-45b7-aecd-2a6de188134a tempest-TestEncryptedCinderVolumes-1065255012 tempest-TestEncryptedCinderVolumes-1065255012-project] Using url versioning {{(pid=114056) process_request /opt/stack/glance/glance/api/middleware/version_negotiation.py:57}}
Jun 30 20:53:16.311881 dv-neutron-840418-10-hyperv devstack@g-api.service[114056]: DEBUG glance.api.middleware.version_negotiation [None req-12b907b1-2737-45b7-aecd-2a6de188134a tempest-TestEncryptedCinderVolumes-1065255012 tempest-TestEncryptedCinderVolumes-1065255012-project] Matched version: v2 {{(pid=114056) process_request /opt/stack/glance/glance/api/middleware/version_negotiation.py:69}}
Jun 30 20:53:16.312159 dv-neutron-840418-10-hyperv devstack@g-api.service[114056]: DEBUG glance.api.middleware.version_negotiation [None req-12b907b1-2737-45b7-aecd-2a6de188134a tempest-TestEncryptedCinderVolumes-1065255012 tempest-TestEncryptedCinderVolumes-1065255012-project] new path /v2/images/75317f1f-45e6-4d33-9255-6174a506c9ec {{(pid=114056) process_request /opt/stack/glance/glance/api/middleware/version_negotiation.py:70}}
Jun 30 20:53:16.330104 dv-neutron-840418-10-hyperv devstack@g-api.service[114056]: [pid: 114056|app: 0|req: 84/169] 127.0.0.1 () {40 vars in 859 bytes} [Thu Jun 30 20:53:16 2022] GET /v2/images/75317f1f-45e6-4d33-9255-6174a506c9ec => generated 946 bytes in 19 msecs (HTTP/1.1 200) 4 headers in 157 bytes (1 switches on core 0)
Jun 30 20:53:16.337011 dv-neutron-840418-10-hyperv devstack@g-api.service[114055]: DEBUG glance.api.middleware.version_negotiation [None req-12b907b1-2737-45b7-aecd-2a6de188134a tempest-TestEncryptedCinderVolumes-1065255012 tempest-TestEncryptedCinderVolumes-1065255012-project] Determining version of request: GET /v2/schemas/image Accept: */* {{(pid=114055) process_request /opt/stack/glance/glance/api/middleware/version_negotiation.py:44}}
Jun 30 20:53:16.337557 dv-neutron-840418-10-hyperv devstack@g-api.service[114055]: DEBUG glance.api.middleware.version_negotiation [None req-12b907b1-2737-45b7-aecd-2a6de188134a tempest-TestEncryptedCinderVolumes-1065255012 tempest-TestEncryptedCinderVolumes-1065255012-project] Using url versioning {{(pid=114055) process_request /opt/stack/glance/glance/api/middleware/version_negotiation.py:57}}
Jun 30 20:53:16.337793 dv-neutron-840418-10-hyperv devstack@g-api.service[114055]: DEBUG glance.api.middleware.version_negotiation [None req-12b907b1-2737-45b7-aecd-2a6de188134a tempest-TestEncryptedCinderVolumes-1065255012 tempest-TestEncryptedCinderVolumes-1065255012-project] Matched version: v2 {{(pid=114055) process_request /opt/stack/glance/glance/api/middleware/version_negotiation.py:69}}
Jun 30 20:53:16.338124 dv-neutron-840418-10-hyperv devstack@g-api.service[114055]: DEBUG glance.api.middleware.version_negotiation [None req-12b907b1-2737-45b7-aecd-2a6de188134a tempest-TestEncryptedCinderVolumes-1065255012 tempest-TestEncryptedCinderVolumes-1065255012-project] new path /v2/schemas/image {{(pid=114055) process_request /opt/stack/glance/glance/api/middleware/version_negotiation.py:70}}
Jun 30 20:53:16.342164 dv-neutron-840418-10-hyperv devstack@g-api.service[114055]: [pid: 114055|app: 0|req: 86/170] 127.0.0.1 () {40 vars in 799 bytes} [Thu Jun 30 20:53:16 2022] GET /v2/schemas/image => generated 6083 bytes in 5 msecs (HTTP/1.1 200) 4 headers in 158 bytes (1 switches on core 0)
Jun 30 20:53:26.326471 dv-neutron-840418-10-hyperv devstack@g-api.service[114056]: DEBUG dbcounter [-] [114056] Writing DB stats glance:SELECT=8 {{(pid=114056) stat_writer /usr/local/lib/python3.8/dist-packages/dbcounter.py:114}}
Jun 30 20:53:56.180594 dv-neutron-840418-10-hyperv devstack@g-api.service[114056]: DEBUG glance.api.middleware.version_negotiation [None req-12b907b1-2737-45b7-aecd-2a6de188134a tempest-TestEncryptedCinderVolumes-1065255012 tempest-TestEncryptedCinderVolumes-1065255012-project] Determining version of request: GET /v2/images/75317f1f-45e6-4d33-9255-6174a506c9ec Accept: */* {{(pid=114056) process_request /opt/stack/glance/glance/api/middleware/version_negotiation.py:44}}
Jun 30 20:53:56.181240 dv-neutron-840418-10-hyperv devstack@g-api.service[114056]: DEBUG glance.api.middleware.version_negotiation [None req-12b907b1-2737-45b7-aecd-2a6de188134a tempest-TestEncryptedCinderVolumes-1065255012 tempest-TestEncryptedCinderVolumes-1065255012-project] Using url versioning {{(pid=114056) process_request /opt/stack/glance/glance/api/middleware/version_negotiation.py:57}}
Jun 30 20:53:56.181240 dv-neutron-840418-10-hyperv devstack@g-api.service[114056]: DEBUG glance.api.middleware.version_negotiation [None req-12b907b1-2737-45b7-aecd-2a6de188134a tempest-TestEncryptedCinderVolumes-1065255012 tempest-TestEncryptedCinderVolumes-1065255012-project] Matched version: v2 {{(pid=114056) process_request /opt/stack/glance/glance/api/middleware/version_negotiation.py:69}}
Jun 30 20:53:56.181508 dv-neutron-840418-10-hyperv devstack@g-api.service[114056]: DEBUG glance.api.middleware.version_negotiation [None req-12b907b1-2737-45b7-aecd-2a6de188134a tempest-TestEncryptedCinderVolumes-1065255012 tempest-TestEncryptedCinderVolumes-1065255012-project] new path /v2/images/75317f1f-45e6-4d33-9255-6174a506c9ec {{(pid=114056) process_request /opt/stack/glance/glance/api/middleware/version_negotiation.py:70}}
Jun 30 20:53:56.198691 dv-neutron-840418-10-hyperv devstack@g-api.service[114056]: [pid: 114056|app: 0|req: 85/171] 127.0.0.1 () {42 vars in 1066 bytes} [Thu Jun 30 20:53:56 2022] GET /v2/images/75317f1f-45e6-4d33-9255-6174a506c9ec => generated 946 bytes in 18 msecs (HTTP/1.1 200) 4 headers in 157 bytes (1 switches on core 0)
Jun 30 20:53:56.203840 dv-neutron-840418-10-hyperv devstack@g-api.service[114055]: DEBUG glance.api.middleware.version_negotiation [None req-12b907b1-2737-45b7-aecd-2a6de188134a tempest-TestEncryptedCinderVolumes-1065255012 tempest-TestEncryptedCinderVolumes-1065255012-project] Determining version of request: GET /v2/schemas/image Accept: */* {{(pid=114055) process_request /opt/stack/glance/glance/api/middleware/version_negotiation.py:44}}
Jun 30 20:53:56.204328 dv-neutron-840418-10-hyperv devstack@g-api.service[114055]: DEBUG glance.api.middleware.version_negotiation [None req-12b907b1-2737-45b7-aecd-2a6de188134a tempest-TestEncryptedCinderVolumes-1065255012 tempest-TestEncryptedCinderVolumes-1065255012-project] Using url versioning {{(pid=114055) process_request /opt/stack/glance/glance/api/middleware/version_negotiation.py:57}}
Jun 30 20:53:56.204488 dv-neutron-840418-10-hyperv devstack@g-api.service[114055]: DEBUG glance.api.middleware.version_negotiation [None req-12b907b1-2737-45b7-aecd-2a6de188134a tempest-TestEncryptedCinderVolumes-1065255012 tempest-TestEncryptedCinderVolumes-1065255012-project] Matched version: v2 {{(pid=114055) process_request /opt/stack/glance/glance/api/middleware/version_negotiation.py:69}}
Jun 30 20:53:56.204772 dv-neutron-840418-10-hyperv devstack@g-api.service[114055]: DEBUG glance.api.middleware.version_negotiation [None req-12b907b1-2737-45b7-aecd-2a6de188134a tempest-TestEncryptedCinderVolumes-1065255012 tempest-TestEncryptedCinderVolumes-1065255012-project] new path /v2/schemas/image {{(pid=114055) process_request /opt/stack/glance/glance/api/middleware/version_negotiation.py:70}}
Jun 30 20:53:56.209323 dv-neutron-840418-10-hyperv devstack@g-api.service[114055]: [pid: 114055|app: 0|req: 87/172] 127.0.0.1 () {42 vars in 1006 bytes} [Thu Jun 30 20:53:56 2022] GET /v2/schemas/image => generated 6083 bytes in 6 msecs (HTTP/1.1 200) 4 headers in 158 bytes (1 switches on core 0)
Jun 30 20:53:58.951137 dv-neutron-840418-10-hyperv devstack@g-api.service[114056]: DEBUG glance.api.middleware.version_negotiation [None req-56836938-2d08-4904-a7ff-55fd67ef5189 tempest-TestEncryptedCinderVolumes-1065255012 tempest-TestEncryptedCinderVolumes-1065255012-project] Determining version of request: GET /v2/images/75317f1f-45e6-4d33-9255-6174a506c9ec Accept: */* {{(pid=114056) process_request /opt/stack/glance/glance/api/middleware/version_negotiation.py:44}}
Jun 30 20:53:58.951641 dv-neutron-840418-10-hyperv devstack@g-api.service[114056]: DEBUG glance.api.middleware.version_negotiation [None req-56836938-2d08-4904-a7ff-55fd67ef5189 tempest-TestEncryptedCinderVolumes-1065255012 tempest-TestEncryptedCinderVolumes-1065255012-project] Using url versioning {{(pid=114056) process_request /opt/stack/glance/glance/api/middleware/version_negotiation.py:57}}
Jun 30 20:53:58.951964 dv-neutron-840418-10-hyperv devstack@g-api.service[114056]: DEBUG glance.api.middleware.version_negotiation [None req-56836938-2d08-4904-a7ff-55fd67ef5189 tempest-TestEncryptedCinderVolumes-1065255012 tempest-TestEncryptedCinderVolumes-1065255012-project] Matched version: v2 {{(pid=114056) process_request /opt/stack/glance/glance/api/middleware/version_negotiation.py:69}}
Jun 30 20:53:58.952490 dv-neutron-840418-10-hyperv devstack@g-api.service[114056]: DEBUG glance.api.middleware.version_negotiation [None req-56836938-2d08-4904-a7ff-55fd67ef5189 tempest-TestEncryptedCinderVolumes-1065255012 tempest-TestEncryptedCinderVolumes-1065255012-project] new path /v2/images/75317f1f-45e6-4d33-9255-6174a506c9ec {{(pid=114056) process_request /opt/stack/glance/glance/api/middleware/version_negotiation.py:70}}
Jun 30 20:53:58.979218 dv-neutron-840418-10-hyperv devstack@g-api.service[114056]: [pid: 114056|app: 0|req: 86/173] 127.0.0.1 () {40 vars in 859 bytes} [Thu Jun 30 20:53:58 2022] GET /v2/images/75317f1f-45e6-4d33-9255-6174a506c9ec => generated 946 bytes in 29 msecs (HTTP/1.1 200) 4 headers in 157 bytes (1 switches on core 0)
Jun 30 20:53:58.986256 dv-neutron-840418-10-hyperv devstack@g-api.service[114055]: DEBUG glance.api.middleware.version_negotiation [None req-56836938-2d08-4904-a7ff-55fd67ef5189 tempest-TestEncryptedCinderVolumes-1065255012 tempest-TestEncryptedCinderVolumes-1065255012-project] Determining version of request: GET /v2/schemas/image Accept: */* {{(pid=114055) process_request /opt/stack/glance/glance/api/middleware/version_negotiation.py:44}}
Jun 30 20:53:58.986747 dv-neutron-840418-10-hyperv devstack@g-api.service[114055]: DEBUG glance.api.middleware.version_negotiation [None req-56836938-2d08-4904-a7ff-55fd67ef5189 tempest-TestEncryptedCinderVolumes-1065255012 tempest-TestEncryptedCinderVolumes-1065255012-project] Using url versioning {{(pid=114055) process_request /opt/stack/glance/glance/api/middleware/version_negotiation.py:57}}
Jun 30 20:53:58.987655 dv-neutron-840418-10-hyperv devstack@g-api.service[114055]: DEBUG glance.api.middleware.version_negotiation [None req-56836938-2d08-4904-a7ff-55fd67ef5189 tempest-TestEncryptedCinderVolumes-1065255012 tempest-TestEncryptedCinderVolumes-1065255012-project] Matched version: v2 {{(pid=114055) process_request /opt/stack/glance/glance/api/middleware/version_negotiation.py:69}}
Jun 30 20:53:58.987992 dv-neutron-840418-10-hyperv devstack@g-api.service[114055]: DEBUG glance.api.middleware.version_negotiation [None req-56836938-2d08-4904-a7ff-55fd67ef5189 tempest-TestEncryptedCinderVolumes-1065255012 tempest-TestEncryptedCinderVolumes-1065255012-project] new path /v2/schemas/image {{(pid=114055) process_request /opt/stack/glance/glance/api/middleware/version_negotiation.py:70}}
Jun 30 20:53:58.992342 dv-neutron-840418-10-hyperv devstack@g-api.service[114055]: [pid: 114055|app: 0|req: 88/174] 127.0.0.1 () {40 vars in 799 bytes} [Thu Jun 30 20:53:58 2022] GET /v2/schemas/image => generated 6083 bytes in 7 msecs (HTTP/1.1 200) 4 headers in 158 bytes (1 switches on core 0)
Jun 30 20:54:08.975906 dv-neutron-840418-10-hyperv devstack@g-api.service[114056]: DEBUG dbcounter [-] [114056] Writing DB stats glance:SELECT=8 {{(pid=114056) stat_writer /usr/local/lib/python3.8/dist-packages/dbcounter.py:114}}
Jun 30 20:54:59.164399 dv-neutron-840418-10-hyperv devstack@g-api.service[114056]: DEBUG glance.api.middleware.version_negotiation [None req-56836938-2d08-4904-a7ff-55fd67ef5189 tempest-TestEncryptedCinderVolumes-1065255012 tempest-TestEncryptedCinderVolumes-1065255012-project] Determining version of request: POST /v2/images Accept: application/json {{(pid=114056) process_request /opt/stack/glance/glance/api/middleware/version_negotiation.py:44}}
Jun 30 20:54:59.165016 dv-neutron-840418-10-hyperv devstack@g-api.service[114056]: DEBUG glance.api.middleware.version_negotiation [None req-56836938-2d08-4904-a7ff-55fd67ef5189 tempest-TestEncryptedCinderVolumes-1065255012 tempest-TestEncryptedCinderVolumes-1065255012-project] Using url versioning {{(pid=114056) process_request /opt/stack/glance/glance/api/middleware/version_negotiation.py:57}}
Jun 30 20:54:59.165138 dv-neutron-840418-10-hyperv devstack@g-api.service[114056]: DEBUG glance.api.middleware.version_negotiation [None req-56836938-2d08-4904-a7ff-55fd67ef5189 tempest-TestEncryptedCinderVolumes-1065255012 tempest-TestEncryptedCinderVolumes-1065255012-project] Matched version: v2 {{(pid=114056) process_request /opt/stack/glance/glance/api/middleware/version_negotiation.py:69}}
Jun 30 20:54:59.165321 dv-neutron-840418-10-hyperv devstack@g-api.service[114056]: DEBUG glance.api.middleware.version_negotiation [None req-56836938-2d08-4904-a7ff-55fd67ef5189 tempest-TestEncryptedCinderVolumes-1065255012 tempest-TestEncryptedCinderVolumes-1065255012-project] new path /v2/images {{(pid=114056) process_request /opt/stack/glance/glance/api/middleware/version_negotiation.py:70}}
Jun 30 20:54:59.432047 dv-neutron-840418-10-hyperv devstack@g-api.service[114056]: [pid: 114056|app: 0|req: 87/175] 127.0.0.1 () {40 vars in 738 bytes} [Thu Jun 30 20:54:59 2022] POST /v2/images => generated 641 bytes in 268 msecs (HTTP/1.1 201) 6 headers in 314 bytes (1 switches on core 0)
Jun 30 20:54:59.437034 dv-neutron-840418-10-hyperv devstack@g-api.service[114055]: DEBUG glance.api.middleware.version_negotiation [None req-56836938-2d08-4904-a7ff-55fd67ef5189 tempest-TestEncryptedCinderVolumes-1065255012 tempest-TestEncryptedCinderVolumes-1065255012-project] Determining version of request: PUT /v2/images/deabf924-96c6-448c-9a78-c90b6b4d86f2/file Accept: {{(pid=114055) process_request /opt/stack/glance/glance/api/middleware/version_negotiation.py:44}}
Jun 30 20:54:59.437759 dv-neutron-840418-10-hyperv devstack@g-api.service[114055]: DEBUG glance.api.middleware.version_negotiation [None req-56836938-2d08-4904-a7ff-55fd67ef5189 tempest-TestEncryptedCinderVolumes-1065255012 tempest-TestEncryptedCinderVolumes-1065255012-project] Using url versioning {{(pid=114055) process_request /opt/stack/glance/glance/api/middleware/version_negotiation.py:57}}
Jun 30 20:54:59.438673 dv-neutron-840418-10-hyperv devstack@g-api.service[114055]: DEBUG glance.api.middleware.version_negotiation [None req-56836938-2d08-4904-a7ff-55fd67ef5189 tempest-TestEncryptedCinderVolumes-1065255012 tempest-TestEncryptedCinderVolumes-1065255012-project] Matched version: v2 {{(pid=114055) process_request /opt/stack/glance/glance/api/middleware/version_negotiation.py:69}}
Jun 30 20:54:59.439394 dv-neutron-840418-10-hyperv devstack@g-api.service[114055]: DEBUG glance.api.middleware.version_negotiation [None req-56836938-2d08-4904-a7ff-55fd67ef5189 tempest-TestEncryptedCinderVolumes-1065255012 tempest-TestEncryptedCinderVolumes-1065255012-project] new path /v2/images/deabf924-96c6-448c-9a78-c90b6b4d86f2/file {{(pid=114055) process_request /opt/stack/glance/glance/api/middleware/version_negotiation.py:70}}
Jun 30 20:54:59.455276 dv-neutron-840418-10-hyperv devstack@g-api.service[114055]: INFO glance.api.v2.image_data [None req-eaf2f86d-63b8-4a93-be21-acc0a1f5db7c tempest-TestMinimumBasicScenario-990198203 tempest-TestMinimumBasicScenario-990198203-project] Unable to create trust: no such option collect_timing in group [keystone_authtoken] Use the existing user token.
Jun 30 20:54:59.570997 dv-neutron-840418-10-hyperv devstack@g-api.service[114055]: DEBUG glance.location [None req-eaf2f86d-63b8-4a93-be21-acc0a1f5db7c tempest-TestMinimumBasicScenario-990198203 tempest-TestMinimumBasicScenario-990198203-project] Enabling in-flight format inspection for vhdx {{(pid=114055) set_data /opt/stack/glance/glance/location.py:581}}
Jun 30 20:54:59.571525 dv-neutron-840418-10-hyperv devstack@g-api.service[114055]: DEBUG glance_store.backend [None req-eaf2f86d-63b8-4a93-be21-acc0a1f5db7c tempest-TestMinimumBasicScenario-990198203 tempest-TestMinimumBasicScenario-990198203-project] Attempting to import store swift {{(pid=114055) _load_store /usr/local/lib/python3.8/dist-packages/glance_store/backend.py:217}}
Jun 30 20:54:59.574615 dv-neutron-840418-10-hyperv devstack@g-api.service[114055]: DEBUG glance_store.capabilities [None req-eaf2f86d-63b8-4a93-be21-acc0a1f5db7c tempest-TestMinimumBasicScenario-990198203 tempest-TestMinimumBasicScenario-990198203-project] Store glance_store._drivers.swift.store.SingleTenantStore doesn't support updating dynamic storage capabilities. Please overwrite 'update_capabilities' method of the store to implement updating logics if needed. {{(pid=114055) update_capabilities /usr/local/lib/python3.8/dist-packages/glance_store/capabilities.py:91}}
Jun 30 20:54:59.574878 dv-neutron-840418-10-hyperv devstack@g-api.service[114055]: DEBUG glance_store.driver [None req-eaf2f86d-63b8-4a93-be21-acc0a1f5db7c tempest-TestMinimumBasicScenario-990198203 tempest-TestMinimumBasicScenario-990198203-project] Late loading location class glance_store._drivers.swift.store.StoreLocation {{(pid=114055) get_store_location_class /usr/local/lib/python3.8/dist-packages/glance_store/driver.py:117}}
Jun 30 20:54:59.575149 dv-neutron-840418-10-hyperv devstack@g-api.service[114055]: DEBUG glance_store.location [None req-eaf2f86d-63b8-4a93-be21-acc0a1f5db7c tempest-TestMinimumBasicScenario-990198203 tempest-TestMinimumBasicScenario-990198203-project] Registering scheme swift+https with {'store': , 'location_class': , 'store_entry': 'swift'} {{(pid=114055) register_scheme_map /usr/local/lib/python3.8/dist-packages/glance_store/location.py:146}}
Jun 30 20:54:59.575518 dv-neutron-840418-10-hyperv devstack@g-api.service[114055]: DEBUG glance_store.location [None req-eaf2f86d-63b8-4a93-be21-acc0a1f5db7c tempest-TestMinimumBasicScenario-990198203 tempest-TestMinimumBasicScenario-990198203-project] Registering scheme swift+https with {'store': , 'location_class': , 'store_entry': 'swift'} {{(pid=114055) register_scheme_map /usr/local/lib/python3.8/dist-packages/glance_store/location.py:146}}
Jun 30 20:54:59.575712 dv-neutron-840418-10-hyperv devstack@g-api.service[114055]: DEBUG glance_store.location [None req-eaf2f86d-63b8-4a93-be21-acc0a1f5db7c tempest-TestMinimumBasicScenario-990198203 tempest-TestMinimumBasicScenario-990198203-project] Registering scheme swift with {'store': , 'location_class': , 'store_entry': 'swift'} {{(pid=114055) register_scheme_map /usr/local/lib/python3.8/dist-packages/glance_store/location.py:146}}
Jun 30 20:54:59.575958 dv-neutron-840418-10-hyperv devstack@g-api.service[114055]: DEBUG glance_store.location [None req-eaf2f86d-63b8-4a93-be21-acc0a1f5db7c tempest-TestMinimumBasicScenario-990198203 tempest-TestMinimumBasicScenario-990198203-project] Registering scheme swift+https with {'store': , 'location_class': , 'store_entry': 'swift'} {{(pid=114055) register_scheme_map /usr/local/lib/python3.8/dist-packages/glance_store/location.py:146}}
Jun 30 20:54:59.576197 dv-neutron-840418-10-hyperv devstack@g-api.service[114055]: DEBUG glance_store.location [None req-eaf2f86d-63b8-4a93-be21-acc0a1f5db7c tempest-TestMinimumBasicScenario-990198203 tempest-TestMinimumBasicScenario-990198203-project] Registering scheme swift with {'store': , 'location_class': , 'store_entry': 'swift'} {{(pid=114055) register_scheme_map /usr/local/lib/python3.8/dist-packages/glance_store/location.py:146}}
Jun 30 20:54:59.576432 dv-neutron-840418-10-hyperv devstack@g-api.service[114055]: DEBUG glance_store.location [None req-eaf2f86d-63b8-4a93-be21-acc0a1f5db7c tempest-TestMinimumBasicScenario-990198203 tempest-TestMinimumBasicScenario-990198203-project] Registering scheme swift+http with {'store': , 'location_class': , 'store_entry': 'swift'} {{(pid=114055) register_scheme_map /usr/local/lib/python3.8/dist-packages/glance_store/location.py:146}}
Jun 30 20:54:59.576672 dv-neutron-840418-10-hyperv devstack@g-api.service[114055]: DEBUG glance_store.location [None req-eaf2f86d-63b8-4a93-be21-acc0a1f5db7c tempest-TestMinimumBasicScenario-990198203 tempest-TestMinimumBasicScenario-990198203-project] Registering scheme swift+https with {'store': , 'location_class': , 'store_entry': 'swift'} {{(pid=114055) register_scheme_map /usr/local/lib/python3.8/dist-packages/glance_store/location.py:146}}
Jun 30 20:54:59.576907 dv-neutron-840418-10-hyperv devstack@g-api.service[114055]: DEBUG glance_store.location [None req-eaf2f86d-63b8-4a93-be21-acc0a1f5db7c tempest-TestMinimumBasicScenario-990198203 tempest-TestMinimumBasicScenario-990198203-project] Registering scheme swift with {'store': , 'location_class': , 'store_entry': 'swift'} {{(pid=114055) register_scheme_map /usr/local/lib/python3.8/dist-packages/glance_store/location.py:146}}
Jun 30 20:54:59.577139 dv-neutron-840418-10-hyperv devstack@g-api.service[114055]: DEBUG glance_store.location [None req-eaf2f86d-63b8-4a93-be21-acc0a1f5db7c tempest-TestMinimumBasicScenario-990198203 tempest-TestMinimumBasicScenario-990198203-project] Registering scheme swift+http with {'store': , 'location_class': , 'store_entry': 'swift'} {{(pid=114055) register_scheme_map /usr/local/lib/python3.8/dist-packages/glance_store/location.py:146}}
Jun 30 20:54:59.577369 dv-neutron-840418-10-hyperv devstack@g-api.service[114055]: DEBUG glance_store.location [None req-eaf2f86d-63b8-4a93-be21-acc0a1f5db7c tempest-TestMinimumBasicScenario-990198203 tempest-TestMinimumBasicScenario-990198203-project] Registering scheme swift+config with {'store': , 'location_class': , 'store_entry': 'swift'} {{(pid=114055) register_scheme_map /usr/local/lib/python3.8/dist-packages/glance_store/location.py:146}}
Jun 30 20:54:59.899038 dv-neutron-840418-10-hyperv devstack@g-api.service[114055]: DEBUG swiftclient [None req-eaf2f86d-63b8-4a93-be21-acc0a1f5db7c tempest-TestMinimumBasicScenario-990198203 tempest-TestMinimumBasicScenario-990198203-project] REQ: curl -i http://10.222.0.23:8080/v1/AUTH_6b4ce145a9424e0b8ca37fc74570af55/glance -I -H "X-Auth-Token: gAAAAABivg2jI6Yz..." {{(pid=114055) http_log /usr/local/lib/python3.8/dist-packages/swiftclient/client.py:157}}
Jun 30 20:54:59.899236 dv-neutron-840418-10-hyperv devstack@g-api.service[114055]: DEBUG swiftclient [None req-eaf2f86d-63b8-4a93-be21-acc0a1f5db7c tempest-TestMinimumBasicScenario-990198203 tempest-TestMinimumBasicScenario-990198203-project] RESP STATUS: 204 No Content {{(pid=114055) http_log /usr/local/lib/python3.8/dist-packages/swiftclient/client.py:158}}
Jun 30 20:54:59.899630 dv-neutron-840418-10-hyperv devstack@g-api.service[114055]: DEBUG swiftclient [None req-eaf2f86d-63b8-4a93-be21-acc0a1f5db7c tempest-TestMinimumBasicScenario-990198203 tempest-TestMinimumBasicScenario-990198203-project] RESP HEADERS: {'Content-Type': 'text/plain; charset=utf-8', 'X-Container-Object-Count': '1', 'X-Container-Bytes-Used': '645922816', 'X-Timestamp': '1656619678.18452', 'Last-Modified': 'Thu, 30 Jun 2022 20:07:59 GMT', 'Accept-Ranges': 'bytes', 'X-Storage-Policy': 'Policy-0', 'X-Container-Sharding': 'False', 'Vary': 'Accept', 'Content-Length': '0', 'X-Trans-Id': 'tx4f838b6723764147bfb2f-0062be0da3', 'X-Openstack-Request-Id': 'tx4f838b6723764147bfb2f-0062be0da3', 'Date': 'Thu, 30 Jun 2022 20:54:59 GMT'} {{(pid=114055) http_log /usr/local/lib/python3.8/dist-packages/swiftclient/client.py:159}}
Jun 30 20:54:59.900025 dv-neutron-840418-10-hyperv devstack@g-api.service[114055]: DEBUG glance_store._drivers.swift.store [None req-eaf2f86d-63b8-4a93-be21-acc0a1f5db7c tempest-TestMinimumBasicScenario-990198203 tempest-TestMinimumBasicScenario-990198203-project] Adding image object 'deabf924-96c6-448c-9a78-c90b6b4d86f2' to Swift {{(pid=114055) add /usr/local/lib/python3.8/dist-packages/glance_store/_drivers/swift/store.py:945}}
Jun 30 20:54:59.900262 dv-neutron-840418-10-hyperv devstack@g-api.service[114055]: DEBUG glance_store._drivers.swift.store [None req-eaf2f86d-63b8-4a93-be21-acc0a1f5db7c tempest-TestMinimumBasicScenario-990198203 tempest-TestMinimumBasicScenario-990198203-project] Cannot determine image size because it is either not provided in the request or chunked-transfer encoding is used. Adding image as a segmented object to Swift. {{(pid=114055) add /usr/local/lib/python3.8/dist-packages/glance_store/_drivers/swift/store.py:969}}
Jun 30 20:55:03.476921 dv-neutron-840418-10-hyperv devstack@g-api.service[114055]: DEBUG swiftclient [None req-eaf2f86d-63b8-4a93-be21-acc0a1f5db7c tempest-TestMinimumBasicScenario-990198203 tempest-TestMinimumBasicScenario-990198203-project] REQ: curl -i http://10.222.0.23:8080/v1/AUTH_6b4ce145a9424e0b8ca37fc74570af55/glance/deabf924-96c6-448c-9a78-c90b6b4d86f2-00001 -X PUT -H "X-Auth-Token: gAAAAABivg2jI6Yz..." {{(pid=114055) http_log /usr/local/lib/python3.8/dist-packages/swiftclient/client.py:157}}
Jun 30 20:55:03.477447 dv-neutron-840418-10-hyperv devstack@g-api.service[114055]: DEBUG swiftclient [None req-eaf2f86d-63b8-4a93-be21-acc0a1f5db7c tempest-TestMinimumBasicScenario-990198203 tempest-TestMinimumBasicScenario-990198203-project] RESP STATUS: 201 Created {{(pid=114055) http_log /usr/local/lib/python3.8/dist-packages/swiftclient/client.py:158}}
Jun 30 20:55:03.478383 dv-neutron-840418-10-hyperv devstack@g-api.service[114055]: DEBUG swiftclient [None req-eaf2f86d-63b8-4a93-be21-acc0a1f5db7c tempest-TestMinimumBasicScenario-990198203 tempest-TestMinimumBasicScenario-990198203-project] RESP HEADERS: {'Content-Type': 'text/html; charset=UTF-8', 'Content-Length': '0', 'Etag': '048deade7f6ee243fd159705c19dd024', 'Last-Modified': 'Thu, 30 Jun 2022 20:55:00 GMT', 'X-Trans-Id': 'tx87ad9a14869a40d380ed4-0062be0da3', 'X-Openstack-Request-Id': 'tx87ad9a14869a40d380ed4-0062be0da3', 'Date': 'Thu, 30 Jun 2022 20:55:03 GMT'} {{(pid=114055) http_log /usr/local/lib/python3.8/dist-packages/swiftclient/client.py:159}}
Jun 30 20:55:03.478383 dv-neutron-840418-10-hyperv devstack@g-api.service[114055]: DEBUG glance_store._drivers.swift.store [None req-eaf2f86d-63b8-4a93-be21-acc0a1f5db7c tempest-TestMinimumBasicScenario-990198203 tempest-TestMinimumBasicScenario-990198203-project] Wrote chunk deabf924-96c6-448c-9a78-c90b6b4d86f2-00001 (1/?) of length 204800000 to Swift returning MD5 of content: 048deade7f6ee243fd159705c19dd024 {{(pid=114055) add /usr/local/lib/python3.8/dist-packages/glance_store/_drivers/swift/store.py:1029}}
Jun 30 20:55:06.877008 dv-neutron-840418-10-hyperv devstack@g-api.service[114055]: DEBUG swiftclient [None req-eaf2f86d-63b8-4a93-be21-acc0a1f5db7c tempest-TestMinimumBasicScenario-990198203 tempest-TestMinimumBasicScenario-990198203-project] REQ: curl -i http://10.222.0.23:8080/v1/AUTH_6b4ce145a9424e0b8ca37fc74570af55/glance/deabf924-96c6-448c-9a78-c90b6b4d86f2-00002 -X PUT -H "X-Auth-Token: gAAAAABivg2jI6Yz..." {{(pid=114055) http_log /usr/local/lib/python3.8/dist-packages/swiftclient/client.py:157}}
Jun 30 20:55:06.877537 dv-neutron-840418-10-hyperv devstack@g-api.service[114055]: DEBUG swiftclient [None req-eaf2f86d-63b8-4a93-be21-acc0a1f5db7c tempest-TestMinimumBasicScenario-990198203 tempest-TestMinimumBasicScenario-990198203-project] RESP STATUS: 201 Created {{(pid=114055) http_log /usr/local/lib/python3.8/dist-packages/swiftclient/client.py:158}}
Jun 30 20:55:06.881780 dv-neutron-840418-10-hyperv devstack@g-api.service[114055]: DEBUG swiftclient [None req-eaf2f86d-63b8-4a93-be21-acc0a1f5db7c tempest-TestMinimumBasicScenario-990198203 tempest-TestMinimumBasicScenario-990198203-project] RESP HEADERS: {'Content-Type': 'text/html; charset=UTF-8', 'Content-Length': '0', 'Etag': '0cac3120b17bb1686ec6c5f9aa93c86d', 'Last-Modified': 'Thu, 30 Jun 2022 20:55:04 GMT', 'X-Trans-Id': 'tx2f1c659e72e74ab0aacb1-0062be0da7', 'X-Openstack-Request-Id': 'tx2f1c659e72e74ab0aacb1-0062be0da7', 'Date': 'Thu, 30 Jun 2022 20:55:06 GMT'} {{(pid=114055) http_log /usr/local/lib/python3.8/dist-packages/swiftclient/client.py:159}}
Jun 30 20:55:06.881780 dv-neutron-840418-10-hyperv devstack@g-api.service[114055]: DEBUG glance_store._drivers.swift.store [None req-eaf2f86d-63b8-4a93-be21-acc0a1f5db7c tempest-TestMinimumBasicScenario-990198203 tempest-TestMinimumBasicScenario-990198203-project] Wrote chunk deabf924-96c6-448c-9a78-c90b6b4d86f2-00002 (2/?) of length 204800000 to Swift returning MD5 of content: 0cac3120b17bb1686ec6c5f9aa93c86d {{(pid=114055) add /usr/local/lib/python3.8/dist-packages/glance_store/_drivers/swift/store.py:1029}}
Jun 30 20:55:09.427822 dv-neutron-840418-10-hyperv devstack@g-api.service[114056]: DEBUG dbcounter [-] [114056] Writing DB stats glance:SELECT=6,glance:INSERT=1 {{(pid=114056) stat_writer /usr/local/lib/python3.8/dist-packages/dbcounter.py:114}}
Jun 30 20:55:09.567112 dv-neutron-840418-10-hyperv devstack@g-api.service[114055]: DEBUG dbcounter [-] [114055] Writing DB stats glance:SELECT=12,glance:UPDATE=1 {{(pid=114055) stat_writer /usr/local/lib/python3.8/dist-packages/dbcounter.py:114}}
